[INFO] cloning repository https://github.com/warriorsfly/mimosa
[INFO] running `Command { std: "git" "-c" "credential.helper=" "-c" "credential.helper=/workspace/cargo-home/bin/git-credential-null" "clone" "--bare" "https://github.com/warriorsfly/mimosa" "/workspace/cache/git-repos/https%3A%2F%2Fgithub.com%2Fwarriorsfly%2Fmimosa", kill_on_drop: false }`
[INFO] [stderr] Cloning into bare repository '/workspace/cache/git-repos/https%3A%2F%2Fgithub.com%2Fwarriorsfly%2Fmimosa'...
[INFO] running `Command { std: "git" "rev-parse" "HEAD", kill_on_drop: false }`
[INFO] [stdout] 8c052bb9c42cb6a2e9a7c7fd39b567d715cdde95
[INFO] testing warriorsfly/mimosa against 1.54.0 for beta-1.55-1
[INFO] running `Command { std: "git" "clone" "/workspace/cache/git-repos/https%3A%2F%2Fgithub.com%2Fwarriorsfly%2Fmimosa" "/workspace/builds/worker-6/source", kill_on_drop: false }`
[INFO] [stderr] Cloning into '/workspace/builds/worker-6/source'...
[INFO] [stderr] done.
[INFO] validating manifest of git repo https://github.com/warriorsfly/mimosa on toolchain 1.54.0
[INFO] running `Command { std: "/workspace/cargo-home/bin/cargo" "+1.54.0" "metadata" "--manifest-path" "Cargo.toml" "--no-deps", kill_on_drop: false }`
[INFO] started tweaking git repo https://github.com/warriorsfly/mimosa
[INFO] finished tweaking git repo https://github.com/warriorsfly/mimosa
[INFO] tweaked toml for git repo https://github.com/warriorsfly/mimosa written to /workspace/builds/worker-6/source/Cargo.toml
[INFO] running `Command { std: "/workspace/cargo-home/bin/cargo" "+1.54.0" "generate-lockfile" "--manifest-path" "Cargo.toml" "-Zno-index-update", kill_on_drop: false }`
[INFO] [stderr]     Blocking waiting for file lock on package cache
[INFO] [stderr]     Updating git repository `https://github.com/diesel-rs/diesel`
[INFO] running `Command { std: "/workspace/cargo-home/bin/cargo" "+1.54.0" "fetch" "--manifest-path" "Cargo.toml", kill_on_drop: false }`
[INFO] [stderr]     Blocking waiting for file lock on package cache
[INFO] [stderr]     Blocking waiting for file lock on package cache
[INFO] running `Command { std: "docker" "create" "-v" "/var/lib/crater-agent-workspace/builds/worker-6/target:/opt/rustwide/target:rw,Z" "-v" "/var/lib/crater-agent-workspace/builds/worker-6/source:/opt/rustwide/workdir:ro,Z" "-v" "/var/lib/crater-agent-workspace/cargo-home:/opt/rustwide/cargo-home:ro,Z" "-v" "/var/lib/crater-agent-workspace/rustup-home:/opt/rustwide/rustup-home:ro,Z" "-e" "SOURCE_DIR=/opt/rustwide/workdir" "-e" "CARGO_TARGET_DIR=/opt/rustwide/target" "-e" "CARGO_HOME=/opt/rustwide/cargo-home" "-e" "RUSTUP_HOME=/opt/rustwide/rustup-home" "-w" "/opt/rustwide/workdir" "-m" "1610612736" "--user" "0:0" "--network" "none" "ghcr.io/rust-lang/crates-build-env/linux@sha256:34b6a614d2c27851fe6cbf88fbd1137609cefab8b10d0615aaeb6fd47975d74e" "/opt/rustwide/cargo-home/bin/cargo" "+1.54.0" "metadata" "--no-deps" "--format-version=1", kill_on_drop: false }`
[INFO] [stdout] ac811a60931fc5caa7c18fa5696ca3623e62c75f5d36a8724ecbaff804e7c48a
[INFO] [stderr] WARNING: Your kernel does not support swap limit capabilities or the cgroup is not mounted. Memory limited without swap.
[INFO] running `Command { std: "docker" "start" "-a" "ac811a60931fc5caa7c18fa5696ca3623e62c75f5d36a8724ecbaff804e7c48a", kill_on_drop: false }`
[INFO] running `Command { std: "docker" "inspect" "ac811a60931fc5caa7c18fa5696ca3623e62c75f5d36a8724ecbaff804e7c48a", kill_on_drop: false }`
[INFO] running `Command { std: "docker" "rm" "-f" "ac811a60931fc5caa7c18fa5696ca3623e62c75f5d36a8724ecbaff804e7c48a", kill_on_drop: false }`
[INFO] [stdout] ac811a60931fc5caa7c18fa5696ca3623e62c75f5d36a8724ecbaff804e7c48a
[INFO] running `Command { std: "docker" "create" "-v" "/var/lib/crater-agent-workspace/builds/worker-6/target:/opt/rustwide/target:rw,Z" "-v" "/var/lib/crater-agent-workspace/builds/worker-6/source:/opt/rustwide/workdir:ro,Z" "-v" "/var/lib/crater-agent-workspace/cargo-home:/opt/rustwide/cargo-home:ro,Z" "-v" "/var/lib/crater-agent-workspace/rustup-home:/opt/rustwide/rustup-home:ro,Z" "-e" "SOURCE_DIR=/opt/rustwide/workdir" "-e" "CARGO_TARGET_DIR=/opt/rustwide/target" "-e" "CARGO_INCREMENTAL=0" "-e" "RUST_BACKTRACE=full" "-e" "RUSTFLAGS=--cap-lints=warn" "-e" "CARGO_HOME=/opt/rustwide/cargo-home" "-e" "RUSTUP_HOME=/opt/rustwide/rustup-home" "-w" "/opt/rustwide/workdir" "-m" "1610612736" "--user" "0:0" "--network" "none" "ghcr.io/rust-lang/crates-build-env/linux@sha256:34b6a614d2c27851fe6cbf88fbd1137609cefab8b10d0615aaeb6fd47975d74e" "/opt/rustwide/cargo-home/bin/cargo" "+1.54.0" "build" "--frozen" "--message-format=json", kill_on_drop: false }`
[INFO] [stdout] 33cb1063615d7b03bc68ef54046661616857199156f77e401e931bedfba35e5f
[INFO] [stderr] WARNING: Your kernel does not support swap limit capabilities or the cgroup is not mounted. Memory limited without swap.
[INFO] running `Command { std: "docker" "start" "-a" "33cb1063615d7b03bc68ef54046661616857199156f77e401e931bedfba35e5f", kill_on_drop: false }`
[INFO] [stderr]    Compiling local-waker v0.1.1
[INFO] [stderr]    Compiling zstd-safe v3.1.0+zstd.1.4.9
[INFO] [stderr]    Compiling language-tags v0.3.2
[INFO] [stderr]    Compiling openssl v0.10.35
[INFO] [stderr]    Compiling askama_escape v0.10.1
[INFO] [stderr]    Compiling deunicode v0.4.3
[INFO] [stderr]    Compiling http-range v0.1.4
[INFO] [stderr]    Compiling tokio v1.9.0
[INFO] [stderr]    Compiling time v0.2.27
[INFO] [stderr]    Compiling cookie v0.15.1
[INFO] [stderr]    Compiling num-integer v0.1.44
[INFO] [stderr]    Compiling crossbeam-utils v0.8.5
[INFO] [stderr]    Compiling jobserver v0.1.23
[INFO] [stderr]    Compiling futures-channel v0.3.16
[INFO] [stderr]    Compiling getrandom v0.2.3
[INFO] [stderr]    Compiling actix-service v2.0.0
[INFO] [stderr]    Compiling time v0.1.43
[INFO] [stderr]    Compiling syn v1.0.74
[INFO] [stderr]    Compiling proc-macro-error-attr v1.0.4
[INFO] [stderr]    Compiling actix-utils v3.0.0
[INFO] [stderr]    Compiling flate2 v1.0.20
[INFO] [stderr]    Compiling argon2rs v0.2.5
[INFO] [stderr]    Compiling scheduled-thread-pool v0.2.5
[INFO] [stderr]    Compiling pem v0.8.3
[INFO] [stderr]    Compiling env_logger v0.9.0
[INFO] [stderr]    Compiling slug v0.1.4
[INFO] [stderr]    Compiling rand_core v0.6.3
[INFO] [stderr]    Compiling ahash v0.7.4
[INFO] [stderr]    Compiling crossbeam-channel v0.5.1
[INFO] [stderr]    Compiling cc v1.0.69
[INFO] [stderr]    Compiling sha-1 v0.9.7
[INFO] [stderr]    Compiling r2d2 v0.8.9
[INFO] [stderr]    Compiling rand_chacha v0.3.1
[INFO] [stderr]    Compiling rand v0.8.4
[INFO] [stderr]    Compiling num-bigint v0.2.6
[INFO] [stderr]    Compiling zstd-sys v1.5.0+zstd.1.4.9
[INFO] [stderr]    Compiling brotli-sys v0.3.2
[INFO] [stderr]    Compiling openssl-sys v0.9.65
[INFO] [stderr]    Compiling ring v0.16.20
[INFO] [stderr]    Compiling brotli2 v0.3.2
[INFO] [stderr]    Compiling tokio-util v0.6.7
[INFO] [stderr]    Compiling proc-macro-error v1.0.4
[INFO] [stderr]    Compiling validator_types v0.14.0
[INFO] [stderr]    Compiling actix-codec v0.4.0
[INFO] [stderr]    Compiling serde_derive v1.0.127
[INFO] [stderr]    Compiling futures-macro v0.3.16
[INFO] [stderr]    Compiling actix-macros v0.2.1
[INFO] [stderr]    Compiling time-macros-impl v0.1.2
[INFO] [stderr]    Compiling pin-project-internal v1.0.8
[INFO] [stderr]    Compiling derive_more v0.99.16
[INFO] [stderr]    Compiling actix-web-codegen v0.5.0-beta.3
[INFO] [stderr]    Compiling validator_derive v0.14.0
[INFO] [stderr]    Compiling diesel_derives v2.0.0 (https://github.com/diesel-rs/diesel#6e46d08d)
[INFO] [stderr]    Compiling actix-rt v2.2.0
[INFO] [stderr]    Compiling time-macros v0.1.1
[INFO] [stderr]    Compiling actix-server v2.0.0-beta.5
[INFO] [stderr]    Compiling futures-util v0.3.16
[INFO] [stderr]    Compiling pin-project v1.0.8
[INFO] [stderr]    Compiling actix-tls v3.0.0-beta.5
[INFO] [stderr]    Compiling h2 v0.3.3
[INFO] [stderr]    Compiling local-channel v0.1.2
[INFO] [stderr]    Compiling actix v0.12.0
[INFO] [stderr]    Compiling futures-executor v0.3.16
[INFO] [stderr]    Compiling futures v0.3.16
[INFO] [stderr]    Compiling serde v1.0.127
[INFO] [stderr]    Compiling serde_json v1.0.66
[INFO] [stderr]    Compiling actix-router v0.2.7
[INFO] [stderr]    Compiling serde_urlencoded v0.7.0
[INFO] [stderr]    Compiling chrono v0.4.19
[INFO] [stderr]    Compiling envy v0.4.2
[INFO] [stderr]    Compiling simple_asn1 v0.4.1
[INFO] [stderr]    Compiling validator v0.14.0
[INFO] [stderr]    Compiling diesel v2.0.0 (https://github.com/diesel-rs/diesel#6e46d08d)
[INFO] [stderr]    Compiling jsonwebtoken v7.2.0
[INFO] [stderr]    Compiling zstd v0.7.0+zstd.1.4.9
[INFO] [stderr]    Compiling actix-http v3.0.0-beta.8
[INFO] [stderr]    Compiling actix-web v4.0.0-beta.8
[INFO] [stderr]    Compiling actix-files v0.6.0-beta.6
[INFO] [stderr]    Compiling actix-web-httpauth v0.6.0-beta.2
[INFO] [stderr]    Compiling actix-cors v0.6.0-beta.2
[INFO] [stderr]    Compiling actix-web-actors v4.0.0-beta.6
[INFO] [stderr]    Compiling zen v0.0.2 (/opt/rustwide/workdir)
[INFO] [stdout] warning: unused imports: `DatabaseConnectionPool`, `errors::ZenError`, `helpers::respond_json`, `self`
[INFO] [stdout]  --> src/handlers/tag.rs:1:24
[INFO] [stdout]   |
[INFO] [stdout] 1 | use crate::{database::{self, DatabaseConnectionPool}, errors::ZenError, helpers::respond_json};
[INFO] [stdout]   |                        ^^^^  ^^^^^^^^^^^^^^^^^^^^^^   ^^^^^^^^^^^^^^^^  ^^^^^^^^^^^^^^^^^^^^^
[INFO] [stdout]   |
[INFO] [stdout]   = note: `#[warn(unused_imports)]` on by default
[INFO] [stdout] 
[INFO] [stdout] 
[INFO] [stdout] warning: unused imports: `Data`, `Json`, `block`
[INFO] [stdout]  --> src/handlers/tag.rs:2:22
[INFO] [stdout]   |
[INFO] [stdout] 2 | use actix_web::web::{block, Data, Json};
[INFO] [stdout]   |                      ^^^^^  ^^^^  ^^^^
[INFO] [stdout] 
[INFO] [stdout] 
[INFO] [stdout] warning: unused import: `tag`
[INFO] [stdout]  --> src/routes.rs:1:32
[INFO] [stdout]   |
[INFO] [stdout] 1 | use crate::handlers::{article, tag};
[INFO] [stdout]   |                                ^^^
[INFO] [stdout] 
[INFO] [stdout] 
[INFO] [stdout] warning: constant is never used: `IGNORE_ROUTES`
[INFO] [stdout]  --> src/constants.rs:3:1
[INFO] [stdout]   |
[INFO] [stdout] 3 | pub const IGNORE_ROUTES: [&str; 3] = ["/api/ping", "/api/auth/signup", "/api/auth/login"];
[INFO] [stdout]   | ^^^^^^^^^^^^^^^^^^^^^^^^^^^^^^^^^^^^^^^^^^^^^^^^^^^^^^^^^^^^^^^^^^^^^^^^^^^^^^^^^^^^^^^^^^
[INFO] [stdout]   |
[INFO] [stdout]   = note: `#[warn(dead_code)]` on by default
[INFO] [stdout] 
[INFO] [stdout] 
[INFO] [stdout] warning: associated function is never used: `page_sizing`
[INFO] [stdout]   --> src/database/pagination.rs:29:12
[INFO] [stdout]    |
[INFO] [stdout] 29 |     pub fn page_sizing(self, page_size: i64) -> Self {
[INFO] [stdout]    |            ^^^^^^^^^^^
[INFO] [stdout] 
[INFO] [stdout] 
[INFO] [stdout] warning: function is never used: `update_user`
[INFO] [stdout]   --> src/database/user.rs:51:8
[INFO] [stdout]    |
[INFO] [stdout] 51 | pub fn update_user<'a>(
[INFO] [stdout]    |        ^^^^^^^^^^^
[INFO] [stdout] 
[INFO] [stdout] 
[INFO] [stdout] warning: function is never used: `bearer_validator`
[INFO] [stdout]   --> src/security.rs:79:21
[INFO] [stdout]    |
[INFO] [stdout] 79 | pub(crate) async fn bearer_validator(
[INFO] [stdout]    |                     ^^^^^^^^^^^^^^^^
[INFO] [stdout] 
[INFO] [stdout] 
[INFO] [stdout] warning: function is never used: `new_state`
[INFO] [stdout]   --> src/state.rs:11:8
[INFO] [stdout]    |
[INFO] [stdout] 11 | pub fn new_state<'a, T>() -> AppState<'a, T> {
[INFO] [stdout]    |        ^^^^^^^^^
[INFO] [stdout] 
[INFO] [stdout] 
[INFO] [stdout] warning: 8 warnings emitted
[INFO] [stdout] 
[INFO] [stdout] 
[INFO] [stderr]     Finished dev [unoptimized + debuginfo] target(s) in 5m 23s
[INFO] running `Command { std: "docker" "inspect" "33cb1063615d7b03bc68ef54046661616857199156f77e401e931bedfba35e5f", kill_on_drop: false }`
[INFO] running `Command { std: "docker" "rm" "-f" "33cb1063615d7b03bc68ef54046661616857199156f77e401e931bedfba35e5f", kill_on_drop: false }`
[INFO] [stdout] 33cb1063615d7b03bc68ef54046661616857199156f77e401e931bedfba35e5f
[INFO] running `Command { std: "docker" "create" "-v" "/var/lib/crater-agent-workspace/builds/worker-6/target:/opt/rustwide/target:rw,Z" "-v" "/var/lib/crater-agent-workspace/builds/worker-6/source:/opt/rustwide/workdir:ro,Z" "-v" "/var/lib/crater-agent-workspace/cargo-home:/opt/rustwide/cargo-home:ro,Z" "-v" "/var/lib/crater-agent-workspace/rustup-home:/opt/rustwide/rustup-home:ro,Z" "-e" "SOURCE_DIR=/opt/rustwide/workdir" "-e" "CARGO_TARGET_DIR=/opt/rustwide/target" "-e" "CARGO_INCREMENTAL=0" "-e" "RUST_BACKTRACE=full" "-e" "RUSTFLAGS=--cap-lints=warn" "-e" "CARGO_HOME=/opt/rustwide/cargo-home" "-e" "RUSTUP_HOME=/opt/rustwide/rustup-home" "-w" "/opt/rustwide/workdir" "-m" "1610612736" "--user" "0:0" "--network" "none" "ghcr.io/rust-lang/crates-build-env/linux@sha256:34b6a614d2c27851fe6cbf88fbd1137609cefab8b10d0615aaeb6fd47975d74e" "/opt/rustwide/cargo-home/bin/cargo" "+1.54.0" "test" "--frozen" "--no-run" "--message-format=json", kill_on_drop: false }`
[INFO] [stdout] 8e69cba341f51d0e93f198dc63927b45f324e7c8494cc74f5808c8314608d445
[INFO] [stderr] WARNING: Your kernel does not support swap limit capabilities or the cgroup is not mounted. Memory limited without swap.
[INFO] running `Command { std: "docker" "start" "-a" "8e69cba341f51d0e93f198dc63927b45f324e7c8494cc74f5808c8314608d445", kill_on_drop: false }`
[INFO] [stderr]    Compiling zen v0.0.2 (/opt/rustwide/workdir)
[INFO] [stdout] warning: unused imports: `DatabaseConnectionPool`, `errors::ZenError`, `helpers::respond_json`, `self`
[INFO] [stdout]  --> src/handlers/tag.rs:1:24
[INFO] [stdout]   |
[INFO] [stdout] 1 | use crate::{database::{self, DatabaseConnectionPool}, errors::ZenError, helpers::respond_json};
[INFO] [stdout]   |                        ^^^^  ^^^^^^^^^^^^^^^^^^^^^^   ^^^^^^^^^^^^^^^^  ^^^^^^^^^^^^^^^^^^^^^
[INFO] [stdout]   |
[INFO] [stdout]   = note: `#[warn(unused_imports)]` on by default
[INFO] [stdout] 
[INFO] [stdout] 
[INFO] [stdout] warning: unused imports: `Data`, `Json`, `block`
[INFO] [stdout]  --> src/handlers/tag.rs:2:22
[INFO] [stdout]   |
[INFO] [stdout] 2 | use actix_web::web::{block, Data, Json};
[INFO] [stdout]   |                      ^^^^^  ^^^^  ^^^^
[INFO] [stdout] 
[INFO] [stdout] 
[INFO] [stdout] warning: unused import: `tag`
[INFO] [stdout]  --> src/routes.rs:1:32
[INFO] [stdout]   |
[INFO] [stdout] 1 | use crate::handlers::{article, tag};
[INFO] [stdout]   |                                ^^^
[INFO] [stdout] 
[INFO] [stdout] 
[INFO] [stdout] warning: constant is never used: `IGNORE_ROUTES`
[INFO] [stdout]  --> src/constants.rs:3:1
[INFO] [stdout]   |
[INFO] [stdout] 3 | pub const IGNORE_ROUTES: [&str; 3] = ["/api/ping", "/api/auth/signup", "/api/auth/login"];
[INFO] [stdout]   | ^^^^^^^^^^^^^^^^^^^^^^^^^^^^^^^^^^^^^^^^^^^^^^^^^^^^^^^^^^^^^^^^^^^^^^^^^^^^^^^^^^^^^^^^^^
[INFO] [stdout]   |
[INFO] [stdout]   = note: `#[warn(dead_code)]` on by default
[INFO] [stdout] 
[INFO] [stdout] 
[INFO] [stdout] warning: associated function is never used: `page_sizing`
[INFO] [stdout]   --> src/database/pagination.rs:29:12
[INFO] [stdout]    |
[INFO] [stdout] 29 |     pub fn page_sizing(self, page_size: i64) -> Self {
[INFO] [stdout]    |            ^^^^^^^^^^^
[INFO] [stdout] 
[INFO] [stdout] 
[INFO] [stdout] warning: function is never used: `update_user`
[INFO] [stdout]   --> src/database/user.rs:51:8
[INFO] [stdout]    |
[INFO] [stdout] 51 | pub fn update_user<'a>(
[INFO] [stdout]    |        ^^^^^^^^^^^
[INFO] [stdout] 
[INFO] [stdout] 
[INFO] [stdout] warning: function is never used: `get_private_claim`
[INFO] [stdout]   --> src/handlers/security.rs:93:14
[INFO] [stdout]    |
[INFO] [stdout] 93 |     async fn get_private_claim() -> Claims {
[INFO] [stdout]    |              ^^^^^^^^^^^^^^^^^
[INFO] [stdout] 
[INFO] [stdout] 
[INFO] [stdout] warning: function is never used: `bearer_validator`
[INFO] [stdout]   --> src/security.rs:79:21
[INFO] [stdout]    |
[INFO] [stdout] 79 | pub(crate) async fn bearer_validator(
[INFO] [stdout]    |                     ^^^^^^^^^^^^^^^^
[INFO] [stdout] 
[INFO] [stdout] 
[INFO] [stdout] warning: function is never used: `test_get`
[INFO] [stdout]  --> src/tests/helpers.rs:9:18
[INFO] [stdout]   |
[INFO] [stdout] 9 |     pub async fn test_get(route: &str) -> ServiceResponse {
[INFO] [stdout]   |                  ^^^^^^^^
[INFO] [stdout] 
[INFO] [stdout] 
[INFO] [stdout] warning: function is never used: `test_post`
[INFO] [stdout]   --> src/tests/helpers.rs:47:18
[INFO] [stdout]    |
[INFO] [stdout] 47 |     pub async fn test_post<T: Serialize>(route: &str, params: T) -> ServiceResponse {
[INFO] [stdout]    |                  ^^^^^^^^^
[INFO] [stdout] 
[INFO] [stdout] 
[INFO] [stdout] warning: function is never used: `assert_get`
[INFO] [stdout]   --> src/tests/helpers.rs:82:18
[INFO] [stdout]    |
[INFO] [stdout] 82 |     pub async fn assert_get(route: &str) -> ServiceResponse {
[INFO] [stdout]    |                  ^^^^^^^^^^
[INFO] [stdout] 
[INFO] [stdout] 
[INFO] [stdout] warning: function is never used: `assert_post`
[INFO] [stdout]   --> src/tests/helpers.rs:88:18
[INFO] [stdout]    |
[INFO] [stdout] 88 |     pub async fn assert_post<T: Serialize>(route: &str, params: T) -> ServiceResponse {
[INFO] [stdout]    |                  ^^^^^^^^^^^
[INFO] [stdout] 
[INFO] [stdout] 
[INFO] [stdout] warning: function is never used: `login`
[INFO] [stdout]    --> src/tests/helpers.rs:104:18
[INFO] [stdout]     |
[INFO] [stdout] 104 |     pub async fn login() -> ServiceResponse {
[INFO] [stdout]     |                  ^^^^^
[INFO] [stdout] 
[INFO] [stdout] 
[INFO] [stdout] warning: 13 warnings emitted
[INFO] [stdout] 
[INFO] [stdout] 
[INFO] [stderr]     Finished test [unoptimized + debuginfo] target(s) in 13.68s
[INFO] running `Command { std: "docker" "inspect" "8e69cba341f51d0e93f198dc63927b45f324e7c8494cc74f5808c8314608d445", kill_on_drop: false }`
[INFO] running `Command { std: "docker" "rm" "-f" "8e69cba341f51d0e93f198dc63927b45f324e7c8494cc74f5808c8314608d445", kill_on_drop: false }`
[INFO] [stdout] 8e69cba341f51d0e93f198dc63927b45f324e7c8494cc74f5808c8314608d445
[INFO] running `Command { std: "docker" "create" "-v" "/var/lib/crater-agent-workspace/builds/worker-6/target:/opt/rustwide/target:rw,Z" "-v" "/var/lib/crater-agent-workspace/builds/worker-6/source:/opt/rustwide/workdir:ro,Z" "-v" "/var/lib/crater-agent-workspace/cargo-home:/opt/rustwide/cargo-home:ro,Z" "-v" "/var/lib/crater-agent-workspace/rustup-home:/opt/rustwide/rustup-home:ro,Z" "-e" "SOURCE_DIR=/opt/rustwide/workdir" "-e" "CARGO_TARGET_DIR=/opt/rustwide/target" "-e" "CARGO_INCREMENTAL=0" "-e" "RUST_BACKTRACE=full" "-e" "RUSTFLAGS=--cap-lints=warn" "-e" "CARGO_HOME=/opt/rustwide/cargo-home" "-e" "RUSTUP_HOME=/opt/rustwide/rustup-home" "-w" "/opt/rustwide/workdir" "-m" "1610612736" "--user" "0:0" "--network" "none" "ghcr.io/rust-lang/crates-build-env/linux@sha256:34b6a614d2c27851fe6cbf88fbd1137609cefab8b10d0615aaeb6fd47975d74e" "/opt/rustwide/cargo-home/bin/cargo" "+1.54.0" "test" "--frozen", kill_on_drop: false }`
[INFO] [stdout] ad8895f0a78bdaa7c3d55f3343ee810310372d38485b2e53077063e5d7cf610f
[INFO] [stderr] WARNING: Your kernel does not support swap limit capabilities or the cgroup is not mounted. Memory limited without swap.
[INFO] running `Command { std: "docker" "start" "-a" "ad8895f0a78bdaa7c3d55f3343ee810310372d38485b2e53077063e5d7cf610f", kill_on_drop: false }`
[INFO] [stderr] warning: unused imports: `DatabaseConnectionPool`, `errors::ZenError`, `helpers::respond_json`, `self`
[INFO] [stderr]  --> src/handlers/tag.rs:1:24
[INFO] [stderr]   |
[INFO] [stderr] 1 | use crate::{database::{self, DatabaseConnectionPool}, errors::ZenError, helpers::respond_json};
[INFO] [stderr]   |                        ^^^^  ^^^^^^^^^^^^^^^^^^^^^^   ^^^^^^^^^^^^^^^^  ^^^^^^^^^^^^^^^^^^^^^
[INFO] [stderr]   |
[INFO] [stderr]   = note: `#[warn(unused_imports)]` on by default
[INFO] [stderr] 
[INFO] [stderr] warning: unused imports: `Data`, `Json`, `block`
[INFO] [stderr]  --> src/handlers/tag.rs:2:22
[INFO] [stderr]   |
[INFO] [stderr] 2 | use actix_web::web::{block, Data, Json};
[INFO] [stderr]   |                      ^^^^^  ^^^^  ^^^^
[INFO] [stderr] 
[INFO] [stderr] warning: unused import: `tag`
[INFO] [stderr]  --> src/routes.rs:1:32
[INFO] [stderr]   |
[INFO] [stderr] 1 | use crate::handlers::{article, tag};
[INFO] [stderr]   |                                ^^^
[INFO] [stderr] 
[INFO] [stderr] warning: constant is never used: `IGNORE_ROUTES`
[INFO] [stderr]  --> src/constants.rs:3:1
[INFO] [stderr]   |
[INFO] [stderr] 3 | pub const IGNORE_ROUTES: [&str; 3] = ["/api/ping", "/api/auth/signup", "/api/auth/login"];
[INFO] [stderr]   | ^^^^^^^^^^^^^^^^^^^^^^^^^^^^^^^^^^^^^^^^^^^^^^^^^^^^^^^^^^^^^^^^^^^^^^^^^^^^^^^^^^^^^^^^^^
[INFO] [stderr]   |
[INFO] [stderr]   = note: `#[warn(dead_code)]` on by default
[INFO] [stderr] 
[INFO] [stderr] warning: associated function is never used: `page_sizing`
[INFO] [stderr]   --> src/database/pagination.rs:29:12
[INFO] [stderr]    |
[INFO] [stderr] 29 |     pub fn page_sizing(self, page_size: i64) -> Self {
[INFO] [stderr]    |            ^^^^^^^^^^^
[INFO] [stderr] 
[INFO] [stderr] warning: function is never used: `update_user`
[INFO] [stderr]   --> src/database/user.rs:51:8
[INFO] [stderr]    |
[INFO] [stderr] 51 | pub fn update_user<'a>(
[INFO] [stderr]    |        ^^^^^^^^^^^
[INFO] [stderr] 
[INFO] [stderr] warning: function is never used: `get_private_claim`
[INFO] [stderr]   --> src/handlers/security.rs:93:14
[INFO] [stderr]    |
[INFO] [stderr] 93 |     async fn get_private_claim() -> Claims {
[INFO] [stderr]    |              ^^^^^^^^^^^^^^^^^
[INFO] [stderr] 
[INFO] [stderr] warning: function is never used: `bearer_validator`
[INFO] [stderr]   --> src/security.rs:79:21
[INFO] [stderr]    |
[INFO] [stderr] 79 | pub(crate) async fn bearer_validator(
[INFO] [stderr]    |                     ^^^^^^^^^^^^^^^^
[INFO] [stderr] 
[INFO] [stderr] warning: function is never used: `test_get`
[INFO] [stderr]  --> src/tests/helpers.rs:9:18
[INFO] [stderr]   |
[INFO] [stderr] 9 |     pub async fn test_get(route: &str) -> ServiceResponse {
[INFO] [stderr]   |                  ^^^^^^^^
[INFO] [stderr] 
[INFO] [stderr] warning: function is never used: `test_post`
[INFO] [stderr]   --> src/tests/helpers.rs:47:18
[INFO] [stderr]    |
[INFO] [stderr] 47 |     pub async fn test_post<T: Serialize>(route: &str, params: T) -> ServiceResponse {
[INFO] [stderr]    |                  ^^^^^^^^^
[INFO] [stderr] 
[INFO] [stderr] warning: function is never used: `assert_get`
[INFO] [stderr]   --> src/tests/helpers.rs:82:18
[INFO] [stderr]    |
[INFO] [stderr] 82 |     pub async fn assert_get(route: &str) -> ServiceResponse {
[INFO] [stderr]    |                  ^^^^^^^^^^
[INFO] [stderr] 
[INFO] [stderr] warning: function is never used: `assert_post`
[INFO] [stderr]   --> src/tests/helpers.rs:88:18
[INFO] [stderr]    |
[INFO] [stderr] 88 |     pub async fn assert_post<T: Serialize>(route: &str, params: T) -> ServiceResponse {
[INFO] [stderr]    |                  ^^^^^^^^^^^
[INFO] [stderr] 
[INFO] [stderr] warning: function is never used: `login`
[INFO] [stderr]    --> src/tests/helpers.rs:104:18
[INFO] [stderr]     |
[INFO] [stderr] 104 |     pub async fn login() -> ServiceResponse {
[INFO] [stderr]     |                  ^^^^^
[INFO] [stderr] 
[INFO] [stderr] warning: 13 warnings emitted
[INFO] [stderr] 
[INFO] [stderr]     Finished test [unoptimized + debuginfo] target(s) in 0.21s
[INFO] [stderr]      Running unittests (/opt/rustwide/target/debug/deps/zen-c17b889b10bd8b40)
[INFO] [stdout] 
[INFO] [stdout] running 8 tests
[INFO] [stdout] test state::tests::it_creates_new_application_state_and_sets_and_reads_it ... ok
[INFO] [stdout] test helpers::tests::it_responds_json ... ok
[INFO] [stdout] test helpers::tests::it_responds_ok ... ok
[INFO] [stdout] test validate::tests::it_collect_errors ... ok
[INFO] [stdout] test state::tests::it_remove_an_entity_in_application_state ... ok
[INFO] [stdout] test config::tests::get_a_config ... ok
[INFO] [stdout] test config::tests::get_config_from_the_lazy_static ... ok
[INFO] [stdout] test handlers::security::tests::it_logs_a_user_in ... FAILED
[INFO] [stdout] 
[INFO] [stdout] failures:
[INFO] [stdout] 
[INFO] [stdout] ---- handlers::security::tests::it_logs_a_user_in stdout ----
[INFO] [stdout] thread 'handlers::security::tests::it_logs_a_user_in' panicked at 'called `Result::unwrap()` on an `Err` value: Error(Some("could not connect to server: Connection refused\n\tIs the server running on host \"127.0.0.1\" and accepting\n\tTCP/IP connections on port 5432?\n"))', src/tests/helpers.rs:96:41
[INFO] [stdout] stack backtrace:
[INFO] [stdout]    0:     0x55c0c62ea870 - std::backtrace_rs::backtrace::libunwind::trace::h34055254b57d8e79
[INFO] [stdout]                                at /rustc/a178d0322ce20e33eac124758e837cbd80a6f633/library/std/src/../../backtrace/src/backtrace/libunwind.rs:90:5
[INFO] [stdout]    1:     0x55c0c62ea870 - std::backtrace_rs::backtrace::trace_unsynchronized::h8f1e3fbd9afff6ec
[INFO] [stdout]                                at /rustc/a178d0322ce20e33eac124758e837cbd80a6f633/library/std/src/../../backtrace/src/backtrace/mod.rs:66:5
[INFO] [stdout]    2:     0x55c0c62ea870 - std::sys_common::backtrace::_print_fmt::h3a99a796b770c360
[INFO] [stdout]                                at /rustc/a178d0322ce20e33eac124758e837cbd80a6f633/library/std/src/sys_common/backtrace.rs:67:5
[INFO] [stdout]    3:     0x55c0c62ea870 - <std::sys_common::backtrace::_print::DisplayBacktrace as core::fmt::Display>::fmt::h32d1f94a80615d18
[INFO] [stdout]                                at /rustc/a178d0322ce20e33eac124758e837cbd80a6f633/library/std/src/sys_common/backtrace.rs:46:22
[INFO] [stdout]    4:     0x55c0c630d9fc - core::fmt::write::h306731c068f7162c
[INFO] [stdout]                                at /rustc/a178d0322ce20e33eac124758e837cbd80a6f633/library/core/src/fmt/mod.rs:1110:17
[INFO] [stdout]    5:     0x55c0c62e6375 - std::io::Write::write_fmt::h87f19b0a2cd190bc
[INFO] [stdout]                                at /rustc/a178d0322ce20e33eac124758e837cbd80a6f633/library/std/src/io/mod.rs:1588:15
[INFO] [stdout]    6:     0x55c0c62ec9db - std::sys_common::backtrace::_print::h5abaa2601a852287
[INFO] [stdout]                                at /rustc/a178d0322ce20e33eac124758e837cbd80a6f633/library/std/src/sys_common/backtrace.rs:49:5
[INFO] [stdout]    7:     0x55c0c62ec9db - std::sys_common::backtrace::print::h8d81445442bb638f
[INFO] [stdout]                                at /rustc/a178d0322ce20e33eac124758e837cbd80a6f633/library/std/src/sys_common/backtrace.rs:36:9
[INFO] [stdout]    8:     0x55c0c62ec9db - std::panicking::default_hook::{{closure}}::hcfe804496a9fa747
[INFO] [stdout]                                at /rustc/a178d0322ce20e33eac124758e837cbd80a6f633/library/std/src/panicking.rs:208:50
[INFO] [stdout]    9:     0x55c0c62ec4ec - std::panicking::default_hook::hbea8e3ccf2ba8901
[INFO] [stdout]                                at /rustc/a178d0322ce20e33eac124758e837cbd80a6f633/library/std/src/panicking.rs:222:9
[INFO] [stdout]   10:     0x55c0c62ed0a4 - std::panicking::rust_panic_with_hook::h7ee9e1a2d0f8975a
[INFO] [stdout]                                at /rustc/a178d0322ce20e33eac124758e837cbd80a6f633/library/std/src/panicking.rs:622:17
[INFO] [stdout]   11:     0x55c0c62ecb87 - std::panicking::begin_panic_handler::{{closure}}::h8ab3b4491718b2c7
[INFO] [stdout]                                at /rustc/a178d0322ce20e33eac124758e837cbd80a6f633/library/std/src/panicking.rs:519:13
[INFO] [stdout]   12:     0x55c0c62ead6c - std::sys_common::backtrace::__rust_end_short_backtrace::hd489062ffa586a9f
[INFO] [stdout]                                at /rustc/a178d0322ce20e33eac124758e837cbd80a6f633/library/std/src/sys_common/backtrace.rs:141:18
[INFO] [stdout]   13:     0x55c0c62ecae9 - rust_begin_unwind
[INFO] [stdout]                                at /rustc/a178d0322ce20e33eac124758e837cbd80a6f633/library/std/src/panicking.rs:515:5
[INFO] [stdout]   14:     0x55c0c5e20b61 - core::panicking::panic_fmt::hca6330e3e14086b4
[INFO] [stdout]                                at /rustc/a178d0322ce20e33eac124758e837cbd80a6f633/library/core/src/panicking.rs:92:14
[INFO] [stdout]   15:     0x55c0c5e20c53 - core::result::unwrap_failed::h6160d2b4bfbb0e87
[INFO] [stdout]                                at /rustc/a178d0322ce20e33eac124758e837cbd80a6f633/library/core/src/result.rs:1355:5
[INFO] [stdout]   16:     0x55c0c5e4391a - core::result::Result<T,E>::unwrap::h13c8336ec5152f37
[INFO] [stdout]                                at /rustc/a178d0322ce20e33eac124758e837cbd80a6f633/library/core/src/result.rs:1037:23
[INFO] [stdout]   17:     0x55c0c5e54022 - zen::tests::helpers::tests::get_pool::hb0964f2f7c1be83c
[INFO] [stdout]                                at /opt/rustwide/workdir/src/tests/helpers.rs:96:9
[INFO] [stdout]   18:     0x55c0c5e54049 - zen::tests::helpers::tests::get_data_pool::hbd02b6cab80caf97
[INFO] [stdout]                                at /opt/rustwide/workdir/src/tests/helpers.rs:101:19
[INFO] [stdout]   19:     0x55c0c5e3d0fb - zen::handlers::security::tests::login_user::{{closure}}::h1c902f8ee3161194
[INFO] [stdout]                                at /opt/rustwide/workdir/src/handlers/security.rs:110:15
[INFO] [stdout]   20:     0x55c0c5e3ca29 - <core::future::from_generator::GenFuture<T> as core::future::future::Future>::poll::h1f04670c3e2d4719
[INFO] [stdout]                                at /rustc/a178d0322ce20e33eac124758e837cbd80a6f633/library/core/src/future/mod.rs:80:19
[INFO] [stdout]   21:     0x55c0c5e4140d - zen::handlers::security::tests::it_logs_a_user_in::{{closure}}::h97bace6d6948d559
[INFO] [stdout]                                at /opt/rustwide/workdir/src/handlers/security.rs:115:24
[INFO] [stdout]   22:     0x55c0c5e3ccab - <core::future::from_generator::GenFuture<T> as core::future::future::Future>::poll::hff199d64de6a80bc
[INFO] [stdout]                                at /rustc/a178d0322ce20e33eac124758e837cbd80a6f633/library/core/src/future/mod.rs:80:19
[INFO] [stdout]   23:     0x55c0c5e2dbc6 - <tokio::task::local::RunUntil<T> as core::future::future::Future>::poll::{{closure}}::{{closure}}::hf55e2e17f513de53
[INFO] [stdout]                                at /opt/rustwide/cargo-home/registry/src/github.com-1ecc6299db9ec823/tokio-1.9.0/src/task/local.rs:668:65
[INFO] [stdout]   24:     0x55c0c5e4481c - tokio::coop::with_budget::{{closure}}::hfad9704c9e3981f2
[INFO] [stdout]                                at /opt/rustwide/cargo-home/registry/src/github.com-1ecc6299db9ec823/tokio-1.9.0/src/coop.rs:106:9
[INFO] [stdout]   25:     0x55c0c5e51981 - std::thread::local::LocalKey<T>::try_with::h067788489a63b652
[INFO] [stdout]                                at /rustc/a178d0322ce20e33eac124758e837cbd80a6f633/library/std/src/thread/local.rs:400:16
[INFO] [stdout]   26:     0x55c0c5e5179d - std::thread::local::LocalKey<T>::with::h854715e767044e66
[INFO] [stdout]                                at /rustc/a178d0322ce20e33eac124758e837cbd80a6f633/library/std/src/thread/local.rs:376:9
[INFO] [stdout]   27:     0x55c0c5e2da7b - tokio::coop::with_budget::hab95dacc18e2336c
[INFO] [stdout]                                at /opt/rustwide/cargo-home/registry/src/github.com-1ecc6299db9ec823/tokio-1.9.0/src/coop.rs:99:5
[INFO] [stdout]   28:     0x55c0c5e2da7b - tokio::coop::budget::he2745bce2bc80211
[INFO] [stdout]                                at /opt/rustwide/cargo-home/registry/src/github.com-1ecc6299db9ec823/tokio-1.9.0/src/coop.rs:76:5
[INFO] [stdout]   29:     0x55c0c5e2da7b - <tokio::task::local::RunUntil<T> as core::future::future::Future>::poll::{{closure}}::hdc9b3e0c6abda3c8
[INFO] [stdout]                                at /opt/rustwide/cargo-home/registry/src/github.com-1ecc6299db9ec823/tokio-1.9.0/src/task/local.rs:668:42
[INFO] [stdout]   30:     0x55c0c5e2be7d - tokio::macros::scoped_tls::ScopedKey<T>::set::h08feb7be732834e4
[INFO] [stdout]                                at /opt/rustwide/cargo-home/registry/src/github.com-1ecc6299db9ec823/tokio-1.9.0/src/macros/scoped_tls.rs:61:9
[INFO] [stdout]   31:     0x55c0c5e2ba7a - tokio::task::local::LocalSet::with::h9057f6b644007786
[INFO] [stdout]                                at /opt/rustwide/cargo-home/registry/src/github.com-1ecc6299db9ec823/tokio-1.9.0/src/task/local.rs:573:9
[INFO] [stdout]   32:     0x55c0c5e2d922 - <tokio::task::local::RunUntil<T> as core::future::future::Future>::poll::h2a3c29930918bcb3
[INFO] [stdout]                                at /opt/rustwide/cargo-home/registry/src/github.com-1ecc6299db9ec823/tokio-1.9.0/src/task/local.rs:658:9
[INFO] [stdout]   33:     0x55c0c5e2bd0d - tokio::task::local::LocalSet::run_until::{{closure}}::h4cea389344bea58d
[INFO] [stdout]                                at /opt/rustwide/cargo-home/registry/src/github.com-1ecc6299db9ec823/tokio-1.9.0/src/task/local.rs:516:9
[INFO] [stdout]   34:     0x55c0c5e3cc1b - <core::future::from_generator::GenFuture<T> as core::future::future::Future>::poll::hd6e945b51f277890
[INFO] [stdout]                                at /rustc/a178d0322ce20e33eac124758e837cbd80a6f633/library/core/src/future/mod.rs:80:19
[INFO] [stdout]   35:     0x55c0c5e5321f - <core::pin::Pin<P> as core::future::future::Future>::poll::h3f9e20108b7e5873
[INFO] [stdout]                                at /rustc/a178d0322ce20e33eac124758e837cbd80a6f633/library/core/src/future/future.rs:119:9
[INFO] [stdout]   36:     0x55c0c5e5c3a0 - tokio::runtime::basic_scheduler::Inner<P>::block_on::{{closure}}::{{closure}}::h122b5733f620d401
[INFO] [stdout]                                at /opt/rustwide/cargo-home/registry/src/github.com-1ecc6299db9ec823/tokio-1.9.0/src/runtime/basic_scheduler.rs:208:62
[INFO] [stdout]   37:     0x55c0c5e445bc - tokio::coop::with_budget::{{closure}}::hc0deea06c032be88
[INFO] [stdout]                                at /opt/rustwide/cargo-home/registry/src/github.com-1ecc6299db9ec823/tokio-1.9.0/src/coop.rs:106:9
[INFO] [stdout]   38:     0x55c0c5e51d61 - std::thread::local::LocalKey<T>::try_with::h8756bc22d6cbcff6
[INFO] [stdout]                                at /rustc/a178d0322ce20e33eac124758e837cbd80a6f633/library/std/src/thread/local.rs:400:16
[INFO] [stdout]   39:     0x55c0c5e5185d - std::thread::local::LocalKey<T>::with::hec0f20262e775871
[INFO] [stdout]                                at /rustc/a178d0322ce20e33eac124758e837cbd80a6f633/library/std/src/thread/local.rs:376:9
[INFO] [stdout]   40:     0x55c0c5e5bdcc - tokio::coop::with_budget::h2ecb0c02e546534d
[INFO] [stdout]                                at /opt/rustwide/cargo-home/registry/src/github.com-1ecc6299db9ec823/tokio-1.9.0/src/coop.rs:99:5
[INFO] [stdout]   41:     0x55c0c5e5bdcc - tokio::coop::budget::h6a21ea0edeb12040
[INFO] [stdout]                                at /opt/rustwide/cargo-home/registry/src/github.com-1ecc6299db9ec823/tokio-1.9.0/src/coop.rs:76:5
[INFO] [stdout]   42:     0x55c0c5e5bdcc - tokio::runtime::basic_scheduler::Inner<P>::block_on::{{closure}}::h495f10929e862273
[INFO] [stdout]                                at /opt/rustwide/cargo-home/registry/src/github.com-1ecc6299db9ec823/tokio-1.9.0/src/runtime/basic_scheduler.rs:208:39
[INFO] [stdout]   43:     0x55c0c5e5cd61 - tokio::runtime::basic_scheduler::enter::{{closure}}::h5daed7faef34c9ec
[INFO] [stdout]                                at /opt/rustwide/cargo-home/registry/src/github.com-1ecc6299db9ec823/tokio-1.9.0/src/runtime/basic_scheduler.rs:299:29
[INFO] [stdout]   44:     0x55c0c5e2bf7d - tokio::macros::scoped_tls::ScopedKey<T>::set::h7b072e6654c6a6c0
[INFO] [stdout]                                at /opt/rustwide/cargo-home/registry/src/github.com-1ecc6299db9ec823/tokio-1.9.0/src/macros/scoped_tls.rs:61:9
[INFO] [stdout]   45:     0x55c0c5e5cce6 - tokio::runtime::basic_scheduler::enter::h9cade5c3eef88eac
[INFO] [stdout]                                at /opt/rustwide/cargo-home/registry/src/github.com-1ecc6299db9ec823/tokio-1.9.0/src/runtime/basic_scheduler.rs:299:5
[INFO] [stdout]   46:     0x55c0c5e5baab - tokio::runtime::basic_scheduler::Inner<P>::block_on::h3df4dc5e948af320
[INFO] [stdout]                                at /opt/rustwide/cargo-home/registry/src/github.com-1ecc6299db9ec823/tokio-1.9.0/src/runtime/basic_scheduler.rs:197:9
[INFO] [stdout]   47:     0x55c0c5e5c53c - tokio::runtime::basic_scheduler::InnerGuard<P>::block_on::h510c6ccf3e68d150
[INFO] [stdout]                                at /opt/rustwide/cargo-home/registry/src/github.com-1ecc6299db9ec823/tokio-1.9.0/src/runtime/basic_scheduler.rs:452:9
[INFO] [stdout]   48:     0x55c0c5e5c63c - tokio::runtime::basic_scheduler::BasicScheduler<P>::block_on::h1103d9d52bf1457f
[INFO] [stdout]                                at /opt/rustwide/cargo-home/registry/src/github.com-1ecc6299db9ec823/tokio-1.9.0/src/runtime/basic_scheduler.rs:157:24
[INFO] [stdout]   49:     0x55c0c5e2c2fe - tokio::runtime::Runtime::block_on::hc22ec88c4631f533
[INFO] [stdout]                                at /opt/rustwide/cargo-home/registry/src/github.com-1ecc6299db9ec823/tokio-1.9.0/src/runtime/mod.rs:450:46
[INFO] [stdout]   50:     0x55c0c5e2baf4 - tokio::task::local::LocalSet::block_on::h5202a30259e3904f
[INFO] [stdout]                                at /opt/rustwide/cargo-home/registry/src/github.com-1ecc6299db9ec823/tokio-1.9.0/src/task/local.rs:477:9
[INFO] [stdout]   51:     0x55c0c5e2dc63 - actix_rt::runtime::Runtime::block_on::h93235d1850d74b9f
[INFO] [stdout]                                at /opt/rustwide/cargo-home/registry/src/github.com-1ecc6299db9ec823/actix-rt-2.2.0/src/runtime.rs:85:9
[INFO] [stdout]   52:     0x55c0c5e2dc10 - actix_rt::system::SystemRunner::block_on::h294e7733333137e8
[INFO] [stdout]                                at /opt/rustwide/cargo-home/registry/src/github.com-1ecc6299db9ec823/actix-rt-2.2.0/src/system.rs:186:9
[INFO] [stdout]   53:     0x55c0c5e4123f - zen::handlers::security::tests::it_logs_a_user_in::hb0622ccfaeb777d4
[INFO] [stdout]                                at /opt/rustwide/workdir/src/handlers/security.rs:113:5
[INFO] [stdout]   54:     0x55c0c5e411ea - zen::handlers::security::tests::it_logs_a_user_in::{{closure}}::h90c97ef712574c8e
[INFO] [stdout]                                at /opt/rustwide/workdir/src/handlers/security.rs:113:5
[INFO] [stdout]   55:     0x55c0c5e2e24e - core::ops::function::FnOnce::call_once::h09634e1409ccdfdd
[INFO] [stdout]                                at /rustc/a178d0322ce20e33eac124758e837cbd80a6f633/library/core/src/ops/function.rs:227:5
[INFO] [stdout]   56:     0x55c0c5e8cc63 - core::ops::function::FnOnce::call_once::h152e7e439ff59e19
[INFO] [stdout]                                at /rustc/a178d0322ce20e33eac124758e837cbd80a6f633/library/core/src/ops/function.rs:227:5
[INFO] [stdout]   57:     0x55c0c5e8cc63 - test::__rust_begin_short_backtrace::h0908f3b1fdbb72ab
[INFO] [stdout]                                at /rustc/a178d0322ce20e33eac124758e837cbd80a6f633/library/test/src/lib.rs:577:5
[INFO] [stdout]   58:     0x55c0c5e8b720 - <alloc::boxed::Box<F,A> as core::ops::function::FnOnce<Args>>::call_once::hf6d2a51e5587546c
[INFO] [stdout]                                at /rustc/a178d0322ce20e33eac124758e837cbd80a6f633/library/alloc/src/boxed.rs:1575:9
[INFO] [stdout]   59:     0x55c0c5e8b720 - <std::panic::AssertUnwindSafe<F> as core::ops::function::FnOnce<()>>::call_once::h8af660f3a89ef593
[INFO] [stdout]                                at /rustc/a178d0322ce20e33eac124758e837cbd80a6f633/library/std/src/panic.rs:347:9
[INFO] [stdout]   60:     0x55c0c5e8b720 - std::panicking::try::do_call::hd36aef60f84b6d36
[INFO] [stdout]                                at /rustc/a178d0322ce20e33eac124758e837cbd80a6f633/library/std/src/panicking.rs:401:40
[INFO] [stdout]   61:     0x55c0c5e8b720 - std::panicking::try::h9932b4480e69817c
[INFO] [stdout]                                at /rustc/a178d0322ce20e33eac124758e837cbd80a6f633/library/std/src/panicking.rs:365:19
[INFO] [stdout]   62:     0x55c0c5e8b720 - std::panic::catch_unwind::h6aa177099cfff5f8
[INFO] [stdout]                                at /rustc/a178d0322ce20e33eac124758e837cbd80a6f633/library/std/src/panic.rs:434:14
[INFO] [stdout]   63:     0x55c0c5e8b720 - test::run_test_in_process::h5884d6f2d99e20c3
[INFO] [stdout]                                at /rustc/a178d0322ce20e33eac124758e837cbd80a6f633/library/test/src/lib.rs:600:18
[INFO] [stdout]   64:     0x55c0c5e8b720 - test::run_test::run_test_inner::{{closure}}::h6fdc58c6d5f5b6e3
[INFO] [stdout]                                at /rustc/a178d0322ce20e33eac124758e837cbd80a6f633/library/test/src/lib.rs:492:39
[INFO] [stdout]   65:     0x55c0c5e64dd2 - test::run_test::run_test_inner::{{closure}}::h408365d67a78ade8
[INFO] [stdout]                                at /rustc/a178d0322ce20e33eac124758e837cbd80a6f633/library/test/src/lib.rs:519:37
[INFO] [stdout]   66:     0x55c0c5e64dd2 - std::sys_common::backtrace::__rust_begin_short_backtrace::hb560b77c4f701523
[INFO] [stdout]                                at /rustc/a178d0322ce20e33eac124758e837cbd80a6f633/library/std/src/sys_common/backtrace.rs:125:18
[INFO] [stdout]   67:     0x55c0c5e68988 - std::thread::Builder::spawn_unchecked::{{closure}}::{{closure}}::hf2e7831dad93c597
[INFO] [stdout]                                at /rustc/a178d0322ce20e33eac124758e837cbd80a6f633/library/std/src/thread/mod.rs:481:17
[INFO] [stdout]   68:     0x55c0c5e68988 - <std::panic::AssertUnwindSafe<F> as core::ops::function::FnOnce<()>>::call_once::hd2e08783d8be4d02
[INFO] [stdout]                                at /rustc/a178d0322ce20e33eac124758e837cbd80a6f633/library/std/src/panic.rs:347:9
[INFO] [stdout]   69:     0x55c0c5e68988 - std::panicking::try::do_call::h062597b7acfd6b82
[INFO] [stdout]                                at /rustc/a178d0322ce20e33eac124758e837cbd80a6f633/library/std/src/panicking.rs:401:40
[INFO] [stdout]   70:     0x55c0c5e68988 - std::panicking::try::h0d7b79db04c14552
[INFO] [stdout]                                at /rustc/a178d0322ce20e33eac124758e837cbd80a6f633/library/std/src/panicking.rs:365:19
[INFO] [stdout]   71:     0x55c0c5e68988 - std::panic::catch_unwind::hb01a0b5e7c8cd43b
[INFO] [stdout]                                at /rustc/a178d0322ce20e33eac124758e837cbd80a6f633/library/std/src/panic.rs:434:14
[INFO] [stdout]   72:     0x55c0c5e68988 - std::thread::Builder::spawn_unchecked::{{closure}}::h5bde48cc887e0d1e
[INFO] [stdout]                                at /rustc/a178d0322ce20e33eac124758e837cbd80a6f633/library/std/src/thread/mod.rs:480:30
[INFO] [stdout]   73:     0x55c0c5e68988 - core::ops::function::FnOnce::call_once{{vtable.shim}}::h745ea30807a29e55
[INFO] [stdout]                                at /rustc/a178d0322ce20e33eac124758e837cbd80a6f633/library/core/src/ops/function.rs:227:5
[INFO] [stdout]   74:     0x55c0c62f1d67 - <alloc::boxed::Box<F,A> as core::ops::function::FnOnce<Args>>::call_once::h7ece6cfefaff1005
[INFO] [stdout]                                at /rustc/a178d0322ce20e33eac124758e837cbd80a6f633/library/alloc/src/boxed.rs:1575:9
[INFO] [stdout]   75:     0x55c0c62f1d67 - <alloc::boxed::Box<F,A> as core::ops::function::FnOnce<Args>>::call_once::hb8b48e55c21f193e
[INFO] [stdout]                                at /rustc/a178d0322ce20e33eac124758e837cbd80a6f633/library/alloc/src/boxed.rs:1575:9
[INFO] [stdout]   76:     0x55c0c62f1d67 - std::sys::unix::thread::Thread::new::thread_start::h8c7c4450dba62914
[INFO] [stdout]                                at /rustc/a178d0322ce20e33eac124758e837cbd80a6f633/library/std/src/sys/unix/thread.rs:71:17
[INFO] [stdout]   77:     0x7fcf6f326609 - start_thread
[INFO] [stdout]   78:     0x7fcf6f0f6293 - clone
[INFO] [stdout]   79:                0x0 - <unknown>
[INFO] [stdout] 
[INFO] [stdout] 
[INFO] [stdout] failures:
[INFO] [stdout]     handlers::security::tests::it_logs_a_user_in
[INFO] [stdout] 
[INFO] [stdout] test result: FAILED. 7 passed; 1 failed; 0 ignored; 0 measured; 0 filtered out; finished in 30.13s
[INFO] [stdout] 
[INFO] [stderr] error: test failed, to rerun pass '--bin zen'
[INFO] running `Command { std: "docker" "inspect" "ad8895f0a78bdaa7c3d55f3343ee810310372d38485b2e53077063e5d7cf610f", kill_on_drop: false }`
[INFO] running `Command { std: "docker" "rm" "-f" "ad8895f0a78bdaa7c3d55f3343ee810310372d38485b2e53077063e5d7cf610f", kill_on_drop: false }`
[INFO] [stdout] ad8895f0a78bdaa7c3d55f3343ee810310372d38485b2e53077063e5d7cf610f
