[INFO] cloning repository https://github.com/wahn/rs_pbrt
[INFO] running `Command { std: "git" "-c" "credential.helper=" "-c" "credential.helper=/workspace/cargo-home/bin/git-credential-null" "clone" "--bare" "https://github.com/wahn/rs_pbrt" "/workspace/cache/git-repos/https%3A%2F%2Fgithub.com%2Fwahn%2Frs_pbrt", kill_on_drop: false }`
[INFO] [stderr] Cloning into bare repository '/workspace/cache/git-repos/https%3A%2F%2Fgithub.com%2Fwahn%2Frs_pbrt'...
[INFO] running `Command { std: "git" "rev-parse" "HEAD", kill_on_drop: false }`
[INFO] [stdout] 102b272b7422abf49b93b2f5c58e5a5f0f402f73
[INFO] testing wahn/rs_pbrt against 1.54.0 for beta-1.55-1
[INFO] running `Command { std: "git" "clone" "/workspace/cache/git-repos/https%3A%2F%2Fgithub.com%2Fwahn%2Frs_pbrt" "/workspace/builds/worker-1/source", kill_on_drop: false }`
[INFO] [stderr] Cloning into '/workspace/builds/worker-1/source'...
[INFO] [stderr] done.
[INFO] validating manifest of git repo https://github.com/wahn/rs_pbrt on toolchain 1.54.0
[INFO] running `Command { std: "/workspace/cargo-home/bin/cargo" "+1.54.0" "metadata" "--manifest-path" "Cargo.toml" "--no-deps", kill_on_drop: false }`
[INFO] started tweaking git repo https://github.com/wahn/rs_pbrt
[INFO] finished tweaking git repo https://github.com/wahn/rs_pbrt
[INFO] tweaked toml for git repo https://github.com/wahn/rs_pbrt written to /workspace/builds/worker-1/source/Cargo.toml
[INFO] crate git repo https://github.com/wahn/rs_pbrt already has a lockfile, it will not be regenerated
[INFO] running `Command { std: "/workspace/cargo-home/bin/cargo" "+1.54.0" "fetch" "--manifest-path" "Cargo.toml", kill_on_drop: false }`
[INFO] [stderr]     Blocking waiting for file lock on package cache
[INFO] running `Command { std: "docker" "create" "-v" "/var/lib/crater-agent-workspace/builds/worker-1/target:/opt/rustwide/target:rw,Z" "-v" "/var/lib/crater-agent-workspace/builds/worker-1/source:/opt/rustwide/workdir:ro,Z" "-v" "/var/lib/crater-agent-workspace/cargo-home:/opt/rustwide/cargo-home:ro,Z" "-v" "/var/lib/crater-agent-workspace/rustup-home:/opt/rustwide/rustup-home:ro,Z" "-e" "SOURCE_DIR=/opt/rustwide/workdir" "-e" "CARGO_TARGET_DIR=/opt/rustwide/target" "-e" "CARGO_HOME=/opt/rustwide/cargo-home" "-e" "RUSTUP_HOME=/opt/rustwide/rustup-home" "-w" "/opt/rustwide/workdir" "-m" "1610612736" "--user" "0:0" "--network" "none" "ghcr.io/rust-lang/crates-build-env/linux@sha256:34b6a614d2c27851fe6cbf88fbd1137609cefab8b10d0615aaeb6fd47975d74e" "/opt/rustwide/cargo-home/bin/cargo" "+1.54.0" "metadata" "--no-deps" "--format-version=1", kill_on_drop: false }`
[INFO] [stdout] 7e2ef6abc9c50847291bbc55b778a0d122454b851a19794a1712d1234a16e151
[INFO] [stderr] WARNING: Your kernel does not support swap limit capabilities or the cgroup is not mounted. Memory limited without swap.
[INFO] running `Command { std: "docker" "start" "-a" "7e2ef6abc9c50847291bbc55b778a0d122454b851a19794a1712d1234a16e151", kill_on_drop: false }`
[INFO] running `Command { std: "docker" "inspect" "7e2ef6abc9c50847291bbc55b778a0d122454b851a19794a1712d1234a16e151", kill_on_drop: false }`
[INFO] running `Command { std: "docker" "rm" "-f" "7e2ef6abc9c50847291bbc55b778a0d122454b851a19794a1712d1234a16e151", kill_on_drop: false }`
[INFO] [stdout] 7e2ef6abc9c50847291bbc55b778a0d122454b851a19794a1712d1234a16e151
[INFO] running `Command { std: "docker" "create" "-v" "/var/lib/crater-agent-workspace/builds/worker-1/target:/opt/rustwide/target:rw,Z" "-v" "/var/lib/crater-agent-workspace/builds/worker-1/source:/opt/rustwide/workdir:ro,Z" "-v" "/var/lib/crater-agent-workspace/cargo-home:/opt/rustwide/cargo-home:ro,Z" "-v" "/var/lib/crater-agent-workspace/rustup-home:/opt/rustwide/rustup-home:ro,Z" "-e" "SOURCE_DIR=/opt/rustwide/workdir" "-e" "CARGO_TARGET_DIR=/opt/rustwide/target" "-e" "CARGO_INCREMENTAL=0" "-e" "RUST_BACKTRACE=full" "-e" "RUSTFLAGS=--cap-lints=warn" "-e" "CARGO_HOME=/opt/rustwide/cargo-home" "-e" "RUSTUP_HOME=/opt/rustwide/rustup-home" "-w" "/opt/rustwide/workdir" "-m" "1610612736" "--user" "0:0" "--network" "none" "ghcr.io/rust-lang/crates-build-env/linux@sha256:34b6a614d2c27851fe6cbf88fbd1137609cefab8b10d0615aaeb6fd47975d74e" "/opt/rustwide/cargo-home/bin/cargo" "+1.54.0" "build" "--frozen" "--message-format=json", kill_on_drop: false }`
[INFO] [stdout] 6775bf991000971136956debd3b7486bdad6039a4649c1046710cd935807954c
[INFO] [stderr] WARNING: Your kernel does not support swap limit capabilities or the cgroup is not mounted. Memory limited without swap.
[INFO] running `Command { std: "docker" "start" "-a" "6775bf991000971136956debd3b7486bdad6039a4649c1046710cd935807954c", kill_on_drop: false }`
[INFO] [stderr]    Compiling syn v1.0.53
[INFO] [stderr]    Compiling const_fn v0.4.3
[INFO] [stderr]    Compiling serde v1.0.117
[INFO] [stderr]    Compiling serde_derive v1.0.117
[INFO] [stderr]    Compiling pulldown-cmark v0.2.0
[INFO] [stderr]    Compiling same-file v1.0.4
[INFO] [stderr]    Compiling adler32 v1.2.0
[INFO] [stderr]    Compiling ucd-trie v0.1.1
[INFO] [stderr]    Compiling bytecount v0.4.0
[INFO] [stderr]    Compiling syn v0.15.39
[INFO] [stderr]    Compiling weezl v0.1.1
[INFO] [stderr]    Compiling maplit v1.0.1
[INFO] [stderr]    Compiling peg-runtime v0.6.3
[INFO] [stderr]    Compiling adler v0.2.3
[INFO] [stderr]    Compiling color_quant v1.1.0
[INFO] [stderr]    Compiling hexf-parse v0.2.1
[INFO] [stderr]    Compiling bytemuck v1.4.1
[INFO] [stderr]    Compiling atom v0.4.0
[INFO] [stderr]    Compiling strum v0.21.0
[INFO] [stderr]    Compiling typed-arena v2.0.1
[INFO] [stderr]    Compiling crossbeam-utils v0.8.1
[INFO] [stderr]    Compiling num-traits v0.2.14
[INFO] [stderr]    Compiling memoffset v0.6.1
[INFO] [stderr]    Compiling num-integer v0.1.44
[INFO] [stderr]    Compiling rayon v1.5.0
[INFO] [stderr]    Compiling miniz_oxide v0.4.3
[INFO] [stderr]    Compiling num-bigint v0.4.0
[INFO] [stderr]    Compiling num-iter v0.1.42
[INFO] [stderr]    Compiling num-rational v0.4.0
[INFO] [stderr]    Compiling num-rational v0.3.2
[INFO] [stderr]    Compiling atomic v0.5.0
[INFO] [stderr]    Compiling libc v0.2.59
[INFO] [stderr]    Compiling backtrace-sys v0.1.30
[INFO] [stderr]    Compiling error-chain v0.12.1
[INFO] [stderr]    Compiling miniz_oxide v0.3.7
[INFO] [stderr]    Compiling deflate v0.8.6
[INFO] [stderr]    Compiling walkdir v2.2.8
[INFO] [stderr]    Compiling pest v2.1.3
[INFO] [stderr]    Compiling gif v0.11.1
[INFO] [stderr]    Compiling proc-macro2 v1.0.24
[INFO] [stderr]    Compiling quote v1.0.2
[INFO] [stderr]    Compiling png v0.16.7
[INFO] [stderr]    Compiling rand v0.4.6
[INFO] [stderr]    Compiling num_cpus v1.13.0
[INFO] [stderr]    Compiling atty v0.2.12
[INFO] [stderr]    Compiling time v0.1.42
[INFO] [stderr]    Compiling num-complex v0.4.0
[INFO] [stderr]    Compiling peg-macros v0.6.3
[INFO] [stderr]    Compiling pest_meta v2.1.1
[INFO] [stderr]    Compiling clap v2.33.0
[INFO] [stderr]    Compiling backtrace v0.3.32
[INFO] [stderr]    Compiling crossbeam-channel v0.5.1
[INFO] [stderr]    Compiling crossbeam-epoch v0.9.1
[INFO] [stderr]    Compiling crossbeam-queue v0.3.1
[INFO] [stderr]    Compiling tempdir v0.3.7
[INFO] [stderr]    Compiling crossbeam-deque v0.8.0
[INFO] [stderr]    Compiling pbr v1.0.4
[INFO] [stderr]    Compiling rayon-core v1.9.0
[INFO] [stderr]    Compiling crossbeam v0.8.0
[INFO] [stderr]    Compiling pest_generator v2.1.0
[INFO] [stderr]    Compiling peg v0.6.3
[INFO] [stderr]    Compiling pest_derive v2.1.0
[INFO] [stderr]    Compiling num v0.4.0
[INFO] [stderr]    Compiling serde_json v1.0.40
[INFO] [stderr]    Compiling semver v0.9.0
[INFO] [stderr]    Compiling jpeg-decoder v0.1.22
[INFO] [stderr]    Compiling syn-mid v0.5.0
[INFO] [stderr]    Compiling tiff v0.6.0
[INFO] [stderr]    Compiling image v0.23.14
[INFO] [stderr]    Compiling proc-macro-error-attr v1.0.2
[INFO] [stderr]    Compiling hexf v0.2.1
[INFO] [stderr]    Compiling strum_macros v0.21.1
[INFO] [stderr]    Compiling proc-macro-error v1.0.2
[INFO] [stderr]    Compiling structopt-derive v0.4.14
[INFO] [stderr]    Compiling structopt v0.3.21
[INFO] [stderr]    Compiling cargo_metadata v0.6.4
[INFO] [stderr]    Compiling skeptic v0.13.4
[INFO] [stderr]    Compiling ply-rs v0.1.3
[INFO] [stderr]    Compiling rs_pbrt v0.9.2 (/opt/rustwide/workdir)
[INFO] [stdout] warning: value assigned to `count` is never read
[INFO] [stdout]    --> src/core/reflection.rs:327:17
[INFO] [stdout]     |
[INFO] [stdout] 327 |                 count -= 1_i8;
[INFO] [stdout]     |                 ^^^^^
[INFO] [stdout]     |
[INFO] [stdout]     = note: `#[warn(unused_assignments)]` on by default
[INFO] [stdout]     = help: maybe it is overwritten before being read?
[INFO] [stdout] 
[INFO] [stdout] 
[INFO] [stdout] warning: 1 warning emitted
[INFO] [stdout] 
[INFO] [stdout] 
[INFO] [stderr]     Finished dev [unoptimized + debuginfo] target(s) in 2m 09s
[INFO] running `Command { std: "docker" "inspect" "6775bf991000971136956debd3b7486bdad6039a4649c1046710cd935807954c", kill_on_drop: false }`
[INFO] running `Command { std: "docker" "rm" "-f" "6775bf991000971136956debd3b7486bdad6039a4649c1046710cd935807954c", kill_on_drop: false }`
[INFO] [stdout] 6775bf991000971136956debd3b7486bdad6039a4649c1046710cd935807954c
[INFO] running `Command { std: "docker" "create" "-v" "/var/lib/crater-agent-workspace/builds/worker-1/target:/opt/rustwide/target:rw,Z" "-v" "/var/lib/crater-agent-workspace/builds/worker-1/source:/opt/rustwide/workdir:ro,Z" "-v" "/var/lib/crater-agent-workspace/cargo-home:/opt/rustwide/cargo-home:ro,Z" "-v" "/var/lib/crater-agent-workspace/rustup-home:/opt/rustwide/rustup-home:ro,Z" "-e" "SOURCE_DIR=/opt/rustwide/workdir" "-e" "CARGO_TARGET_DIR=/opt/rustwide/target" "-e" "CARGO_INCREMENTAL=0" "-e" "RUST_BACKTRACE=full" "-e" "RUSTFLAGS=--cap-lints=warn" "-e" "CARGO_HOME=/opt/rustwide/cargo-home" "-e" "RUSTUP_HOME=/opt/rustwide/rustup-home" "-w" "/opt/rustwide/workdir" "-m" "1610612736" "--user" "0:0" "--network" "none" "ghcr.io/rust-lang/crates-build-env/linux@sha256:34b6a614d2c27851fe6cbf88fbd1137609cefab8b10d0615aaeb6fd47975d74e" "/opt/rustwide/cargo-home/bin/cargo" "+1.54.0" "test" "--frozen" "--no-run" "--message-format=json", kill_on_drop: false }`
[INFO] [stdout] e1998c2f264075a69b9d5baf04e171537dcac98d391ff0429b91331c6bb4590d
[INFO] [stderr] WARNING: Your kernel does not support swap limit capabilities or the cgroup is not mounted. Memory limited without swap.
[INFO] running `Command { std: "docker" "start" "-a" "e1998c2f264075a69b9d5baf04e171537dcac98d391ff0429b91331c6bb4590d", kill_on_drop: false }`
[INFO] [stderr]    Compiling rs_pbrt v0.9.2 (/opt/rustwide/workdir)
[INFO] [stdout] warning: value assigned to `count` is never read
[INFO] [stdout]    --> src/core/reflection.rs:327:17
[INFO] [stdout]     |
[INFO] [stdout] 327 |                 count -= 1_i8;
[INFO] [stdout]     |                 ^^^^^
[INFO] [stdout]     |
[INFO] [stdout]     = note: `#[warn(unused_assignments)]` on by default
[INFO] [stdout]     = help: maybe it is overwritten before being read?
[INFO] [stdout] 
[INFO] [stdout] 
[INFO] [stdout] warning: 1 warning emitted
[INFO] [stdout] 
[INFO] [stdout] 
[INFO] [stdout] warning: value assigned to `count` is never read
[INFO] [stdout]    --> src/core/reflection.rs:327:17
[INFO] [stdout]     |
[INFO] [stdout] 327 |                 count -= 1_i8;
[INFO] [stdout]     |                 ^^^^^
[INFO] [stdout]     |
[INFO] [stdout]     = note: `#[warn(unused_assignments)]` on by default
[INFO] [stdout]     = help: maybe it is overwritten before being read?
[INFO] [stdout] 
[INFO] [stdout] 
[INFO] [stdout] warning: 1 warning emitted
[INFO] [stdout] 
[INFO] [stdout] 
[INFO] [stderr]     Finished test [unoptimized + debuginfo] target(s) in 4.03s
[INFO] running `Command { std: "docker" "inspect" "e1998c2f264075a69b9d5baf04e171537dcac98d391ff0429b91331c6bb4590d", kill_on_drop: false }`
[INFO] running `Command { std: "docker" "rm" "-f" "e1998c2f264075a69b9d5baf04e171537dcac98d391ff0429b91331c6bb4590d", kill_on_drop: false }`
[INFO] [stdout] e1998c2f264075a69b9d5baf04e171537dcac98d391ff0429b91331c6bb4590d
[INFO] running `Command { std: "docker" "create" "-v" "/var/lib/crater-agent-workspace/builds/worker-1/target:/opt/rustwide/target:rw,Z" "-v" "/var/lib/crater-agent-workspace/builds/worker-1/source:/opt/rustwide/workdir:ro,Z" "-v" "/var/lib/crater-agent-workspace/cargo-home:/opt/rustwide/cargo-home:ro,Z" "-v" "/var/lib/crater-agent-workspace/rustup-home:/opt/rustwide/rustup-home:ro,Z" "-e" "SOURCE_DIR=/opt/rustwide/workdir" "-e" "CARGO_TARGET_DIR=/opt/rustwide/target" "-e" "CARGO_INCREMENTAL=0" "-e" "RUST_BACKTRACE=full" "-e" "RUSTFLAGS=--cap-lints=warn" "-e" "CARGO_HOME=/opt/rustwide/cargo-home" "-e" "RUSTUP_HOME=/opt/rustwide/rustup-home" "-w" "/opt/rustwide/workdir" "-m" "1610612736" "--user" "0:0" "--network" "none" "ghcr.io/rust-lang/crates-build-env/linux@sha256:34b6a614d2c27851fe6cbf88fbd1137609cefab8b10d0615aaeb6fd47975d74e" "/opt/rustwide/cargo-home/bin/cargo" "+1.54.0" "test" "--frozen", kill_on_drop: false }`
[INFO] [stdout] 4f634dc2e243147b6011a8ea45e9cd62959d0cfd0d673f773337076aa90cbd94
[INFO] [stderr] WARNING: Your kernel does not support swap limit capabilities or the cgroup is not mounted. Memory limited without swap.
[INFO] running `Command { std: "docker" "start" "-a" "4f634dc2e243147b6011a8ea45e9cd62959d0cfd0d673f773337076aa90cbd94", kill_on_drop: false }`
[INFO] [stderr] warning: value assigned to `count` is never read
[INFO] [stderr]    --> src/core/reflection.rs:327:17
[INFO] [stderr]     |
[INFO] [stderr] 327 |                 count -= 1_i8;
[INFO] [stderr]     |                 ^^^^^
[INFO] [stderr]     |
[INFO] [stderr]     = note: `#[warn(unused_assignments)]` on by default
[INFO] [stderr]     = help: maybe it is overwritten before being read?
[INFO] [stderr] 
[INFO] [stderr] warning: 1 warning emitted
[INFO] [stderr] 
[INFO] [stderr] warning: value assigned to `count` is never read
[INFO] [stderr]    --> src/core/reflection.rs:327:17
[INFO] [stderr]     |
[INFO] [stderr] 327 |                 count -= 1_i8;
[INFO] [stderr]     |                 ^^^^^
[INFO] [stderr]     |
[INFO] [stderr]     = note: `#[warn(unused_assignments)]` on by default
[INFO] [stderr]     = help: maybe it is overwritten before being read?
[INFO] [stderr] 
[INFO] [stderr] warning: 1 warning emitted
[INFO] [stderr] 
[INFO] [stderr]     Finished test [unoptimized + debuginfo] target(s) in 0.06s
[INFO] [stderr]      Running unittests (/opt/rustwide/target/debug/deps/rs_pbrt-e5594051aa417563)
[INFO] [stdout] 
[INFO] [stdout] running 0 tests
[INFO] [stdout] 
[INFO] [stdout] test result: ok. 0 passed; 0 failed; 0 ignored; 0 measured; 0 filtered out; finished in 0.00s
[INFO] [stdout] 
[INFO] [stderr]      Running unittests (/opt/rustwide/target/debug/deps/rs_pbrt-5406b1e2f73d5089)
[INFO] [stdout] 
[INFO] [stdout] running 0 tests
[INFO] [stdout] 
[INFO] [stdout] test result: ok. 0 passed; 0 failed; 0 ignored; 0 measured; 0 filtered out; finished in 0.00s
[INFO] [stdout] 
[INFO] [stderr]    Doc-tests rs_pbrt
[INFO] [stdout] 
[INFO] [stdout] running 10 tests
[INFO] [stdout] test src/core/geometry.rs - core::geometry (line 66) ... FAILED
[INFO] [stdout] test src/filters/mod.rs - filters (line 18) ... FAILED
[INFO] [stdout] test src/core/geometry.rs - core::geometry (line 38) ... FAILED
[INFO] [stdout] test src/core/geometry.rs - core::geometry (line 141) ... FAILED
[INFO] [stdout] test src/core/geometry.rs - core::geometry (line 89) ... ok
[INFO] [stdout] test src/filters/mod.rs - filters (line 92) ... ok
[INFO] [stdout] test src/filters/mod.rs - filters (line 74) ... ok
[INFO] [stdout] test src/filters/mod.rs - filters (line 110) ... ok
[INFO] [stdout] test src/core/geometry.rs - core::geometry (line 15) ... ok
[INFO] [stdout] test src/filters/mod.rs - filters (line 46) ... ok
[INFO] [stdout] 
[INFO] [stdout] failures:
[INFO] [stdout] 
[INFO] [stdout] ---- src/core/geometry.rs - core::geometry (line 66) stdout ----
[INFO] [stdout] error: linking with `cc` failed: exit status: 1
[INFO] [stdout]   |
[INFO] [stdout]   = note: "cc" "-m64" "/tmp/rustdoctest7prRxS/rust_out.rust_out.7rcbfp3g-cgu.0.rcgu.o" "/tmp/rustdoctest7prRxS/rust_out.33dyzt1ekirinwy8.rcgu.o" "-Wl,--as-needed" "-L" "/opt/rustwide/target/debug/deps" "-L" "/opt/rustwide/target/debug/deps" "-L" "/opt/rustwide/target/debug/build/backtrace-sys-d0867efbd05a3ba5/out" "-L" "/opt/rustwide/rustup-home/toolchains/1.54.0-x86_64-unknown-linux-gnu/lib/rustlib/x86_64-unknown-linux-gnu/lib" "-Wl,-Bstatic" "/opt/rustwide/target/debug/deps/librs_pbrt-3679fabcbe456841.rlib" "/opt/rustwide/target/debug/deps/libpbr-fcf3130855a108a6.rlib" "/opt/rustwide/target/debug/deps/libtime-2b15382df834a565.rlib" "/opt/rustwide/target/debug/deps/libcrossbeam-8dd8f31d6bd555e2.rlib" "/opt/rustwide/target/debug/deps/libcrossbeam_queue-a13492a28a178cbd.rlib" "/opt/rustwide/target/debug/deps/libimage-c95762275f98209a.rlib" "/opt/rustwide/target/debug/deps/libbytemuck-551d75a2fc22f1ca.rlib" "/opt/rustwide/target/debug/deps/libpng-71afe3353039b4d7.rlib" "/opt/rustwide/target/debug/deps/libminiz_oxide-396e6b4aeac65559.rlib" "/opt/rustwide/target/debug/deps/libcrc32fast-e2919975640cb346.rlib" "/opt/rustwide/target/debug/deps/libcfg_if-e7a28af79b261e75.rlib" "/opt/rustwide/target/debug/deps/libdeflate-4f57a6ee2f8a605f.rlib" "/opt/rustwide/target/debug/deps/libadler32-d2a950228df2f2e4.rlib" "/opt/rustwide/target/debug/deps/libbitflags-dfde700d87e32fc1.rlib" "/opt/rustwide/target/debug/deps/libscoped_threadpool-b57ca677d8d780cf.rlib" "/opt/rustwide/target/debug/deps/libnum_rational-209903d11e62ac34.rlib" "/opt/rustwide/target/debug/deps/libgif-a1c2ed6c8c339816.rlib" "/opt/rustwide/target/debug/deps/libcolor_quant-1591bc25e79c8848.rlib" "/opt/rustwide/target/debug/deps/libtiff-3b454d98a1030a07.rlib" "/opt/rustwide/target/debug/deps/libweezl-236ee78d9f4e35c2.rlib" "/opt/rustwide/target/debug/deps/libminiz_oxide-11f9f54363d9eaa2.rlib" "/opt/rustwide/target/debug/deps/libadler-bd67535c449a3717.rlib" "/opt/rustwide/target/debug/deps/libjpeg_decoder-3606670371f135ba.rlib" "/opt/rustwide/target/debug/deps/libply_rs-48ed95ee1b9f5082.rlib" "/opt/rustwide/target/debug/deps/libpeg-f9613a39a4c849c3.rlib" "/opt/rustwide/target/debug/deps/libpeg_runtime-e5592dfa427c175c.rlib" "/opt/rustwide/target/debug/deps/liblinked_hash_map-d7738624b447d230.rlib" "/opt/rustwide/target/debug/deps/librayon-44d26e831bdd8f46.rlib" "/opt/rustwide/target/debug/deps/librayon_core-de7921e63f17c844.rlib" "/opt/rustwide/target/debug/deps/libnum_cpus-895f88db0551b6be.rlib" "/opt/rustwide/target/debug/deps/liblibc-ee6333239d56cfd4.rlib" "/opt/rustwide/target/debug/deps/libcrossbeam_deque-ca03030777544de2.rlib" "/opt/rustwide/target/debug/deps/libcrossbeam_epoch-3343c9a01b1daecd.rlib" "/opt/rustwide/target/debug/deps/libmemoffset-21c993dc6cd5ca36.rlib" "/opt/rustwide/target/debug/deps/libscopeguard-7a1710762e6687e9.rlib" "/opt/rustwide/target/debug/deps/libcrossbeam_channel-fa5b35abea7dc1bb.rlib" "/opt/rustwide/target/debug/deps/libcrossbeam_utils-ed397612b93614bd.rlib" "/opt/rustwide/target/debug/deps/liblazy_static-5c53d641eb010a81.rlib" "/opt/rustwide/target/debug/deps/libcfg_if-38c8a3e888ecb06a.rlib" "/opt/rustwide/target/debug/deps/libeither-07b5e8a6ebeb57fa.rlib" "/opt/rustwide/target/debug/deps/libnum-42f628ce6fbebc64.rlib" "/opt/rustwide/target/debug/deps/libnum_iter-ce7ed3451a63dd91.rlib" "/opt/rustwide/target/debug/deps/libnum_rational-9c42ddf98b8f618b.rlib" "/opt/rustwide/target/debug/deps/libnum_complex-d11284f07690f8ca.rlib" "/opt/rustwide/target/debug/deps/libnum_bigint-7aa3bc9cef06e102.rlib" "/opt/rustwide/target/debug/deps/libnum_integer-2fc985fe19205848.rlib" "/opt/rustwide/target/debug/deps/libnum_traits-84df6f75d30d994f.rlib" "/opt/rustwide/target/debug/deps/libbyteorder-0c03c404070d92e6.rlib" "/opt/rustwide/target/debug/deps/libatomic-aa89f98d8ec294f0.rlib" "/opt/rustwide/target/debug/deps/libatom-9c65bb0361f5a05d.rlib" "/opt/rustwide/target/debug/deps/libsmallvec-cd9632e27e802452.rlib" "/opt/rustwide/target/debug/deps/libstrum-cad13d5c13dc400c.rlib" "/opt/rustwide/target/debug/deps/libtyped_arena-5fb0176a08fee327.rlib" "/opt/rustwide/target/debug/deps/libimpl_ops-5f3a862fa44bb29e.rlib" "-Wl,--start-group" "/opt/rustwide/rustup-home/toolchains/1.54.0-x86_64-unknown-linux-gnu/lib/rustlib/x86_64-unknown-linux-gnu/lib/libstd-2420485b9e5ef5e1.rlib" "/opt/rustwide/rustup-home/toolchains/1.54.0-x86_64-unknown-linux-gnu/lib/rustlib/x86_64-unknown-linux-gnu/lib/libpanic_unwind-785e3cb61c4b1960.rlib" "/opt/rustwide/rustup-home/toolchains/1.54.0-x86_64-unknown-linux-gnu/lib/rustlib/x86_64-unknown-linux-gnu/lib/libminiz_oxide-087191a88bdaa22d.rlib" "/opt/rustwide/rustup-home/toolchains/1.54.0-x86_64-unknown-linux-gnu/lib/rustlib/x86_64-unknown-linux-gnu/lib/libadler-9981842c02975178.rlib" "/opt/rustwide/rustup-home/toolchains/1.54.0-x86_64-unknown-linux-gnu/lib/rustlib/x86_64-unknown-linux-gnu/lib/libobject-6fb405869b015fde.rlib" "/opt/rustwide/rustup-home/toolchains/1.54.0-x86_64-unknown-linux-gnu/lib/rustlib/x86_64-unknown-linux-gnu/lib/libaddr2line-d05c5c3c56004b7b.rlib" "/opt/rustwide/rustup-home/toolchains/1.54.0-x86_64-unknown-linux-gnu/lib/rustlib/x86_64-unknown-linux-gnu/lib/libgimli-42d74d2097528b38.rlib" "/opt/rustwide/rustup-home/toolchains/1.54.0-x86_64-unknown-linux-gnu/lib/rustlib/x86_64-unknown-linux-gnu/lib/libstd_detect-fb36534c113d2209.rlib" "/opt/rustwide/rustup-home/toolchains/1.54.0-x86_64-unknown-linux-gnu/lib/rustlib/x86_64-unknown-linux-gnu/lib/librustc_demangle-b56b9042c12b6535.rlib" "/opt/rustwide/rustup-home/toolchains/1.54.0-x86_64-unknown-linux-gnu/lib/rustlib/x86_64-unknown-linux-gnu/lib/libhashbrown-491902d6cb3e76df.rlib" "/opt/rustwide/rustup-home/toolchains/1.54.0-x86_64-unknown-linux-gnu/lib/rustlib/x86_64-unknown-linux-gnu/lib/librustc_std_workspace_alloc-61834e0981b8c367.rlib" "/opt/rustwide/rustup-home/toolchains/1.54.0-x86_64-unknown-linux-gnu/lib/rustlib/x86_64-unknown-linux-gnu/lib/libunwind-f78aa99d613a55bc.rlib" "/opt/rustwide/rustup-home/toolchains/1.54.0-x86_64-unknown-linux-gnu/lib/rustlib/x86_64-unknown-linux-gnu/lib/libcfg_if-53ee54cd7fed2c57.rlib" "/opt/rustwide/rustup-home/toolchains/1.54.0-x86_64-unknown-linux-gnu/lib/rustlib/x86_64-unknown-linux-gnu/lib/liblibc-544ecdbd6cda3c58.rlib" "/opt/rustwide/rustup-home/toolchains/1.54.0-x86_64-unknown-linux-gnu/lib/rustlib/x86_64-unknown-linux-gnu/lib/liballoc-379cc252b6943a79.rlib" "/opt/rustwide/rustup-home/toolchains/1.54.0-x86_64-unknown-linux-gnu/lib/rustlib/x86_64-unknown-linux-gnu/lib/librustc_std_workspace_core-8063eea38dcc5e62.rlib" "/opt/rustwide/rustup-home/toolchains/1.54.0-x86_64-unknown-linux-gnu/lib/rustlib/x86_64-unknown-linux-gnu/lib/libcore-5b228734afae15ee.rlib" "-Wl,--end-group" "/opt/rustwide/rustup-home/toolchains/1.54.0-x86_64-unknown-linux-gnu/lib/rustlib/x86_64-unknown-linux-gnu/lib/libcompiler_builtins-d6c7a399d95d173f.rlib" "-Wl,-Bdynamic" "-lutil" "-lgcc_s" "-lutil" "-lrt" "-lpthread" "-lm" "-ldl" "-lc" "-Wl,--eh-frame-hdr" "-Wl,-znoexecstack" "-L" "/opt/rustwide/rustup-home/toolchains/1.54.0-x86_64-unknown-linux-gnu/lib/rustlib/x86_64-unknown-linux-gnu/lib" "-o" "/tmp/rustdoctest7prRxS/rust_out" "-Wl,--gc-sections" "-pie" "-Wl,-zrelro" "-Wl,-znow" "-nodefaultlibs"
[INFO] [stdout]   = note: collect2: fatal error: ld terminated with signal 9 [Killed]
[INFO] [stdout]           compilation terminated.
[INFO] [stdout]           
[INFO] [stdout] 
[INFO] [stdout] error: aborting due to previous error
[INFO] [stdout] 
[INFO] [stdout] Couldn't compile the test.
[INFO] [stdout] ---- src/filters/mod.rs - filters (line 18) stdout ----
[INFO] [stdout] error: linking with `cc` failed: exit status: 1
[INFO] [stdout]   |
[INFO] [stdout]   = note: "cc" "-m64" "/tmp/rustdoctest9qIt9u/rust_out.rust_out.7rcbfp3g-cgu.0.rcgu.o" "/tmp/rustdoctest9qIt9u/rust_out.33dyzt1ekirinwy8.rcgu.o" "-Wl,--as-needed" "-L" "/opt/rustwide/target/debug/deps" "-L" "/opt/rustwide/target/debug/deps" "-L" "/opt/rustwide/target/debug/build/backtrace-sys-d0867efbd05a3ba5/out" "-L" "/opt/rustwide/rustup-home/toolchains/1.54.0-x86_64-unknown-linux-gnu/lib/rustlib/x86_64-unknown-linux-gnu/lib" "-Wl,-Bstatic" "/opt/rustwide/target/debug/deps/librs_pbrt-3679fabcbe456841.rlib" "/opt/rustwide/target/debug/deps/libpbr-fcf3130855a108a6.rlib" "/opt/rustwide/target/debug/deps/libtime-2b15382df834a565.rlib" "/opt/rustwide/target/debug/deps/libcrossbeam-8dd8f31d6bd555e2.rlib" "/opt/rustwide/target/debug/deps/libcrossbeam_queue-a13492a28a178cbd.rlib" "/opt/rustwide/target/debug/deps/libimage-c95762275f98209a.rlib" "/opt/rustwide/target/debug/deps/libbytemuck-551d75a2fc22f1ca.rlib" "/opt/rustwide/target/debug/deps/libpng-71afe3353039b4d7.rlib" "/opt/rustwide/target/debug/deps/libminiz_oxide-396e6b4aeac65559.rlib" "/opt/rustwide/target/debug/deps/libcrc32fast-e2919975640cb346.rlib" "/opt/rustwide/target/debug/deps/libcfg_if-e7a28af79b261e75.rlib" "/opt/rustwide/target/debug/deps/libdeflate-4f57a6ee2f8a605f.rlib" "/opt/rustwide/target/debug/deps/libadler32-d2a950228df2f2e4.rlib" "/opt/rustwide/target/debug/deps/libbitflags-dfde700d87e32fc1.rlib" "/opt/rustwide/target/debug/deps/libscoped_threadpool-b57ca677d8d780cf.rlib" "/opt/rustwide/target/debug/deps/libnum_rational-209903d11e62ac34.rlib" "/opt/rustwide/target/debug/deps/libgif-a1c2ed6c8c339816.rlib" "/opt/rustwide/target/debug/deps/libcolor_quant-1591bc25e79c8848.rlib" "/opt/rustwide/target/debug/deps/libtiff-3b454d98a1030a07.rlib" "/opt/rustwide/target/debug/deps/libweezl-236ee78d9f4e35c2.rlib" "/opt/rustwide/target/debug/deps/libminiz_oxide-11f9f54363d9eaa2.rlib" "/opt/rustwide/target/debug/deps/libadler-bd67535c449a3717.rlib" "/opt/rustwide/target/debug/deps/libjpeg_decoder-3606670371f135ba.rlib" "/opt/rustwide/target/debug/deps/libply_rs-48ed95ee1b9f5082.rlib" "/opt/rustwide/target/debug/deps/libpeg-f9613a39a4c849c3.rlib" "/opt/rustwide/target/debug/deps/libpeg_runtime-e5592dfa427c175c.rlib" "/opt/rustwide/target/debug/deps/liblinked_hash_map-d7738624b447d230.rlib" "/opt/rustwide/target/debug/deps/librayon-44d26e831bdd8f46.rlib" "/opt/rustwide/target/debug/deps/librayon_core-de7921e63f17c844.rlib" "/opt/rustwide/target/debug/deps/libnum_cpus-895f88db0551b6be.rlib" "/opt/rustwide/target/debug/deps/liblibc-ee6333239d56cfd4.rlib" "/opt/rustwide/target/debug/deps/libcrossbeam_deque-ca03030777544de2.rlib" "/opt/rustwide/target/debug/deps/libcrossbeam_epoch-3343c9a01b1daecd.rlib" "/opt/rustwide/target/debug/deps/libmemoffset-21c993dc6cd5ca36.rlib" "/opt/rustwide/target/debug/deps/libscopeguard-7a1710762e6687e9.rlib" "/opt/rustwide/target/debug/deps/libcrossbeam_channel-fa5b35abea7dc1bb.rlib" "/opt/rustwide/target/debug/deps/libcrossbeam_utils-ed397612b93614bd.rlib" "/opt/rustwide/target/debug/deps/liblazy_static-5c53d641eb010a81.rlib" "/opt/rustwide/target/debug/deps/libcfg_if-38c8a3e888ecb06a.rlib" "/opt/rustwide/target/debug/deps/libeither-07b5e8a6ebeb57fa.rlib" "/opt/rustwide/target/debug/deps/libnum-42f628ce6fbebc64.rlib" "/opt/rustwide/target/debug/deps/libnum_iter-ce7ed3451a63dd91.rlib" "/opt/rustwide/target/debug/deps/libnum_rational-9c42ddf98b8f618b.rlib" "/opt/rustwide/target/debug/deps/libnum_complex-d11284f07690f8ca.rlib" "/opt/rustwide/target/debug/deps/libnum_bigint-7aa3bc9cef06e102.rlib" "/opt/rustwide/target/debug/deps/libnum_integer-2fc985fe19205848.rlib" "/opt/rustwide/target/debug/deps/libnum_traits-84df6f75d30d994f.rlib" "/opt/rustwide/target/debug/deps/libbyteorder-0c03c404070d92e6.rlib" "/opt/rustwide/target/debug/deps/libatomic-aa89f98d8ec294f0.rlib" "/opt/rustwide/target/debug/deps/libatom-9c65bb0361f5a05d.rlib" "/opt/rustwide/target/debug/deps/libsmallvec-cd9632e27e802452.rlib" "/opt/rustwide/target/debug/deps/libstrum-cad13d5c13dc400c.rlib" "/opt/rustwide/target/debug/deps/libtyped_arena-5fb0176a08fee327.rlib" "/opt/rustwide/target/debug/deps/libimpl_ops-5f3a862fa44bb29e.rlib" "-Wl,--start-group" "/opt/rustwide/rustup-home/toolchains/1.54.0-x86_64-unknown-linux-gnu/lib/rustlib/x86_64-unknown-linux-gnu/lib/libstd-2420485b9e5ef5e1.rlib" "/opt/rustwide/rustup-home/toolchains/1.54.0-x86_64-unknown-linux-gnu/lib/rustlib/x86_64-unknown-linux-gnu/lib/libpanic_unwind-785e3cb61c4b1960.rlib" "/opt/rustwide/rustup-home/toolchains/1.54.0-x86_64-unknown-linux-gnu/lib/rustlib/x86_64-unknown-linux-gnu/lib/libminiz_oxide-087191a88bdaa22d.rlib" "/opt/rustwide/rustup-home/toolchains/1.54.0-x86_64-unknown-linux-gnu/lib/rustlib/x86_64-unknown-linux-gnu/lib/libadler-9981842c02975178.rlib" "/opt/rustwide/rustup-home/toolchains/1.54.0-x86_64-unknown-linux-gnu/lib/rustlib/x86_64-unknown-linux-gnu/lib/libobject-6fb405869b015fde.rlib" "/opt/rustwide/rustup-home/toolchains/1.54.0-x86_64-unknown-linux-gnu/lib/rustlib/x86_64-unknown-linux-gnu/lib/libaddr2line-d05c5c3c56004b7b.rlib" "/opt/rustwide/rustup-home/toolchains/1.54.0-x86_64-unknown-linux-gnu/lib/rustlib/x86_64-unknown-linux-gnu/lib/libgimli-42d74d2097528b38.rlib" "/opt/rustwide/rustup-home/toolchains/1.54.0-x86_64-unknown-linux-gnu/lib/rustlib/x86_64-unknown-linux-gnu/lib/libstd_detect-fb36534c113d2209.rlib" "/opt/rustwide/rustup-home/toolchains/1.54.0-x86_64-unknown-linux-gnu/lib/rustlib/x86_64-unknown-linux-gnu/lib/librustc_demangle-b56b9042c12b6535.rlib" "/opt/rustwide/rustup-home/toolchains/1.54.0-x86_64-unknown-linux-gnu/lib/rustlib/x86_64-unknown-linux-gnu/lib/libhashbrown-491902d6cb3e76df.rlib" "/opt/rustwide/rustup-home/toolchains/1.54.0-x86_64-unknown-linux-gnu/lib/rustlib/x86_64-unknown-linux-gnu/lib/librustc_std_workspace_alloc-61834e0981b8c367.rlib" "/opt/rustwide/rustup-home/toolchains/1.54.0-x86_64-unknown-linux-gnu/lib/rustlib/x86_64-unknown-linux-gnu/lib/libunwind-f78aa99d613a55bc.rlib" "/opt/rustwide/rustup-home/toolchains/1.54.0-x86_64-unknown-linux-gnu/lib/rustlib/x86_64-unknown-linux-gnu/lib/libcfg_if-53ee54cd7fed2c57.rlib" "/opt/rustwide/rustup-home/toolchains/1.54.0-x86_64-unknown-linux-gnu/lib/rustlib/x86_64-unknown-linux-gnu/lib/liblibc-544ecdbd6cda3c58.rlib" "/opt/rustwide/rustup-home/toolchains/1.54.0-x86_64-unknown-linux-gnu/lib/rustlib/x86_64-unknown-linux-gnu/lib/liballoc-379cc252b6943a79.rlib" "/opt/rustwide/rustup-home/toolchains/1.54.0-x86_64-unknown-linux-gnu/lib/rustlib/x86_64-unknown-linux-gnu/lib/librustc_std_workspace_core-8063eea38dcc5e62.rlib" "/opt/rustwide/rustup-home/toolchains/1.54.0-x86_64-unknown-linux-gnu/lib/rustlib/x86_64-unknown-linux-gnu/lib/libcore-5b228734afae15ee.rlib" "-Wl,--end-group" "/opt/rustwide/rustup-home/toolchains/1.54.0-x86_64-unknown-linux-gnu/lib/rustlib/x86_64-unknown-linux-gnu/lib/libcompiler_builtins-d6c7a399d95d173f.rlib" "-Wl,-Bdynamic" "-lutil" "-lgcc_s" "-lutil" "-lrt" "-lpthread" "-lm" "-ldl" "-lc" "-Wl,--eh-frame-hdr" "-Wl,-znoexecstack" "-L" "/opt/rustwide/rustup-home/toolchains/1.54.0-x86_64-unknown-linux-gnu/lib/rustlib/x86_64-unknown-linux-gnu/lib" "-o" "/tmp/rustdoctest9qIt9u/rust_out" "-Wl,--gc-sections" "-pie" "-Wl,-zrelro" "-Wl,-znow" "-nodefaultlibs"
[INFO] [stdout]   = note: collect2: fatal error: ld terminated with signal 9 [Killed]
[INFO] [stdout]           compilation terminated.
[INFO] [stdout]           
[INFO] [stdout] 
[INFO] [stdout] error: aborting due to previous error
[INFO] [stdout] 
[INFO] [stdout] Couldn't compile the test.
[INFO] [stdout] ---- src/core/geometry.rs - core::geometry (line 38) stdout ----
[INFO] [stdout] error: linking with `cc` failed: exit status: 1
[INFO] [stdout]   |
[INFO] [stdout]   = note: "cc" "-m64" "/tmp/rustdoctestmzrpJl/rust_out.rust_out.7rcbfp3g-cgu.0.rcgu.o" "/tmp/rustdoctestmzrpJl/rust_out.33dyzt1ekirinwy8.rcgu.o" "-Wl,--as-needed" "-L" "/opt/rustwide/target/debug/deps" "-L" "/opt/rustwide/target/debug/deps" "-L" "/opt/rustwide/target/debug/build/backtrace-sys-d0867efbd05a3ba5/out" "-L" "/opt/rustwide/rustup-home/toolchains/1.54.0-x86_64-unknown-linux-gnu/lib/rustlib/x86_64-unknown-linux-gnu/lib" "-Wl,-Bstatic" "/opt/rustwide/target/debug/deps/librs_pbrt-3679fabcbe456841.rlib" "/opt/rustwide/target/debug/deps/libpbr-fcf3130855a108a6.rlib" "/opt/rustwide/target/debug/deps/libtime-2b15382df834a565.rlib" "/opt/rustwide/target/debug/deps/libcrossbeam-8dd8f31d6bd555e2.rlib" "/opt/rustwide/target/debug/deps/libcrossbeam_queue-a13492a28a178cbd.rlib" "/opt/rustwide/target/debug/deps/libimage-c95762275f98209a.rlib" "/opt/rustwide/target/debug/deps/libbytemuck-551d75a2fc22f1ca.rlib" "/opt/rustwide/target/debug/deps/libpng-71afe3353039b4d7.rlib" "/opt/rustwide/target/debug/deps/libminiz_oxide-396e6b4aeac65559.rlib" "/opt/rustwide/target/debug/deps/libcrc32fast-e2919975640cb346.rlib" "/opt/rustwide/target/debug/deps/libcfg_if-e7a28af79b261e75.rlib" "/opt/rustwide/target/debug/deps/libdeflate-4f57a6ee2f8a605f.rlib" "/opt/rustwide/target/debug/deps/libadler32-d2a950228df2f2e4.rlib" "/opt/rustwide/target/debug/deps/libbitflags-dfde700d87e32fc1.rlib" "/opt/rustwide/target/debug/deps/libscoped_threadpool-b57ca677d8d780cf.rlib" "/opt/rustwide/target/debug/deps/libnum_rational-209903d11e62ac34.rlib" "/opt/rustwide/target/debug/deps/libgif-a1c2ed6c8c339816.rlib" "/opt/rustwide/target/debug/deps/libcolor_quant-1591bc25e79c8848.rlib" "/opt/rustwide/target/debug/deps/libtiff-3b454d98a1030a07.rlib" "/opt/rustwide/target/debug/deps/libweezl-236ee78d9f4e35c2.rlib" "/opt/rustwide/target/debug/deps/libminiz_oxide-11f9f54363d9eaa2.rlib" "/opt/rustwide/target/debug/deps/libadler-bd67535c449a3717.rlib" "/opt/rustwide/target/debug/deps/libjpeg_decoder-3606670371f135ba.rlib" "/opt/rustwide/target/debug/deps/libply_rs-48ed95ee1b9f5082.rlib" "/opt/rustwide/target/debug/deps/libpeg-f9613a39a4c849c3.rlib" "/opt/rustwide/target/debug/deps/libpeg_runtime-e5592dfa427c175c.rlib" "/opt/rustwide/target/debug/deps/liblinked_hash_map-d7738624b447d230.rlib" "/opt/rustwide/target/debug/deps/librayon-44d26e831bdd8f46.rlib" "/opt/rustwide/target/debug/deps/librayon_core-de7921e63f17c844.rlib" "/opt/rustwide/target/debug/deps/libnum_cpus-895f88db0551b6be.rlib" "/opt/rustwide/target/debug/deps/liblibc-ee6333239d56cfd4.rlib" "/opt/rustwide/target/debug/deps/libcrossbeam_deque-ca03030777544de2.rlib" "/opt/rustwide/target/debug/deps/libcrossbeam_epoch-3343c9a01b1daecd.rlib" "/opt/rustwide/target/debug/deps/libmemoffset-21c993dc6cd5ca36.rlib" "/opt/rustwide/target/debug/deps/libscopeguard-7a1710762e6687e9.rlib" "/opt/rustwide/target/debug/deps/libcrossbeam_channel-fa5b35abea7dc1bb.rlib" "/opt/rustwide/target/debug/deps/libcrossbeam_utils-ed397612b93614bd.rlib" "/opt/rustwide/target/debug/deps/liblazy_static-5c53d641eb010a81.rlib" "/opt/rustwide/target/debug/deps/libcfg_if-38c8a3e888ecb06a.rlib" "/opt/rustwide/target/debug/deps/libeither-07b5e8a6ebeb57fa.rlib" "/opt/rustwide/target/debug/deps/libnum-42f628ce6fbebc64.rlib" "/opt/rustwide/target/debug/deps/libnum_iter-ce7ed3451a63dd91.rlib" "/opt/rustwide/target/debug/deps/libnum_rational-9c42ddf98b8f618b.rlib" "/opt/rustwide/target/debug/deps/libnum_complex-d11284f07690f8ca.rlib" "/opt/rustwide/target/debug/deps/libnum_bigint-7aa3bc9cef06e102.rlib" "/opt/rustwide/target/debug/deps/libnum_integer-2fc985fe19205848.rlib" "/opt/rustwide/target/debug/deps/libnum_traits-84df6f75d30d994f.rlib" "/opt/rustwide/target/debug/deps/libbyteorder-0c03c404070d92e6.rlib" "/opt/rustwide/target/debug/deps/libatomic-aa89f98d8ec294f0.rlib" "/opt/rustwide/target/debug/deps/libatom-9c65bb0361f5a05d.rlib" "/opt/rustwide/target/debug/deps/libsmallvec-cd9632e27e802452.rlib" "/opt/rustwide/target/debug/deps/libstrum-cad13d5c13dc400c.rlib" "/opt/rustwide/target/debug/deps/libtyped_arena-5fb0176a08fee327.rlib" "/opt/rustwide/target/debug/deps/libimpl_ops-5f3a862fa44bb29e.rlib" "-Wl,--start-group" "/opt/rustwide/rustup-home/toolchains/1.54.0-x86_64-unknown-linux-gnu/lib/rustlib/x86_64-unknown-linux-gnu/lib/libstd-2420485b9e5ef5e1.rlib" "/opt/rustwide/rustup-home/toolchains/1.54.0-x86_64-unknown-linux-gnu/lib/rustlib/x86_64-unknown-linux-gnu/lib/libpanic_unwind-785e3cb61c4b1960.rlib" "/opt/rustwide/rustup-home/toolchains/1.54.0-x86_64-unknown-linux-gnu/lib/rustlib/x86_64-unknown-linux-gnu/lib/libminiz_oxide-087191a88bdaa22d.rlib" "/opt/rustwide/rustup-home/toolchains/1.54.0-x86_64-unknown-linux-gnu/lib/rustlib/x86_64-unknown-linux-gnu/lib/libadler-9981842c02975178.rlib" "/opt/rustwide/rustup-home/toolchains/1.54.0-x86_64-unknown-linux-gnu/lib/rustlib/x86_64-unknown-linux-gnu/lib/libobject-6fb405869b015fde.rlib" "/opt/rustwide/rustup-home/toolchains/1.54.0-x86_64-unknown-linux-gnu/lib/rustlib/x86_64-unknown-linux-gnu/lib/libaddr2line-d05c5c3c56004b7b.rlib" "/opt/rustwide/rustup-home/toolchains/1.54.0-x86_64-unknown-linux-gnu/lib/rustlib/x86_64-unknown-linux-gnu/lib/libgimli-42d74d2097528b38.rlib" "/opt/rustwide/rustup-home/toolchains/1.54.0-x86_64-unknown-linux-gnu/lib/rustlib/x86_64-unknown-linux-gnu/lib/libstd_detect-fb36534c113d2209.rlib" "/opt/rustwide/rustup-home/toolchains/1.54.0-x86_64-unknown-linux-gnu/lib/rustlib/x86_64-unknown-linux-gnu/lib/librustc_demangle-b56b9042c12b6535.rlib" "/opt/rustwide/rustup-home/toolchains/1.54.0-x86_64-unknown-linux-gnu/lib/rustlib/x86_64-unknown-linux-gnu/lib/libhashbrown-491902d6cb3e76df.rlib" "/opt/rustwide/rustup-home/toolchains/1.54.0-x86_64-unknown-linux-gnu/lib/rustlib/x86_64-unknown-linux-gnu/lib/librustc_std_workspace_alloc-61834e0981b8c367.rlib" "/opt/rustwide/rustup-home/toolchains/1.54.0-x86_64-unknown-linux-gnu/lib/rustlib/x86_64-unknown-linux-gnu/lib/libunwind-f78aa99d613a55bc.rlib" "/opt/rustwide/rustup-home/toolchains/1.54.0-x86_64-unknown-linux-gnu/lib/rustlib/x86_64-unknown-linux-gnu/lib/libcfg_if-53ee54cd7fed2c57.rlib" "/opt/rustwide/rustup-home/toolchains/1.54.0-x86_64-unknown-linux-gnu/lib/rustlib/x86_64-unknown-linux-gnu/lib/liblibc-544ecdbd6cda3c58.rlib" "/opt/rustwide/rustup-home/toolchains/1.54.0-x86_64-unknown-linux-gnu/lib/rustlib/x86_64-unknown-linux-gnu/lib/liballoc-379cc252b6943a79.rlib" "/opt/rustwide/rustup-home/toolchains/1.54.0-x86_64-unknown-linux-gnu/lib/rustlib/x86_64-unknown-linux-gnu/lib/librustc_std_workspace_core-8063eea38dcc5e62.rlib" "/opt/rustwide/rustup-home/toolchains/1.54.0-x86_64-unknown-linux-gnu/lib/rustlib/x86_64-unknown-linux-gnu/lib/libcore-5b228734afae15ee.rlib" "-Wl,--end-group" "/opt/rustwide/rustup-home/toolchains/1.54.0-x86_64-unknown-linux-gnu/lib/rustlib/x86_64-unknown-linux-gnu/lib/libcompiler_builtins-d6c7a399d95d173f.rlib" "-Wl,-Bdynamic" "-lutil" "-lgcc_s" "-lutil" "-lrt" "-lpthread" "-lm" "-ldl" "-lc" "-Wl,--eh-frame-hdr" "-Wl,-znoexecstack" "-L" "/opt/rustwide/rustup-home/toolchains/1.54.0-x86_64-unknown-linux-gnu/lib/rustlib/x86_64-unknown-linux-gnu/lib" "-o" "/tmp/rustdoctestmzrpJl/rust_out" "-Wl,--gc-sections" "-pie" "-Wl,-zrelro" "-Wl,-znow" "-nodefaultlibs"
[INFO] [stdout]   = note: collect2: fatal error: ld terminated with signal 9 [Killed]
[INFO] [stdout]           compilation terminated.
[INFO] [stdout]           
[INFO] [stdout] 
[INFO] [stdout] error: aborting due to previous error
[INFO] [stdout] 
[INFO] [stdout] Couldn't compile the test.
[INFO] [stdout] ---- src/core/geometry.rs - core::geometry (line 141) stdout ----
[INFO] [stdout] error: linking with `cc` failed: exit status: 1
[INFO] [stdout]   |
[INFO] [stdout]   = note: "cc" "-m64" "/tmp/rustdoctestGViM8T/rust_out.rust_out.7rcbfp3g-cgu.0.rcgu.o" "/tmp/rustdoctestGViM8T/rust_out.33dyzt1ekirinwy8.rcgu.o" "-Wl,--as-needed" "-L" "/opt/rustwide/target/debug/deps" "-L" "/opt/rustwide/target/debug/deps" "-L" "/opt/rustwide/target/debug/build/backtrace-sys-d0867efbd05a3ba5/out" "-L" "/opt/rustwide/rustup-home/toolchains/1.54.0-x86_64-unknown-linux-gnu/lib/rustlib/x86_64-unknown-linux-gnu/lib" "-Wl,-Bstatic" "/opt/rustwide/target/debug/deps/librs_pbrt-3679fabcbe456841.rlib" "/opt/rustwide/target/debug/deps/libpbr-fcf3130855a108a6.rlib" "/opt/rustwide/target/debug/deps/libtime-2b15382df834a565.rlib" "/opt/rustwide/target/debug/deps/libcrossbeam-8dd8f31d6bd555e2.rlib" "/opt/rustwide/target/debug/deps/libcrossbeam_queue-a13492a28a178cbd.rlib" "/opt/rustwide/target/debug/deps/libimage-c95762275f98209a.rlib" "/opt/rustwide/target/debug/deps/libbytemuck-551d75a2fc22f1ca.rlib" "/opt/rustwide/target/debug/deps/libpng-71afe3353039b4d7.rlib" "/opt/rustwide/target/debug/deps/libminiz_oxide-396e6b4aeac65559.rlib" "/opt/rustwide/target/debug/deps/libcrc32fast-e2919975640cb346.rlib" "/opt/rustwide/target/debug/deps/libcfg_if-e7a28af79b261e75.rlib" "/opt/rustwide/target/debug/deps/libdeflate-4f57a6ee2f8a605f.rlib" "/opt/rustwide/target/debug/deps/libadler32-d2a950228df2f2e4.rlib" "/opt/rustwide/target/debug/deps/libbitflags-dfde700d87e32fc1.rlib" "/opt/rustwide/target/debug/deps/libscoped_threadpool-b57ca677d8d780cf.rlib" "/opt/rustwide/target/debug/deps/libnum_rational-209903d11e62ac34.rlib" "/opt/rustwide/target/debug/deps/libgif-a1c2ed6c8c339816.rlib" "/opt/rustwide/target/debug/deps/libcolor_quant-1591bc25e79c8848.rlib" "/opt/rustwide/target/debug/deps/libtiff-3b454d98a1030a07.rlib" "/opt/rustwide/target/debug/deps/libweezl-236ee78d9f4e35c2.rlib" "/opt/rustwide/target/debug/deps/libminiz_oxide-11f9f54363d9eaa2.rlib" "/opt/rustwide/target/debug/deps/libadler-bd67535c449a3717.rlib" "/opt/rustwide/target/debug/deps/libjpeg_decoder-3606670371f135ba.rlib" "/opt/rustwide/target/debug/deps/libply_rs-48ed95ee1b9f5082.rlib" "/opt/rustwide/target/debug/deps/libpeg-f9613a39a4c849c3.rlib" "/opt/rustwide/target/debug/deps/libpeg_runtime-e5592dfa427c175c.rlib" "/opt/rustwide/target/debug/deps/liblinked_hash_map-d7738624b447d230.rlib" "/opt/rustwide/target/debug/deps/librayon-44d26e831bdd8f46.rlib" "/opt/rustwide/target/debug/deps/librayon_core-de7921e63f17c844.rlib" "/opt/rustwide/target/debug/deps/libnum_cpus-895f88db0551b6be.rlib" "/opt/rustwide/target/debug/deps/liblibc-ee6333239d56cfd4.rlib" "/opt/rustwide/target/debug/deps/libcrossbeam_deque-ca03030777544de2.rlib" "/opt/rustwide/target/debug/deps/libcrossbeam_epoch-3343c9a01b1daecd.rlib" "/opt/rustwide/target/debug/deps/libmemoffset-21c993dc6cd5ca36.rlib" "/opt/rustwide/target/debug/deps/libscopeguard-7a1710762e6687e9.rlib" "/opt/rustwide/target/debug/deps/libcrossbeam_channel-fa5b35abea7dc1bb.rlib" "/opt/rustwide/target/debug/deps/libcrossbeam_utils-ed397612b93614bd.rlib" "/opt/rustwide/target/debug/deps/liblazy_static-5c53d641eb010a81.rlib" "/opt/rustwide/target/debug/deps/libcfg_if-38c8a3e888ecb06a.rlib" "/opt/rustwide/target/debug/deps/libeither-07b5e8a6ebeb57fa.rlib" "/opt/rustwide/target/debug/deps/libnum-42f628ce6fbebc64.rlib" "/opt/rustwide/target/debug/deps/libnum_iter-ce7ed3451a63dd91.rlib" "/opt/rustwide/target/debug/deps/libnum_rational-9c42ddf98b8f618b.rlib" "/opt/rustwide/target/debug/deps/libnum_complex-d11284f07690f8ca.rlib" "/opt/rustwide/target/debug/deps/libnum_bigint-7aa3bc9cef06e102.rlib" "/opt/rustwide/target/debug/deps/libnum_integer-2fc985fe19205848.rlib" "/opt/rustwide/target/debug/deps/libnum_traits-84df6f75d30d994f.rlib" "/opt/rustwide/target/debug/deps/libbyteorder-0c03c404070d92e6.rlib" "/opt/rustwide/target/debug/deps/libatomic-aa89f98d8ec294f0.rlib" "/opt/rustwide/target/debug/deps/libatom-9c65bb0361f5a05d.rlib" "/opt/rustwide/target/debug/deps/libsmallvec-cd9632e27e802452.rlib" "/opt/rustwide/target/debug/deps/libstrum-cad13d5c13dc400c.rlib" "/opt/rustwide/target/debug/deps/libtyped_arena-5fb0176a08fee327.rlib" "/opt/rustwide/target/debug/deps/libimpl_ops-5f3a862fa44bb29e.rlib" "-Wl,--start-group" "/opt/rustwide/rustup-home/toolchains/1.54.0-x86_64-unknown-linux-gnu/lib/rustlib/x86_64-unknown-linux-gnu/lib/libstd-2420485b9e5ef5e1.rlib" "/opt/rustwide/rustup-home/toolchains/1.54.0-x86_64-unknown-linux-gnu/lib/rustlib/x86_64-unknown-linux-gnu/lib/libpanic_unwind-785e3cb61c4b1960.rlib" "/opt/rustwide/rustup-home/toolchains/1.54.0-x86_64-unknown-linux-gnu/lib/rustlib/x86_64-unknown-linux-gnu/lib/libminiz_oxide-087191a88bdaa22d.rlib" "/opt/rustwide/rustup-home/toolchains/1.54.0-x86_64-unknown-linux-gnu/lib/rustlib/x86_64-unknown-linux-gnu/lib/libadler-9981842c02975178.rlib" "/opt/rustwide/rustup-home/toolchains/1.54.0-x86_64-unknown-linux-gnu/lib/rustlib/x86_64-unknown-linux-gnu/lib/libobject-6fb405869b015fde.rlib" "/opt/rustwide/rustup-home/toolchains/1.54.0-x86_64-unknown-linux-gnu/lib/rustlib/x86_64-unknown-linux-gnu/lib/libaddr2line-d05c5c3c56004b7b.rlib" "/opt/rustwide/rustup-home/toolchains/1.54.0-x86_64-unknown-linux-gnu/lib/rustlib/x86_64-unknown-linux-gnu/lib/libgimli-42d74d2097528b38.rlib" "/opt/rustwide/rustup-home/toolchains/1.54.0-x86_64-unknown-linux-gnu/lib/rustlib/x86_64-unknown-linux-gnu/lib/libstd_detect-fb36534c113d2209.rlib" "/opt/rustwide/rustup-home/toolchains/1.54.0-x86_64-unknown-linux-gnu/lib/rustlib/x86_64-unknown-linux-gnu/lib/librustc_demangle-b56b9042c12b6535.rlib" "/opt/rustwide/rustup-home/toolchains/1.54.0-x86_64-unknown-linux-gnu/lib/rustlib/x86_64-unknown-linux-gnu/lib/libhashbrown-491902d6cb3e76df.rlib" "/opt/rustwide/rustup-home/toolchains/1.54.0-x86_64-unknown-linux-gnu/lib/rustlib/x86_64-unknown-linux-gnu/lib/librustc_std_workspace_alloc-61834e0981b8c367.rlib" "/opt/rustwide/rustup-home/toolchains/1.54.0-x86_64-unknown-linux-gnu/lib/rustlib/x86_64-unknown-linux-gnu/lib/libunwind-f78aa99d613a55bc.rlib" "/opt/rustwide/rustup-home/toolchains/1.54.0-x86_64-unknown-linux-gnu/lib/rustlib/x86_64-unknown-linux-gnu/lib/libcfg_if-53ee54cd7fed2c57.rlib" "/opt/rustwide/rustup-home/toolchains/1.54.0-x86_64-unknown-linux-gnu/lib/rustlib/x86_64-unknown-linux-gnu/lib/liblibc-544ecdbd6cda3c58.rlib" "/opt/rustwide/rustup-home/toolchains/1.54.0-x86_64-unknown-linux-gnu/lib/rustlib/x86_64-unknown-linux-gnu/lib/liballoc-379cc252b6943a79.rlib" "/opt/rustwide/rustup-home/toolchains/1.54.0-x86_64-unknown-linux-gnu/lib/rustlib/x86_64-unknown-linux-gnu/lib/librustc_std_workspace_core-8063eea38dcc5e62.rlib" "/opt/rustwide/rustup-home/toolchains/1.54.0-x86_64-unknown-linux-gnu/lib/rustlib/x86_64-unknown-linux-gnu/lib/libcore-5b228734afae15ee.rlib" "-Wl,--end-group" "/opt/rustwide/rustup-home/toolchains/1.54.0-x86_64-unknown-linux-gnu/lib/rustlib/x86_64-unknown-linux-gnu/lib/libcompiler_builtins-d6c7a399d95d173f.rlib" "-Wl,-Bdynamic" "-lutil" "-lgcc_s" "-lutil" "-lrt" "-lpthread" "-lm" "-ldl" "-lc" "-Wl,--eh-frame-hdr" "-Wl,-znoexecstack" "-L" "/opt/rustwide/rustup-home/toolchains/1.54.0-x86_64-unknown-linux-gnu/lib/rustlib/x86_64-unknown-linux-gnu/lib" "-o" "/tmp/rustdoctestGViM8T/rust_out" "-Wl,--gc-sections" "-pie" "-Wl,-zrelro" "-Wl,-znow" "-nodefaultlibs"
[INFO] [stdout]   = note: collect2: fatal error: ld terminated with signal 9 [Killed]
[INFO] [stdout]           compilation terminated.
[INFO] [stdout]           
[INFO] [stdout] 
[INFO] [stdout] error: aborting due to previous error
[INFO] [stdout] 
[INFO] [stdout] Couldn't compile the test.
[INFO] [stdout] 
[INFO] [stdout] failures:
[INFO] [stdout]     src/core/geometry.rs - core::geometry (line 141)
[INFO] [stdout]     src/core/geometry.rs - core::geometry (line 38)
[INFO] [stdout]     src/core/geometry.rs - core::geometry (line 66)
[INFO] [stdout]     src/filters/mod.rs - filters (line 18)
[INFO] [stdout] 
[INFO] [stdout] test result: FAILED. 6 passed; 4 failed; 0 ignored; 0 measured; 0 filtered out; finished in 2.68s
[INFO] [stdout] 
[INFO] [stderr] error: test failed, to rerun pass '--doc'
[INFO] running `Command { std: "docker" "inspect" "4f634dc2e243147b6011a8ea45e9cd62959d0cfd0d673f773337076aa90cbd94", kill_on_drop: false }`
[INFO] running `Command { std: "docker" "rm" "-f" "4f634dc2e243147b6011a8ea45e9cd62959d0cfd0d673f773337076aa90cbd94", kill_on_drop: false }`
[INFO] [stdout] 4f634dc2e243147b6011a8ea45e9cd62959d0cfd0d673f773337076aa90cbd94
