[INFO] cloning repository https://github.com/viggin543/pull_requests
[INFO] running `Command { std: "git" "-c" "credential.helper=" "-c" "credential.helper=/workspace/cargo-home/bin/git-credential-null" "clone" "--bare" "https://github.com/viggin543/pull_requests" "/workspace/cache/git-repos/https%3A%2F%2Fgithub.com%2Fviggin543%2Fpull_requests", kill_on_drop: false }`
[INFO] [stderr] Cloning into bare repository '/workspace/cache/git-repos/https%3A%2F%2Fgithub.com%2Fviggin543%2Fpull_requests'...
[INFO] running `Command { std: "git" "rev-parse" "HEAD", kill_on_drop: false }`
[INFO] [stdout] 680a7f9aa9075ead306fc851fda9560216628f5a
[INFO] testing viggin543/pull_requests against 1.54.0 for beta-1.55-1
[INFO] running `Command { std: "git" "clone" "/workspace/cache/git-repos/https%3A%2F%2Fgithub.com%2Fviggin543%2Fpull_requests" "/workspace/builds/worker-12/source", kill_on_drop: false }`
[INFO] [stderr] Cloning into '/workspace/builds/worker-12/source'...
[INFO] [stderr] done.
[INFO] validating manifest of git repo https://github.com/viggin543/pull_requests on toolchain 1.54.0
[INFO] running `Command { std: "/workspace/cargo-home/bin/cargo" "+1.54.0" "metadata" "--manifest-path" "Cargo.toml" "--no-deps", kill_on_drop: false }`
[INFO] started tweaking git repo https://github.com/viggin543/pull_requests
[INFO] finished tweaking git repo https://github.com/viggin543/pull_requests
[INFO] tweaked toml for git repo https://github.com/viggin543/pull_requests written to /workspace/builds/worker-12/source/Cargo.toml
[INFO] crate git repo https://github.com/viggin543/pull_requests already has a lockfile, it will not be regenerated
[INFO] running `Command { std: "/workspace/cargo-home/bin/cargo" "+1.54.0" "fetch" "--manifest-path" "Cargo.toml", kill_on_drop: false }`
[INFO] [stderr]     Blocking waiting for file lock on package cache
[INFO] running `Command { std: "docker" "create" "-v" "/var/lib/crater-agent-workspace/builds/worker-12/target:/opt/rustwide/target:rw,Z" "-v" "/var/lib/crater-agent-workspace/builds/worker-12/source:/opt/rustwide/workdir:ro,Z" "-v" "/var/lib/crater-agent-workspace/cargo-home:/opt/rustwide/cargo-home:ro,Z" "-v" "/var/lib/crater-agent-workspace/rustup-home:/opt/rustwide/rustup-home:ro,Z" "-e" "SOURCE_DIR=/opt/rustwide/workdir" "-e" "CARGO_TARGET_DIR=/opt/rustwide/target" "-e" "CARGO_HOME=/opt/rustwide/cargo-home" "-e" "RUSTUP_HOME=/opt/rustwide/rustup-home" "-w" "/opt/rustwide/workdir" "-m" "1610612736" "--user" "0:0" "--network" "none" "ghcr.io/rust-lang/crates-build-env/linux@sha256:34b6a614d2c27851fe6cbf88fbd1137609cefab8b10d0615aaeb6fd47975d74e" "/opt/rustwide/cargo-home/bin/cargo" "+1.54.0" "metadata" "--no-deps" "--format-version=1", kill_on_drop: false }`
[INFO] [stdout] 4f8e5c08176a9f75fd443f78de09761ed6ecf0cc9460f0fa2ed924819f37068e
[INFO] running `Command { std: "docker" "start" "-a" "4f8e5c08176a9f75fd443f78de09761ed6ecf0cc9460f0fa2ed924819f37068e", kill_on_drop: false }`
[INFO] running `Command { std: "docker" "inspect" "4f8e5c08176a9f75fd443f78de09761ed6ecf0cc9460f0fa2ed924819f37068e", kill_on_drop: false }`
[INFO] running `Command { std: "docker" "rm" "-f" "4f8e5c08176a9f75fd443f78de09761ed6ecf0cc9460f0fa2ed924819f37068e", kill_on_drop: false }`
[INFO] [stdout] 4f8e5c08176a9f75fd443f78de09761ed6ecf0cc9460f0fa2ed924819f37068e
[INFO] running `Command { std: "docker" "create" "-v" "/var/lib/crater-agent-workspace/builds/worker-12/target:/opt/rustwide/target:rw,Z" "-v" "/var/lib/crater-agent-workspace/builds/worker-12/source:/opt/rustwide/workdir:ro,Z" "-v" "/var/lib/crater-agent-workspace/cargo-home:/opt/rustwide/cargo-home:ro,Z" "-v" "/var/lib/crater-agent-workspace/rustup-home:/opt/rustwide/rustup-home:ro,Z" "-e" "SOURCE_DIR=/opt/rustwide/workdir" "-e" "CARGO_TARGET_DIR=/opt/rustwide/target" "-e" "CARGO_INCREMENTAL=0" "-e" "RUST_BACKTRACE=full" "-e" "RUSTFLAGS=--cap-lints=warn" "-e" "CARGO_HOME=/opt/rustwide/cargo-home" "-e" "RUSTUP_HOME=/opt/rustwide/rustup-home" "-w" "/opt/rustwide/workdir" "-m" "1610612736" "--user" "0:0" "--network" "none" "ghcr.io/rust-lang/crates-build-env/linux@sha256:34b6a614d2c27851fe6cbf88fbd1137609cefab8b10d0615aaeb6fd47975d74e" "/opt/rustwide/cargo-home/bin/cargo" "+1.54.0" "build" "--frozen" "--message-format=json", kill_on_drop: false }`
[INFO] [stdout] 616a5b13c070f474077ed41e2f009b344dc29b2f545ebca6047318d8355efb3b
[INFO] running `Command { std: "docker" "start" "-a" "616a5b13c070f474077ed41e2f009b344dc29b2f545ebca6047318d8355efb3b", kill_on_drop: false }`
[INFO] [stderr]    Compiling libc v0.2.67
[INFO] [stderr]    Compiling proc-macro2 v1.0.9
[INFO] [stderr]    Compiling syn v1.0.16
[INFO] [stderr]    Compiling pkg-config v0.3.17
[INFO] [stderr]    Compiling cc v1.0.50
[INFO] [stderr]    Compiling proc-macro-nested v0.1.3
[INFO] [stderr]    Compiling fnv v1.0.6
[INFO] [stderr]    Compiling arc-swap v0.4.4
[INFO] [stderr]    Compiling itoa v0.4.5
[INFO] [stderr]    Compiling pin-utils v0.1.0-alpha.4
[INFO] [stderr]    Compiling version_check v0.9.1
[INFO] [stderr]    Compiling openssl v0.10.28
[INFO] [stderr]    Compiling smallvec v1.2.0
[INFO] [stderr]    Compiling serde v1.0.104
[INFO] [stderr]    Compiling native-tls v0.2.4
[INFO] [stderr]    Compiling ryu v1.0.2
[INFO] [stderr]    Compiling try-lock v0.2.2
[INFO] [stderr]    Compiling encoding_rs v0.8.22
[INFO] [stderr]    Compiling dtoa v0.4.5
[INFO] [stderr]    Compiling json v0.12.1
[INFO] [stderr]    Compiling futures-channel v0.3.4
[INFO] [stderr]    Compiling indexmap v1.3.2
[INFO] [stderr]    Compiling want v0.3.0
[INFO] [stderr]    Compiling http v0.2.0
[INFO] [stderr]    Compiling unicode-normalization v0.1.12
[INFO] [stderr]    Compiling unicase v2.6.0
[INFO] [stderr]    Compiling quote v1.0.3
[INFO] [stderr]    Compiling net2 v0.2.33
[INFO] [stderr]    Compiling iovec v0.1.4
[INFO] [stderr]    Compiling signal-hook-registry v1.2.0
[INFO] [stderr]    Compiling num_cpus v1.12.0
[INFO] [stderr]    Compiling time v0.1.42
[INFO] [stderr]    Compiling atty v0.2.14
[INFO] [stderr]    Compiling idna v0.2.0
[INFO] [stderr]    Compiling clap v2.33.0
[INFO] [stderr]    Compiling mio v0.6.21
[INFO] [stderr]    Compiling openssl-sys v0.9.54
[INFO] [stderr]    Compiling mime_guess v2.0.3
[INFO] [stderr]    Compiling url v2.1.1
[INFO] [stderr]    Compiling http-body v0.3.1
[INFO] [stderr]    Compiling mio-uds v0.6.7
[INFO] [stderr]    Compiling serde_urlencoded v0.6.1
[INFO] [stderr]    Compiling serde_json v1.0.48
[INFO] [stderr]    Compiling proc-macro-hack v0.5.11
[INFO] [stderr]    Compiling tokio-macros v0.2.5
[INFO] [stderr]    Compiling pin-project-internal v0.4.8
[INFO] [stderr]    Compiling futures-macro v0.3.4
[INFO] [stderr]    Compiling tokio v0.2.13
[INFO] [stderr]    Compiling pin-project v0.4.8
[INFO] [stderr]    Compiling futures-util v0.3.4
[INFO] [stderr]    Compiling tokio-util v0.2.0
[INFO] [stderr]    Compiling tokio-tls v0.3.0
[INFO] [stderr]    Compiling futures-executor v0.3.4
[INFO] [stderr]    Compiling h2 v0.2.2
[INFO] [stderr]    Compiling futures v0.3.4
[INFO] [stderr]    Compiling hyper v0.13.3
[INFO] [stderr]    Compiling hyper-tls v0.4.1
[INFO] [stderr]    Compiling reqwest v0.10.4
[INFO] [stderr]    Compiling pull_requests v0.1.0 (/opt/rustwide/workdir)
[INFO] [stdout] warning: unused import: `std::ffi::OsString`
[INFO] [stdout]  --> src/main.rs:5:5
[INFO] [stdout]   |
[INFO] [stdout] 5 | use std::ffi::OsString;
[INFO] [stdout]   |     ^^^^^^^^^^^^^^^^^^
[INFO] [stdout]   |
[INFO] [stdout]   = note: `#[warn(unused_imports)]` on by default
[INFO] [stdout] 
[INFO] [stdout] 
[INFO] [stdout] warning: unused import: `Shell`
[INFO] [stdout]  --> src/app.rs:1:71
[INFO] [stdout]   |
[INFO] [stdout] 1 | use clap::{self, crate_authors, crate_version, App, AppSettings, Arg, Shell};
[INFO] [stdout]   |                                                                       ^^^^^
[INFO] [stdout] 
[INFO] [stdout] 
[INFO] [stdout] warning: unused imports: `Error`, `Response`
[INFO] [stdout]  --> src/requests.rs:2:21
[INFO] [stdout]   |
[INFO] [stdout] 2 | use reqwest::{self, Error, Response};
[INFO] [stdout]   |                     ^^^^^  ^^^^^^^^
[INFO] [stdout] 
[INFO] [stdout] 
[INFO] [stdout] warning: unused variable: `author`
[INFO] [stdout]   --> src/main.rs:30:44
[INFO] [stdout]    |
[INFO] [stdout] 30 |             let PullRequest { url, branch, author } = item;
[INFO] [stdout]    |                                            ^^^^^^ help: try ignoring the field: `author: _`
[INFO] [stdout]    |
[INFO] [stdout]    = note: `#[warn(unused_variables)]` on by default
[INFO] [stdout] 
[INFO] [stdout] 
[INFO] [stdout] warning: constant is never used: `USAGE`
[INFO] [stdout]  --> src/app.rs:4:1
[INFO] [stdout]   |
[INFO] [stdout] 4 | / const USAGE: &str = "\
[INFO] [stdout] 5 | | prs -alfred
[INFO] [stdout] 6 | | prs
[INFO] [stdout] 7 | | ";
[INFO] [stdout]   | |__^
[INFO] [stdout]   |
[INFO] [stdout]   = note: `#[warn(dead_code)]` on by default
[INFO] [stdout] 
[INFO] [stdout] 
[INFO] [stdout] warning: constant is never used: `TEMPLATE`
[INFO] [stdout]   --> src/app.rs:8:1
[INFO] [stdout]    |
[INFO] [stdout] 8  | / const TEMPLATE: &str = "\
[INFO] [stdout] 9  | | {bin} {version}
[INFO] [stdout] 10 | | {author}
[INFO] [stdout] 11 | | {about}
[INFO] [stdout] ...  |
[INFO] [stdout] 18 | | OPTIONS:
[INFO] [stdout] 19 | | {unified}";
[INFO] [stdout]    | |___________^
[INFO] [stdout] 
[INFO] [stdout] 
[INFO] [stdout] warning: function is never used: `app`
[INFO] [stdout]   --> src/app.rs:21:8
[INFO] [stdout]    |
[INFO] [stdout] 21 | pub fn app() -> App<'static, 'static> {
[INFO] [stdout]    |        ^^^
[INFO] [stdout] 
[INFO] [stdout] 
[INFO] [stdout] warning: function is never used: `alfred_flag`
[INFO] [stdout]   --> src/app.rs:37:4
[INFO] [stdout]    |
[INFO] [stdout] 37 | fn alfred_flag() -> Arg<'static, 'static> {
[INFO] [stdout]    |    ^^^^^^^^^^^
[INFO] [stdout] 
[INFO] [stdout] 
[INFO] [stdout] warning: function is never used: `configure_flag`
[INFO] [stdout]   --> src/app.rs:52:4
[INFO] [stdout]    |
[INFO] [stdout] 52 | fn configure_flag() -> Arg<'static, 'static> {
[INFO] [stdout]    |    ^^^^^^^^^^^^^^
[INFO] [stdout] 
[INFO] [stdout] 
[INFO] [stdout] warning: 9 warnings emitted
[INFO] [stdout] 
[INFO] [stdout] 
[INFO] [stderr]     Finished dev [unoptimized + debuginfo] target(s) in 58.37s
[INFO] running `Command { std: "docker" "inspect" "616a5b13c070f474077ed41e2f009b344dc29b2f545ebca6047318d8355efb3b", kill_on_drop: false }`
[INFO] running `Command { std: "docker" "rm" "-f" "616a5b13c070f474077ed41e2f009b344dc29b2f545ebca6047318d8355efb3b", kill_on_drop: false }`
[INFO] [stdout] 616a5b13c070f474077ed41e2f009b344dc29b2f545ebca6047318d8355efb3b
[INFO] running `Command { std: "docker" "create" "-v" "/var/lib/crater-agent-workspace/builds/worker-12/target:/opt/rustwide/target:rw,Z" "-v" "/var/lib/crater-agent-workspace/builds/worker-12/source:/opt/rustwide/workdir:ro,Z" "-v" "/var/lib/crater-agent-workspace/cargo-home:/opt/rustwide/cargo-home:ro,Z" "-v" "/var/lib/crater-agent-workspace/rustup-home:/opt/rustwide/rustup-home:ro,Z" "-e" "SOURCE_DIR=/opt/rustwide/workdir" "-e" "CARGO_TARGET_DIR=/opt/rustwide/target" "-e" "CARGO_INCREMENTAL=0" "-e" "RUST_BACKTRACE=full" "-e" "RUSTFLAGS=--cap-lints=warn" "-e" "CARGO_HOME=/opt/rustwide/cargo-home" "-e" "RUSTUP_HOME=/opt/rustwide/rustup-home" "-w" "/opt/rustwide/workdir" "-m" "1610612736" "--user" "0:0" "--network" "none" "ghcr.io/rust-lang/crates-build-env/linux@sha256:34b6a614d2c27851fe6cbf88fbd1137609cefab8b10d0615aaeb6fd47975d74e" "/opt/rustwide/cargo-home/bin/cargo" "+1.54.0" "test" "--frozen" "--no-run" "--message-format=json", kill_on_drop: false }`
[INFO] [stdout] 1fb4774dab6bdaa8acead241c00b6249fcf39eac9822473f1668fc3e4541ba1c
[INFO] running `Command { std: "docker" "start" "-a" "1fb4774dab6bdaa8acead241c00b6249fcf39eac9822473f1668fc3e4541ba1c", kill_on_drop: false }`
[INFO] [stderr]    Compiling pull_requests v0.1.0 (/opt/rustwide/workdir)
[INFO] [stdout] warning: unused import: `std::ffi::OsString`
[INFO] [stdout]  --> src/main.rs:5:5
[INFO] [stdout]   |
[INFO] [stdout] 5 | use std::ffi::OsString;
[INFO] [stdout]   |     ^^^^^^^^^^^^^^^^^^
[INFO] [stdout]   |
[INFO] [stdout]   = note: `#[warn(unused_imports)]` on by default
[INFO] [stdout] 
[INFO] [stdout] 
[INFO] [stdout] warning: unused import: `Shell`
[INFO] [stdout]  --> src/app.rs:1:71
[INFO] [stdout]   |
[INFO] [stdout] 1 | use clap::{self, crate_authors, crate_version, App, AppSettings, Arg, Shell};
[INFO] [stdout]   |                                                                       ^^^^^
[INFO] [stdout] 
[INFO] [stdout] 
[INFO] [stdout] warning: unused imports: `Error`, `Response`
[INFO] [stdout]  --> src/requests.rs:2:21
[INFO] [stdout]   |
[INFO] [stdout] 2 | use reqwest::{self, Error, Response};
[INFO] [stdout]   |                     ^^^^^  ^^^^^^^^
[INFO] [stdout] 
[INFO] [stdout] 
[INFO] [stdout] warning: unused import: `PathBuf`
[INFO] [stdout]   --> src/main.rs:63:27
[INFO] [stdout]    |
[INFO] [stdout] 63 |     use std::path::{Path, PathBuf};
[INFO] [stdout]    |                           ^^^^^^^
[INFO] [stdout] 
[INFO] [stdout] 
[INFO] [stdout] warning: unused import: `create_dir_all`
[INFO] [stdout]   --> src/main.rs:64:41
[INFO] [stdout]    |
[INFO] [stdout] 64 |     use std::fs::{File, remove_dir_all, create_dir_all};
[INFO] [stdout]    |                                         ^^^^^^^^^^^^^^
[INFO] [stdout] 
[INFO] [stdout] 
[INFO] [stdout] warning: unused variable: `author`
[INFO] [stdout]   --> src/main.rs:30:44
[INFO] [stdout]    |
[INFO] [stdout] 30 |             let PullRequest { url, branch, author } = item;
[INFO] [stdout]    |                                            ^^^^^^ help: try ignoring the field: `author: _`
[INFO] [stdout]    |
[INFO] [stdout]    = note: `#[warn(unused_variables)]` on by default
[INFO] [stdout] 
[INFO] [stdout] 
[INFO] [stdout] warning: 6 warnings emitted
[INFO] [stdout] 
[INFO] [stdout] 
[INFO] [stderr]     Finished test [unoptimized + debuginfo] target(s) in 4.61s
[INFO] running `Command { std: "docker" "inspect" "1fb4774dab6bdaa8acead241c00b6249fcf39eac9822473f1668fc3e4541ba1c", kill_on_drop: false }`
[INFO] running `Command { std: "docker" "rm" "-f" "1fb4774dab6bdaa8acead241c00b6249fcf39eac9822473f1668fc3e4541ba1c", kill_on_drop: false }`
[INFO] [stdout] 1fb4774dab6bdaa8acead241c00b6249fcf39eac9822473f1668fc3e4541ba1c
[INFO] running `Command { std: "docker" "create" "-v" "/var/lib/crater-agent-workspace/builds/worker-12/target:/opt/rustwide/target:rw,Z" "-v" "/var/lib/crater-agent-workspace/builds/worker-12/source:/opt/rustwide/workdir:ro,Z" "-v" "/var/lib/crater-agent-workspace/cargo-home:/opt/rustwide/cargo-home:ro,Z" "-v" "/var/lib/crater-agent-workspace/rustup-home:/opt/rustwide/rustup-home:ro,Z" "-e" "SOURCE_DIR=/opt/rustwide/workdir" "-e" "CARGO_TARGET_DIR=/opt/rustwide/target" "-e" "CARGO_INCREMENTAL=0" "-e" "RUST_BACKTRACE=full" "-e" "RUSTFLAGS=--cap-lints=warn" "-e" "CARGO_HOME=/opt/rustwide/cargo-home" "-e" "RUSTUP_HOME=/opt/rustwide/rustup-home" "-w" "/opt/rustwide/workdir" "-m" "1610612736" "--user" "0:0" "--network" "none" "ghcr.io/rust-lang/crates-build-env/linux@sha256:34b6a614d2c27851fe6cbf88fbd1137609cefab8b10d0615aaeb6fd47975d74e" "/opt/rustwide/cargo-home/bin/cargo" "+1.54.0" "test" "--frozen", kill_on_drop: false }`
[INFO] [stdout] 00328a11b0d110b8b52f240c4057a02311862859b55fe55c4d237ccf8a5b3a49
[INFO] running `Command { std: "docker" "start" "-a" "00328a11b0d110b8b52f240c4057a02311862859b55fe55c4d237ccf8a5b3a49", kill_on_drop: false }`
[INFO] [stderr] warning: unused import: `std::ffi::OsString`
[INFO] [stderr]  --> src/main.rs:5:5
[INFO] [stderr]   |
[INFO] [stderr] 5 | use std::ffi::OsString;
[INFO] [stderr]   |     ^^^^^^^^^^^^^^^^^^
[INFO] [stderr]   |
[INFO] [stderr]   = note: `#[warn(unused_imports)]` on by default
[INFO] [stderr] 
[INFO] [stderr] warning: unused import: `Shell`
[INFO] [stderr]  --> src/app.rs:1:71
[INFO] [stderr]   |
[INFO] [stderr] 1 | use clap::{self, crate_authors, crate_version, App, AppSettings, Arg, Shell};
[INFO] [stderr]   |                                                                       ^^^^^
[INFO] [stderr] 
[INFO] [stderr] warning: unused imports: `Error`, `Response`
[INFO] [stderr]  --> src/requests.rs:2:21
[INFO] [stderr]   |
[INFO] [stderr] 2 | use reqwest::{self, Error, Response};
[INFO] [stderr]   |                     ^^^^^  ^^^^^^^^
[INFO] [stderr] 
[INFO] [stderr] warning: unused import: `PathBuf`
[INFO] [stderr]   --> src/main.rs:63:27
[INFO] [stderr]    |
[INFO] [stderr] 63 |     use std::path::{Path, PathBuf};
[INFO] [stderr]    |                           ^^^^^^^
[INFO] [stderr] 
[INFO] [stderr] warning: unused import: `create_dir_all`
[INFO] [stderr]   --> src/main.rs:64:41
[INFO] [stderr]    |
[INFO] [stderr] 64 |     use std::fs::{File, remove_dir_all, create_dir_all};
[INFO] [stderr]    |                                         ^^^^^^^^^^^^^^
[INFO] [stderr] 
[INFO] [stderr] warning: unused variable: `author`
[INFO] [stderr]   --> src/main.rs:30:44
[INFO] [stderr]    |
[INFO] [stderr] 30 |             let PullRequest { url, branch, author } = item;
[INFO] [stderr]    |                                            ^^^^^^ help: try ignoring the field: `author: _`
[INFO] [stderr]    |
[INFO] [stderr]    = note: `#[warn(unused_variables)]` on by default
[INFO] [stderr] 
[INFO] [stderr] warning: 6 warnings emitted
[INFO] [stderr] 
[INFO] [stderr]     Finished test [unoptimized + debuginfo] target(s) in 0.10s
[INFO] [stderr]      Running unittests (/opt/rustwide/target/debug/deps/pull_requests-bde1041894b3542a)
[INFO] [stdout] 
[INFO] [stdout] running 6 tests
[INFO] [stdout] test app::tests::can_parse_arg ... ok
[INFO] [stdout] test app::tests::default_alfred_alg ... ok
[INFO] [stdout] test tests::count_only_repos ... ok
[INFO] [stdout] test tests::ignore_non_dir ... ok
[INFO] [stdout] test app::tests::parse_env_test - should panic ... ok
[INFO] [stdout] test requests::tests::call_api ... FAILED
[INFO] [stdout] 
[INFO] [stdout] failures:
[INFO] [stdout] 
[INFO] [stdout] ---- requests::tests::call_api stdout ----
[INFO] [stdout] thread 'requests::tests::call_api' panicked at 'assertion failed: false', src/requests.rs:50:13
[INFO] [stdout] stack backtrace:
[INFO] [stdout]    0:     0x555715554320 - std::backtrace_rs::backtrace::libunwind::trace::h34055254b57d8e79
[INFO] [stdout]                                at /rustc/a178d0322ce20e33eac124758e837cbd80a6f633/library/std/src/../../backtrace/src/backtrace/libunwind.rs:90:5
[INFO] [stdout]    1:     0x555715554320 - std::backtrace_rs::backtrace::trace_unsynchronized::h8f1e3fbd9afff6ec
[INFO] [stdout]                                at /rustc/a178d0322ce20e33eac124758e837cbd80a6f633/library/std/src/../../backtrace/src/backtrace/mod.rs:66:5
[INFO] [stdout]    2:     0x555715554320 - std::sys_common::backtrace::_print_fmt::h3a99a796b770c360
[INFO] [stdout]                                at /rustc/a178d0322ce20e33eac124758e837cbd80a6f633/library/std/src/sys_common/backtrace.rs:67:5
[INFO] [stdout]    3:     0x555715554320 - <std::sys_common::backtrace::_print::DisplayBacktrace as core::fmt::Display>::fmt::h32d1f94a80615d18
[INFO] [stdout]                                at /rustc/a178d0322ce20e33eac124758e837cbd80a6f633/library/std/src/sys_common/backtrace.rs:46:22
[INFO] [stdout]    4:     0x555715579a5c - core::fmt::write::h306731c068f7162c
[INFO] [stdout]                                at /rustc/a178d0322ce20e33eac124758e837cbd80a6f633/library/core/src/fmt/mod.rs:1110:17
[INFO] [stdout]    5:     0x55571554d985 - std::io::Write::write_fmt::h87f19b0a2cd190bc
[INFO] [stdout]                                at /rustc/a178d0322ce20e33eac124758e837cbd80a6f633/library/std/src/io/mod.rs:1588:15
[INFO] [stdout]    6:     0x55571555691b - std::sys_common::backtrace::_print::h5abaa2601a852287
[INFO] [stdout]                                at /rustc/a178d0322ce20e33eac124758e837cbd80a6f633/library/std/src/sys_common/backtrace.rs:49:5
[INFO] [stdout]    7:     0x55571555691b - std::sys_common::backtrace::print::h8d81445442bb638f
[INFO] [stdout]                                at /rustc/a178d0322ce20e33eac124758e837cbd80a6f633/library/std/src/sys_common/backtrace.rs:36:9
[INFO] [stdout]    8:     0x55571555691b - std::panicking::default_hook::{{closure}}::hcfe804496a9fa747
[INFO] [stdout]                                at /rustc/a178d0322ce20e33eac124758e837cbd80a6f633/library/std/src/panicking.rs:208:50
[INFO] [stdout]    9:     0x55571555642c - std::panicking::default_hook::hbea8e3ccf2ba8901
[INFO] [stdout]                                at /rustc/a178d0322ce20e33eac124758e837cbd80a6f633/library/std/src/panicking.rs:222:9
[INFO] [stdout]   10:     0x555715556fe4 - std::panicking::rust_panic_with_hook::h7ee9e1a2d0f8975a
[INFO] [stdout]                                at /rustc/a178d0322ce20e33eac124758e837cbd80a6f633/library/std/src/panicking.rs:622:17
[INFO] [stdout]   11:     0x555715556a97 - std::panicking::begin_panic_handler::{{closure}}::h8ab3b4491718b2c7
[INFO] [stdout]                                at /rustc/a178d0322ce20e33eac124758e837cbd80a6f633/library/std/src/panicking.rs:517:13
[INFO] [stdout]   12:     0x55571555481c - std::sys_common::backtrace::__rust_end_short_backtrace::hd489062ffa586a9f
[INFO] [stdout]                                at /rustc/a178d0322ce20e33eac124758e837cbd80a6f633/library/std/src/sys_common/backtrace.rs:141:18
[INFO] [stdout]   13:     0x555715556a29 - rust_begin_unwind
[INFO] [stdout]                                at /rustc/a178d0322ce20e33eac124758e837cbd80a6f633/library/std/src/panicking.rs:515:5
[INFO] [stdout]   14:     0x555714fded81 - core::panicking::panic_fmt::hca6330e3e14086b4
[INFO] [stdout]                                at /rustc/a178d0322ce20e33eac124758e837cbd80a6f633/library/core/src/panicking.rs:92:14
[INFO] [stdout]   15:     0x555714fdeccd - core::panicking::panic::h1a48d878ff3dcd40
[INFO] [stdout]                                at /rustc/a178d0322ce20e33eac124758e837cbd80a6f633/library/core/src/panicking.rs:50:5
[INFO] [stdout]   16:     0x555714fe70fa - pull_requests::requests::tests::call_api::he4b63698d3affe43
[INFO] [stdout]                                at /opt/rustwide/workdir/src/requests.rs:50:13
[INFO] [stdout]   17:     0x555714fe6ffa - pull_requests::requests::tests::call_api::{{closure}}::h7551f4a9454113d9
[INFO] [stdout]                                at /opt/rustwide/workdir/src/requests.rs:45:5
[INFO] [stdout]   18:     0x555714fe961e - core::ops::function::FnOnce::call_once::h2e1c634341246976
[INFO] [stdout]                                at /rustc/a178d0322ce20e33eac124758e837cbd80a6f633/library/core/src/ops/function.rs:227:5
[INFO] [stdout]   19:     0x55571501b0c3 - core::ops::function::FnOnce::call_once::h152e7e439ff59e19
[INFO] [stdout]                                at /rustc/a178d0322ce20e33eac124758e837cbd80a6f633/library/core/src/ops/function.rs:227:5
[INFO] [stdout]   20:     0x55571501b0c3 - test::__rust_begin_short_backtrace::h0908f3b1fdbb72ab
[INFO] [stdout]                                at /rustc/a178d0322ce20e33eac124758e837cbd80a6f633/library/test/src/lib.rs:577:5
[INFO] [stdout]   21:     0x555715019b80 - <alloc::boxed::Box<F,A> as core::ops::function::FnOnce<Args>>::call_once::hf6d2a51e5587546c
[INFO] [stdout]                                at /rustc/a178d0322ce20e33eac124758e837cbd80a6f633/library/alloc/src/boxed.rs:1575:9
[INFO] [stdout]   22:     0x555715019b80 - <std::panic::AssertUnwindSafe<F> as core::ops::function::FnOnce<()>>::call_once::h8af660f3a89ef593
[INFO] [stdout]                                at /rustc/a178d0322ce20e33eac124758e837cbd80a6f633/library/std/src/panic.rs:347:9
[INFO] [stdout]   23:     0x555715019b80 - std::panicking::try::do_call::hd36aef60f84b6d36
[INFO] [stdout]                                at /rustc/a178d0322ce20e33eac124758e837cbd80a6f633/library/std/src/panicking.rs:401:40
[INFO] [stdout]   24:     0x555715019b80 - std::panicking::try::h9932b4480e69817c
[INFO] [stdout]                                at /rustc/a178d0322ce20e33eac124758e837cbd80a6f633/library/std/src/panicking.rs:365:19
[INFO] [stdout]   25:     0x555715019b80 - std::panic::catch_unwind::h6aa177099cfff5f8
[INFO] [stdout]                                at /rustc/a178d0322ce20e33eac124758e837cbd80a6f633/library/std/src/panic.rs:434:14
[INFO] [stdout]   26:     0x555715019b80 - test::run_test_in_process::h5884d6f2d99e20c3
[INFO] [stdout]                                at /rustc/a178d0322ce20e33eac124758e837cbd80a6f633/library/test/src/lib.rs:600:18
[INFO] [stdout]   27:     0x555715019b80 - test::run_test::run_test_inner::{{closure}}::h6fdc58c6d5f5b6e3
[INFO] [stdout]                                at /rustc/a178d0322ce20e33eac124758e837cbd80a6f633/library/test/src/lib.rs:492:39
[INFO] [stdout]   28:     0x555714ff3232 - test::run_test::run_test_inner::{{closure}}::h408365d67a78ade8
[INFO] [stdout]                                at /rustc/a178d0322ce20e33eac124758e837cbd80a6f633/library/test/src/lib.rs:519:37
[INFO] [stdout]   29:     0x555714ff3232 - std::sys_common::backtrace::__rust_begin_short_backtrace::hb560b77c4f701523
[INFO] [stdout]                                at /rustc/a178d0322ce20e33eac124758e837cbd80a6f633/library/std/src/sys_common/backtrace.rs:125:18
[INFO] [stdout]   30:     0x555714ff6de8 - std::thread::Builder::spawn_unchecked::{{closure}}::{{closure}}::hf2e7831dad93c597
[INFO] [stdout]                                at /rustc/a178d0322ce20e33eac124758e837cbd80a6f633/library/std/src/thread/mod.rs:481:17
[INFO] [stdout]   31:     0x555714ff6de8 - <std::panic::AssertUnwindSafe<F> as core::ops::function::FnOnce<()>>::call_once::hd2e08783d8be4d02
[INFO] [stdout]                                at /rustc/a178d0322ce20e33eac124758e837cbd80a6f633/library/std/src/panic.rs:347:9
[INFO] [stdout]   32:     0x555714ff6de8 - std::panicking::try::do_call::h062597b7acfd6b82
[INFO] [stdout]                                at /rustc/a178d0322ce20e33eac124758e837cbd80a6f633/library/std/src/panicking.rs:401:40
[INFO] [stdout]   33:     0x555714ff6de8 - std::panicking::try::h0d7b79db04c14552
[INFO] [stdout]                                at /rustc/a178d0322ce20e33eac124758e837cbd80a6f633/library/std/src/panicking.rs:365:19
[INFO] [stdout]   34:     0x555714ff6de8 - std::panic::catch_unwind::hb01a0b5e7c8cd43b
[INFO] [stdout]                                at /rustc/a178d0322ce20e33eac124758e837cbd80a6f633/library/std/src/panic.rs:434:14
[INFO] [stdout]   35:     0x555714ff6de8 - std::thread::Builder::spawn_unchecked::{{closure}}::h5bde48cc887e0d1e
[INFO] [stdout]                                at /rustc/a178d0322ce20e33eac124758e837cbd80a6f633/library/std/src/thread/mod.rs:480:30
[INFO] [stdout]   36:     0x555714ff6de8 - core::ops::function::FnOnce::call_once{{vtable.shim}}::h745ea30807a29e55
[INFO] [stdout]                                at /rustc/a178d0322ce20e33eac124758e837cbd80a6f633/library/core/src/ops/function.rs:227:5
[INFO] [stdout]   37:     0x55571555cf67 - <alloc::boxed::Box<F,A> as core::ops::function::FnOnce<Args>>::call_once::h7ece6cfefaff1005
[INFO] [stdout]                                at /rustc/a178d0322ce20e33eac124758e837cbd80a6f633/library/alloc/src/boxed.rs:1575:9
[INFO] [stdout]   38:     0x55571555cf67 - <alloc::boxed::Box<F,A> as core::ops::function::FnOnce<Args>>::call_once::hb8b48e55c21f193e
[INFO] [stdout]                                at /rustc/a178d0322ce20e33eac124758e837cbd80a6f633/library/alloc/src/boxed.rs:1575:9
[INFO] [stdout]   39:     0x55571555cf67 - std::sys::unix::thread::Thread::new::thread_start::h8c7c4450dba62914
[INFO] [stdout]                                at /rustc/a178d0322ce20e33eac124758e837cbd80a6f633/library/std/src/sys/unix/thread.rs:71:17
[INFO] [stdout]   40:     0x7fc72f1fc609 - start_thread
[INFO] [stdout]   41:     0x7fc72efd2293 - clone
[INFO] [stdout]   42:                0x0 - <unknown>
[INFO] [stdout] 
[INFO] [stdout] 
[INFO] [stdout] failures:
[INFO] [stdout]     requests::tests::call_api
[INFO] [stdout] 
[INFO] [stdout] test result: FAILED. 5 passed; 1 failed; 0 ignored; 0 measured; 0 filtered out; finished in 0.17s
[INFO] [stdout] 
[INFO] [stderr] error: test failed, to rerun pass '--bin pull_requests'
[INFO] running `Command { std: "docker" "inspect" "00328a11b0d110b8b52f240c4057a02311862859b55fe55c4d237ccf8a5b3a49", kill_on_drop: false }`
[INFO] running `Command { std: "docker" "rm" "-f" "00328a11b0d110b8b52f240c4057a02311862859b55fe55c4d237ccf8a5b3a49", kill_on_drop: false }`
[INFO] [stdout] 00328a11b0d110b8b52f240c4057a02311862859b55fe55c4d237ccf8a5b3a49
