[INFO] cloning repository https://github.com/vi/websocat
[INFO] running `Command { std: "git" "-c" "credential.helper=" "-c" "credential.helper=/workspace/cargo-home/bin/git-credential-null" "clone" "--bare" "https://github.com/vi/websocat" "/workspace/cache/git-repos/https%3A%2F%2Fgithub.com%2Fvi%2Fwebsocat", kill_on_drop: false }`
[INFO] [stderr] Cloning into bare repository '/workspace/cache/git-repos/https%3A%2F%2Fgithub.com%2Fvi%2Fwebsocat'...
[INFO] running `Command { std: "git" "rev-parse" "HEAD", kill_on_drop: false }`
[INFO] [stdout] 75f42452be1cdb50173ba0d921c24a3f7701fd77
[INFO] testing vi/websocat against beta-2021-08-01 for beta-1.55-1
[INFO] running `Command { std: "git" "clone" "/workspace/cache/git-repos/https%3A%2F%2Fgithub.com%2Fvi%2Fwebsocat" "/workspace/builds/worker-12/source", kill_on_drop: false }`
[INFO] [stderr] Cloning into '/workspace/builds/worker-12/source'...
[INFO] [stderr] done.
[INFO] validating manifest of git repo https://github.com/vi/websocat on toolchain beta-2021-08-01
[INFO] running `Command { std: "/workspace/cargo-home/bin/cargo" "+beta-2021-08-01" "metadata" "--manifest-path" "Cargo.toml" "--no-deps", kill_on_drop: false }`
[INFO] started tweaking git repo https://github.com/vi/websocat
[INFO] finished tweaking git repo https://github.com/vi/websocat
[INFO] tweaked toml for git repo https://github.com/vi/websocat written to /workspace/builds/worker-12/source/Cargo.toml
[INFO] crate git repo https://github.com/vi/websocat already has a lockfile, it will not be regenerated
[INFO] running `Command { std: "/workspace/cargo-home/bin/cargo" "+beta-2021-08-01" "fetch" "--manifest-path" "Cargo.toml", kill_on_drop: false }`
[INFO] [stderr]     Blocking waiting for file lock on package cache
[INFO] running `Command { std: "docker" "create" "-v" "/var/lib/crater-agent-workspace/builds/worker-12/target:/opt/rustwide/target:rw,Z" "-v" "/var/lib/crater-agent-workspace/builds/worker-12/source:/opt/rustwide/workdir:ro,Z" "-v" "/var/lib/crater-agent-workspace/cargo-home:/opt/rustwide/cargo-home:ro,Z" "-v" "/var/lib/crater-agent-workspace/rustup-home:/opt/rustwide/rustup-home:ro,Z" "-e" "SOURCE_DIR=/opt/rustwide/workdir" "-e" "CARGO_TARGET_DIR=/opt/rustwide/target" "-e" "CARGO_HOME=/opt/rustwide/cargo-home" "-e" "RUSTUP_HOME=/opt/rustwide/rustup-home" "-w" "/opt/rustwide/workdir" "-m" "1610612736" "--user" "0:0" "--network" "none" "ghcr.io/rust-lang/crates-build-env/linux@sha256:34b6a614d2c27851fe6cbf88fbd1137609cefab8b10d0615aaeb6fd47975d74e" "/opt/rustwide/cargo-home/bin/cargo" "+beta-2021-08-01" "metadata" "--no-deps" "--format-version=1", kill_on_drop: false }`
[INFO] [stdout] 7c7225c4f7574e455927da4eb2f7c6f28813a630f4a5ab16339c4d1d1bd43997
[INFO] running `Command { std: "docker" "start" "-a" "7c7225c4f7574e455927da4eb2f7c6f28813a630f4a5ab16339c4d1d1bd43997", kill_on_drop: false }`
[INFO] running `Command { std: "docker" "inspect" "7c7225c4f7574e455927da4eb2f7c6f28813a630f4a5ab16339c4d1d1bd43997", kill_on_drop: false }`
[INFO] running `Command { std: "docker" "rm" "-f" "7c7225c4f7574e455927da4eb2f7c6f28813a630f4a5ab16339c4d1d1bd43997", kill_on_drop: false }`
[INFO] [stdout] 7c7225c4f7574e455927da4eb2f7c6f28813a630f4a5ab16339c4d1d1bd43997
[INFO] running `Command { std: "docker" "create" "-v" "/var/lib/crater-agent-workspace/builds/worker-12/target:/opt/rustwide/target:rw,Z" "-v" "/var/lib/crater-agent-workspace/builds/worker-12/source:/opt/rustwide/workdir:ro,Z" "-v" "/var/lib/crater-agent-workspace/cargo-home:/opt/rustwide/cargo-home:ro,Z" "-v" "/var/lib/crater-agent-workspace/rustup-home:/opt/rustwide/rustup-home:ro,Z" "-e" "SOURCE_DIR=/opt/rustwide/workdir" "-e" "CARGO_TARGET_DIR=/opt/rustwide/target" "-e" "CARGO_INCREMENTAL=0" "-e" "RUST_BACKTRACE=full" "-e" "RUSTFLAGS=--cap-lints=warn" "-e" "CARGO_HOME=/opt/rustwide/cargo-home" "-e" "RUSTUP_HOME=/opt/rustwide/rustup-home" "-w" "/opt/rustwide/workdir" "-m" "1610612736" "--user" "0:0" "--network" "none" "ghcr.io/rust-lang/crates-build-env/linux@sha256:34b6a614d2c27851fe6cbf88fbd1137609cefab8b10d0615aaeb6fd47975d74e" "/opt/rustwide/cargo-home/bin/cargo" "+beta-2021-08-01" "build" "--frozen" "--message-format=json", kill_on_drop: false }`
[INFO] [stdout] 19b923a4c3355184a514f74d8387e33b6200da7f2c4e8c0b625b6c31c3cb4ed5
[INFO] running `Command { std: "docker" "start" "-a" "19b923a4c3355184a514f74d8387e33b6200da7f2c4e8c0b625b6c31c3cb4ed5", kill_on_drop: false }`
[INFO] [stderr]    Compiling libc v0.2.65
[INFO] [stderr]    Compiling log v0.4.8
[INFO] [stderr]    Compiling stable_deref_trait v1.1.1
[INFO] [stderr]    Compiling scopeguard v0.3.3
[INFO] [stderr]    Compiling typenum v1.12.0
[INFO] [stderr]    Compiling getrandom v0.1.13
[INFO] [stderr]    Compiling syn v0.15.44
[INFO] [stderr]    Compiling arc-swap v0.4.3
[INFO] [stderr]    Compiling unicode-segmentation v1.5.0
[INFO] [stderr]    Compiling unicode-width v0.1.5
[INFO] [stderr]    Compiling remove_dir_all v0.5.2
[INFO] [stderr]    Compiling hex v0.4.2
[INFO] [stderr]    Compiling anymap v0.12.1
[INFO] [stderr]    Compiling crossbeam-utils v0.6.6
[INFO] [stderr]    Compiling slab_typesafe v0.1.3
[INFO] [stderr]    Compiling parking_lot_core v0.4.0
[INFO] [stderr]    Compiling crossbeam-utils v0.7.0
[INFO] [stderr]    Compiling base64 v0.10.1
[INFO] [stderr]    Compiling base64 v0.9.3
[INFO] [stderr]    Compiling unicode-normalization v0.1.9
[INFO] [stderr]    Compiling textwrap v0.11.0
[INFO] [stderr]    Compiling owning_ref v0.4.0
[INFO] [stderr]    Compiling heck v0.3.1
[INFO] [stderr]    Compiling lock_api v0.1.5
[INFO] [stderr]    Compiling crossbeam-epoch v0.8.0
[INFO] [stderr]    Compiling tokio-executor v0.1.8
[INFO] [stderr]    Compiling crossbeam-queue v0.1.2
[INFO] [stderr]    Compiling log v0.3.9
[INFO] [stderr]    Compiling env_logger v0.6.2
[INFO] [stderr]    Compiling clap v2.33.0
[INFO] [stderr]    Compiling idna v0.1.5
[INFO] [stderr]    Compiling tokio-current-thread v0.1.6
[INFO] [stderr]    Compiling tokio-timer v0.2.11
[INFO] [stderr]    Compiling mime v0.2.6
[INFO] [stderr]    Compiling crossbeam-deque v0.7.2
[INFO] [stderr]    Compiling iovec v0.1.4
[INFO] [stderr]    Compiling num_cpus v1.11.0
[INFO] [stderr]    Compiling rand_os v0.1.3
[INFO] [stderr]    Compiling net2 v0.2.33
[INFO] [stderr]    Compiling signal-hook-registry v1.1.1
[INFO] [stderr]    Compiling time v0.1.42
[INFO] [stderr]    Compiling atty v0.2.14
[INFO] [stderr]    Compiling url v1.7.2
[INFO] [stderr]    Compiling rand v0.6.5
[INFO] [stderr]    Compiling tokio-threadpool v0.1.16
[INFO] [stderr]    Compiling signal-hook v0.1.11
[INFO] [stderr]    Compiling bytes v0.4.12
[INFO] [stderr]    Compiling mio v0.6.19
[INFO] [stderr]    Compiling rand_core v0.5.1
[INFO] [stderr]    Compiling generic-array v0.12.3
[INFO] [stderr]    Compiling rand_chacha v0.2.1
[INFO] [stderr]    Compiling tokio-io v0.1.12
[INFO] [stderr]    Compiling http v0.1.19
[INFO] [stderr]    Compiling digest v0.8.1
[INFO] [stderr]    Compiling block-buffer v0.7.3
[INFO] [stderr]    Compiling rand v0.7.2
[INFO] [stderr]    Compiling sha-1 v0.8.2
[INFO] [stderr]    Compiling hyper v0.10.16
[INFO] [stderr]    Compiling mio-uds v0.6.7
[INFO] [stderr]    Compiling tokio-codec v0.1.1
[INFO] [stderr]    Compiling tokio-fs v0.1.6
[INFO] [stderr]    Compiling tokio-stdin-stdout v0.1.5
[INFO] [stderr]    Compiling tempfile v3.1.0
[INFO] [stderr]    Compiling parking_lot v0.7.1
[INFO] [stderr]    Compiling http-bytes v0.1.0
[INFO] [stderr]    Compiling tokio-reactor v0.1.9
[INFO] [stderr]    Compiling tokio-tcp v0.1.3
[INFO] [stderr]    Compiling tokio-uds v0.2.5
[INFO] [stderr]    Compiling tokio-udp v0.1.5
[INFO] [stderr]    Compiling tokio-signal v0.2.7
[INFO] [stderr]    Compiling tokio-file-unix v0.5.1
[INFO] [stderr]    Compiling structopt-derive v0.2.16
[INFO] [stderr]    Compiling smart-default v0.3.0
[INFO] [stderr]    Compiling derivative v1.0.3
[INFO] [stderr]    Compiling tokio-process v0.2.4
[INFO] [stderr]    Compiling websocket-base v0.26.2
[INFO] [stderr]    Compiling tokio v0.1.22
[INFO] [stderr]    Compiling websocket v0.26.2
[INFO] [stderr]    Compiling tk-listen v0.2.1
[INFO] [stderr]    Compiling structopt v0.2.16
[INFO] [stderr]    Compiling websocat v1.8.0 (/opt/rustwide/workdir)
[INFO] [stdout] warning: trait objects without an explicit `dyn` are deprecated
[INFO] [stdout]    --> src/util.rs:100:27
[INFO] [stdout]     |
[INFO] [stdout] 100 | pub fn peer_err_sb(e: Box<std::error::Error + 'static>) -> BoxedNewPeerStream {
[INFO] [stdout]     |                           ^^^^^^^^^^^^^^^^^^^^^^^^^^^ help: use `dyn`: `dyn std::error::Error + 'static`
[INFO] [stdout]     |
[INFO] [stdout]     = note: `#[warn(bare_trait_objects)]` on by default
[INFO] [stdout]     = warning: this is accepted in the current edition (Rust 2018) but is a hard error in Rust 2021!
[INFO] [stdout]     = note: for more information, see issue #80165 <https://github.com/rust-lang/rust/issues/80165>
[INFO] [stdout] 
[INFO] [stdout] 
[INFO] [stdout] warning: trait objects without an explicit `dyn` are deprecated
[INFO] [stdout]   --> src/lib.rs:92:17
[INFO] [stdout]    |
[INFO] [stdout] 92 |             s1: Specifier::from_stack(&self.s1)?,
[INFO] [stdout]    |                 ^^^^^^^^^ help: use `dyn`: `<dyn Specifier>`
[INFO] [stdout]    |
[INFO] [stdout]    = warning: this is accepted in the current edition (Rust 2018) but is a hard error in Rust 2021!
[INFO] [stdout]    = note: for more information, see issue #80165 <https://github.com/rust-lang/rust/issues/80165>
[INFO] [stdout] 
[INFO] [stdout] 
[INFO] [stdout] warning: trait objects without an explicit `dyn` are deprecated
[INFO] [stdout]   --> src/lib.rs:93:17
[INFO] [stdout]    |
[INFO] [stdout] 93 |             s2: Specifier::from_stack(&self.s2)?,
[INFO] [stdout]    |                 ^^^^^^^^^ help: use `dyn`: `<dyn Specifier>`
[INFO] [stdout]    |
[INFO] [stdout]    = warning: this is accepted in the current edition (Rust 2018) but is a hard error in Rust 2021!
[INFO] [stdout]    = note: for more information, see issue #80165 <https://github.com/rust-lang/rust/issues/80165>
[INFO] [stdout] 
[INFO] [stdout] 
[INFO] [stdout] warning: trait objects without an explicit `dyn` are deprecated
[INFO] [stdout]  --> src/specparse.rs:7:5
[INFO] [stdout]   |
[INFO] [stdout] 7 |     Specifier::from_stack(&SpecifierStack::from_str(s)?)
[INFO] [stdout]   |     ^^^^^^^^^ help: use `dyn`: `<dyn Specifier>`
[INFO] [stdout]   |
[INFO] [stdout]   = warning: this is accepted in the current edition (Rust 2018) but is a hard error in Rust 2021!
[INFO] [stdout]   = note: for more information, see issue #80165 <https://github.com/rust-lang/rust/issues/80165>
[INFO] [stdout] 
[INFO] [stdout] 
[INFO] [stdout] warning: value assigned to `finished_but_loop_around` is never read
[INFO] [stdout]    --> src/foreachmsg_peer.rs:176:21
[INFO] [stdout]     |
[INFO] [stdout] 176 |             let mut finished_but_loop_around = false;
[INFO] [stdout]     |                     ^^^^^^^^^^^^^^^^^^^^^^^^
[INFO] [stdout]     |
[INFO] [stdout]     = note: `#[warn(unused_assignments)]` on by default
[INFO] [stdout]     = help: maybe it is overwritten before being read?
[INFO] [stdout] 
[INFO] [stdout] 
[INFO] [stdout] warning: 5 warnings emitted
[INFO] [stdout] 
[INFO] [stdout] 
[INFO] [stderr]     Finished dev [unoptimized + debuginfo] target(s) in 48.74s
[INFO] running `Command { std: "docker" "inspect" "19b923a4c3355184a514f74d8387e33b6200da7f2c4e8c0b625b6c31c3cb4ed5", kill_on_drop: false }`
[INFO] running `Command { std: "docker" "rm" "-f" "19b923a4c3355184a514f74d8387e33b6200da7f2c4e8c0b625b6c31c3cb4ed5", kill_on_drop: false }`
[INFO] [stdout] 19b923a4c3355184a514f74d8387e33b6200da7f2c4e8c0b625b6c31c3cb4ed5
[INFO] running `Command { std: "docker" "create" "-v" "/var/lib/crater-agent-workspace/builds/worker-12/target:/opt/rustwide/target:rw,Z" "-v" "/var/lib/crater-agent-workspace/builds/worker-12/source:/opt/rustwide/workdir:ro,Z" "-v" "/var/lib/crater-agent-workspace/cargo-home:/opt/rustwide/cargo-home:ro,Z" "-v" "/var/lib/crater-agent-workspace/rustup-home:/opt/rustwide/rustup-home:ro,Z" "-e" "SOURCE_DIR=/opt/rustwide/workdir" "-e" "CARGO_TARGET_DIR=/opt/rustwide/target" "-e" "CARGO_INCREMENTAL=0" "-e" "RUST_BACKTRACE=full" "-e" "RUSTFLAGS=--cap-lints=warn" "-e" "CARGO_HOME=/opt/rustwide/cargo-home" "-e" "RUSTUP_HOME=/opt/rustwide/rustup-home" "-w" "/opt/rustwide/workdir" "-m" "1610612736" "--user" "0:0" "--network" "none" "ghcr.io/rust-lang/crates-build-env/linux@sha256:34b6a614d2c27851fe6cbf88fbd1137609cefab8b10d0615aaeb6fd47975d74e" "/opt/rustwide/cargo-home/bin/cargo" "+beta-2021-08-01" "test" "--frozen" "--no-run" "--message-format=json", kill_on_drop: false }`
[INFO] [stdout] cd989a451bea8ddb409092a582a104ec0a039fecf0faee6ae244f927e2f23966
[INFO] running `Command { std: "docker" "start" "-a" "cd989a451bea8ddb409092a582a104ec0a039fecf0faee6ae244f927e2f23966", kill_on_drop: false }`
[INFO] [stderr]     Blocking waiting for file lock on package cache
[INFO] [stderr]     Blocking waiting for file lock on package cache
[INFO] [stderr]    Compiling websocat v1.8.0 (/opt/rustwide/workdir)
[INFO] [stdout] warning: trait objects without an explicit `dyn` are deprecated
[INFO] [stdout]    --> src/util.rs:100:27
[INFO] [stdout]     |
[INFO] [stdout] 100 | pub fn peer_err_sb(e: Box<std::error::Error + 'static>) -> BoxedNewPeerStream {
[INFO] [stdout]     |                           ^^^^^^^^^^^^^^^^^^^^^^^^^^^ help: use `dyn`: `dyn std::error::Error + 'static`
[INFO] [stdout]     |
[INFO] [stdout]     = note: `#[warn(bare_trait_objects)]` on by default
[INFO] [stdout]     = warning: this is accepted in the current edition (Rust 2018) but is a hard error in Rust 2021!
[INFO] [stdout]     = note: for more information, see issue #80165 <https://github.com/rust-lang/rust/issues/80165>
[INFO] [stdout] 
[INFO] [stdout] 
[INFO] [stdout] warning: trait objects without an explicit `dyn` are deprecated
[INFO] [stdout]   --> src/lib.rs:92:17
[INFO] [stdout]    |
[INFO] [stdout] 92 |             s1: Specifier::from_stack(&self.s1)?,
[INFO] [stdout]    |                 ^^^^^^^^^ help: use `dyn`: `<dyn Specifier>`
[INFO] [stdout]    |
[INFO] [stdout]    = warning: this is accepted in the current edition (Rust 2018) but is a hard error in Rust 2021!
[INFO] [stdout]    = note: for more information, see issue #80165 <https://github.com/rust-lang/rust/issues/80165>
[INFO] [stdout] 
[INFO] [stdout] 
[INFO] [stdout] warning: trait objects without an explicit `dyn` are deprecated
[INFO] [stdout]   --> src/lib.rs:93:17
[INFO] [stdout]    |
[INFO] [stdout] 93 |             s2: Specifier::from_stack(&self.s2)?,
[INFO] [stdout]    |                 ^^^^^^^^^ help: use `dyn`: `<dyn Specifier>`
[INFO] [stdout]    |
[INFO] [stdout]    = warning: this is accepted in the current edition (Rust 2018) but is a hard error in Rust 2021!
[INFO] [stdout]    = note: for more information, see issue #80165 <https://github.com/rust-lang/rust/issues/80165>
[INFO] [stdout] 
[INFO] [stdout] 
[INFO] [stdout] warning: trait objects without an explicit `dyn` are deprecated
[INFO] [stdout]  --> src/specparse.rs:7:5
[INFO] [stdout]   |
[INFO] [stdout] 7 |     Specifier::from_stack(&SpecifierStack::from_str(s)?)
[INFO] [stdout]   |     ^^^^^^^^^ help: use `dyn`: `<dyn Specifier>`
[INFO] [stdout]   |
[INFO] [stdout]   = warning: this is accepted in the current edition (Rust 2018) but is a hard error in Rust 2021!
[INFO] [stdout]   = note: for more information, see issue #80165 <https://github.com/rust-lang/rust/issues/80165>
[INFO] [stdout] 
[INFO] [stdout] 
[INFO] [stdout] warning: value assigned to `finished_but_loop_around` is never read
[INFO] [stdout]    --> src/foreachmsg_peer.rs:176:21
[INFO] [stdout]     |
[INFO] [stdout] 176 |             let mut finished_but_loop_around = false;
[INFO] [stdout]     |                     ^^^^^^^^^^^^^^^^^^^^^^^^
[INFO] [stdout]     |
[INFO] [stdout]     = note: `#[warn(unused_assignments)]` on by default
[INFO] [stdout]     = help: maybe it is overwritten before being read?
[INFO] [stdout] 
[INFO] [stdout] 
[INFO] [stdout] warning: 5 warnings emitted
[INFO] [stdout] 
[INFO] [stdout] 
[INFO] [stdout] warning: trait objects without an explicit `dyn` are deprecated
[INFO] [stdout]    --> src/util.rs:100:27
[INFO] [stdout]     |
[INFO] [stdout] 100 | pub fn peer_err_sb(e: Box<std::error::Error + 'static>) -> BoxedNewPeerStream {
[INFO] [stdout]     |                           ^^^^^^^^^^^^^^^^^^^^^^^^^^^ help: use `dyn`: `dyn std::error::Error + 'static`
[INFO] [stdout]     |
[INFO] [stdout]     = note: `#[warn(bare_trait_objects)]` on by default
[INFO] [stdout]     = warning: this is accepted in the current edition (Rust 2018) but is a hard error in Rust 2021!
[INFO] [stdout]     = note: for more information, see issue #80165 <https://github.com/rust-lang/rust/issues/80165>
[INFO] [stdout] 
[INFO] [stdout] 
[INFO] [stdout] warning: trait objects without an explicit `dyn` are deprecated
[INFO] [stdout]   --> src/lib.rs:92:17
[INFO] [stdout]    |
[INFO] [stdout] 92 |             s1: Specifier::from_stack(&self.s1)?,
[INFO] [stdout]    |                 ^^^^^^^^^ help: use `dyn`: `<dyn Specifier>`
[INFO] [stdout]    |
[INFO] [stdout]    = warning: this is accepted in the current edition (Rust 2018) but is a hard error in Rust 2021!
[INFO] [stdout]    = note: for more information, see issue #80165 <https://github.com/rust-lang/rust/issues/80165>
[INFO] [stdout] 
[INFO] [stdout] 
[INFO] [stdout] warning: trait objects without an explicit `dyn` are deprecated
[INFO] [stdout]   --> src/lib.rs:93:17
[INFO] [stdout]    |
[INFO] [stdout] 93 |             s2: Specifier::from_stack(&self.s2)?,
[INFO] [stdout]    |                 ^^^^^^^^^ help: use `dyn`: `<dyn Specifier>`
[INFO] [stdout]    |
[INFO] [stdout]    = warning: this is accepted in the current edition (Rust 2018) but is a hard error in Rust 2021!
[INFO] [stdout]    = note: for more information, see issue #80165 <https://github.com/rust-lang/rust/issues/80165>
[INFO] [stdout] 
[INFO] [stdout] 
[INFO] [stdout] warning: trait objects without an explicit `dyn` are deprecated
[INFO] [stdout]  --> src/specparse.rs:7:5
[INFO] [stdout]   |
[INFO] [stdout] 7 |     Specifier::from_stack(&SpecifierStack::from_str(s)?)
[INFO] [stdout]   |     ^^^^^^^^^ help: use `dyn`: `<dyn Specifier>`
[INFO] [stdout]   |
[INFO] [stdout]   = warning: this is accepted in the current edition (Rust 2018) but is a hard error in Rust 2021!
[INFO] [stdout]   = note: for more information, see issue #80165 <https://github.com/rust-lang/rust/issues/80165>
[INFO] [stdout] 
[INFO] [stdout] 
[INFO] [stdout] warning: value assigned to `finished_but_loop_around` is never read
[INFO] [stdout]    --> src/foreachmsg_peer.rs:176:21
[INFO] [stdout]     |
[INFO] [stdout] 176 |             let mut finished_but_loop_around = false;
[INFO] [stdout]     |                     ^^^^^^^^^^^^^^^^^^^^^^^^
[INFO] [stdout]     |
[INFO] [stdout]     = note: `#[warn(unused_assignments)]` on by default
[INFO] [stdout]     = help: maybe it is overwritten before being read?
[INFO] [stdout] 
[INFO] [stdout] 
[INFO] [stdout] warning: 5 warnings emitted
[INFO] [stdout] 
[INFO] [stdout] 
[INFO] [stderr]     Finished test [unoptimized + debuginfo] target(s) in 7.57s
[INFO] running `Command { std: "docker" "inspect" "cd989a451bea8ddb409092a582a104ec0a039fecf0faee6ae244f927e2f23966", kill_on_drop: false }`
[INFO] running `Command { std: "docker" "rm" "-f" "cd989a451bea8ddb409092a582a104ec0a039fecf0faee6ae244f927e2f23966", kill_on_drop: false }`
[INFO] [stdout] cd989a451bea8ddb409092a582a104ec0a039fecf0faee6ae244f927e2f23966
[INFO] running `Command { std: "docker" "create" "-v" "/var/lib/crater-agent-workspace/builds/worker-12/target:/opt/rustwide/target:rw,Z" "-v" "/var/lib/crater-agent-workspace/builds/worker-12/source:/opt/rustwide/workdir:ro,Z" "-v" "/var/lib/crater-agent-workspace/cargo-home:/opt/rustwide/cargo-home:ro,Z" "-v" "/var/lib/crater-agent-workspace/rustup-home:/opt/rustwide/rustup-home:ro,Z" "-e" "SOURCE_DIR=/opt/rustwide/workdir" "-e" "CARGO_TARGET_DIR=/opt/rustwide/target" "-e" "CARGO_INCREMENTAL=0" "-e" "RUST_BACKTRACE=full" "-e" "RUSTFLAGS=--cap-lints=warn" "-e" "CARGO_HOME=/opt/rustwide/cargo-home" "-e" "RUSTUP_HOME=/opt/rustwide/rustup-home" "-w" "/opt/rustwide/workdir" "-m" "1610612736" "--user" "0:0" "--network" "none" "ghcr.io/rust-lang/crates-build-env/linux@sha256:34b6a614d2c27851fe6cbf88fbd1137609cefab8b10d0615aaeb6fd47975d74e" "/opt/rustwide/cargo-home/bin/cargo" "+beta-2021-08-01" "test" "--frozen", kill_on_drop: false }`
[INFO] [stdout] 190b5200a88af3f92d675367e50371e811b5cd4f793829fd53d1f4b0fee2f11d
[INFO] running `Command { std: "docker" "start" "-a" "190b5200a88af3f92d675367e50371e811b5cd4f793829fd53d1f4b0fee2f11d", kill_on_drop: false }`
[INFO] [stderr] warning: trait objects without an explicit `dyn` are deprecated
[INFO] [stderr]    --> src/util.rs:100:27
[INFO] [stderr]     |
[INFO] [stderr] 100 | pub fn peer_err_sb(e: Box<std::error::Error + 'static>) -> BoxedNewPeerStream {
[INFO] [stderr]     |                           ^^^^^^^^^^^^^^^^^^^^^^^^^^^ help: use `dyn`: `dyn std::error::Error + 'static`
[INFO] [stderr]     |
[INFO] [stderr]     = note: `#[warn(bare_trait_objects)]` on by default
[INFO] [stderr]     = warning: this is accepted in the current edition (Rust 2018) but is a hard error in Rust 2021!
[INFO] [stderr]     = note: for more information, see issue #80165 <https://github.com/rust-lang/rust/issues/80165>
[INFO] [stderr] 
[INFO] [stderr] warning: trait objects without an explicit `dyn` are deprecated
[INFO] [stderr]   --> src/lib.rs:92:17
[INFO] [stderr]    |
[INFO] [stderr] 92 |             s1: Specifier::from_stack(&self.s1)?,
[INFO] [stderr]    |                 ^^^^^^^^^ help: use `dyn`: `<dyn Specifier>`
[INFO] [stderr]    |
[INFO] [stderr]    = warning: this is accepted in the current edition (Rust 2018) but is a hard error in Rust 2021!
[INFO] [stderr]    = note: for more information, see issue #80165 <https://github.com/rust-lang/rust/issues/80165>
[INFO] [stderr] 
[INFO] [stderr] warning: trait objects without an explicit `dyn` are deprecated
[INFO] [stderr]   --> src/lib.rs:93:17
[INFO] [stderr]    |
[INFO] [stderr] 93 |             s2: Specifier::from_stack(&self.s2)?,
[INFO] [stderr]    |                 ^^^^^^^^^ help: use `dyn`: `<dyn Specifier>`
[INFO] [stderr]    |
[INFO] [stderr]    = warning: this is accepted in the current edition (Rust 2018) but is a hard error in Rust 2021!
[INFO] [stderr]    = note: for more information, see issue #80165 <https://github.com/rust-lang/rust/issues/80165>
[INFO] [stderr] 
[INFO] [stderr] warning: trait objects without an explicit `dyn` are deprecated
[INFO] [stderr]  --> src/specparse.rs:7:5
[INFO] [stderr]   |
[INFO] [stderr] 7 |     Specifier::from_stack(&SpecifierStack::from_str(s)?)
[INFO] [stderr]   |     ^^^^^^^^^ help: use `dyn`: `<dyn Specifier>`
[INFO] [stderr]   |
[INFO] [stderr]   = warning: this is accepted in the current edition (Rust 2018) but is a hard error in Rust 2021!
[INFO] [stderr]   = note: for more information, see issue #80165 <https://github.com/rust-lang/rust/issues/80165>
[INFO] [stderr] 
[INFO] [stderr] warning: value assigned to `finished_but_loop_around` is never read
[INFO] [stderr]    --> src/foreachmsg_peer.rs:176:21
[INFO] [stderr]     |
[INFO] [stderr] 176 |             let mut finished_but_loop_around = false;
[INFO] [stderr]     |                     ^^^^^^^^^^^^^^^^^^^^^^^^
[INFO] [stderr]     |
[INFO] [stderr]     = note: `#[warn(unused_assignments)]` on by default
[INFO] [stderr]     = help: maybe it is overwritten before being read?
[INFO] [stderr] 
[INFO] [stderr] warning: `websocat` (lib) generated 5 warnings
[INFO] [stderr] warning: `websocat` (lib test) generated 5 warnings (5 duplicates)
[INFO] [stderr]     Finished test [unoptimized + debuginfo] target(s) in 0.12s
[INFO] [stderr]      Running unittests (/opt/rustwide/target/debug/deps/websocat-d5668c77a1430681)
[INFO] [stdout] 
[INFO] [stdout] running 1 test
[INFO] [stdout] test http_peer::test_basic_sse_stream ... ok
[INFO] [stdout] 
[INFO] [stdout] test result: ok. 1 passed; 0 failed; 0 ignored; 0 measured; 0 filtered out; finished in 0.00s
[INFO] [stdout] 
[INFO] [stderr]      Running unittests (/opt/rustwide/target/debug/deps/websocat-410d35f55254dfdf)
[INFO] [stdout] 
[INFO] [stderr]      Running tests/test.rs (/opt/rustwide/target/debug/deps/test-ac392e8c9ac9dd96)
[INFO] [stdout] running 0 tests
[INFO] [stdout] 
[INFO] [stdout] test result: ok. 0 passed; 0 failed; 0 ignored; 0 measured; 0 filtered out; finished in 0.00s
[INFO] [stdout] 
[INFO] [stdout] 
[INFO] [stdout] running 7 tests
[INFO] [stdout] test trivial ... ok
[INFO] [stdout] test unix ... FAILED
[INFO] [stdout] test abstract_ ... ok
[INFO] [stdout] test ws ... ok
[INFO] [stdout] test tcp ... ok
[INFO] [stdout] test ws_ll ... ok
[INFO] [stdout] test ws_persist ... ok
[INFO] [stdout] 
[INFO] [stdout] failures:
[INFO] [stdout] 
[INFO] [stdout] ---- unix stdout ----
[INFO] [stdout] Read-only file system (os error 30)
[INFO] [stdout] thread 'unix' panicked at 'explicit panic', tests/test.rs:196:17
[INFO] [stdout] stack backtrace:
[INFO] [stdout]    0:     0x55732751e1c0 - std::backtrace_rs::backtrace::libunwind::trace::hff4d1766e93f64f1
[INFO] [stdout]                                at /rustc/53fd98ca776cb875bc9e5514f56b52eb74f9e7a9/library/std/src/../../backtrace/src/backtrace/libunwind.rs:90:5
[INFO] [stdout]    1:     0x55732751e1c0 - std::backtrace_rs::backtrace::trace_unsynchronized::h56bbc8eb78770bcb
[INFO] [stdout]                                at /rustc/53fd98ca776cb875bc9e5514f56b52eb74f9e7a9/library/std/src/../../backtrace/src/backtrace/mod.rs:66:5
[INFO] [stdout]    2:     0x55732751e1c0 - std::sys_common::backtrace::_print_fmt::h5c8e75464faca780
[INFO] [stdout]                                at /rustc/53fd98ca776cb875bc9e5514f56b52eb74f9e7a9/library/std/src/sys_common/backtrace.rs:67:5
[INFO] [stdout]    3:     0x55732751e1c0 - <std::sys_common::backtrace::_print::DisplayBacktrace as core::fmt::Display>::fmt::h48b88277def8b362
[INFO] [stdout]                                at /rustc/53fd98ca776cb875bc9e5514f56b52eb74f9e7a9/library/std/src/sys_common/backtrace.rs:46:22
[INFO] [stdout]    4:     0x55732754201c - core::fmt::write::h3381b3176fe2b3d3
[INFO] [stdout]                                at /rustc/53fd98ca776cb875bc9e5514f56b52eb74f9e7a9/library/core/src/fmt/mod.rs:1115:17
[INFO] [stdout]    5:     0x557327516b45 - std::io::Write::write_fmt::h5f34a676f60246b5
[INFO] [stdout]                                at /rustc/53fd98ca776cb875bc9e5514f56b52eb74f9e7a9/library/std/src/io/mod.rs:1665:15
[INFO] [stdout]    6:     0x5573275203ab - std::sys_common::backtrace::_print::ha537687d6c17dd0d
[INFO] [stdout]                                at /rustc/53fd98ca776cb875bc9e5514f56b52eb74f9e7a9/library/std/src/sys_common/backtrace.rs:49:5
[INFO] [stdout]    7:     0x5573275203ab - std::sys_common::backtrace::print::h61376ae57d131d72
[INFO] [stdout]                                at /rustc/53fd98ca776cb875bc9e5514f56b52eb74f9e7a9/library/std/src/sys_common/backtrace.rs:36:9
[INFO] [stdout]    8:     0x5573275203ab - std::panicking::default_hook::{{closure}}::h0f7208c0b9644a54
[INFO] [stdout]                                at /rustc/53fd98ca776cb875bc9e5514f56b52eb74f9e7a9/library/std/src/panicking.rs:208:50
[INFO] [stdout]    9:     0x55732751febc - std::panicking::default_hook::hdac7fc06578c14ce
[INFO] [stdout]                                at /rustc/53fd98ca776cb875bc9e5514f56b52eb74f9e7a9/library/std/src/panicking.rs:222:9
[INFO] [stdout]   10:     0x557327520a74 - std::panicking::rust_panic_with_hook::h72b21c283da3d1ef
[INFO] [stdout]                                at /rustc/53fd98ca776cb875bc9e5514f56b52eb74f9e7a9/library/std/src/panicking.rs:622:17
[INFO] [stdout]   11:     0x5573274fda13 - std::panicking::begin_panic::{{closure}}::h2580663ebe3c0574
[INFO] [stdout]                                at /rustc/53fd98ca776cb875bc9e5514f56b52eb74f9e7a9/library/std/src/panicking.rs:542:9
[INFO] [stdout]   12:     0x5573274fd0c9 - std::sys_common::backtrace::__rust_end_short_backtrace::hcf162a632b860e06
[INFO] [stdout]                                at /rustc/53fd98ca776cb875bc9e5514f56b52eb74f9e7a9/library/std/src/sys_common/backtrace.rs:141:18
[INFO] [stdout]   13:     0x5573274fd949 - std::panicking::begin_panic::h465407f198e809f9
[INFO] [stdout]                                at /rustc/53fd98ca776cb875bc9e5514f56b52eb74f9e7a9/library/std/src/panicking.rs:541:12
[INFO] [stdout]   14:     0x557327056acd - test::unix::{{closure}}::h2a761e777c3e13e1
[INFO] [stdout]                                at /opt/rustwide/workdir/tests/test.rs:49:13
[INFO] [stdout]   15:     0x557326fafdb9 - websocat::sessionserve::serve_impl::{{closure}}::head61cdffa27299e
[INFO] [stdout]                                at /opt/rustwide/workdir/src/sessionserve.rs:262:46
[INFO] [stdout]   16:     0x557327013495 - core::result::Result<T,E>::map_err::hded6b4273768d100
[INFO] [stdout]                                at /rustc/53fd98ca776cb875bc9e5514f56b52eb74f9e7a9/library/core/src/result.rs:835:27
[INFO] [stdout]   17:     0x557326fdb5d0 - <futures::future::map_err::MapErr<A,F> as futures::future::Future>::poll::h55fc9c69d8f71840
[INFO] [stdout]                                at /opt/rustwide/cargo-home/registry/src/github.com-1ecc6299db9ec823/futures-0.1.29/src/future/map_err.rs:34:9
[INFO] [stdout]   18:     0x5573272f4716 - <alloc::boxed::Box<F> as futures::future::Future>::poll::h691df9e14524d041
[INFO] [stdout]                                at /opt/rustwide/cargo-home/registry/src/github.com-1ecc6299db9ec823/futures-0.1.29/src/future/mod.rs:113:13
[INFO] [stdout]   19:     0x557326f54cd0 - futures::future::chain::Chain<A,B,C>::poll::h93631052f8d9d0b3
[INFO] [stdout]                                at /opt/rustwide/cargo-home/registry/src/github.com-1ecc6299db9ec823/futures-0.1.29/src/future/chain.rs:42:27
[INFO] [stdout]   20:     0x557326feb3ae - <futures::future::and_then::AndThen<A,B,F> as futures::future::Future>::poll::h4c603ccea9d6716c
[INFO] [stdout]                                at /opt/rustwide/cargo-home/registry/src/github.com-1ecc6299db9ec823/futures-0.1.29/src/future/and_then.rs:32:9
[INFO] [stdout]   21:     0x55732706c1da - futures::future::join::MaybeDone<A>::poll::h168f4f7abd357326
[INFO] [stdout]                                at /opt/rustwide/cargo-home/registry/src/github.com-1ecc6299db9ec823/futures-0.1.29/src/future/join.rs:153:45
[INFO] [stdout]   22:     0x557327072063 - <futures::future::join::Join<A,B> as futures::future::Future>::poll::hd0195fe9a0876bb8
[INFO] [stdout]                                at /opt/rustwide/cargo-home/registry/src/github.com-1ecc6299db9ec823/futures-0.1.29/src/future/join.rs:67:42
[INFO] [stdout]   23:     0x55732706205e - futures::task_impl::Spawn<T>::poll_future_notify::{{closure}}::h22a90aaa4469cd14
[INFO] [stdout]                                at /opt/rustwide/cargo-home/registry/src/github.com-1ecc6299db9ec823/futures-0.1.29/src/task_impl/mod.rs:329:45
[INFO] [stdout]   24:     0x55732706293b - futures::task_impl::Spawn<T>::enter::{{closure}}::h1b4c8b3da2cdc48e
[INFO] [stdout]                                at /opt/rustwide/cargo-home/registry/src/github.com-1ecc6299db9ec823/futures-0.1.29/src/task_impl/mod.rs:399:27
[INFO] [stdout]   25:     0x55732706338e - futures::task_impl::std::set::he58562d8332e47b2
[INFO] [stdout]                                at /opt/rustwide/cargo-home/registry/src/github.com-1ecc6299db9ec823/futures-0.1.29/src/task_impl/std/mod.rs:83:13
[INFO] [stdout]   26:     0x557327062783 - futures::task_impl::Spawn<T>::enter::hb3bb4c2a2ff2659a
[INFO] [stdout]                                at /opt/rustwide/cargo-home/registry/src/github.com-1ecc6299db9ec823/futures-0.1.29/src/task_impl/mod.rs:399:9
[INFO] [stdout]   27:     0x55732706194b - futures::task_impl::Spawn<T>::poll_fn_notify::h5376870156693efe
[INFO] [stdout]                                at /opt/rustwide/cargo-home/registry/src/github.com-1ecc6299db9ec823/futures-0.1.29/src/task_impl/mod.rs:291:9
[INFO] [stdout]   28:     0x557327061ef8 - futures::task_impl::Spawn<T>::poll_future_notify::h1638b41682f7c14f
[INFO] [stdout]                                at /opt/rustwide/cargo-home/registry/src/github.com-1ecc6299db9ec823/futures-0.1.29/src/task_impl/mod.rs:329:9
[INFO] [stdout]   29:     0x55732706aee7 - tokio_current_thread::Entered<P>::block_on::{{closure}}::h4e48afffeef5351f
[INFO] [stdout]                                at /opt/rustwide/cargo-home/registry/src/github.com-1ecc6299db9ec823/tokio-current-thread-0.1.6/src/lib.rs:494:39
[INFO] [stdout]   30:     0x557327069533 - tokio_current_thread::Borrow<U>::enter::{{closure}}::{{closure}}::hfcc7cb7a9a6c3f75
[INFO] [stdout]                                at /opt/rustwide/cargo-home/registry/src/github.com-1ecc6299db9ec823/tokio-current-thread-0.1.6/src/lib.rs:788:40
[INFO] [stdout]   31:     0x5573270689ab - tokio_current_thread::CurrentRunner::set_spawn::hb55b6232e76ecf5c
[INFO] [stdout]                                at /opt/rustwide/cargo-home/registry/src/github.com-1ecc6299db9ec823/tokio-current-thread-0.1.6/src/lib.rs:825:9
[INFO] [stdout]   32:     0x557327069357 - tokio_current_thread::Borrow<U>::enter::{{closure}}::hb2842b208a0763cb
[INFO] [stdout]                                at /opt/rustwide/cargo-home/registry/src/github.com-1ecc6299db9ec823/tokio-current-thread-0.1.6/src/lib.rs:788:13
[INFO] [stdout]   33:     0x55732704e381 - std::thread::local::LocalKey<T>::try_with::h25e7fb58d76c313b
[INFO] [stdout]                                at /rustc/53fd98ca776cb875bc9e5514f56b52eb74f9e7a9/library/std/src/thread/local.rs:399:16
[INFO] [stdout]   34:     0x55732704d00d - std::thread::local::LocalKey<T>::with::h41cb44162cc9d9c3
[INFO] [stdout]                                at /rustc/53fd98ca776cb875bc9e5514f56b52eb74f9e7a9/library/std/src/thread/local.rs:375:9
[INFO] [stdout]   35:     0x557327068e9d - tokio_current_thread::Borrow<U>::enter::hcafaca50f9cd40b0
[INFO] [stdout]                                at /opt/rustwide/cargo-home/registry/src/github.com-1ecc6299db9ec823/tokio-current-thread-0.1.6/src/lib.rs:786:9
[INFO] [stdout]   36:     0x55732706a85e - tokio_current_thread::Entered<P>::block_on::ha946b9cafce80bd1
[INFO] [stdout]                                at /opt/rustwide/cargo-home/registry/src/github.com-1ecc6299db9ec823/tokio-current-thread-0.1.6/src/lib.rs:491:23
[INFO] [stdout]   37:     0x557326ffedd8 - tokio::runtime::current_thread::runtime::Runtime::block_on::{{closure}}::h045f2a9d41c140f4
[INFO] [stdout]                                at /opt/rustwide/cargo-home/registry/src/github.com-1ecc6299db9ec823/tokio-0.1.22/src/runtime/current_thread/runtime.rs:200:23
[INFO] [stdout]   38:     0x557326ffe76f - tokio::runtime::current_thread::runtime::Runtime::enter::{{closure}}::{{closure}}::{{closure}}::{{closure}}::h6d67f62357bb9a85
[INFO] [stdout]                                at /opt/rustwide/cargo-home/registry/src/github.com-1ecc6299db9ec823/tokio-0.1.22/src/runtime/current_thread/runtime.rs:241:25
[INFO] [stdout]   39:     0x557326ff6ba5 - tokio_executor::global::with_default::{{closure}}::hbc83b99b290c57f6
[INFO] [stdout]                                at /opt/rustwide/cargo-home/registry/src/github.com-1ecc6299db9ec823/tokio-executor-0.1.8/src/global.rs:209:9
[INFO] [stdout]   40:     0x55732704ee6a - std::thread::local::LocalKey<T>::try_with::h4abb304d5b7c17eb
[INFO] [stdout]                                at /rustc/53fd98ca776cb875bc9e5514f56b52eb74f9e7a9/library/std/src/thread/local.rs:399:16
[INFO] [stdout]   41:     0x55732704cd22 - std::thread::local::LocalKey<T>::with::h266531d1d3e0fe12
[INFO] [stderr] error: test failed, to rerun pass '--test test'
[INFO] [stdout]                                at /rustc/53fd98ca776cb875bc9e5514f56b52eb74f9e7a9/library/std/src/thread/local.rs:375:9
[INFO] [stdout]   42:     0x557326ff6259 - tokio_executor::global::with_default::hc08646db94930582
[INFO] [stdout]                                at /opt/rustwide/cargo-home/registry/src/github.com-1ecc6299db9ec823/tokio-executor-0.1.8/src/global.rs:178:5
[INFO] [stdout]   43:     0x557326ffe374 - tokio::runtime::current_thread::runtime::Runtime::enter::{{closure}}::{{closure}}::{{closure}}::hbd1864fdb83a6cf7
[INFO] [stdout]                                at /opt/rustwide/cargo-home/registry/src/github.com-1ecc6299db9ec823/tokio-0.1.22/src/runtime/current_thread/runtime.rs:239:21
[INFO] [stdout]   44:     0x557326ff53c2 - tokio_timer::timer::handle::with_default::{{closure}}::h5b78a6bd4d662470
[INFO] [stdout]                                at /opt/rustwide/cargo-home/registry/src/github.com-1ecc6299db9ec823/tokio-timer-0.2.11/src/timer/handle.rs:101:9
[INFO] [stdout]   45:     0x557327050aaa - std::thread::local::LocalKey<T>::try_with::hfa9c07664d9ab2af
[INFO] [stdout]                                at /rustc/53fd98ca776cb875bc9e5514f56b52eb74f9e7a9/library/std/src/thread/local.rs:399:16
[INFO] [stdout]   46:     0x55732704cf32 - std::thread::local::LocalKey<T>::with::h3dd5e206153bf399
[INFO] [stdout]                                at /rustc/53fd98ca776cb875bc9e5514f56b52eb74f9e7a9/library/std/src/thread/local.rs:375:9
[INFO] [stdout]   47:     0x557326ff4827 - tokio_timer::timer::handle::with_default::h3a320e6cef3977a5
[INFO] [stdout]                                at /opt/rustwide/cargo-home/registry/src/github.com-1ecc6299db9ec823/tokio-timer-0.2.11/src/timer/handle.rs:84:5
[INFO] [stdout]   48:     0x557326ffdb69 - tokio::runtime::current_thread::runtime::Runtime::enter::{{closure}}::{{closure}}::h422e3f5b8911a535
[INFO] [stdout]                                at /opt/rustwide/cargo-home/registry/src/github.com-1ecc6299db9ec823/tokio-0.1.22/src/runtime/current_thread/runtime.rs:232:17
[INFO] [stdout]   49:     0x55732705ca38 - tokio_timer::clock::clock::with_default::{{closure}}::h439a139facea9c59
[INFO] [stdout]                                at /opt/rustwide/cargo-home/registry/src/github.com-1ecc6299db9ec823/tokio-timer-0.2.11/src/clock/clock.rs:137:9
[INFO] [stdout]   50:     0x55732705093a - std::thread::local::LocalKey<T>::try_with::hf4abbe750ee15697
[INFO] [stdout]                                at /rustc/53fd98ca776cb875bc9e5514f56b52eb74f9e7a9/library/std/src/thread/local.rs:399:16
[INFO] [stdout]   51:     0x55732704cfa2 - std::thread::local::LocalKey<T>::with::h3fdb507629dbe85f
[INFO] [stdout]                                at /rustc/53fd98ca776cb875bc9e5514f56b52eb74f9e7a9/library/std/src/thread/local.rs:375:9
[INFO] [stdout]   52:     0x55732705c287 - tokio_timer::clock::clock::with_default::h03ed8d6605307a9a
[INFO] [stdout]                                at /opt/rustwide/cargo-home/registry/src/github.com-1ecc6299db9ec823/tokio-timer-0.2.11/src/clock/clock.rs:117:5
[INFO] [stdout]   53:     0x557326ffd7f0 - tokio::runtime::current_thread::runtime::Runtime::enter::{{closure}}::h245e226c693c58ed
[INFO] [stdout]                                at /opt/rustwide/cargo-home/registry/src/github.com-1ecc6299db9ec823/tokio-0.1.22/src/runtime/current_thread/runtime.rs:231:13
[INFO] [stdout]   54:     0x557326fcd3d9 - tokio_reactor::with_default::{{closure}}::h7ce0bef5fafc6f05
[INFO] [stdout]                                at /opt/rustwide/cargo-home/registry/src/github.com-1ecc6299db9ec823/tokio-reactor-0.1.9/src/lib.rs:237:9
[INFO] [stdout]   55:     0x55732704f2ba - std::thread::local::LocalKey<T>::try_with::h6a2a944b82c34e57
[INFO] [stdout]                                at /rustc/53fd98ca776cb875bc9e5514f56b52eb74f9e7a9/library/std/src/thread/local.rs:399:16
[INFO] [stdout]   56:     0x55732704d072 - std::thread::local::LocalKey<T>::with::h4b46c1ca81523d5c
[INFO] [stdout]                                at /rustc/53fd98ca776cb875bc9e5514f56b52eb74f9e7a9/library/std/src/thread/local.rs:375:9
[INFO] [stdout]   57:     0x557326fcc817 - tokio_reactor::with_default::he029fbff58a94373
[INFO] [stdout]                                at /opt/rustwide/cargo-home/registry/src/github.com-1ecc6299db9ec823/tokio-reactor-0.1.9/src/lib.rs:217:5
[INFO] [stdout]   58:     0x557326ffce0f - tokio::runtime::current_thread::runtime::Runtime::enter::h0df12d3824a76fc8
[INFO] [stdout]                                at /opt/rustwide/cargo-home/registry/src/github.com-1ecc6299db9ec823/tokio-0.1.22/src/runtime/current_thread/runtime.rs:230:9
[INFO] [stdout]   59:     0x557326ffed82 - tokio::runtime::current_thread::runtime::Runtime::block_on::hee4f3624803cf736
[INFO] [stdout]                                at /opt/rustwide/cargo-home/registry/src/github.com-1ecc6299db9ec823/tokio-0.1.22/src/runtime/current_thread/runtime.rs:198:9
[INFO] [stdout]   60:     0x557327056928 - test::unix::hd6be3197e7a6e192
[INFO] [stdout]                                at /opt/rustwide/workdir/tests/test.rs:217:5
[INFO] [stdout]   61:     0x557327055bda - test::unix::{{closure}}::h6b4b444bfa3c4fc5
[INFO] [stdout]                                at /opt/rustwide/workdir/tests/test.rs:194:1
[INFO] [stdout]   62:     0x55732703735e - core::ops::function::FnOnce::call_once::h1cc3c2ae7eb3edb9
[INFO] [stdout]                                at /rustc/53fd98ca776cb875bc9e5514f56b52eb74f9e7a9/library/core/src/ops/function.rs:227:5
[INFO] [stdout]   63:     0x5573270a5333 - core::ops::function::FnOnce::call_once::hbb52c4519d3137b0
[INFO] [stdout]                                at /rustc/53fd98ca776cb875bc9e5514f56b52eb74f9e7a9/library/core/src/ops/function.rs:227:5
[INFO] [stdout]   64:     0x5573270a5333 - test::__rust_begin_short_backtrace::h86fe3a2a5a5121af
[INFO] [stdout]                                at /rustc/53fd98ca776cb875bc9e5514f56b52eb74f9e7a9/library/test/src/lib.rs:578:5
[INFO] [stdout]   65:     0x5573270a3de8 - <alloc::boxed::Box<F,A> as core::ops::function::FnOnce<Args>>::call_once::hfd956bc3d57399be
[INFO] [stdout]                                at /rustc/53fd98ca776cb875bc9e5514f56b52eb74f9e7a9/library/alloc/src/boxed.rs:1572:9
[INFO] [stdout]   66:     0x5573270a3de8 - <std::panic::AssertUnwindSafe<F> as core::ops::function::FnOnce<()>>::call_once::h40dc93e0ddb5938a
[INFO] [stdout]                                at /rustc/53fd98ca776cb875bc9e5514f56b52eb74f9e7a9/library/std/src/panic.rs:347:9
[INFO] [stdout]   67:     0x5573270a3de8 - std::panicking::try::do_call::h90d07750cb47c562
[INFO] [stdout]                                at /rustc/53fd98ca776cb875bc9e5514f56b52eb74f9e7a9/library/std/src/panicking.rs:401:40
[INFO] [stdout]   68:     0x5573270a3de8 - std::panicking::try::h063c84733ad2a629
[INFO] [stdout]                                at /rustc/53fd98ca776cb875bc9e5514f56b52eb74f9e7a9/library/std/src/panicking.rs:365:19
[INFO] [stdout]   69:     0x5573270a3de8 - std::panic::catch_unwind::h0c464836a84e7c08
[INFO] [stdout]                                at /rustc/53fd98ca776cb875bc9e5514f56b52eb74f9e7a9/library/std/src/panic.rs:434:14
[INFO] [stdout]   70:     0x5573270a3de8 - test::run_test_in_process::h5cb06ef620b157fc
[INFO] [stdout]                                at /rustc/53fd98ca776cb875bc9e5514f56b52eb74f9e7a9/library/test/src/lib.rs:601:18
[INFO] [stdout]   71:     0x5573270a3de8 - test::run_test::run_test_inner::{{closure}}::h76f677f4b93f9828
[INFO] [stdout]                                at /rustc/53fd98ca776cb875bc9e5514f56b52eb74f9e7a9/library/test/src/lib.rs:493:39
[INFO] [stdout]   72:     0x55732707257d - test::run_test::run_test_inner::{{closure}}::h366d01fe04f4d67a
[INFO] [stdout]                                at /rustc/53fd98ca776cb875bc9e5514f56b52eb74f9e7a9/library/test/src/lib.rs:520:37
[INFO] [stdout]   73:     0x55732707257d - std::sys_common::backtrace::__rust_begin_short_backtrace::h7dfa0de4eb395af2
[INFO] [stdout]                                at /rustc/53fd98ca776cb875bc9e5514f56b52eb74f9e7a9/library/std/src/sys_common/backtrace.rs:125:18
[INFO] [stdout]   74:     0x557327076d48 - std::thread::Builder::spawn_unchecked::{{closure}}::{{closure}}::hf0a74bb58798037f
[INFO] [stdout]                                at /rustc/53fd98ca776cb875bc9e5514f56b52eb74f9e7a9/library/std/src/thread/mod.rs:476:17
[INFO] [stdout]   75:     0x557327076d48 - <std::panic::AssertUnwindSafe<F> as core::ops::function::FnOnce<()>>::call_once::hb024e854818586ac
[INFO] [stdout]                                at /rustc/53fd98ca776cb875bc9e5514f56b52eb74f9e7a9/library/std/src/panic.rs:347:9
[INFO] [stdout]   76:     0x557327076d48 - std::panicking::try::do_call::hb2dd9f1d0d48e41d
[INFO] [stdout]                                at /rustc/53fd98ca776cb875bc9e5514f56b52eb74f9e7a9/library/std/src/panicking.rs:401:40
[INFO] [stdout]   77:     0x557327076d48 - std::panicking::try::h4717ae7bac8b2bf3
[INFO] [stdout]                                at /rustc/53fd98ca776cb875bc9e5514f56b52eb74f9e7a9/library/std/src/panicking.rs:365:19
[INFO] [stdout]   78:     0x557327076d48 - std::panic::catch_unwind::h0dc8a061326ce8d8
[INFO] [stdout]                                at /rustc/53fd98ca776cb875bc9e5514f56b52eb74f9e7a9/library/std/src/panic.rs:434:14
[INFO] [stdout]   79:     0x557327076d48 - std::thread::Builder::spawn_unchecked::{{closure}}::haa369e2d6fd00aa1
[INFO] [stdout]                                at /rustc/53fd98ca776cb875bc9e5514f56b52eb74f9e7a9/library/std/src/thread/mod.rs:475:30
[INFO] [stdout]   80:     0x557327076d48 - core::ops::function::FnOnce::call_once{{vtable.shim}}::h36dcf3de8b056f17
[INFO] [stdout]                                at /rustc/53fd98ca776cb875bc9e5514f56b52eb74f9e7a9/library/core/src/ops/function.rs:227:5
[INFO] [stdout]   81:     0x5573275264d7 - <alloc::boxed::Box<F,A> as core::ops::function::FnOnce<Args>>::call_once::h65c29e4642be2358
[INFO] [stdout]                                at /rustc/53fd98ca776cb875bc9e5514f56b52eb74f9e7a9/library/alloc/src/boxed.rs:1572:9
[INFO] [stdout]   82:     0x5573275264d7 - <alloc::boxed::Box<F,A> as core::ops::function::FnOnce<Args>>::call_once::hd0f8f7fbbd9fffbf
[INFO] [stdout]                                at /rustc/53fd98ca776cb875bc9e5514f56b52eb74f9e7a9/library/alloc/src/boxed.rs:1572:9
[INFO] [stdout]   83:     0x5573275264d7 - std::sys::unix::thread::Thread::new::thread_start::h2fd22fee3ca77b65
[INFO] [stdout]                                at /rustc/53fd98ca776cb875bc9e5514f56b52eb74f9e7a9/library/std/src/sys/unix/thread.rs:74:17
[INFO] [stdout]   84:     0x7f05b200e609 - start_thread
[INFO] [stdout]   85:     0x7f05b1de0293 - clone
[INFO] [stdout]   86:                0x0 - <unknown>
[INFO] [stdout] 
[INFO] [stdout] 
[INFO] [stdout] failures:
[INFO] [stdout]     unix
[INFO] [stdout] 
[INFO] [stdout] test result: FAILED. 6 passed; 1 failed; 0 ignored; 0 measured; 0 filtered out; finished in 0.41s
[INFO] [stdout] 
[INFO] running `Command { std: "docker" "inspect" "190b5200a88af3f92d675367e50371e811b5cd4f793829fd53d1f4b0fee2f11d", kill_on_drop: false }`
[INFO] running `Command { std: "docker" "rm" "-f" "190b5200a88af3f92d675367e50371e811b5cd4f793829fd53d1f4b0fee2f11d", kill_on_drop: false }`
[INFO] [stdout] 190b5200a88af3f92d675367e50371e811b5cd4f793829fd53d1f4b0fee2f11d
