[INFO] cloning repository https://github.com/vascoferreira25/travelling_salesman_problem_rust
[INFO] running `Command { std: "git" "-c" "credential.helper=" "-c" "credential.helper=/workspace/cargo-home/bin/git-credential-null" "clone" "--bare" "https://github.com/vascoferreira25/travelling_salesman_problem_rust" "/workspace/cache/git-repos/https%3A%2F%2Fgithub.com%2Fvascoferreira25%2Ftravelling_salesman_problem_rust", kill_on_drop: false }`
[INFO] [stderr] Cloning into bare repository '/workspace/cache/git-repos/https%3A%2F%2Fgithub.com%2Fvascoferreira25%2Ftravelling_salesman_problem_rust'...
[INFO] running `Command { std: "git" "rev-parse" "HEAD", kill_on_drop: false }`
[INFO] [stdout] 1958661ce16fcf14df6dbfd183c6195053b32365
[INFO] testing vascoferreira25/travelling_salesman_problem_rust against 1.54.0 for beta-1.55-1
[INFO] running `Command { std: "git" "clone" "/workspace/cache/git-repos/https%3A%2F%2Fgithub.com%2Fvascoferreira25%2Ftravelling_salesman_problem_rust" "/workspace/builds/worker-111/source", kill_on_drop: false }`
[INFO] [stderr] Cloning into '/workspace/builds/worker-111/source'...
[INFO] [stderr] done.
[INFO] validating manifest of git repo https://github.com/vascoferreira25/travelling_salesman_problem_rust on toolchain 1.54.0
[INFO] running `Command { std: "/workspace/cargo-home/bin/cargo" "+1.54.0" "metadata" "--manifest-path" "Cargo.toml" "--no-deps", kill_on_drop: false }`
[INFO] started tweaking git repo https://github.com/vascoferreira25/travelling_salesman_problem_rust
[INFO] finished tweaking git repo https://github.com/vascoferreira25/travelling_salesman_problem_rust
[INFO] tweaked toml for git repo https://github.com/vascoferreira25/travelling_salesman_problem_rust written to /workspace/builds/worker-111/source/Cargo.toml
[INFO] crate git repo https://github.com/vascoferreira25/travelling_salesman_problem_rust already has a lockfile, it will not be regenerated
[INFO] running `Command { std: "/workspace/cargo-home/bin/cargo" "+1.54.0" "fetch" "--manifest-path" "Cargo.toml", kill_on_drop: false }`
[INFO] [stderr]     Blocking waiting for file lock on package cache
[INFO] running `Command { std: "docker" "create" "-v" "/var/lib/crater-agent-workspace/builds/worker-111/target:/opt/rustwide/target:rw,Z" "-v" "/var/lib/crater-agent-workspace/builds/worker-111/source:/opt/rustwide/workdir:ro,Z" "-v" "/var/lib/crater-agent-workspace/cargo-home:/opt/rustwide/cargo-home:ro,Z" "-v" "/var/lib/crater-agent-workspace/rustup-home:/opt/rustwide/rustup-home:ro,Z" "-e" "SOURCE_DIR=/opt/rustwide/workdir" "-e" "CARGO_TARGET_DIR=/opt/rustwide/target" "-e" "CARGO_HOME=/opt/rustwide/cargo-home" "-e" "RUSTUP_HOME=/opt/rustwide/rustup-home" "-w" "/opt/rustwide/workdir" "-m" "1610612736" "--user" "0:0" "--network" "none" "ghcr.io/rust-lang/crates-build-env/linux@sha256:34b6a614d2c27851fe6cbf88fbd1137609cefab8b10d0615aaeb6fd47975d74e" "/opt/rustwide/cargo-home/bin/cargo" "+1.54.0" "metadata" "--no-deps" "--format-version=1", kill_on_drop: false }`
[INFO] [stdout] 054c9cb9b1e7b8acb00c85623f4002cb42e7eeba277d023ec14a8f23eb39cde8
[INFO] running `Command { std: "docker" "start" "-a" "054c9cb9b1e7b8acb00c85623f4002cb42e7eeba277d023ec14a8f23eb39cde8", kill_on_drop: false }`
[INFO] running `Command { std: "docker" "inspect" "054c9cb9b1e7b8acb00c85623f4002cb42e7eeba277d023ec14a8f23eb39cde8", kill_on_drop: false }`
[INFO] running `Command { std: "docker" "rm" "-f" "054c9cb9b1e7b8acb00c85623f4002cb42e7eeba277d023ec14a8f23eb39cde8", kill_on_drop: false }`
[INFO] [stdout] 054c9cb9b1e7b8acb00c85623f4002cb42e7eeba277d023ec14a8f23eb39cde8
[INFO] running `Command { std: "docker" "create" "-v" "/var/lib/crater-agent-workspace/builds/worker-111/target:/opt/rustwide/target:rw,Z" "-v" "/var/lib/crater-agent-workspace/builds/worker-111/source:/opt/rustwide/workdir:ro,Z" "-v" "/var/lib/crater-agent-workspace/cargo-home:/opt/rustwide/cargo-home:ro,Z" "-v" "/var/lib/crater-agent-workspace/rustup-home:/opt/rustwide/rustup-home:ro,Z" "-e" "SOURCE_DIR=/opt/rustwide/workdir" "-e" "CARGO_TARGET_DIR=/opt/rustwide/target" "-e" "CARGO_INCREMENTAL=0" "-e" "RUST_BACKTRACE=full" "-e" "RUSTFLAGS=--cap-lints=warn" "-e" "CARGO_HOME=/opt/rustwide/cargo-home" "-e" "RUSTUP_HOME=/opt/rustwide/rustup-home" "-w" "/opt/rustwide/workdir" "-m" "1610612736" "--user" "0:0" "--network" "none" "ghcr.io/rust-lang/crates-build-env/linux@sha256:34b6a614d2c27851fe6cbf88fbd1137609cefab8b10d0615aaeb6fd47975d74e" "/opt/rustwide/cargo-home/bin/cargo" "+1.54.0" "build" "--frozen" "--message-format=json", kill_on_drop: false }`
[INFO] [stdout] 9eaf7b541a97f1e54b69a689454dc8f5d20f11325f588244f4d3ee689b694de1
[INFO] running `Command { std: "docker" "start" "-a" "9eaf7b541a97f1e54b69a689454dc8f5d20f11325f588244f4d3ee689b694de1", kill_on_drop: false }`
[INFO] [stderr]    Compiling libc v0.2.71
[INFO] [stderr]    Compiling getrandom v0.1.14
[INFO] [stderr]    Compiling ppv-lite86 v0.2.8
[INFO] [stderr]    Compiling rand_core v0.5.1
[INFO] [stderr]    Compiling rand_chacha v0.2.2
[INFO] [stderr]    Compiling rand v0.7.3
[INFO] [stderr]    Compiling travelling_salesman_problem v0.1.0 (/opt/rustwide/workdir)
[INFO] [stderr]     Finished dev [unoptimized + debuginfo] target(s) in 5.18s
[INFO] running `Command { std: "docker" "inspect" "9eaf7b541a97f1e54b69a689454dc8f5d20f11325f588244f4d3ee689b694de1", kill_on_drop: false }`
[INFO] running `Command { std: "docker" "rm" "-f" "9eaf7b541a97f1e54b69a689454dc8f5d20f11325f588244f4d3ee689b694de1", kill_on_drop: false }`
[INFO] [stdout] 9eaf7b541a97f1e54b69a689454dc8f5d20f11325f588244f4d3ee689b694de1
[INFO] running `Command { std: "docker" "create" "-v" "/var/lib/crater-agent-workspace/builds/worker-111/target:/opt/rustwide/target:rw,Z" "-v" "/var/lib/crater-agent-workspace/builds/worker-111/source:/opt/rustwide/workdir:ro,Z" "-v" "/var/lib/crater-agent-workspace/cargo-home:/opt/rustwide/cargo-home:ro,Z" "-v" "/var/lib/crater-agent-workspace/rustup-home:/opt/rustwide/rustup-home:ro,Z" "-e" "SOURCE_DIR=/opt/rustwide/workdir" "-e" "CARGO_TARGET_DIR=/opt/rustwide/target" "-e" "CARGO_INCREMENTAL=0" "-e" "RUST_BACKTRACE=full" "-e" "RUSTFLAGS=--cap-lints=warn" "-e" "CARGO_HOME=/opt/rustwide/cargo-home" "-e" "RUSTUP_HOME=/opt/rustwide/rustup-home" "-w" "/opt/rustwide/workdir" "-m" "1610612736" "--user" "0:0" "--network" "none" "ghcr.io/rust-lang/crates-build-env/linux@sha256:34b6a614d2c27851fe6cbf88fbd1137609cefab8b10d0615aaeb6fd47975d74e" "/opt/rustwide/cargo-home/bin/cargo" "+1.54.0" "test" "--frozen" "--no-run" "--message-format=json", kill_on_drop: false }`
[INFO] [stdout] d44e8aa34e5dba04b9b2cf52efe237dff4afbf2c6d04927d734a2175c99fd44e
[INFO] running `Command { std: "docker" "start" "-a" "d44e8aa34e5dba04b9b2cf52efe237dff4afbf2c6d04927d734a2175c99fd44e", kill_on_drop: false }`
[INFO] [stderr]    Compiling travelling_salesman_problem v0.1.0 (/opt/rustwide/workdir)
[INFO] [stderr]     Finished test [unoptimized + debuginfo] target(s) in 1.76s
[INFO] running `Command { std: "docker" "inspect" "d44e8aa34e5dba04b9b2cf52efe237dff4afbf2c6d04927d734a2175c99fd44e", kill_on_drop: false }`
[INFO] running `Command { std: "docker" "rm" "-f" "d44e8aa34e5dba04b9b2cf52efe237dff4afbf2c6d04927d734a2175c99fd44e", kill_on_drop: false }`
[INFO] [stdout] d44e8aa34e5dba04b9b2cf52efe237dff4afbf2c6d04927d734a2175c99fd44e
[INFO] running `Command { std: "docker" "create" "-v" "/var/lib/crater-agent-workspace/builds/worker-111/target:/opt/rustwide/target:rw,Z" "-v" "/var/lib/crater-agent-workspace/builds/worker-111/source:/opt/rustwide/workdir:ro,Z" "-v" "/var/lib/crater-agent-workspace/cargo-home:/opt/rustwide/cargo-home:ro,Z" "-v" "/var/lib/crater-agent-workspace/rustup-home:/opt/rustwide/rustup-home:ro,Z" "-e" "SOURCE_DIR=/opt/rustwide/workdir" "-e" "CARGO_TARGET_DIR=/opt/rustwide/target" "-e" "CARGO_INCREMENTAL=0" "-e" "RUST_BACKTRACE=full" "-e" "RUSTFLAGS=--cap-lints=warn" "-e" "CARGO_HOME=/opt/rustwide/cargo-home" "-e" "RUSTUP_HOME=/opt/rustwide/rustup-home" "-w" "/opt/rustwide/workdir" "-m" "1610612736" "--user" "0:0" "--network" "none" "ghcr.io/rust-lang/crates-build-env/linux@sha256:34b6a614d2c27851fe6cbf88fbd1137609cefab8b10d0615aaeb6fd47975d74e" "/opt/rustwide/cargo-home/bin/cargo" "+1.54.0" "test" "--frozen", kill_on_drop: false }`
[INFO] [stdout] 58c9a5bf341fb9db6688cd427553590d03d99e61f55ce84e3f23568debbe64d6
[INFO] running `Command { std: "docker" "start" "-a" "58c9a5bf341fb9db6688cd427553590d03d99e61f55ce84e3f23568debbe64d6", kill_on_drop: false }`
[INFO] [stderr]     Finished test [unoptimized + debuginfo] target(s) in 0.37s
[INFO] [stderr]      Running unittests (/opt/rustwide/target/debug/deps/genetic_algorithm-f105231995324ebb)
[INFO] [stdout] 
[INFO] [stdout] running 0 tests
[INFO] [stdout] 
[INFO] [stdout] test result: ok. 0 passed; 0 failed; 0 ignored; 0 measured; 0 filtered out; finished in 0.00s
[INFO] [stdout] 
[INFO] [stderr]      Running unittests (/opt/rustwide/target/debug/deps/salesman-1e9d56db773f35b5)
[INFO] [stdout] 
[INFO] [stdout] running 0 tests
[INFO] [stdout] 
[INFO] [stdout] test result: ok. 0 passed; 0 failed; 0 ignored; 0 measured; 0 filtered out; finished in 0.00s
[INFO] [stdout] 
[INFO] [stderr]    Doc-tests genetic_algorithm
[INFO] [stdout] 
[INFO] [stdout] running 1 test
[INFO] [stdout] test src/lib/lib.rs - (line 12) ... FAILED
[INFO] [stdout] 
[INFO] [stdout] failures:
[INFO] [stdout] 
[INFO] [stdout] ---- src/lib/lib.rs - (line 12) stdout ----
[INFO] [stdout] error[E0061]: this function takes 3 arguments but 0 arguments were supplied
[INFO] [stdout]   --> src/lib/lib.rs:27:19
[INFO] [stdout]    |
[INFO] [stdout] 16 |     let mut pop = population::Population::new();
[INFO] [stdout]    |                   ^^^^^^^^^^^^^^^^^^^^^^^^^^^-- supplied 0 arguments
[INFO] [stdout]    |                   |
[INFO] [stdout]    |                   expected 3 arguments
[INFO] [stdout]    |
[INFO] [stdout] note: associated function defined here
[INFO] [stdout]   --> /opt/rustwide/workdir/src/lib/population.rs:19:12
[INFO] [stdout]    |
[INFO] [stdout] 19 |     pub fn new(cities: Vec<City>, size: usize, seed: u64) -> Population {
[INFO] [stdout]    |            ^^^
[INFO] [stdout] 
[INFO] [stdout] error[E0599]: no method named `generate_individuals` found for struct `Population` in the current scope
[INFO] [stdout]   --> src/lib/lib.rs:28:9
[INFO] [stdout]    |
[INFO] [stdout] 17 |     pop.generate_individuals(cities, 100, 0.2);
[INFO] [stdout]    |         ^^^^^^^^^^^^^^^^^^^^ method not found in `Population`
[INFO] [stdout] 
[INFO] [stdout] error: aborting due to 2 previous errors
[INFO] [stdout] 
[INFO] [stdout] Some errors have detailed explanations: E0061, E0599.
[INFO] [stdout] For more information about an error, try `rustc --explain E0061`.
[INFO] [stdout] Couldn't compile the test.
[INFO] [stdout] 
[INFO] [stdout] failures:
[INFO] [stdout]     src/lib/lib.rs - (line 12)
[INFO] [stdout] 
[INFO] [stdout] test result: FAILED. 0 passed; 1 failed; 0 ignored; 0 measured; 0 filtered out; finished in 1.50s
[INFO] [stdout] 
[INFO] [stderr] error: test failed, to rerun pass '--doc'
[INFO] running `Command { std: "docker" "inspect" "58c9a5bf341fb9db6688cd427553590d03d99e61f55ce84e3f23568debbe64d6", kill_on_drop: false }`
[INFO] running `Command { std: "docker" "rm" "-f" "58c9a5bf341fb9db6688cd427553590d03d99e61f55ce84e3f23568debbe64d6", kill_on_drop: false }`
[INFO] [stdout] 58c9a5bf341fb9db6688cd427553590d03d99e61f55ce84e3f23568debbe64d6
