[INFO] cloning repository https://github.com/uutils/findutils
[INFO] running `Command { std: "git" "-c" "credential.helper=" "-c" "credential.helper=/workspace/cargo-home/bin/git-credential-null" "clone" "--bare" "https://github.com/uutils/findutils" "/workspace/cache/git-repos/https%3A%2F%2Fgithub.com%2Fuutils%2Ffindutils", kill_on_drop: false }`
[INFO] [stderr] Cloning into bare repository '/workspace/cache/git-repos/https%3A%2F%2Fgithub.com%2Fuutils%2Ffindutils'...
[INFO] running `Command { std: "git" "rev-parse" "HEAD", kill_on_drop: false }`
[INFO] [stdout] d9c68c27c33746b061d9161459050f0d66b6bfd8
[INFO] testing uutils/findutils against beta-2021-08-01 for beta-1.55-1
[INFO] running `Command { std: "git" "clone" "/workspace/cache/git-repos/https%3A%2F%2Fgithub.com%2Fuutils%2Ffindutils" "/workspace/builds/worker-95/source", kill_on_drop: false }`
[INFO] [stderr] Cloning into '/workspace/builds/worker-95/source'...
[INFO] [stderr] done.
[INFO] validating manifest of git repo https://github.com/uutils/findutils on toolchain beta-2021-08-01
[INFO] running `Command { std: "/workspace/cargo-home/bin/cargo" "+beta-2021-08-01" "metadata" "--manifest-path" "Cargo.toml" "--no-deps", kill_on_drop: false }`
[INFO] started tweaking git repo https://github.com/uutils/findutils
[INFO] finished tweaking git repo https://github.com/uutils/findutils
[INFO] tweaked toml for git repo https://github.com/uutils/findutils written to /workspace/builds/worker-95/source/Cargo.toml
[INFO] crate git repo https://github.com/uutils/findutils already has a lockfile, it will not be regenerated
[INFO] running `Command { std: "/workspace/cargo-home/bin/cargo" "+beta-2021-08-01" "fetch" "--manifest-path" "Cargo.toml", kill_on_drop: false }`
[INFO] [stderr]  Downloading crates ...
[INFO] [stderr]   Downloaded serial_test v0.5.1
[INFO] [stderr]   Downloaded predicates-core v1.0.1
[INFO] [stderr]   Downloaded predicates v2.0.1
[INFO] [stderr]   Downloaded predicates-tree v1.0.1
[INFO] [stderr]   Downloaded float-cmp v0.9.0
[INFO] [stderr]   Downloaded serial_test_derive v0.5.1
[INFO] [stderr]   Downloaded assert_cmd v2.0.0
[INFO] [stderr]   Downloaded difflib v0.4.0
[INFO] running `Command { std: "docker" "create" "-v" "/var/lib/crater-agent-workspace/builds/worker-95/target:/opt/rustwide/target:rw,Z" "-v" "/var/lib/crater-agent-workspace/builds/worker-95/source:/opt/rustwide/workdir:ro,Z" "-v" "/var/lib/crater-agent-workspace/cargo-home:/opt/rustwide/cargo-home:ro,Z" "-v" "/var/lib/crater-agent-workspace/rustup-home:/opt/rustwide/rustup-home:ro,Z" "-e" "SOURCE_DIR=/opt/rustwide/workdir" "-e" "CARGO_TARGET_DIR=/opt/rustwide/target" "-e" "CARGO_HOME=/opt/rustwide/cargo-home" "-e" "RUSTUP_HOME=/opt/rustwide/rustup-home" "-w" "/opt/rustwide/workdir" "-m" "1610612736" "--user" "0:0" "--network" "none" "ghcr.io/rust-lang/crates-build-env/linux@sha256:34b6a614d2c27851fe6cbf88fbd1137609cefab8b10d0615aaeb6fd47975d74e" "/opt/rustwide/cargo-home/bin/cargo" "+beta-2021-08-01" "metadata" "--no-deps" "--format-version=1", kill_on_drop: false }`
[INFO] [stdout] bc71f22fc4c384e8dbd25197db0b0baabf1af8937eaad026922e6e2a611f191c
[INFO] running `Command { std: "docker" "start" "-a" "bc71f22fc4c384e8dbd25197db0b0baabf1af8937eaad026922e6e2a611f191c", kill_on_drop: false }`
[INFO] running `Command { std: "docker" "inspect" "bc71f22fc4c384e8dbd25197db0b0baabf1af8937eaad026922e6e2a611f191c", kill_on_drop: false }`
[INFO] running `Command { std: "docker" "rm" "-f" "bc71f22fc4c384e8dbd25197db0b0baabf1af8937eaad026922e6e2a611f191c", kill_on_drop: false }`
[INFO] [stdout] bc71f22fc4c384e8dbd25197db0b0baabf1af8937eaad026922e6e2a611f191c
[INFO] running `Command { std: "docker" "create" "-v" "/var/lib/crater-agent-workspace/builds/worker-95/target:/opt/rustwide/target:rw,Z" "-v" "/var/lib/crater-agent-workspace/builds/worker-95/source:/opt/rustwide/workdir:ro,Z" "-v" "/var/lib/crater-agent-workspace/cargo-home:/opt/rustwide/cargo-home:ro,Z" "-v" "/var/lib/crater-agent-workspace/rustup-home:/opt/rustwide/rustup-home:ro,Z" "-e" "SOURCE_DIR=/opt/rustwide/workdir" "-e" "CARGO_TARGET_DIR=/opt/rustwide/target" "-e" "CARGO_INCREMENTAL=0" "-e" "RUST_BACKTRACE=full" "-e" "RUSTFLAGS=--cap-lints=warn" "-e" "CARGO_HOME=/opt/rustwide/cargo-home" "-e" "RUSTUP_HOME=/opt/rustwide/rustup-home" "-w" "/opt/rustwide/workdir" "-m" "1610612736" "--user" "0:0" "--network" "none" "ghcr.io/rust-lang/crates-build-env/linux@sha256:34b6a614d2c27851fe6cbf88fbd1137609cefab8b10d0615aaeb6fd47975d74e" "/opt/rustwide/cargo-home/bin/cargo" "+beta-2021-08-01" "build" "--frozen" "--message-format=json", kill_on_drop: false }`
[INFO] [stdout] f060434bd1ceabec211a9ac2d490ab6a9d69c2256cd4590eb53821139e95a0a4
[INFO] running `Command { std: "docker" "start" "-a" "f060434bd1ceabec211a9ac2d490ab6a9d69c2256cd4590eb53821139e95a0a4", kill_on_drop: false }`
[INFO] [stderr]     Blocking waiting for file lock on package cache
[INFO] [stderr]    Compiling libc v0.2.81
[INFO] [stderr]    Compiling same-file v1.0.4
[INFO] [stderr]    Compiling regex-syntax v0.6.25
[INFO] [stderr]    Compiling remove_dir_all v0.5.1
[INFO] [stderr]    Compiling glob v0.3.0
[INFO] [stderr]    Compiling aho-corasick v0.7.18
[INFO] [stderr]    Compiling walkdir v2.3.2
[INFO] [stderr]    Compiling regex v1.5.4
[INFO] [stderr]    Compiling rand v0.4.2
[INFO] [stderr]    Compiling tempdir v0.3.7
[INFO] [stderr]    Compiling findutils v0.1.0 (/opt/rustwide/workdir)
[INFO] [stderr]     Finished dev [unoptimized + debuginfo] target(s) in 25.11s
[INFO] running `Command { std: "docker" "inspect" "f060434bd1ceabec211a9ac2d490ab6a9d69c2256cd4590eb53821139e95a0a4", kill_on_drop: false }`
[INFO] running `Command { std: "docker" "rm" "-f" "f060434bd1ceabec211a9ac2d490ab6a9d69c2256cd4590eb53821139e95a0a4", kill_on_drop: false }`
[INFO] [stdout] f060434bd1ceabec211a9ac2d490ab6a9d69c2256cd4590eb53821139e95a0a4
[INFO] running `Command { std: "docker" "create" "-v" "/var/lib/crater-agent-workspace/builds/worker-95/target:/opt/rustwide/target:rw,Z" "-v" "/var/lib/crater-agent-workspace/builds/worker-95/source:/opt/rustwide/workdir:ro,Z" "-v" "/var/lib/crater-agent-workspace/cargo-home:/opt/rustwide/cargo-home:ro,Z" "-v" "/var/lib/crater-agent-workspace/rustup-home:/opt/rustwide/rustup-home:ro,Z" "-e" "SOURCE_DIR=/opt/rustwide/workdir" "-e" "CARGO_TARGET_DIR=/opt/rustwide/target" "-e" "CARGO_INCREMENTAL=0" "-e" "RUST_BACKTRACE=full" "-e" "RUSTFLAGS=--cap-lints=warn" "-e" "CARGO_HOME=/opt/rustwide/cargo-home" "-e" "RUSTUP_HOME=/opt/rustwide/rustup-home" "-w" "/opt/rustwide/workdir" "-m" "1610612736" "--user" "0:0" "--network" "none" "ghcr.io/rust-lang/crates-build-env/linux@sha256:34b6a614d2c27851fe6cbf88fbd1137609cefab8b10d0615aaeb6fd47975d74e" "/opt/rustwide/cargo-home/bin/cargo" "+beta-2021-08-01" "test" "--frozen" "--no-run" "--message-format=json", kill_on_drop: false }`
[INFO] [stdout] ff286a5b53fb48ac05ef8dcf7eae2bf478c95a33856a435e723428b47f5bc3fc
[INFO] running `Command { std: "docker" "start" "-a" "ff286a5b53fb48ac05ef8dcf7eae2bf478c95a33856a435e723428b47f5bc3fc", kill_on_drop: false }`
[INFO] [stderr]     Blocking waiting for file lock on package cache
[INFO] [stderr]    Compiling syn v1.0.56
[INFO] [stderr]    Compiling smallvec v1.6.0
[INFO] [stderr]    Compiling doc-comment v0.3.3
[INFO] [stderr]    Compiling byteorder v1.4.2
[INFO] [stderr]    Compiling predicates-core v1.0.1
[INFO] [stderr]    Compiling difflib v0.4.0
[INFO] [stderr]    Compiling treeline v0.1.0
[INFO] [stderr]    Compiling normalize-line-endings v0.3.0
[INFO] [stderr]    Compiling num-traits v0.2.14
[INFO] [stderr]    Compiling lock_api v0.4.2
[INFO] [stderr]    Compiling itertools v0.10.1
[INFO] [stderr]    Compiling wait-timeout v0.2.0
[INFO] [stderr]    Compiling quote v1.0.8
[INFO] [stderr]    Compiling regex-automata v0.1.9
[INFO] [stderr]    Compiling parking_lot_core v0.8.2
[INFO] [stderr]    Compiling predicates-tree v1.0.1
[INFO] [stderr]    Compiling bstr v0.2.14
[INFO] [stderr]    Compiling parking_lot v0.11.1
[INFO] [stderr]    Compiling float-cmp v0.9.0
[INFO] [stderr]    Compiling predicates v2.0.1
[INFO] [stderr]    Compiling assert_cmd v2.0.0
[INFO] [stderr]    Compiling serial_test_derive v0.5.1
[INFO] [stderr]    Compiling serial_test v0.5.1
[INFO] [stderr]    Compiling findutils v0.1.0 (/opt/rustwide/workdir)
[INFO] [stderr]     Finished test [unoptimized + debuginfo] target(s) in 24.93s
[INFO] running `Command { std: "docker" "inspect" "ff286a5b53fb48ac05ef8dcf7eae2bf478c95a33856a435e723428b47f5bc3fc", kill_on_drop: false }`
[INFO] running `Command { std: "docker" "rm" "-f" "ff286a5b53fb48ac05ef8dcf7eae2bf478c95a33856a435e723428b47f5bc3fc", kill_on_drop: false }`
[INFO] [stdout] ff286a5b53fb48ac05ef8dcf7eae2bf478c95a33856a435e723428b47f5bc3fc
[INFO] running `Command { std: "docker" "create" "-v" "/var/lib/crater-agent-workspace/builds/worker-95/target:/opt/rustwide/target:rw,Z" "-v" "/var/lib/crater-agent-workspace/builds/worker-95/source:/opt/rustwide/workdir:ro,Z" "-v" "/var/lib/crater-agent-workspace/cargo-home:/opt/rustwide/cargo-home:ro,Z" "-v" "/var/lib/crater-agent-workspace/rustup-home:/opt/rustwide/rustup-home:ro,Z" "-e" "SOURCE_DIR=/opt/rustwide/workdir" "-e" "CARGO_TARGET_DIR=/opt/rustwide/target" "-e" "CARGO_INCREMENTAL=0" "-e" "RUST_BACKTRACE=full" "-e" "RUSTFLAGS=--cap-lints=warn" "-e" "CARGO_HOME=/opt/rustwide/cargo-home" "-e" "RUSTUP_HOME=/opt/rustwide/rustup-home" "-w" "/opt/rustwide/workdir" "-m" "1610612736" "--user" "0:0" "--network" "none" "ghcr.io/rust-lang/crates-build-env/linux@sha256:34b6a614d2c27851fe6cbf88fbd1137609cefab8b10d0615aaeb6fd47975d74e" "/opt/rustwide/cargo-home/bin/cargo" "+beta-2021-08-01" "test" "--frozen", kill_on_drop: false }`
[INFO] [stdout] 267b3a0127a3386f13462228e5a63023a9fa3770154bdedb69adb675cf9d41cf
[INFO] running `Command { std: "docker" "start" "-a" "267b3a0127a3386f13462228e5a63023a9fa3770154bdedb69adb675cf9d41cf", kill_on_drop: false }`
[INFO] [stderr]     Finished test [unoptimized + debuginfo] target(s) in 0.04s
[INFO] [stderr]      Running unittests (/opt/rustwide/target/debug/deps/findutils-e0ee29ced5e11e39)
[INFO] [stdout] 
[INFO] [stdout] running 90 tests
[INFO] [stdout] test find::matchers::logical_matchers::tests::and_has_side_effects_works ... ok
[INFO] [stdout] test find::matchers::logical_matchers::tests::and_matches_works ... ok
[INFO] [stdout] test find::matchers::logical_matchers::tests::list_has_side_effects_works ... ok
[INFO] [stdout] test find::matchers::logical_matchers::tests::false_matches_works ... ok
[INFO] [stdout] test find::matchers::logical_matchers::tests::false_has_side_effects_works ... ok
[INFO] [stdout] test find::matchers::logical_matchers::tests::list_matches_works ... ok
[INFO] [stdout] test find::matchers::logical_matchers::tests::not_has_side_effects_works ... ok
[INFO] [stdout] test find::matchers::logical_matchers::tests::not_matches_works ... ok
[INFO] [stdout] test find::matchers::logical_matchers::tests::or_has_side_effects_works ... ok
[INFO] [stdout] test find::matchers::logical_matchers::tests::or_matches_works ... ok
[INFO] [stdout] test find::matchers::logical_matchers::tests::true_has_side_effects_works ... ok
[INFO] [stdout] test find::matchers::name::tests::cant_create_with_invalid_pattern ... ok
[INFO] [stdout] test find::matchers::logical_matchers::tests::true_matches_works ... ok
[INFO] [stdout] test find::matchers::name::tests::caseless_cant_create_with_invalid_pattern ... ok
[INFO] [stdout] test find::matchers::name::tests::caseless_matching_with_wrong_case_returns_true ... ok
[INFO] [stdout] test find::matchers::name::tests::caseless_matching_with_right_case_returns_true ... ok
[INFO] [stdout] test find::matchers::name::tests::caseless_not_matching_returns_false ... ok
[INFO] [stdout] test find::matchers::name::tests::matching_with_right_case_returns_true ... ok
[INFO] [stdout] test find::matchers::name::tests::matching_with_wrong_case_returns_false ... ok
[INFO] [stdout] test find::matchers::name::tests::not_matching_returns_false ... ok
[INFO] [stdout] test find::matchers::perm::tests::comparison_type_matching ... ok
[INFO] [stdout] test find::matchers::perm::tests::parsing_human_readable_sticky_bit ... ok
[INFO] [stdout] test find::matchers::perm::tests::parsing_human_readable_multiple_bits ... ok
[INFO] [stdout] test find::matchers::printer::tests::prints ... ok
[INFO] [stdout] test find::matchers::size::tests::size_matcher ... ok
[INFO] [stdout] test find::matchers::prune::tests::file_type_matcher ... ok
[INFO] [stdout] test find::matchers::size::tests::test_byte_size_to_unit_size ... ok
[INFO] [stdout] test find::matchers::size::tests::size_matcher_bad_unit ... ok
[INFO] [stdout] test find::matchers::size::tests::unit_from_string ... ok
[INFO] [stdout] test find::matchers::tests::build_top_level_exec_not_enough_args ... ok
[INFO] [stdout] test find::matchers::tests::build_top_level_exec_plus_semicolon ... ok
[INFO] [stdout] test find::matchers::tests::build_top_level_matcher_and_without_expr1 ... ok
[INFO] [stdout] test find::matchers::perm::tests::parsing_fails ... ok
[INFO] [stdout] test find::matchers::tests::build_top_level_matcher_and_works ... ok
[INFO] [stdout] test find::matchers::perm::tests::parsing_human_readable_multiple_categories ... ok
[INFO] [stdout] test find::matchers::tests::build_top_level_matcher_and_without_expr2 ... ok
[INFO] [stdout] test find::matchers::tests::build_top_level_exec_should_eat_args ... ok
[INFO] [stdout] test find::matchers::perm::tests::parsing_human_readable_set_id_bits ... ok
[INFO] [stdout] test find::matchers::perm::tests::parsing_octal ... ok
[INFO] [stdout] test find::matchers::tests::build_top_level_matcher_can_use_bracket_as_arg ... ok
[INFO] [stdout] test find::matchers::tests::build_top_level_matcher_brackets_work ... ok
[INFO] [stdout] test find::matchers::tests::build_top_level_matcher_dash_a_works ... ok
[INFO] [stdout] test find::matchers::tests::build_top_level_matcher_list_without_expr1 ... ok
[INFO] [stdout] test find::matchers::tests::build_top_level_matcher_iname ... ok
[INFO] [stdout] test find::matchers::perm::tests::parsing_human_readable_individual_bits ... ok
[INFO] [stdout] test find::matchers::tests::build_top_level_matcher_list_without_expr2 ... ok
[INFO] [stdout] test find::matchers::perm::tests::parsing_prefix ... ok
[INFO] [stdout] test find::matchers::perm::tests::perm_matches ... ok
[INFO] [stdout] test find::matchers::tests::build_top_level_matcher_list_works ... ok
[INFO] [stdout] test find::matchers::tests::build_top_level_matcher_name ... ok
[INFO] [stdout] test find::matchers::tests::build_top_level_matcher_missing_args ... ok
[INFO] [stdout] test find::matchers::tests::build_top_level_matcher_not ... ok
[INFO] [stdout] test find::matchers::tests::build_top_level_matcher_not_and_brackets_work ... ok
[INFO] [stdout] test find::matchers::tests::build_top_level_matcher_not_double_negation ... ok
[INFO] [stdout] test find::matchers::tests::build_top_level_matcher_bad_ctime_value ... ok
[INFO] [stdout] test find::matchers::tests::build_top_level_matcher_not_enough_brackets ... ok
[INFO] [stdout] test find::matchers::tests::build_top_level_matcher_not_needs_expression ... ok
[INFO] [stdout] test find::matchers::tests::build_top_level_matcher_or_without_expr1 ... ok
[INFO] [stdout] test find::matchers::tests::build_top_level_matcher_or_without_expr2 ... ok
[INFO] [stdout] test find::matchers::tests::build_top_level_matcher_or_works ... ok
[INFO] [stdout] test find::matchers::tests::build_top_level_matcher_too_many_brackets ... ok
[INFO] [stdout] test find::matchers::tests::comparable_value_imatches ... ok
[INFO] [stdout] test find::matchers::tests::comparable_value_matches ... ok
[INFO] [stdout] test find::matchers::time::tests::file_time_matcher ... ok
[INFO] [stdout] test find::matchers::type_matcher::tests::cant_create_with_invalid_pattern ... ok
[INFO] [stdout] test find::matchers::type_matcher::tests::dir_type_matcher ... ok
[INFO] [stdout] test find::matchers::type_matcher::tests::unix_extra_type_matcher ... ok
[INFO] [stdout] test find::matchers::type_matcher::tests::file_type_matcher ... ok
[INFO] [stdout] test find::matchers::tests::build_top_level_matcher_perm_bad ... ok
[INFO] [stdout] test find::tests::find_maxdepth ... ok
[INFO] [stdout] test find::tests::find_main_depth_first ... ok
[INFO] [stdout] test find::matchers::tests::build_top_level_matcher_perm ... ok
[INFO] [stdout] test find::tests::find_maxdepth_depth_first ... ok
[INFO] [stdout] test find::tests::find_mindepth_depth_first ... ok
[INFO] [stdout] test find::tests::find_main_not_depth_first ... ok
[INFO] [stdout] test find::tests::find_mindepth ... ok
[INFO] [stdout] test find::tests::find_ctime ... ok
[INFO] [stdout] test find::matchers::time::tests::newer_matcher ... ok
[INFO] [stdout] test find::tests::find_prune ... ok
[INFO] [stdout] test find::tests::find_zero_maxdepth ... ok
[INFO] [stdout] test find::tests::find_zero_maxdepth_depth_first ... ok
[INFO] [stdout] test find::tests::parse_args_bad_flag ... ok
[INFO] [stdout] test find::tests::parse_args_handles_single_dash ... ok
[INFO] [stdout] test find::tests::find_atime ... ok
[INFO] [stdout] test find::tests::find_newer ... ok
[INFO] [stdout] test find::tests::find_mtime ... ok
[INFO] [stdout] test find::tests::find_size ... ok
[INFO] [stdout] test find::matchers::delete::tests::delete_matcher ... FAILED
[INFO] [stdout] test find::matchers::type_matcher::tests::link_type_matcher ... FAILED
[INFO] [stdout] test find::matchers::time::tests::file_time_matcher_modified_created_accessed ... ok
[INFO] [stdout] 
[INFO] [stdout] failures:
[INFO] [stdout] 
[INFO] [stdout] ---- find::matchers::delete::tests::delete_matcher stdout ----
[INFO] [stdout] thread 'find::matchers::delete::tests::delete_matcher' panicked at 'made temp dir: Os { code: 30, kind: ReadOnlyFilesystem, message: "Read-only file system" }', src/find/matchers/delete.rs:78:71
[INFO] [stdout] stack backtrace:
[INFO] [stdout]    0:     0x55c7262e7440 - std::backtrace_rs::backtrace::libunwind::trace::hff4d1766e93f64f1
[INFO] [stdout]                                at /rustc/53fd98ca776cb875bc9e5514f56b52eb74f9e7a9/library/std/src/../../backtrace/src/backtrace/libunwind.rs:90:5
[INFO] [stdout]    1:     0x55c7262e7440 - std::backtrace_rs::backtrace::trace_unsynchronized::h56bbc8eb78770bcb
[INFO] [stdout]                                at /rustc/53fd98ca776cb875bc9e5514f56b52eb74f9e7a9/library/std/src/../../backtrace/src/backtrace/mod.rs:66:5
[INFO] [stdout]    2:     0x55c7262e7440 - std::sys_common::backtrace::_print_fmt::h5c8e75464faca780
[INFO] [stdout]                                at /rustc/53fd98ca776cb875bc9e5514f56b52eb74f9e7a9/library/std/src/sys_common/backtrace.rs:67:5
[INFO] [stdout]    3:     0x55c7262e7440 - <std::sys_common::backtrace::_print::DisplayBacktrace as core::fmt::Display>::fmt::h48b88277def8b362
[INFO] [stdout]                                at /rustc/53fd98ca776cb875bc9e5514f56b52eb74f9e7a9/library/std/src/sys_common/backtrace.rs:46:22
[INFO] [stdout]    4:     0x55c72630b7ec - core::fmt::write::h3381b3176fe2b3d3
[INFO] [stdout]                                at /rustc/53fd98ca776cb875bc9e5514f56b52eb74f9e7a9/library/core/src/fmt/mod.rs:1115:17
[INFO] [stdout]    5:     0x55c7262e3c25 - std::io::Write::write_fmt::h5f34a676f60246b5
[INFO] [stdout]                                at /rustc/53fd98ca776cb875bc9e5514f56b52eb74f9e7a9/library/std/src/io/mod.rs:1665:15
[INFO] [stdout]    6:     0x55c7262e99fb - std::sys_common::backtrace::_print::ha537687d6c17dd0d
[INFO] [stdout]                                at /rustc/53fd98ca776cb875bc9e5514f56b52eb74f9e7a9/library/std/src/sys_common/backtrace.rs:49:5
[INFO] [stdout]    7:     0x55c7262e99fb - std::sys_common::backtrace::print::h61376ae57d131d72
[INFO] [stdout]                                at /rustc/53fd98ca776cb875bc9e5514f56b52eb74f9e7a9/library/std/src/sys_common/backtrace.rs:36:9
[INFO] [stdout]    8:     0x55c7262e99fb - std::panicking::default_hook::{{closure}}::h0f7208c0b9644a54
[INFO] [stdout]                                at /rustc/53fd98ca776cb875bc9e5514f56b52eb74f9e7a9/library/std/src/panicking.rs:208:50
[INFO] [stdout]    9:     0x55c7262e950c - std::panicking::default_hook::hdac7fc06578c14ce
[INFO] [stdout]                                at /rustc/53fd98ca776cb875bc9e5514f56b52eb74f9e7a9/library/std/src/panicking.rs:222:9
[INFO] [stdout]   10:     0x55c7262ea0c4 - std::panicking::rust_panic_with_hook::h72b21c283da3d1ef
[INFO] [stdout]                                at /rustc/53fd98ca776cb875bc9e5514f56b52eb74f9e7a9/library/std/src/panicking.rs:622:17
[INFO] [stdout]   11:     0x55c7262e9ba7 - std::panicking::begin_panic_handler::{{closure}}::he5778f1729cff84a
[INFO] [stdout]                                at /rustc/53fd98ca776cb875bc9e5514f56b52eb74f9e7a9/library/std/src/panicking.rs:519:13
[INFO] [stdout]   12:     0x55c7262e791c - std::sys_common::backtrace::__rust_end_short_backtrace::h2d11ca8b453b4b1d
[INFO] [stdout]                                at /rustc/53fd98ca776cb875bc9e5514f56b52eb74f9e7a9/library/std/src/sys_common/backtrace.rs:141:18
[INFO] [stdout]   13:     0x55c7262e9b09 - rust_begin_unwind
[INFO] [stdout]                                at /rustc/53fd98ca776cb875bc9e5514f56b52eb74f9e7a9/library/std/src/panicking.rs:515:5
[INFO] [stdout]   14:     0x55c7260678d1 - core::panicking::panic_fmt::hf9de31d4acbce4db
[INFO] [stdout]                                at /rustc/53fd98ca776cb875bc9e5514f56b52eb74f9e7a9/library/core/src/panicking.rs:92:14
[INFO] [stdout]   15:     0x55c7260679c3 - core::result::unwrap_failed::ha0c84e81219e5878
[INFO] [stdout]                                at /rustc/53fd98ca776cb875bc9e5514f56b52eb74f9e7a9/library/core/src/result.rs:1599:5
[INFO] [stdout]   16:     0x55c726076b86 - core::result::Result<T,E>::expect::hafc137cbabd37557
[INFO] [stdout]                                at /rustc/53fd98ca776cb875bc9e5514f56b52eb74f9e7a9/library/core/src/result.rs:1241:23
[INFO] [stdout]   17:     0x55c7260942e9 - findutils::find::matchers::delete::tests::delete_matcher::h8b65d91ed66dec12
[INFO] [stdout]                                at /opt/rustwide/workdir/src/find/matchers/delete.rs:78:24
[INFO] [stdout]   18:     0x55c72609426a - findutils::find::matchers::delete::tests::delete_matcher::{{closure}}::hd7687884755ead93
[INFO] [stdout]                                at /opt/rustwide/workdir/src/find/matchers/delete.rs:74:5
[INFO] [stdout]   19:     0x55c72607e25e - core::ops::function::FnOnce::call_once::h543fb75b94649411
[INFO] [stdout]                                at /rustc/53fd98ca776cb875bc9e5514f56b52eb74f9e7a9/library/core/src/ops/function.rs:227:5
[INFO] [stdout]   20:     0x55c7260d7bd3 - core::ops::function::FnOnce::call_once::hbb52c4519d3137b0
[INFO] [stdout]                                at /rustc/53fd98ca776cb875bc9e5514f56b52eb74f9e7a9/library/core/src/ops/function.rs:227:5
[INFO] [stdout]   21:     0x55c7260d7bd3 - test::__rust_begin_short_backtrace::h86fe3a2a5a5121af
[INFO] [stdout]                                at /rustc/53fd98ca776cb875bc9e5514f56b52eb74f9e7a9/library/test/src/lib.rs:578:5
[INFO] [stdout]   22:     0x55c7260d6688 - <alloc::boxed::Box<F,A> as core::ops::function::FnOnce<Args>>::call_once::hfd956bc3d57399be
[INFO] [stdout]                                at /rustc/53fd98ca776cb875bc9e5514f56b52eb74f9e7a9/library/alloc/src/boxed.rs:1572:9
[INFO] [stdout]   23:     0x55c7260d6688 - <std::panic::AssertUnwindSafe<F> as core::ops::function::FnOnce<()>>::call_once::h40dc93e0ddb5938a
[INFO] [stdout]                                at /rustc/53fd98ca776cb875bc9e5514f56b52eb74f9e7a9/library/std/src/panic.rs:347:9
[INFO] [stdout]   24:     0x55c7260d6688 - std::panicking::try::do_call::h90d07750cb47c562
[INFO] [stdout]                                at /rustc/53fd98ca776cb875bc9e5514f56b52eb74f9e7a9/library/std/src/panicking.rs:401:40
[INFO] [stdout]   25:     0x55c7260d6688 - std::panicking::try::h063c84733ad2a629
[INFO] [stdout]                                at /rustc/53fd98ca776cb875bc9e5514f56b52eb74f9e7a9/library/std/src/panicking.rs:365:19
[INFO] [stdout]   26:     0x55c7260d6688 - std::panic::catch_unwind::h0c464836a84e7c08
[INFO] [stdout]                                at /rustc/53fd98ca776cb875bc9e5514f56b52eb74f9e7a9/library/std/src/panic.rs:434:14
[INFO] [stdout]   27:     0x55c7260d6688 - test::run_test_in_process::h5cb06ef620b157fc
[INFO] [stdout]                                at /rustc/53fd98ca776cb875bc9e5514f56b52eb74f9e7a9/library/test/src/lib.rs:601:18
[INFO] [stdout]   28:     0x55c7260d6688 - test::run_test::run_test_inner::{{closure}}::h76f677f4b93f9828
[INFO] [stdout]                                at /rustc/53fd98ca776cb875bc9e5514f56b52eb74f9e7a9/library/test/src/lib.rs:493:39
[INFO] [stdout]   29:     0x55c7260a4e1d - test::run_test::run_test_inner::{{closure}}::h366d01fe04f4d67a
[INFO] [stdout]                                at /rustc/53fd98ca776cb875bc9e5514f56b52eb74f9e7a9/library/test/src/lib.rs:520:37
[INFO] [stdout]   30:     0x55c7260a4e1d - std::sys_common::backtrace::__rust_begin_short_backtrace::h7dfa0de4eb395af2
[INFO] [stdout]                                at /rustc/53fd98ca776cb875bc9e5514f56b52eb74f9e7a9/library/std/src/sys_common/backtrace.rs:125:18
[INFO] [stdout]   31:     0x55c7260a95e8 - std::thread::Builder::spawn_unchecked::{{closure}}::{{closure}}::hf0a74bb58798037f
[INFO] [stdout]                                at /rustc/53fd98ca776cb875bc9e5514f56b52eb74f9e7a9/library/std/src/thread/mod.rs:476:17
[INFO] [stdout]   32:     0x55c7260a95e8 - <std::panic::AssertUnwindSafe<F> as core::ops::function::FnOnce<()>>::call_once::hb024e854818586ac
[INFO] [stdout]                                at /rustc/53fd98ca776cb875bc9e5514f56b52eb74f9e7a9/library/std/src/panic.rs:347:9
[INFO] [stdout]   33:     0x55c7260a95e8 - std::panicking::try::do_call::hb2dd9f1d0d48e41d
[INFO] [stdout]                                at /rustc/53fd98ca776cb875bc9e5514f56b52eb74f9e7a9/library/std/src/panicking.rs:401:40
[INFO] [stdout]   34:     0x55c7260a95e8 - std::panicking::try::h4717ae7bac8b2bf3
[INFO] [stdout]                                at /rustc/53fd98ca776cb875bc9e5514f56b52eb74f9e7a9/library/std/src/panicking.rs:365:19
[INFO] [stdout]   35:     0x55c7260a95e8 - std::panic::catch_unwind::h0dc8a061326ce8d8
[INFO] [stdout]                                at /rustc/53fd98ca776cb875bc9e5514f56b52eb74f9e7a9/library/std/src/panic.rs:434:14
[INFO] [stdout]   36:     0x55c7260a95e8 - std::thread::Builder::spawn_unchecked::{{closure}}::haa369e2d6fd00aa1
[INFO] [stdout]                                at /rustc/53fd98ca776cb875bc9e5514f56b52eb74f9e7a9/library/std/src/thread/mod.rs:475:30
[INFO] [stdout]   37:     0x55c7260a95e8 - core::ops::function::FnOnce::call_once{{vtable.shim}}::h36dcf3de8b056f17
[INFO] [stdout]                                at /rustc/53fd98ca776cb875bc9e5514f56b52eb74f9e7a9/library/core/src/ops/function.rs:227:5
[INFO] [stdout]   38:     0x55c7262efc87 - <alloc::boxed::Box<F,A> as core::ops::function::FnOnce<Args>>::call_once::h65c29e4642be2358
[INFO] [stdout]                                at /rustc/53fd98ca776cb875bc9e5514f56b52eb74f9e7a9/library/alloc/src/boxed.rs:1572:9
[INFO] [stdout]   39:     0x55c7262efc87 - <alloc::boxed::Box<F,A> as core::ops::function::FnOnce<Args>>::call_once::hd0f8f7fbbd9fffbf
[INFO] [stdout]                                at /rustc/53fd98ca776cb875bc9e5514f56b52eb74f9e7a9/library/alloc/src/boxed.rs:1572:9
[INFO] [stdout]   40:     0x55c7262efc87 - std::sys::unix::thread::Thread::new::thread_start::h2fd22fee3ca77b65
[INFO] [stdout]                                at /rustc/53fd98ca776cb875bc9e5514f56b52eb74f9e7a9/library/std/src/sys/unix/thread.rs:74:17
[INFO] [stdout]   41:     0x7f0e2db3e609 - start_thread
[INFO] [stdout]   42:     0x7f0e2d910293 - clone
[INFO] [stdout]   43:                0x0 - <unknown>
[INFO] [stdout] 
[INFO] [stdout] ---- find::matchers::type_matcher::tests::link_type_matcher stdout ----
[INFO] [stdout] thread 'find::matchers::type_matcher::tests::link_type_matcher' panicked at 'Failed to create sym link: Os { code: 30, kind: ReadOnlyFilesystem, message: "Read-only file system" }', src/find/matchers/type_matcher.rs:118:21
[INFO] [stdout] stack backtrace:
[INFO] [stdout]    0:     0x55c7262e7440 - std::backtrace_rs::backtrace::libunwind::trace::hff4d1766e93f64f1
[INFO] [stdout]                                at /rustc/53fd98ca776cb875bc9e5514f56b52eb74f9e7a9/library/std/src/../../backtrace/src/backtrace/libunwind.rs:90:5
[INFO] [stdout]    1:     0x55c7262e7440 - std::backtrace_rs::backtrace::trace_unsynchronized::h56bbc8eb78770bcb
[INFO] [stdout]                                at /rustc/53fd98ca776cb875bc9e5514f56b52eb74f9e7a9/library/std/src/../../backtrace/src/backtrace/mod.rs:66:5
[INFO] [stdout]    2:     0x55c7262e7440 - std::sys_common::backtrace::_print_fmt::h5c8e75464faca780
[INFO] [stdout]                                at /rustc/53fd98ca776cb875bc9e5514f56b52eb74f9e7a9/library/std/src/sys_common/backtrace.rs:67:5
[INFO] [stdout]    3:     0x55c7262e7440 - <std::sys_common::backtrace::_print::DisplayBacktrace as core::fmt::Display>::fmt::h48b88277def8b362
[INFO] [stdout]                                at /rustc/53fd98ca776cb875bc9e5514f56b52eb74f9e7a9/library/std/src/sys_common/backtrace.rs:46:22
[INFO] [stdout]    4:     0x55c72630b7ec - core::fmt::write::h3381b3176fe2b3d3
[INFO] [stdout]                                at /rustc/53fd98ca776cb875bc9e5514f56b52eb74f9e7a9/library/core/src/fmt/mod.rs:1115:17
[INFO] [stdout]    5:     0x55c7262e3c25 - std::io::Write::write_fmt::h5f34a676f60246b5
[INFO] [stdout]                                at /rustc/53fd98ca776cb875bc9e5514f56b52eb74f9e7a9/library/std/src/io/mod.rs:1665:15
[INFO] [stdout]    6:     0x55c7262e99fb - std::sys_common::backtrace::_print::ha537687d6c17dd0d
[INFO] [stdout]                                at /rustc/53fd98ca776cb875bc9e5514f56b52eb74f9e7a9/library/std/src/sys_common/backtrace.rs:49:5
[INFO] [stdout]    7:     0x55c7262e99fb - std::sys_common::backtrace::print::h61376ae57d131d72
[INFO] [stdout]                                at /rustc/53fd98ca776cb875bc9e5514f56b52eb74f9e7a9/library/std/src/sys_common/backtrace.rs:36:9
[INFO] [stdout]    8:     0x55c7262e99fb - std::panicking::default_hook::{{closure}}::h0f7208c0b9644a54
[INFO] [stdout]                                at /rustc/53fd98ca776cb875bc9e5514f56b52eb74f9e7a9/library/std/src/panicking.rs:208:50
[INFO] [stdout]    9:     0x55c7262e950c - std::panicking::default_hook::hdac7fc06578c14ce
[INFO] [stdout]                                at /rustc/53fd98ca776cb875bc9e5514f56b52eb74f9e7a9/library/std/src/panicking.rs:222:9
[INFO] [stdout]   10:     0x55c7262ea0c4 - std::panicking::rust_panic_with_hook::h72b21c283da3d1ef
[INFO] [stdout]                                at /rustc/53fd98ca776cb875bc9e5514f56b52eb74f9e7a9/library/std/src/panicking.rs:622:17
[INFO] [stdout]   11:     0x55c7262e9ba7 - std::panicking::begin_panic_handler::{{closure}}::he5778f1729cff84a
[INFO] [stdout]                                at /rustc/53fd98ca776cb875bc9e5514f56b52eb74f9e7a9/library/std/src/panicking.rs:519:13
[INFO] [stdout]   12:     0x55c7262e791c - std::sys_common::backtrace::__rust_end_short_backtrace::h2d11ca8b453b4b1d
[INFO] [stdout]                                at /rustc/53fd98ca776cb875bc9e5514f56b52eb74f9e7a9/library/std/src/sys_common/backtrace.rs:141:18
[INFO] [stdout]   13:     0x55c7262e9b09 - rust_begin_unwind
[INFO] [stdout]                                at /rustc/53fd98ca776cb875bc9e5514f56b52eb74f9e7a9/library/std/src/panicking.rs:515:5
[INFO] [stdout]   14:     0x55c726066c9b - std::panicking::begin_panic_fmt::h746518bde832d259
[INFO] [stdout]                                at /rustc/53fd98ca776cb875bc9e5514f56b52eb74f9e7a9/library/std/src/panicking.rs:457:5
[INFO] [stdout]   15:     0x55c726096fae - findutils::find::matchers::type_matcher::tests::link_type_matcher::h5f52568079be634c
[INFO] [stdout]                                at /opt/rustwide/workdir/src/find/matchers/type_matcher.rs:118:21
[INFO] [stdout]   16:     0x55c726096dda - findutils::find::matchers::type_matcher::tests::link_type_matcher::{{closure}}::he574d6441822db62
[INFO] [stdout]                                at /opt/rustwide/workdir/src/find/matchers/type_matcher.rs:113:5
[INFO] [stdout]   17:     0x55c72607e69e - core::ops::function::FnOnce::call_once::h701d292e7c4f3c19
[INFO] [stdout]                                at /rustc/53fd98ca776cb875bc9e5514f56b52eb74f9e7a9/library/core/src/ops/function.rs:227:5
[INFO] [stdout]   18:     0x55c7260d7bd3 - core::ops::function::FnOnce::call_once::hbb52c4519d3137b0
[INFO] [stdout]                                at /rustc/53fd98ca776cb875bc9e5514f56b52eb74f9e7a9/library/core/src/ops/function.rs:227:5
[INFO] [stdout]   19:     0x55c7260d7bd3 - test::__rust_begin_short_backtrace::h86fe3a2a5a5121af
[INFO] [stdout]                                at /rustc/53fd98ca776cb875bc9e5514f56b52eb74f9e7a9/library/test/src/lib.rs:578:5
[INFO] [stdout]   20:     0x55c7260d6688 - <alloc::boxed::Box<F,A> as core::ops::function::FnOnce<Args>>::call_once::hfd956bc3d57399be
[INFO] [stdout]                                at /rustc/53fd98ca776cb875bc9e5514f56b52eb74f9e7a9/library/alloc/src/boxed.rs:1572:9
[INFO] [stdout]   21:     0x55c7260d6688 - <std::panic::AssertUnwindSafe<F> as core::ops::function::FnOnce<()>>::call_once::h40dc93e0ddb5938a
[INFO] [stdout]                                at /rustc/53fd98ca776cb875bc9e5514f56b52eb74f9e7a9/library/std/src/panic.rs:347:9
[INFO] [stdout]   22:     0x55c7260d6688 - std::panicking::try::do_call::h90d07750cb47c562
[INFO] [stdout]                                at /rustc/53fd98ca776cb875bc9e5514f56b52eb74f9e7a9/library/std/src/panicking.rs:401:40
[INFO] [stdout]   23:     0x55c7260d6688 - std::panicking::try::h063c84733ad2a629
[INFO] [stdout]                                at /rustc/53fd98ca776cb875bc9e5514f56b52eb74f9e7a9/library/std/src/panicking.rs:365:19
[INFO] [stdout]   24:     0x55c7260d6688 - std::panic::catch_unwind::h0c464836a84e7c08
[INFO] [stdout]                                at /rustc/53fd98ca776cb875bc9e5514f56b52eb74f9e7a9/library/std/src/panic.rs:434:14
[INFO] [stdout]   25:     0x55c7260d6688 - test::run_test_in_process::h5cb06ef620b157fc
[INFO] [stdout]                                at /rustc/53fd98ca776cb875bc9e5514f56b52eb74f9e7a9/library/test/src/lib.rs:601:18
[INFO] [stdout]   26:     0x55c7260d6688 - test::run_test::run_test_inner::{{closure}}::h76f677f4b93f9828
[INFO] [stdout]                                at /rustc/53fd98ca776cb875bc9e5514f56b52eb74f9e7a9/library/test/src/lib.rs:493:39
[INFO] [stdout]   27:     0x55c7260a4e1d - test::run_test::run_test_inner::{{closure}}::h366d01fe04f4d67a
[INFO] [stdout]                                at /rustc/53fd98ca776cb875bc9e5514f56b52eb74f9e7a9/library/test/src/lib.rs:520:37
[INFO] [stdout]   28:     0x55c7260a4e1d - std::sys_common::backtrace::__rust_begin_short_backtrace::h7dfa0de4eb395af2
[INFO] [stdout]                                at /rustc/53fd98ca776cb875bc9e5514f56b52eb74f9e7a9/library/std/src/sys_common/backtrace.rs:125:18
[INFO] [stdout]   29:     0x55c7260a95e8 - std::thread::Builder::spawn_unchecked::{{closure}}::{{closure}}::hf0a74bb58798037f
[INFO] [stdout]                                at /rustc/53fd98ca776cb875bc9e5514f56b52eb74f9e7a9/library/std/src/thread/mod.rs:476:17
[INFO] [stdout]   30:     0x55c7260a95e8 - <std::panic::AssertUnwindSafe<F> as core::ops::function::FnOnce<()>>::call_once::hb024e854818586ac
[INFO] [stdout]                                at /rustc/53fd98ca776cb875bc9e5514f56b52eb74f9e7a9/library/std/src/panic.rs:347:9
[INFO] [stdout]   31:     0x55c7260a95e8 - std::panicking::try::do_call::hb2dd9f1d0d48e41d
[INFO] [stdout]                                at /rustc/53fd98ca776cb875bc9e5514f56b52eb74f9e7a9/library/std/src/panicking.rs:401:40
[INFO] [stdout]   32:     0x55c7260a95e8 - std::panicking::try::h4717ae7bac8b2bf3
[INFO] [stdout]                                at /rustc/53fd98ca776cb875bc9e5514f56b52eb74f9e7a9/library/std/src/panicking.rs:365:19
[INFO] [stdout]   33:     0x55c7260a95e8 - std::panic::catch_unwind::h0dc8a061326ce8d8
[INFO] [stdout]                                at /rustc/53fd98ca776cb875bc9e5514f56b52eb74f9e7a9/library/std/src/panic.rs:434:14
[INFO] [stdout]   34:     0x55c7260a95e8 - std::thread::Builder::spawn_unchecked::{{closure}}::haa369e2d6fd00aa1
[INFO] [stdout]                                at /rustc/53fd98ca776cb875bc9e5514f56b52eb74f9e7a9/library/std/src/thread/mod.rs:475:30
[INFO] [stdout]   35:     0x55c7260a95e8 - core::ops::function::FnOnce::call_once{{vtable.shim}}::h36dcf3de8b056f17
[INFO] [stdout]                                at /rustc/53fd98ca776cb875bc9e5514f56b52eb74f9e7a9/library/core/src/ops/function.rs:227:5
[INFO] [stdout]   36:     0x55c7262efc87 - <alloc::boxed::Box<F,A> as core::ops::function::FnOnce<Args>>::call_once::h65c29e4642be2358
[INFO] [stdout]                                at /rustc/53fd98ca776cb875bc9e5514f56b52eb74f9e7a9/library/alloc/src/boxed.rs:1572:9
[INFO] [stdout]   37:     0x55c7262efc87 - <alloc::boxed::Box<F,A> as core::ops::function::FnOnce<Args>>::call_once::hd0f8f7fbbd9fffbf
[INFO] [stdout]                                at /rustc/53fd98ca776cb875bc9e5514f56b52eb74f9e7a9/library/alloc/src/boxed.rs:1572:9
[INFO] [stdout]   38:     0x55c7262efc87 - std::sys::unix::thread::Thread::new::thread_start::h2fd22fee3ca77b65
[INFO] [stdout]                                at /rustc/53fd98ca776cb875bc9e5514f56b52eb74f9e7a9/library/std/src/sys/unix/thread.rs:74:17
[INFO] [stdout]   39:     0x7f0e2db3e609 - start_thread
[INFO] [stdout]   40:     0x7f0e2d910293 - clone
[INFO] [stdout]   41:                0x0 - <unknown>
[INFO] [stdout] 
[INFO] [stdout] 
[INFO] [stdout] failures:
[INFO] [stdout]     find::matchers::delete::tests::delete_matcher
[INFO] [stdout]     find::matchers::type_matcher::tests::link_type_matcher
[INFO] [stdout] 
[INFO] [stdout] test result: FAILED. 88 passed; 2 failed; 0 ignored; 0 measured; 0 filtered out; finished in 6.05s
[INFO] [stdout] 
[INFO] [stderr] error: test failed, to rerun pass '--lib'
[INFO] running `Command { std: "docker" "inspect" "267b3a0127a3386f13462228e5a63023a9fa3770154bdedb69adb675cf9d41cf", kill_on_drop: false }`
[INFO] running `Command { std: "docker" "rm" "-f" "267b3a0127a3386f13462228e5a63023a9fa3770154bdedb69adb675cf9d41cf", kill_on_drop: false }`
[INFO] [stdout] 267b3a0127a3386f13462228e5a63023a9fa3770154bdedb69adb675cf9d41cf
