[INFO] cloning repository https://github.com/utter-step/advent-2019
[INFO] running `Command { std: "git" "-c" "credential.helper=" "-c" "credential.helper=/workspace/cargo-home/bin/git-credential-null" "clone" "--bare" "https://github.com/utter-step/advent-2019" "/workspace/cache/git-repos/https%3A%2F%2Fgithub.com%2Futter-step%2Fadvent-2019", kill_on_drop: false }`
[INFO] [stderr] Cloning into bare repository '/workspace/cache/git-repos/https%3A%2F%2Fgithub.com%2Futter-step%2Fadvent-2019'...
[INFO] running `Command { std: "git" "rev-parse" "HEAD", kill_on_drop: false }`
[INFO] [stdout] 7dffc6cc624c485b7d5948f8849eb224c192bef6
[INFO] testing utter-step/advent-2019 against beta-2021-08-01 for beta-1.55-1
[INFO] running `Command { std: "git" "clone" "/workspace/cache/git-repos/https%3A%2F%2Fgithub.com%2Futter-step%2Fadvent-2019" "/workspace/builds/worker-17/source", kill_on_drop: false }`
[INFO] [stderr] Cloning into '/workspace/builds/worker-17/source'...
[INFO] [stderr] done.
[INFO] validating manifest of git repo https://github.com/utter-step/advent-2019 on toolchain beta-2021-08-01
[INFO] running `Command { std: "/workspace/cargo-home/bin/cargo" "+beta-2021-08-01" "metadata" "--manifest-path" "Cargo.toml" "--no-deps", kill_on_drop: false }`
[INFO] started tweaking git repo https://github.com/utter-step/advent-2019
[INFO] finished tweaking git repo https://github.com/utter-step/advent-2019
[INFO] tweaked toml for git repo https://github.com/utter-step/advent-2019 written to /workspace/builds/worker-17/source/Cargo.toml
[INFO] crate git repo https://github.com/utter-step/advent-2019 already has a lockfile, it will not be regenerated
[INFO] running `Command { std: "/workspace/cargo-home/bin/cargo" "+beta-2021-08-01" "fetch" "--manifest-path" "Cargo.toml", kill_on_drop: false }`
[INFO] [stderr]     Updating git repository `https://github.com/utter-step/advent-utils`
[INFO] [stderr]     Blocking waiting for file lock on package cache
[INFO] [stderr]  Downloading crates ...
[INFO] [stderr]   Downloaded displaydoc v0.1.7
[INFO] [stderr]   Downloaded enum_dispatch v0.3.7
[INFO] running `Command { std: "docker" "create" "-v" "/var/lib/crater-agent-workspace/builds/worker-17/target:/opt/rustwide/target:rw,Z" "-v" "/var/lib/crater-agent-workspace/builds/worker-17/source:/opt/rustwide/workdir:ro,Z" "-v" "/var/lib/crater-agent-workspace/cargo-home:/opt/rustwide/cargo-home:ro,Z" "-v" "/var/lib/crater-agent-workspace/rustup-home:/opt/rustwide/rustup-home:ro,Z" "-e" "SOURCE_DIR=/opt/rustwide/workdir" "-e" "CARGO_TARGET_DIR=/opt/rustwide/target" "-e" "CARGO_HOME=/opt/rustwide/cargo-home" "-e" "RUSTUP_HOME=/opt/rustwide/rustup-home" "-w" "/opt/rustwide/workdir" "-m" "1610612736" "--user" "0:0" "--network" "none" "ghcr.io/rust-lang/crates-build-env/linux@sha256:34b6a614d2c27851fe6cbf88fbd1137609cefab8b10d0615aaeb6fd47975d74e" "/opt/rustwide/cargo-home/bin/cargo" "+beta-2021-08-01" "metadata" "--no-deps" "--format-version=1", kill_on_drop: false }`
[INFO] [stdout] 3e9b6836100cdcab747a98297a2995dca10096fea6ccbef9d7654b80176adc1f
[INFO] running `Command { std: "docker" "start" "-a" "3e9b6836100cdcab747a98297a2995dca10096fea6ccbef9d7654b80176adc1f", kill_on_drop: false }`
[INFO] running `Command { std: "docker" "inspect" "3e9b6836100cdcab747a98297a2995dca10096fea6ccbef9d7654b80176adc1f", kill_on_drop: false }`
[INFO] running `Command { std: "docker" "rm" "-f" "3e9b6836100cdcab747a98297a2995dca10096fea6ccbef9d7654b80176adc1f", kill_on_drop: false }`
[INFO] [stdout] 3e9b6836100cdcab747a98297a2995dca10096fea6ccbef9d7654b80176adc1f
[INFO] running `Command { std: "docker" "create" "-v" "/var/lib/crater-agent-workspace/builds/worker-17/target:/opt/rustwide/target:rw,Z" "-v" "/var/lib/crater-agent-workspace/builds/worker-17/source:/opt/rustwide/workdir:ro,Z" "-v" "/var/lib/crater-agent-workspace/cargo-home:/opt/rustwide/cargo-home:ro,Z" "-v" "/var/lib/crater-agent-workspace/rustup-home:/opt/rustwide/rustup-home:ro,Z" "-e" "SOURCE_DIR=/opt/rustwide/workdir" "-e" "CARGO_TARGET_DIR=/opt/rustwide/target" "-e" "CARGO_INCREMENTAL=0" "-e" "RUST_BACKTRACE=full" "-e" "RUSTFLAGS=--cap-lints=warn" "-e" "CARGO_HOME=/opt/rustwide/cargo-home" "-e" "RUSTUP_HOME=/opt/rustwide/rustup-home" "-w" "/opt/rustwide/workdir" "-m" "1610612736" "--user" "0:0" "--network" "none" "ghcr.io/rust-lang/crates-build-env/linux@sha256:34b6a614d2c27851fe6cbf88fbd1137609cefab8b10d0615aaeb6fd47975d74e" "/opt/rustwide/cargo-home/bin/cargo" "+beta-2021-08-01" "build" "--frozen" "--message-format=json", kill_on_drop: false }`
[INFO] [stdout] c12123eb8035203498ee7f955d6907459b6144ca357906114628a8bfb8c5fcb3
[INFO] running `Command { std: "docker" "start" "-a" "c12123eb8035203498ee7f955d6907459b6144ca357906114628a8bfb8c5fcb3", kill_on_drop: false }`
[INFO] [stderr]    Compiling proc-macro2 v1.0.27
[INFO] [stderr]    Compiling unicode-xid v0.2.2
[INFO] [stderr]    Compiling syn v1.0.73
[INFO] [stderr]    Compiling serde_derive v1.0.126
[INFO] [stderr]    Compiling serde v1.0.126
[INFO] [stderr]    Compiling intcode v0.1.0 (/opt/rustwide/workdir/intcode)
[INFO] [stderr]    Compiling either v1.6.1
[INFO] [stderr]    Compiling libc v0.2.97
[INFO] [stderr]    Compiling numtoa v0.1.0
[INFO] [stderr]    Compiling once_cell v1.8.0
[INFO] [stderr]    Compiling permutohedron v0.2.4
[INFO] [stderr]    Compiling bytecount v0.6.2
[INFO] [stderr]    Compiling integration-test v0.1.0 (/opt/rustwide/workdir/integration-test)
[INFO] [stderr]    Compiling itertools v0.9.0
[INFO] [stderr]    Compiling quote v1.0.9
[INFO] [stderr]    Compiling termion v1.5.6
[INFO] [stderr]    Compiling thiserror-impl v1.0.25
[INFO] [stderr]    Compiling displaydoc v0.1.7
[INFO] [stderr]    Compiling enum_dispatch v0.3.7
[INFO] [stderr]    Compiling thiserror v1.0.25
[INFO] [stderr]    Compiling envy v0.4.2
[INFO] [stderr]    Compiling advent-utils v0.5.0 (https://github.com/utter-step/advent-utils#a785f893)
[INFO] [stderr]    Compiling day-13 v0.1.0 (/opt/rustwide/workdir/day-13)
[INFO] [stderr]    Compiling day-3 v0.1.0 (/opt/rustwide/workdir/day-3)
[INFO] [stderr]    Compiling day-10 v0.1.0 (/opt/rustwide/workdir/day-10)
[INFO] [stderr]    Compiling day-4 v0.1.0 (/opt/rustwide/workdir/day-4)
[INFO] [stderr]    Compiling day-11 v0.1.0 (/opt/rustwide/workdir/day-11)
[INFO] [stderr]    Compiling day-14 v0.1.0 (/opt/rustwide/workdir/day-14)
[INFO] [stderr]    Compiling day-12 v0.1.0 (/opt/rustwide/workdir/day-12)
[INFO] [stderr]    Compiling day-2 v0.1.0 (/opt/rustwide/workdir/day-2)
[INFO] [stderr]    Compiling day-6 v0.1.0 (/opt/rustwide/workdir/day-6)
[INFO] [stderr]    Compiling day-9 v0.1.0 (/opt/rustwide/workdir/day-9)
[INFO] [stderr]    Compiling day-17 v0.1.0 (/opt/rustwide/workdir/day-17)
[INFO] [stderr]    Compiling day-23 v0.1.0 (/opt/rustwide/workdir/day-23)
[INFO] [stderr]    Compiling day-8 v0.1.0 (/opt/rustwide/workdir/day-8)
[INFO] [stderr]    Compiling day-5 v0.1.0 (/opt/rustwide/workdir/day-5)
[INFO] [stderr]    Compiling day-1 v0.1.0 (/opt/rustwide/workdir/day-1)
[INFO] [stderr]    Compiling day-7 v0.1.0 (/opt/rustwide/workdir/day-7)
[INFO] [stderr]    Compiling day-24 v0.0.0 (/opt/rustwide/workdir/day-24)
[INFO] [stderr]    Compiling day-22 v0.1.0 (/opt/rustwide/workdir/day-22)
[INFO] [stderr]    Compiling day-19 v0.1.0 (/opt/rustwide/workdir/day-19)
[INFO] [stderr]    Compiling run-all v0.1.0 (/opt/rustwide/workdir/run-all)
[INFO] [stderr]     Finished dev [unoptimized + debuginfo] target(s) in 27.04s
[INFO] running `Command { std: "docker" "inspect" "c12123eb8035203498ee7f955d6907459b6144ca357906114628a8bfb8c5fcb3", kill_on_drop: false }`
[INFO] running `Command { std: "docker" "rm" "-f" "c12123eb8035203498ee7f955d6907459b6144ca357906114628a8bfb8c5fcb3", kill_on_drop: false }`
[INFO] [stdout] c12123eb8035203498ee7f955d6907459b6144ca357906114628a8bfb8c5fcb3
[INFO] running `Command { std: "docker" "create" "-v" "/var/lib/crater-agent-workspace/builds/worker-17/target:/opt/rustwide/target:rw,Z" "-v" "/var/lib/crater-agent-workspace/builds/worker-17/source:/opt/rustwide/workdir:ro,Z" "-v" "/var/lib/crater-agent-workspace/cargo-home:/opt/rustwide/cargo-home:ro,Z" "-v" "/var/lib/crater-agent-workspace/rustup-home:/opt/rustwide/rustup-home:ro,Z" "-e" "SOURCE_DIR=/opt/rustwide/workdir" "-e" "CARGO_TARGET_DIR=/opt/rustwide/target" "-e" "CARGO_INCREMENTAL=0" "-e" "RUST_BACKTRACE=full" "-e" "RUSTFLAGS=--cap-lints=warn" "-e" "CARGO_HOME=/opt/rustwide/cargo-home" "-e" "RUSTUP_HOME=/opt/rustwide/rustup-home" "-w" "/opt/rustwide/workdir" "-m" "1610612736" "--user" "0:0" "--network" "none" "ghcr.io/rust-lang/crates-build-env/linux@sha256:34b6a614d2c27851fe6cbf88fbd1137609cefab8b10d0615aaeb6fd47975d74e" "/opt/rustwide/cargo-home/bin/cargo" "+beta-2021-08-01" "test" "--frozen" "--no-run" "--message-format=json", kill_on_drop: false }`
[INFO] [stdout] 3a2208a29bb1e0e5e3a7b879c566419c51bd82ccbb68e77f91d7f3bc21c629a4
[INFO] running `Command { std: "docker" "start" "-a" "3a2208a29bb1e0e5e3a7b879c566419c51bd82ccbb68e77f91d7f3bc21c629a4", kill_on_drop: false }`
[INFO] [stderr]     Blocking waiting for file lock on package cache
[INFO] [stderr]    Compiling unindent v0.1.7
[INFO] [stderr]    Compiling getrandom v0.1.16
[INFO] [stderr]    Compiling memchr v2.4.0
[INFO] [stderr]    Compiling log v0.4.14
[INFO] [stderr]    Compiling regex-syntax v0.6.25
[INFO] [stderr]    Compiling ansi_term v0.11.0
[INFO] [stderr]    Compiling difference v2.0.0
[INFO] [stderr]    Compiling intcode v0.1.0 (/opt/rustwide/workdir/intcode)
[INFO] [stderr]    Compiling quickcheck_macros v0.9.1
[INFO] [stderr]    Compiling day-1 v0.1.0 (/opt/rustwide/workdir/day-1)
[INFO] [stderr]    Compiling day-2 v0.1.0 (/opt/rustwide/workdir/day-2)
[INFO] [stderr]    Compiling day-4 v0.1.0 (/opt/rustwide/workdir/day-4)
[INFO] [stderr]    Compiling day-19 v0.1.0 (/opt/rustwide/workdir/day-19)
[INFO] [stderr]    Compiling day-5 v0.1.0 (/opt/rustwide/workdir/day-5)
[INFO] [stderr]    Compiling day-9 v0.1.0 (/opt/rustwide/workdir/day-9)
[INFO] [stderr]    Compiling day-11 v0.1.0 (/opt/rustwide/workdir/day-11)
[INFO] [stderr]    Compiling day-3 v0.1.0 (/opt/rustwide/workdir/day-3)
[INFO] [stderr]    Compiling day-7 v0.1.0 (/opt/rustwide/workdir/day-7)
[INFO] [stderr]    Compiling day-8 v0.1.0 (/opt/rustwide/workdir/day-8)
[INFO] [stderr]    Compiling day-13 v0.1.0 (/opt/rustwide/workdir/day-13)
[INFO] [stderr]    Compiling day-23 v0.1.0 (/opt/rustwide/workdir/day-23)
[INFO] [stderr]    Compiling run-all v0.1.0 (/opt/rustwide/workdir/run-all)
[INFO] [stderr]    Compiling pretty_assertions v0.6.1
[INFO] [stderr]    Compiling indoc v1.0.3
[INFO] [stderr]    Compiling integration-test v0.1.0 (/opt/rustwide/workdir/integration-test)
[INFO] [stderr]    Compiling rand_core v0.5.1
[INFO] [stderr]    Compiling day-24 v0.0.0 (/opt/rustwide/workdir/day-24)
[INFO] [stderr]    Compiling day-6 v0.1.0 (/opt/rustwide/workdir/day-6)
[INFO] [stderr]    Compiling day-12 v0.1.0 (/opt/rustwide/workdir/day-12)
[INFO] [stderr]    Compiling day-10 v0.1.0 (/opt/rustwide/workdir/day-10)
[INFO] [stderr]    Compiling day-14 v0.1.0 (/opt/rustwide/workdir/day-14)
[INFO] [stderr]    Compiling aho-corasick v0.7.18
[INFO] [stderr]    Compiling rand_chacha v0.2.2
[INFO] [stderr]    Compiling rand v0.7.3
[INFO] [stderr]    Compiling regex v1.5.4
[INFO] [stderr]    Compiling env_logger v0.7.1
[INFO] [stderr]    Compiling quickcheck v0.9.2
[INFO] [stderr]    Compiling day-22 v0.1.0 (/opt/rustwide/workdir/day-22)
[INFO] [stderr]    Compiling day-17 v0.1.0 (/opt/rustwide/workdir/day-17)
[INFO] [stderr]     Finished test [unoptimized + debuginfo] target(s) in 20.55s
[INFO] running `Command { std: "docker" "inspect" "3a2208a29bb1e0e5e3a7b879c566419c51bd82ccbb68e77f91d7f3bc21c629a4", kill_on_drop: false }`
[INFO] running `Command { std: "docker" "rm" "-f" "3a2208a29bb1e0e5e3a7b879c566419c51bd82ccbb68e77f91d7f3bc21c629a4", kill_on_drop: false }`
[INFO] [stdout] 3a2208a29bb1e0e5e3a7b879c566419c51bd82ccbb68e77f91d7f3bc21c629a4
[INFO] running `Command { std: "docker" "create" "-v" "/var/lib/crater-agent-workspace/builds/worker-17/target:/opt/rustwide/target:rw,Z" "-v" "/var/lib/crater-agent-workspace/builds/worker-17/source:/opt/rustwide/workdir:ro,Z" "-v" "/var/lib/crater-agent-workspace/cargo-home:/opt/rustwide/cargo-home:ro,Z" "-v" "/var/lib/crater-agent-workspace/rustup-home:/opt/rustwide/rustup-home:ro,Z" "-e" "SOURCE_DIR=/opt/rustwide/workdir" "-e" "CARGO_TARGET_DIR=/opt/rustwide/target" "-e" "CARGO_INCREMENTAL=0" "-e" "RUST_BACKTRACE=full" "-e" "RUSTFLAGS=--cap-lints=warn" "-e" "CARGO_HOME=/opt/rustwide/cargo-home" "-e" "RUSTUP_HOME=/opt/rustwide/rustup-home" "-w" "/opt/rustwide/workdir" "-m" "1610612736" "--user" "0:0" "--network" "none" "ghcr.io/rust-lang/crates-build-env/linux@sha256:34b6a614d2c27851fe6cbf88fbd1137609cefab8b10d0615aaeb6fd47975d74e" "/opt/rustwide/cargo-home/bin/cargo" "+beta-2021-08-01" "test" "--frozen", kill_on_drop: false }`
[INFO] [stdout] a1ae33d2c78e47cb33b13a4ac4ac8790704835edab15346777f57e99f0f6b9de
[INFO] running `Command { std: "docker" "start" "-a" "a1ae33d2c78e47cb33b13a4ac4ac8790704835edab15346777f57e99f0f6b9de", kill_on_drop: false }`
[INFO] [stderr]     Finished test [unoptimized + debuginfo] target(s) in 0.13s
[INFO] [stderr]      Running unittests (/opt/rustwide/target/debug/deps/day_1-b931675344c155c2)
[INFO] [stdout] 
[INFO] [stdout] running 1 test
[INFO] [stdout] test test::test_get_fuel ... ok
[INFO] [stdout] 
[INFO] [stdout] test result: ok. 1 passed; 0 failed; 0 ignored; 0 measured; 0 filtered out; finished in 0.00s
[INFO] [stdout] 
[INFO] [stderr]      Running unittests (/opt/rustwide/target/debug/deps/day_1-3571997ac5bcd57b)
[INFO] [stdout] 
[INFO] [stderr]      Running unittests (/opt/rustwide/target/debug/deps/day_10-faf9161739a64685)
[INFO] [stdout] running 0 tests
[INFO] [stdout] 
[INFO] [stdout] test result: ok. 0 passed; 0 failed; 0 ignored; 0 measured; 0 filtered out; finished in 0.00s
[INFO] [stdout] 
[INFO] [stdout] 
[INFO] [stdout] running 4 tests
[INFO] [stdout] test rational::tests::test_gcd ... ok
[INFO] [stdout] test space::tests::test_from_str ... ok
[INFO] [stdout] test space::tests::test_vaporization_order ... ok
[INFO] [stdout] test space::tests::test_station_location ... ok
[INFO] [stdout] 
[INFO] [stdout] test result: ok. 4 passed; 0 failed; 0 ignored; 0 measured; 0 filtered out; finished in 0.21s
[INFO] [stdout] 
[INFO] [stderr]      Running unittests (/opt/rustwide/target/debug/deps/day_10-c26413c57d2f5b54)
[INFO] [stdout] 
[INFO] [stdout] running 0 tests
[INFO] [stdout] 
[INFO] [stdout] test result: ok. 0 passed; 0 failed; 0 ignored; 0 measured; 0 filtered out; finished in 0.00s
[INFO] [stdout] 
[INFO] [stderr]      Running unittests (/opt/rustwide/target/debug/deps/day_11-b2fb4af7d093d45c)
[INFO] [stdout] 
[INFO] [stdout] running 2 tests
[INFO] [stdout] test robot::tests::test_robot ... ok
[INFO] [stdout] test utils::tests::test_minmax ... ok
[INFO] [stdout] 
[INFO] [stdout] test result: ok. 2 passed; 0 failed; 0 ignored; 0 measured; 0 filtered out; finished in 0.00s
[INFO] [stdout] 
[INFO] [stderr]      Running unittests (/opt/rustwide/target/debug/deps/day_11-87c2380e08653da0)
[INFO] [stdout] 
[INFO] [stdout] running 0 tests
[INFO] [stdout] 
[INFO] [stdout] test result: ok. 0 passed; 0 failed; 0 ignored; 0 measured; 0 filtered out; finished in 0.00s
[INFO] [stdout] 
[INFO] [stderr]      Running unittests (/opt/rustwide/target/debug/deps/day_12-7e048bdf5a62a4e6)
[INFO] [stdout] 
[INFO] [stdout] running 5 tests
[INFO] [stdout] test utils::tests::test_gcd ... ok
[INFO] [stdout] test utils::tests::test_lcm ... ok
[INFO] [stdout] test orbital_system::tests::test_system_advance ... ok
[INFO] [stdout] test orbital_system::tests::test_energy ... ok
[INFO] [stdout] test orbital_system::tests::test_cycle ... ok
[INFO] [stdout] 
[INFO] [stdout] test result: ok. 5 passed; 0 failed; 0 ignored; 0 measured; 0 filtered out; finished in 0.18s
[INFO] [stdout] 
[INFO] [stderr]      Running unittests (/opt/rustwide/target/debug/deps/day_12-cd2f6de89febed01)
[INFO] [stdout] 
[INFO] [stdout] running 0 tests
[INFO] [stdout] 
[INFO] [stdout] test result: ok. 0 passed; 0 failed; 0 ignored; 0 measured; 0 filtered out; finished in 0.00s
[INFO] [stdout] 
[INFO] [stderr]      Running unittests (/opt/rustwide/target/debug/deps/day_13-57de1ea5cb3fe7d4)
[INFO] [stdout] 
[INFO] [stdout] running 0 tests
[INFO] [stdout] 
[INFO] [stdout] test result: ok. 0 passed; 0 failed; 0 ignored; 0 measured; 0 filtered out; finished in 0.00s
[INFO] [stdout] 
[INFO] [stderr]      Running unittests (/opt/rustwide/target/debug/deps/day_13-3771b443facbf8b7)
[INFO] [stdout] 
[INFO] [stdout] running 0 tests
[INFO] [stdout] 
[INFO] [stdout] test result: ok. 0 passed; 0 failed; 0 ignored; 0 measured; 0 filtered out; finished in 0.00s
[INFO] [stdout] 
[INFO] [stderr]      Running unittests (/opt/rustwide/target/debug/deps/day_14-3b49b21382dadf5f)
[INFO] [stdout] 
[INFO] [stdout] running 2 tests
[INFO] [stdout] test precalc::tests::test_examples_easy ... ok
[INFO] [stdout] test precalc::tests::test_examples_hard ... ok
[INFO] [stdout] 
[INFO] [stdout] test result: ok. 2 passed; 0 failed; 0 ignored; 0 measured; 0 filtered out; finished in 0.01s
[INFO] [stdout] 
[INFO] [stderr]      Running unittests (/opt/rustwide/target/debug/deps/day_14-95f231241a52811e)
[INFO] [stdout] 
[INFO] [stdout] running 0 tests
[INFO] [stdout] 
[INFO] [stdout] test result: ok. 0 passed; 0 failed; 0 ignored; 0 measured; 0 filtered out; finished in 0.00s
[INFO] [stdout] 
[INFO] [stderr]      Running unittests (/opt/rustwide/target/debug/deps/day_17-08109119844c2e65)
[INFO] [stdout] 
[INFO] [stdout] running 13 tests
[INFO] [stdout] test compression::tests::n_digits ... ok
[INFO] [stdout] test space::tests::test_scaffold_intersections ... ok
[INFO] [stdout] test space::tests::test_space_parse ... ok
[INFO] [stdout] test space::traversal::tests::test_traversal ... ok
[INFO] [stdout] test compression::tests::empty_slice_contains ... ok
[INFO] [stdout] test compression::tests::slice_contains_empty_slice ... ok
[INFO] [stdout] test compression::tests::slice_contains_head ... ok
[INFO] [stdout] test compression::tests::slice_contains_negative ... ok
[INFO] [stdout] test compression::tests::find_subslice_negative ... ok
[INFO] [stdout] test compression::tests::slice_contains_tail ... ok
[INFO] [stdout] test compression::tests::find_subslice_self ... ok
[INFO] [stdout] test compression::tests::slice_contains_self ... ok
[INFO] [stdout] test compression::tests::find_subslice_repeatative ... ok
[INFO] [stdout] 
[INFO] [stdout] test result: ok. 13 passed; 0 failed; 0 ignored; 0 measured; 0 filtered out; finished in 0.14s
[INFO] [stdout] 
[INFO] [stderr]      Running unittests (/opt/rustwide/target/debug/deps/day_17-44fbb66462371986)
[INFO] [stdout] 
[INFO] [stderr]      Running unittests (/opt/rustwide/target/debug/deps/day_19-77fcb6770312448f)
[INFO] [stdout] running 0 tests
[INFO] [stdout] 
[INFO] [stdout] test result: ok. 0 passed; 0 failed; 0 ignored; 0 measured; 0 filtered out; finished in 0.00s
[INFO] [stdout] 
[INFO] [stdout] 
[INFO] [stdout] running 0 tests
[INFO] [stdout] 
[INFO] [stdout] test result: ok. 0 passed; 0 failed; 0 ignored; 0 measured; 0 filtered out; finished in 0.00s
[INFO] [stdout] 
[INFO] [stderr]      Running unittests (/opt/rustwide/target/debug/deps/day_19-562c12d25ced2893)
[INFO] [stdout] 
[INFO] [stdout] running 0 tests
[INFO] [stdout] 
[INFO] [stdout] test result: ok. 0 passed; 0 failed; 0 ignored; 0 measured; 0 filtered out; finished in 0.00s
[INFO] [stdout] 
[INFO] [stderr]      Running unittests (/opt/rustwide/target/debug/deps/day_2-5f71921c35814a37)
[INFO] [stdout] 
[INFO] [stderr]      Running unittests (/opt/rustwide/target/debug/deps/day_2-2a70f2561e5fccae)
[INFO] [stdout] running 0 tests
[INFO] [stdout] 
[INFO] [stdout] test result: ok. 0 passed; 0 failed; 0 ignored; 0 measured; 0 filtered out; finished in 0.00s
[INFO] [stdout] 
[INFO] [stderr]      Running unittests (/opt/rustwide/target/debug/deps/day_22-7fee543845819737)
[INFO] [stdout] 
[INFO] [stdout] running 0 tests
[INFO] [stdout] 
[INFO] [stdout] test result: ok. 0 passed; 0 failed; 0 ignored; 0 measured; 0 filtered out; finished in 0.00s
[INFO] [stdout] 
[INFO] [stdout] 
[INFO] [stdout] running 4 tests
[INFO] [stdout] test movement::tests::test_movement_parse ... ok
[INFO] [stdout] test simulator::card::tests::test_card ... ok
[INFO] [stdout] test simulator::deck::tests::test_deck ... ok
[INFO] [stdout] test simulator::math::model::tests::test_model_examples ... ok
[INFO] [stdout] 
[INFO] [stdout] test result: ok. 4 passed; 0 failed; 0 ignored; 0 measured; 0 filtered out; finished in 0.00s
[INFO] [stdout] 
[INFO] [stderr]      Running unittests (/opt/rustwide/target/debug/deps/day_22-ca33000798ed9a7c)
[INFO] [stdout] 
[INFO] [stdout] running 0 tests
[INFO] [stdout] 
[INFO] [stdout] test result: ok. 0 passed; 0 failed; 0 ignored; 0 measured; 0 filtered out; finished in 0.00s
[INFO] [stdout] 
[INFO] [stderr]      Running unittests (/opt/rustwide/target/debug/deps/day_23-1452325e3b6ee92f)
[INFO] [stdout] 
[INFO] [stdout] running 1 test
[INFO] [stdout] test network::packet::tests::test_packet_iteration ... ok
[INFO] [stdout] 
[INFO] [stdout] test result: ok. 1 passed; 0 failed; 0 ignored; 0 measured; 0 filtered out; finished in 0.00s
[INFO] [stdout] 
[INFO] [stderr]      Running unittests (/opt/rustwide/target/debug/deps/day_23-a3513bf44d43961f)
[INFO] [stdout] 
[INFO] [stdout] running 0 tests
[INFO] [stdout] 
[INFO] [stdout] test result: ok. 0 passed; 0 failed; 0 ignored; 0 measured; 0 filtered out; finished in 0.00s
[INFO] [stdout] 
[INFO] [stderr]      Running unittests (/opt/rustwide/target/debug/deps/day_24-726dec3dad3200ad)
[INFO] [stdout] 
[INFO] [stdout] running 3 tests
[INFO] [stdout] test world::tests::test_impl ... ok
[INFO] [stdout] test world::tests::test_repeat_example ... ok
[INFO] [stdout] test world::tests::test_step ... ok
[INFO] [stdout] 
[INFO] [stdout] test result: ok. 3 passed; 0 failed; 0 ignored; 0 measured; 0 filtered out; finished in 0.00s
[INFO] [stdout] 
[INFO] [stderr]      Running unittests (/opt/rustwide/target/debug/deps/day_24-662bb093e93253c3)
[INFO] [stdout] 
[INFO] [stdout] running 0 tests
[INFO] [stdout] 
[INFO] [stdout] test result: ok. 0 passed; 0 failed; 0 ignored; 0 measured; 0 filtered out; finished in 0.00s
[INFO] [stdout] 
[INFO] [stderr]      Running unittests (/opt/rustwide/target/debug/deps/day_3-6954498774c5764b)
[INFO] [stdout] 
[INFO] [stdout] running 8 tests
[INFO] [stdout] test direction::tests::test_direction_parse ... ok
[INFO] [stdout] test segment::tests::test_segment_intersection ... ok
[INFO] [stdout] test point::tests::test_manhattan_distance_to_zero ... ok
[INFO] [stdout] test segment::tests::test_segment_new ... ok
[INFO] [stdout] test point::tests::test_point_add_direction ... ok
[INFO] [stdout] test wire::tests::test_wire_intersections ... ok
[INFO] [stdout] test wire::tests::test_wire_intersections_with_steps ... ok
[INFO] [stdout] test wire::tests::test_wire_from_iterator ... ok
[INFO] [stdout] 
[INFO] [stdout] test result: ok. 8 passed; 0 failed; 0 ignored; 0 measured; 0 filtered out; finished in 0.00s
[INFO] [stdout] 
[INFO] [stderr]      Running unittests (/opt/rustwide/target/debug/deps/day_3-a0fd2cd39b70f96f)
[INFO] [stdout] 
[INFO] [stdout] running 0 tests
[INFO] [stdout] 
[INFO] [stdout] test result: ok. 0 passed; 0 failed; 0 ignored; 0 measured; 0 filtered out; finished in 0.00s
[INFO] [stdout] 
[INFO] [stderr]      Running unittests (/opt/rustwide/target/debug/deps/day_4-152d6ccdf4d8ddbb)
[INFO] [stdout] 
[INFO] [stdout] running 2 tests
[INFO] [stdout] test tests::test_is_possible_password_strong ... ok
[INFO] [stderr]      Running unittests (/opt/rustwide/target/debug/deps/day_4-a53c3febb82c2ef2)
[INFO] [stdout] test tests::test_is_possible_password_weak ... ok
[INFO] [stdout] 
[INFO] [stdout] test result: ok. 2 passed; 0 failed; 0 ignored; 0 measured; 0 filtered out; finished in 0.00s
[INFO] [stdout] 
[INFO] [stderr]      Running unittests (/opt/rustwide/target/debug/deps/day_5-6da47f25d1704d5c)
[INFO] [stdout] 
[INFO] [stdout] running 0 tests
[INFO] [stdout] 
[INFO] [stdout] test result: ok. 0 passed; 0 failed; 0 ignored; 0 measured; 0 filtered out; finished in 0.00s
[INFO] [stdout] 
[INFO] [stdout] 
[INFO] [stdout] running 0 tests
[INFO] [stdout] 
[INFO] [stdout] test result: ok. 0 passed; 0 failed; 0 ignored; 0 measured; 0 filtered out; finished in 0.00s
[INFO] [stdout] 
[INFO] [stderr]      Running unittests (/opt/rustwide/target/debug/deps/day_5-f3c9737ab70c2aed)
[INFO] [stdout] 
[INFO] [stdout] running 0 tests
[INFO] [stdout] 
[INFO] [stdout] test result: ok. 0 passed; 0 failed; 0 ignored; 0 measured; 0 filtered out; finished in 0.00s
[INFO] [stdout] 
[INFO] [stderr]      Running unittests (/opt/rustwide/target/debug/deps/day_6-8adf31ce9c572fb2)
[INFO] [stdout] 
[INFO] [stderr]      Running unittests (/opt/rustwide/target/debug/deps/day_6-065af872b3226c6a)
[INFO] [stdout] running 2 tests
[INFO] [stdout] test orbit_graph::tests::test_checksum ... ok
[INFO] [stdout] test orbit_graph::tests::test_steps_to_lca ... ok
[INFO] [stdout] 
[INFO] [stdout] test result: ok. 2 passed; 0 failed; 0 ignored; 0 measured; 0 filtered out; finished in 0.00s
[INFO] [stdout] 
[INFO] [stderr]      Running unittests (/opt/rustwide/target/debug/deps/day_7-798921ff92ec26ca)
[INFO] [stdout] 
[INFO] [stdout] running 0 tests
[INFO] [stdout] 
[INFO] [stdout] test result: ok. 0 passed; 0 failed; 0 ignored; 0 measured; 0 filtered out; finished in 0.00s
[INFO] [stdout] 
[INFO] [stdout] 
[INFO] [stdout] running 2 tests
[INFO] [stdout] test amplifier::tests::test_examples ... ok
[INFO] [stdout] test amplifier::tests::test_loop_examples ... ok
[INFO] [stdout] 
[INFO] [stdout] test result: ok. 2 passed; 0 failed; 0 ignored; 0 measured; 0 filtered out; finished in 0.14s
[INFO] [stdout] 
[INFO] [stderr]      Running unittests (/opt/rustwide/target/debug/deps/day_7-c122729f1801de25)
[INFO] [stdout] 
[INFO] [stderr]      Running unittests (/opt/rustwide/target/debug/deps/day_8-44119c18de239ada)
[INFO] [stdout] running 0 tests
[INFO] [stdout] 
[INFO] [stdout] test result: ok. 0 passed; 0 failed; 0 ignored; 0 measured; 0 filtered out; finished in 0.00s
[INFO] [stdout] 
[INFO] [stdout] 
[INFO] [stdout] running 2 tests
[INFO] [stdout] test sif::tests::test_checksum_example ... ok
[INFO] [stderr]      Running unittests (/opt/rustwide/target/debug/deps/day_8-214f778859c808ce)
[INFO] [stdout] test sif::tests::test_composition ... ok
[INFO] [stderr]      Running unittests (/opt/rustwide/target/debug/deps/day_9-d1779e3f390ea014)
[INFO] [stdout] 
[INFO] [stdout] test result: ok. 2 passed; 0 failed; 0 ignored; 0 measured; 0 filtered out; finished in 0.00s
[INFO] [stdout] 
[INFO] [stdout] 
[INFO] [stdout] running 0 tests
[INFO] [stdout] 
[INFO] [stdout] test result: ok. 0 passed; 0 failed; 0 ignored; 0 measured; 0 filtered out; finished in 0.00s
[INFO] [stdout] 
[INFO] [stdout] 
[INFO] [stdout] running 0 tests
[INFO] [stdout] 
[INFO] [stdout] test result: ok. 0 passed; 0 failed; 0 ignored; 0 measured; 0 filtered out; finished in 0.00s
[INFO] [stdout] 
[INFO] [stderr]      Running unittests (/opt/rustwide/target/debug/deps/day_9-03d98c9f312f08de)
[INFO] [stdout] 
[INFO] [stdout] running 0 tests
[INFO] [stdout] 
[INFO] [stdout] test result: ok. 0 passed; 0 failed; 0 ignored; 0 measured; 0 filtered out; finished in 0.00s
[INFO] [stdout] 
[INFO] [stderr]      Running unittests (/opt/rustwide/target/debug/deps/intcode-085e8673ecc06a73)
[INFO] [stdout] 
[INFO] [stdout] running 2 tests
[INFO] [stderr]      Running unittests (/opt/rustwide/target/debug/deps/integration_test-94c66af9a79e603a)
[INFO] [stdout] test tests::test_intcode_io_examples ... ok
[INFO] [stdout] test tests::test_examples ... ok
[INFO] [stdout] 
[INFO] [stdout] test result: ok. 2 passed; 0 failed; 0 ignored; 0 measured; 0 filtered out; finished in 0.00s
[INFO] [stdout] 
[INFO] [stdout] 
[INFO] [stdout] running 1 test
[INFO] [stderr]    Compiling proc-macro2 v1.0.27
[INFO] [stderr]    Compiling unicode-xid v0.2.2
[INFO] [stderr]    Compiling syn v1.0.73
[INFO] [stderr]    Compiling serde_derive v1.0.126
[INFO] [stderr]    Compiling serde v1.0.126
[INFO] [stderr]    Compiling intcode v0.1.0 (/opt/rustwide/workdir/intcode)
[INFO] [stderr]    Compiling either v1.6.1
[INFO] [stderr]    Compiling fnv v1.0.7
[INFO] [stderr]    Compiling libc v0.2.97
[INFO] [stderr]    Compiling once_cell v1.8.0
[INFO] [stderr]    Compiling numtoa v0.1.0
[INFO] [stderr]    Compiling bytecount v0.6.2
[INFO] [stderr]    Compiling permutohedron v0.2.4
[INFO] [stderr]    Compiling itertools v0.9.0
[INFO] [stderr]    Compiling quote v1.0.9
[INFO] [stderr]    Compiling termion v1.5.6
[INFO] [stderr]    Compiling thiserror-impl v1.0.25
[INFO] [stderr]    Compiling displaydoc v0.1.7
[INFO] [stderr]    Compiling enum_dispatch v0.3.7
[INFO] [stderr]    Compiling thiserror v1.0.25
[INFO] [stderr]    Compiling envy v0.4.2
[INFO] [stderr]    Compiling advent-utils v0.5.0 (https://github.com/utter-step/advent-utils#a785f893)
[INFO] [stderr]    Compiling day-7 v0.1.0 (/opt/rustwide/workdir/day-7)
[INFO] [stderr]    Compiling day-6 v0.1.0 (/opt/rustwide/workdir/day-6)
[INFO] [stderr]    Compiling day-1 v0.1.0 (/opt/rustwide/workdir/day-1)
[INFO] [stderr]    Compiling day-14 v0.1.0 (/opt/rustwide/workdir/day-14)
[INFO] [stderr]    Compiling day-12 v0.1.0 (/opt/rustwide/workdir/day-12)
[INFO] [stderr]    Compiling day-23 v0.1.0 (/opt/rustwide/workdir/day-23)
[INFO] [stderr]    Compiling day-8 v0.1.0 (/opt/rustwide/workdir/day-8)
[INFO] [stderr]    Compiling day-4 v0.1.0 (/opt/rustwide/workdir/day-4)
[INFO] [stderr]    Compiling day-17 v0.1.0 (/opt/rustwide/workdir/day-17)
[INFO] [stderr]    Compiling day-11 v0.1.0 (/opt/rustwide/workdir/day-11)
[INFO] [stderr]    Compiling day-5 v0.1.0 (/opt/rustwide/workdir/day-5)
[INFO] [stderr]    Compiling day-24 v0.0.0 (/opt/rustwide/workdir/day-24)
[INFO] [stderr]    Compiling day-9 v0.1.0 (/opt/rustwide/workdir/day-9)
[INFO] [stderr]    Compiling day-3 v0.1.0 (/opt/rustwide/workdir/day-3)
[INFO] [stderr]    Compiling day-13 v0.1.0 (/opt/rustwide/workdir/day-13)
[INFO] [stderr]    Compiling day-10 v0.1.0 (/opt/rustwide/workdir/day-10)
[INFO] [stderr]    Compiling day-22 v0.1.0 (/opt/rustwide/workdir/day-22)
[INFO] [stderr]    Compiling day-2 v0.1.0 (/opt/rustwide/workdir/day-2)
[INFO] [stderr]    Compiling day-19 v0.1.0 (/opt/rustwide/workdir/day-19)
[INFO] [stderr]    Compiling run-all v0.1.0 (/opt/rustwide/workdir/run-all)
[INFO] [stderr]     Finished release [optimized + debuginfo] target(s) in 45.95s
[INFO] [stdout] test tests::test_expected_output ... FAILED
[INFO] [stdout] 
[INFO] [stdout] failures:
[INFO] [stdout] 
[INFO] [stdout] ---- tests::test_expected_output stdout ----
[INFO] [stdout] thread 'tests::test_expected_output' panicked at 'failed to run all solutions: Os { code: 2, kind: NotFound, message: "No such file or directory" }', integration-test/src/lib.rs:21:14
[INFO] [stdout] stack backtrace:
[INFO] [stdout]    0:     0x56143add3430 - std::backtrace_rs::backtrace::libunwind::trace::hff4d1766e93f64f1
[INFO] [stdout]                                at /rustc/53fd98ca776cb875bc9e5514f56b52eb74f9e7a9/library/std/src/../../backtrace/src/backtrace/libunwind.rs:90:5
[INFO] [stdout]    1:     0x56143add3430 - std::backtrace_rs::backtrace::trace_unsynchronized::h56bbc8eb78770bcb
[INFO] [stdout]                                at /rustc/53fd98ca776cb875bc9e5514f56b52eb74f9e7a9/library/std/src/../../backtrace/src/backtrace/mod.rs:66:5
[INFO] [stdout]    2:     0x56143add3430 - std::sys_common::backtrace::_print_fmt::h5c8e75464faca780
[INFO] [stdout]                                at /rustc/53fd98ca776cb875bc9e5514f56b52eb74f9e7a9/library/std/src/sys_common/backtrace.rs:67:5
[INFO] [stdout]    3:     0x56143add3430 - <std::sys_common::backtrace::_print::DisplayBacktrace as core::fmt::Display>::fmt::h48b88277def8b362
[INFO] [stdout]                                at /rustc/53fd98ca776cb875bc9e5514f56b52eb74f9e7a9/library/std/src/sys_common/backtrace.rs:46:22
[INFO] [stdout]    4:     0x56143adf5eec - core::fmt::write::h3381b3176fe2b3d3
[INFO] [stdout]                                at /rustc/53fd98ca776cb875bc9e5514f56b52eb74f9e7a9/library/core/src/fmt/mod.rs:1115:17
[INFO] [stdout]    5:     0x56143add0245 - std::io::Write::write_fmt::h5f34a676f60246b5
[INFO] [stdout]                                at /rustc/53fd98ca776cb875bc9e5514f56b52eb74f9e7a9/library/std/src/io/mod.rs:1665:15
[INFO] [stdout]    6:     0x56143add55ab - std::sys_common::backtrace::_print::ha537687d6c17dd0d
[INFO] [stdout]                                at /rustc/53fd98ca776cb875bc9e5514f56b52eb74f9e7a9/library/std/src/sys_common/backtrace.rs:49:5
[INFO] [stdout]    7:     0x56143add55ab - std::sys_common::backtrace::print::h61376ae57d131d72
[INFO] [stdout]                                at /rustc/53fd98ca776cb875bc9e5514f56b52eb74f9e7a9/library/std/src/sys_common/backtrace.rs:36:9
[INFO] [stdout]    8:     0x56143add55ab - std::panicking::default_hook::{{closure}}::h0f7208c0b9644a54
[INFO] [stdout]                                at /rustc/53fd98ca776cb875bc9e5514f56b52eb74f9e7a9/library/std/src/panicking.rs:208:50
[INFO] [stdout]    9:     0x56143add50bc - std::panicking::default_hook::hdac7fc06578c14ce
[INFO] [stdout]                                at /rustc/53fd98ca776cb875bc9e5514f56b52eb74f9e7a9/library/std/src/panicking.rs:222:9
[INFO] [stdout]   10:     0x56143add5c74 - std::panicking::rust_panic_with_hook::h72b21c283da3d1ef
[INFO] [stdout]                                at /rustc/53fd98ca776cb875bc9e5514f56b52eb74f9e7a9/library/std/src/panicking.rs:622:17
[INFO] [stdout]   11:     0x56143add5757 - std::panicking::begin_panic_handler::{{closure}}::he5778f1729cff84a
[INFO] [stdout]                                at /rustc/53fd98ca776cb875bc9e5514f56b52eb74f9e7a9/library/std/src/panicking.rs:519:13
[INFO] [stdout]   12:     0x56143add390c - std::sys_common::backtrace::__rust_end_short_backtrace::h2d11ca8b453b4b1d
[INFO] [stdout]                                at /rustc/53fd98ca776cb875bc9e5514f56b52eb74f9e7a9/library/std/src/sys_common/backtrace.rs:141:18
[INFO] [stdout]   13:     0x56143add56b9 - rust_begin_unwind
[INFO] [stdout]                                at /rustc/53fd98ca776cb875bc9e5514f56b52eb74f9e7a9/library/std/src/panicking.rs:515:5
[INFO] [stdout]   14:     0x56143ad633b1 - core::panicking::panic_fmt::hf9de31d4acbce4db
[INFO] [stdout]                                at /rustc/53fd98ca776cb875bc9e5514f56b52eb74f9e7a9/library/core/src/panicking.rs:92:14
[INFO] [stdout]   15:     0x56143ad634a3 - core::result::unwrap_failed::ha0c84e81219e5878
[INFO] [stdout]                                at /rustc/53fd98ca776cb875bc9e5514f56b52eb74f9e7a9/library/core/src/result.rs:1599:5
[INFO] [stdout]   16:     0x56143ad66f4d - core::result::Result<T,E>::expect::hc3a0ddb82a439796
[INFO] [stdout]                                at /rustc/53fd98ca776cb875bc9e5514f56b52eb74f9e7a9/library/core/src/result.rs:1241:23
[INFO] [stdout]   17:     0x56143ad667e6 - integration_test::tests::test_expected_output::h2e6256303974a6bd
[INFO] [stdout]                                at /opt/rustwide/workdir/integration-test/src/lib.rs:18:22
[INFO] [stdout]   18:     0x56143ad665ea - integration_test::tests::test_expected_output::{{closure}}::hd1d8e9d55e2b6fb3
[INFO] [stdout]                                at /opt/rustwide/workdir/integration-test/src/lib.rs:7:5
[INFO] [stdout]   19:     0x56143ad6554e - core::ops::function::FnOnce::call_once::h087cc6b8100cfa01
[INFO] [stdout]                                at /rustc/53fd98ca776cb875bc9e5514f56b52eb74f9e7a9/library/core/src/ops/function.rs:227:5
[INFO] [stdout]   20:     0x56143ad9db63 - core::ops::function::FnOnce::call_once::hbb52c4519d3137b0
[INFO] [stdout]                                at /rustc/53fd98ca776cb875bc9e5514f56b52eb74f9e7a9/library/core/src/ops/function.rs:227:5
[INFO] [stdout]   21:     0x56143ad9db63 - test::__rust_begin_short_backtrace::h86fe3a2a5a5121af
[INFO] [stdout]                                at /rustc/53fd98ca776cb875bc9e5514f56b52eb74f9e7a9/library/test/src/lib.rs:578:5
[INFO] [stdout]   22:     0x56143ad9c618 - <alloc::boxed::Box<F,A> as core::ops::function::FnOnce<Args>>::call_once::hfd956bc3d57399be
[INFO] [stdout]                                at /rustc/53fd98ca776cb875bc9e5514f56b52eb74f9e7a9/library/alloc/src/boxed.rs:1572:9
[INFO] [stdout]   23:     0x56143ad9c618 - <std::panic::AssertUnwindSafe<F> as core::ops::function::FnOnce<()>>::call_once::h40dc93e0ddb5938a
[INFO] [stdout]                                at /rustc/53fd98ca776cb875bc9e5514f56b52eb74f9e7a9/library/std/src/panic.rs:347:9
[INFO] [stdout]   24:     0x56143ad9c618 - std::panicking::try::do_call::h90d07750cb47c562
[INFO] [stdout]                                at /rustc/53fd98ca776cb875bc9e5514f56b52eb74f9e7a9/library/std/src/panicking.rs:401:40
[INFO] [stdout]   25:     0x56143ad9c618 - std::panicking::try::h063c84733ad2a629
[INFO] [stdout]                                at /rustc/53fd98ca776cb875bc9e5514f56b52eb74f9e7a9/library/std/src/panicking.rs:365:19
[INFO] [stdout]   26:     0x56143ad9c618 - std::panic::catch_unwind::h0c464836a84e7c08
[INFO] [stdout]                                at /rustc/53fd98ca776cb875bc9e5514f56b52eb74f9e7a9/library/std/src/panic.rs:434:14
[INFO] [stdout]   27:     0x56143ad9c618 - test::run_test_in_process::h5cb06ef620b157fc
[INFO] [stdout]                                at /rustc/53fd98ca776cb875bc9e5514f56b52eb74f9e7a9/library/test/src/lib.rs:601:18
[INFO] [stdout]   28:     0x56143ad9c618 - test::run_test::run_test_inner::{{closure}}::h76f677f4b93f9828
[INFO] [stdout]                                at /rustc/53fd98ca776cb875bc9e5514f56b52eb74f9e7a9/library/test/src/lib.rs:493:39
[INFO] [stdout]   29:     0x56143ad6adad - test::run_test::run_test_inner::{{closure}}::h366d01fe04f4d67a
[INFO] [stdout]                                at /rustc/53fd98ca776cb875bc9e5514f56b52eb74f9e7a9/library/test/src/lib.rs:520:37
[INFO] [stdout]   30:     0x56143ad6adad - std::sys_common::backtrace::__rust_begin_short_backtrace::h7dfa0de4eb395af2
[INFO] [stdout]                                at /rustc/53fd98ca776cb875bc9e5514f56b52eb74f9e7a9/library/std/src/sys_common/backtrace.rs:125:18
[INFO] [stdout]   31:     0x56143ad6f578 - std::thread::Builder::spawn_unchecked::{{closure}}::{{closure}}::hf0a74bb58798037f
[INFO] [stdout]                                at /rustc/53fd98ca776cb875bc9e5514f56b52eb74f9e7a9/library/std/src/thread/mod.rs:476:17
[INFO] [stdout]   32:     0x56143ad6f578 - <std::panic::AssertUnwindSafe<F> as core::ops::function::FnOnce<()>>::call_once::hb024e854818586ac
[INFO] [stdout]                                at /rustc/53fd98ca776cb875bc9e5514f56b52eb74f9e7a9/library/std/src/panic.rs:347:9
[INFO] [stdout]   33:     0x56143ad6f578 - std::panicking::try::do_call::hb2dd9f1d0d48e41d
[INFO] [stdout]                                at /rustc/53fd98ca776cb875bc9e5514f56b52eb74f9e7a9/library/std/src/panicking.rs:401:40
[INFO] [stdout]   34:     0x56143ad6f578 - std::panicking::try::h4717ae7bac8b2bf3
[INFO] [stdout]                                at /rustc/53fd98ca776cb875bc9e5514f56b52eb74f9e7a9/library/std/src/panicking.rs:365:19
[INFO] [stdout]   35:     0x56143ad6f578 - std::panic::catch_unwind::h0dc8a061326ce8d8
[INFO] [stdout]                                at /rustc/53fd98ca776cb875bc9e5514f56b52eb74f9e7a9/library/std/src/panic.rs:434:14
[INFO] [stdout]   36:     0x56143ad6f578 - std::thread::Builder::spawn_unchecked::{{closure}}::haa369e2d6fd00aa1
[INFO] [stdout]                                at /rustc/53fd98ca776cb875bc9e5514f56b52eb74f9e7a9/library/std/src/thread/mod.rs:475:30
[INFO] [stdout]   37:     0x56143ad6f578 - core::ops::function::FnOnce::call_once{{vtable.shim}}::h36dcf3de8b056f17
[INFO] [stdout]                                at /rustc/53fd98ca776cb875bc9e5514f56b52eb74f9e7a9/library/core/src/ops/function.rs:227:5
[INFO] [stdout]   38:     0x56143adda937 - <alloc::boxed::Box<F,A> as core::ops::function::FnOnce<Args>>::call_once::h65c29e4642be2358
[INFO] [stdout]                                at /rustc/53fd98ca776cb875bc9e5514f56b52eb74f9e7a9/library/alloc/src/boxed.rs:1572:9
[INFO] [stdout]   39:     0x56143adda937 - <alloc::boxed::Box<F,A> as core::ops::function::FnOnce<Args>>::call_once::hd0f8f7fbbd9fffbf
[INFO] [stdout]                                at /rustc/53fd98ca776cb875bc9e5514f56b52eb74f9e7a9/library/alloc/src/boxed.rs:1572:9
[INFO] [stdout]   40:     0x56143adda937 - std::sys::unix::thread::Thread::new::thread_start::h2fd22fee3ca77b65
[INFO] [stdout]                                at /rustc/53fd98ca776cb875bc9e5514f56b52eb74f9e7a9/library/std/src/sys/unix/thread.rs:74:17
[INFO] [stdout]   41:     0x7f72a2251609 - start_thread
[INFO] [stdout]   42:     0x7f72a2023293 - clone
[INFO] [stdout]   43:                0x0 - <unknown>
[INFO] [stdout] 
[INFO] [stdout] 
[INFO] [stdout] failures:
[INFO] [stdout]     tests::test_expected_output
[INFO] [stdout] 
[INFO] [stdout] test result: FAILED. 0 passed; 1 failed; 0 ignored; 0 measured; 0 filtered out; finished in 46.14s
[INFO] [stdout] 
[INFO] [stderr] error: test failed, to rerun pass '-p integration-test --lib'
[INFO] running `Command { std: "docker" "inspect" "a1ae33d2c78e47cb33b13a4ac4ac8790704835edab15346777f57e99f0f6b9de", kill_on_drop: false }`
[INFO] running `Command { std: "docker" "rm" "-f" "a1ae33d2c78e47cb33b13a4ac4ac8790704835edab15346777f57e99f0f6b9de", kill_on_drop: false }`
[INFO] [stdout] a1ae33d2c78e47cb33b13a4ac4ac8790704835edab15346777f57e99f0f6b9de
