[INFO] cloning repository https://github.com/uscomics/us-comics-server
[INFO] running `Command { std: "git" "-c" "credential.helper=" "-c" "credential.helper=/workspace/cargo-home/bin/git-credential-null" "clone" "--bare" "https://github.com/uscomics/us-comics-server" "/workspace/cache/git-repos/https%3A%2F%2Fgithub.com%2Fuscomics%2Fus-comics-server", kill_on_drop: false }`
[INFO] [stderr] Cloning into bare repository '/workspace/cache/git-repos/https%3A%2F%2Fgithub.com%2Fuscomics%2Fus-comics-server'...
[INFO] running `Command { std: "git" "rev-parse" "HEAD", kill_on_drop: false }`
[INFO] [stdout] e94547ed43074a9a48b875230977473c71d3c127
[INFO] testing uscomics/us-comics-server against 1.54.0 for beta-1.55-1
[INFO] running `Command { std: "git" "clone" "/workspace/cache/git-repos/https%3A%2F%2Fgithub.com%2Fuscomics%2Fus-comics-server" "/workspace/builds/worker-116/source", kill_on_drop: false }`
[INFO] [stderr] Cloning into '/workspace/builds/worker-116/source'...
[INFO] [stderr] done.
[INFO] validating manifest of git repo https://github.com/uscomics/us-comics-server on toolchain 1.54.0
[INFO] running `Command { std: "/workspace/cargo-home/bin/cargo" "+1.54.0" "metadata" "--manifest-path" "Cargo.toml" "--no-deps", kill_on_drop: false }`
[INFO] started tweaking git repo https://github.com/uscomics/us-comics-server
[INFO] finished tweaking git repo https://github.com/uscomics/us-comics-server
[INFO] tweaked toml for git repo https://github.com/uscomics/us-comics-server written to /workspace/builds/worker-116/source/Cargo.toml
[INFO] crate git repo https://github.com/uscomics/us-comics-server already has a lockfile, it will not be regenerated
[INFO] running `Command { std: "/workspace/cargo-home/bin/cargo" "+1.54.0" "fetch" "--manifest-path" "Cargo.toml", kill_on_drop: false }`
[INFO] [stderr]     Blocking waiting for file lock on package cache
[INFO] running `Command { std: "docker" "create" "-v" "/var/lib/crater-agent-workspace/builds/worker-116/target:/opt/rustwide/target:rw,Z" "-v" "/var/lib/crater-agent-workspace/builds/worker-116/source:/opt/rustwide/workdir:ro,Z" "-v" "/var/lib/crater-agent-workspace/cargo-home:/opt/rustwide/cargo-home:ro,Z" "-v" "/var/lib/crater-agent-workspace/rustup-home:/opt/rustwide/rustup-home:ro,Z" "-e" "SOURCE_DIR=/opt/rustwide/workdir" "-e" "CARGO_TARGET_DIR=/opt/rustwide/target" "-e" "CARGO_HOME=/opt/rustwide/cargo-home" "-e" "RUSTUP_HOME=/opt/rustwide/rustup-home" "-w" "/opt/rustwide/workdir" "-m" "1610612736" "--user" "0:0" "--network" "none" "ghcr.io/rust-lang/crates-build-env/linux@sha256:34b6a614d2c27851fe6cbf88fbd1137609cefab8b10d0615aaeb6fd47975d74e" "/opt/rustwide/cargo-home/bin/cargo" "+1.54.0" "metadata" "--no-deps" "--format-version=1", kill_on_drop: false }`
[INFO] [stdout] a1653b867f16f40b912df6ccdd2151691753aafbbfe880793a7fac327a8bbbb1
[INFO] running `Command { std: "docker" "start" "-a" "a1653b867f16f40b912df6ccdd2151691753aafbbfe880793a7fac327a8bbbb1", kill_on_drop: false }`
[INFO] running `Command { std: "docker" "inspect" "a1653b867f16f40b912df6ccdd2151691753aafbbfe880793a7fac327a8bbbb1", kill_on_drop: false }`
[INFO] running `Command { std: "docker" "rm" "-f" "a1653b867f16f40b912df6ccdd2151691753aafbbfe880793a7fac327a8bbbb1", kill_on_drop: false }`
[INFO] [stdout] a1653b867f16f40b912df6ccdd2151691753aafbbfe880793a7fac327a8bbbb1
[INFO] running `Command { std: "docker" "create" "-v" "/var/lib/crater-agent-workspace/builds/worker-116/target:/opt/rustwide/target:rw,Z" "-v" "/var/lib/crater-agent-workspace/builds/worker-116/source:/opt/rustwide/workdir:ro,Z" "-v" "/var/lib/crater-agent-workspace/cargo-home:/opt/rustwide/cargo-home:ro,Z" "-v" "/var/lib/crater-agent-workspace/rustup-home:/opt/rustwide/rustup-home:ro,Z" "-e" "SOURCE_DIR=/opt/rustwide/workdir" "-e" "CARGO_TARGET_DIR=/opt/rustwide/target" "-e" "CARGO_INCREMENTAL=0" "-e" "RUST_BACKTRACE=full" "-e" "RUSTFLAGS=--cap-lints=warn" "-e" "CARGO_HOME=/opt/rustwide/cargo-home" "-e" "RUSTUP_HOME=/opt/rustwide/rustup-home" "-w" "/opt/rustwide/workdir" "-m" "1610612736" "--user" "0:0" "--network" "none" "ghcr.io/rust-lang/crates-build-env/linux@sha256:34b6a614d2c27851fe6cbf88fbd1137609cefab8b10d0615aaeb6fd47975d74e" "/opt/rustwide/cargo-home/bin/cargo" "+1.54.0" "build" "--frozen" "--message-format=json", kill_on_drop: false }`
[INFO] [stdout] b989bf3e668bedc4973616f3a888ef63d2c25eb393f515f77913592527776520
[INFO] running `Command { std: "docker" "start" "-a" "b989bf3e668bedc4973616f3a888ef63d2c25eb393f515f77913592527776520", kill_on_drop: false }`
[INFO] [stderr]    Compiling libc v0.2.66
[INFO] [stderr]    Compiling proc-macro2 v1.0.7
[INFO] [stderr]    Compiling unicode-xid v0.2.0
[INFO] [stderr]    Compiling syn v1.0.13
[INFO] [stderr]    Compiling log v0.4.8
[INFO] [stderr]    Compiling autocfg v1.0.0
[INFO] [stderr]    Compiling memchr v2.2.1
[INFO] [stderr]    Compiling pin-project-internal v0.4.22
[INFO] [stderr]    Compiling cc v1.0.50
[INFO] [stderr]    Compiling futures-sink v0.3.5
[INFO] [stderr]    Compiling serde v1.0.104
[INFO] [stderr]    Compiling once_cell v1.4.0
[INFO] [stderr]    Compiling proc-macro-hack v0.5.16
[INFO] [stderr]    Compiling ryu v1.0.2
[INFO] [stderr]    Compiling byteorder v1.3.2
[INFO] [stderr]    Compiling untrusted v0.7.0
[INFO] [stderr]    Compiling itoa v0.4.4
[INFO] [stderr]    Compiling bytes v0.5.3
[INFO] [stderr]    Compiling futures-io v0.3.5
[INFO] [stderr]    Compiling fnv v1.0.6
[INFO] [stderr]    Compiling arc-swap v0.4.4
[INFO] [stderr]    Compiling pin-project-lite v0.1.1
[INFO] [stderr]    Compiling regex-syntax v0.6.18
[INFO] [stderr]    Compiling httparse v1.3.4
[INFO] [stderr]    Compiling match_cfg v0.1.0
[INFO] [stderr]    Compiling proc-macro-nested v0.1.6
[INFO] [stderr]    Compiling futures-channel v0.3.5
[INFO] [stderr]    Compiling futures-task v0.3.5
[INFO] [stderr]    Compiling http v0.2.0
[INFO] [stderr]    Compiling num-traits v0.2.12
[INFO] [stderr]    Compiling num-integer v0.1.43
[INFO] [stderr]    Compiling ring v0.16.9
[INFO] [stderr]    Compiling regex v1.3.9
[INFO] [stderr]    Compiling base64 v0.10.1
[INFO] [stderr]    Compiling iovec v0.1.4
[INFO] [stderr]    Compiling net2 v0.2.33
[INFO] [stderr]    Compiling signal-hook-registry v1.2.0
[INFO] [stderr]    Compiling num_cpus v1.11.1
[INFO] [stderr]    Compiling termios v0.3.2
[INFO] [stderr]    Compiling clicolors-control v1.0.1
[INFO] [stderr]    Compiling time v0.1.42
[INFO] [stderr]    Compiling hostname v0.3.0
[INFO] [stderr]    Compiling quote v1.0.2
[INFO] [stderr]    Compiling console v0.9.2
[INFO] [stderr]    Compiling mio v0.6.21
[INFO] [stderr]    Compiling mio-uds v0.6.7
[INFO] [stderr]    Compiling serde_json v1.0.44
[INFO] [stderr]    Compiling chrono v0.4.11
[INFO] [stderr]    Compiling pest_generator v2.1.3
[INFO] [stderr]    Compiling futures-macro v0.3.5
[INFO] [stderr]    Compiling tokio-macros v0.2.1
[INFO] [stderr]    Compiling pest_derive v2.1.0
[INFO] [stderr]    Compiling serde_derive v1.0.104
[INFO] [stderr]    Compiling tokio v0.2.6
[INFO] [stderr]    Compiling handlebars v3.2.1
[INFO] [stderr]    Compiling webpki v0.21.0
[INFO] [stderr]    Compiling sct v0.6.0
[INFO] [stderr]    Compiling rustls v0.16.0
[INFO] [stderr]    Compiling pin-project v0.4.22
[INFO] [stderr]    Compiling futures-util v0.3.5
[INFO] [stderr]    Compiling tokio-util v0.2.0
[INFO] [stderr]    Compiling futures-executor v0.3.5
[INFO] [stderr]    Compiling futures v0.3.5
[INFO] [stderr]    Compiling us-comics-server v0.1.0 (/opt/rustwide/workdir)
[INFO] [stdout] warning: unused `Result` that must be used
[INFO] [stdout]   --> src/main.rs:22:5
[INFO] [stdout]    |
[INFO] [stdout] 22 |     server::Server::start().await;
[INFO] [stdout]    |     ^^^^^^^^^^^^^^^^^^^^^^^^^^^^^^
[INFO] [stdout]    |
[INFO] [stdout]    = note: `#[warn(unused_must_use)]` on by default
[INFO] [stdout]    = note: this `Result` may be an `Err` variant, which should be handled
[INFO] [stdout] 
[INFO] [stdout] 
[INFO] [stdout] warning: 1 warning emitted
[INFO] [stdout] 
[INFO] [stdout] 
[INFO] [stderr]     Finished dev [unoptimized + debuginfo] target(s) in 41.42s
[INFO] running `Command { std: "docker" "inspect" "b989bf3e668bedc4973616f3a888ef63d2c25eb393f515f77913592527776520", kill_on_drop: false }`
[INFO] running `Command { std: "docker" "rm" "-f" "b989bf3e668bedc4973616f3a888ef63d2c25eb393f515f77913592527776520", kill_on_drop: false }`
[INFO] [stdout] b989bf3e668bedc4973616f3a888ef63d2c25eb393f515f77913592527776520
[INFO] running `Command { std: "docker" "create" "-v" "/var/lib/crater-agent-workspace/builds/worker-116/target:/opt/rustwide/target:rw,Z" "-v" "/var/lib/crater-agent-workspace/builds/worker-116/source:/opt/rustwide/workdir:ro,Z" "-v" "/var/lib/crater-agent-workspace/cargo-home:/opt/rustwide/cargo-home:ro,Z" "-v" "/var/lib/crater-agent-workspace/rustup-home:/opt/rustwide/rustup-home:ro,Z" "-e" "SOURCE_DIR=/opt/rustwide/workdir" "-e" "CARGO_TARGET_DIR=/opt/rustwide/target" "-e" "CARGO_INCREMENTAL=0" "-e" "RUST_BACKTRACE=full" "-e" "RUSTFLAGS=--cap-lints=warn" "-e" "CARGO_HOME=/opt/rustwide/cargo-home" "-e" "RUSTUP_HOME=/opt/rustwide/rustup-home" "-w" "/opt/rustwide/workdir" "-m" "1610612736" "--user" "0:0" "--network" "none" "ghcr.io/rust-lang/crates-build-env/linux@sha256:34b6a614d2c27851fe6cbf88fbd1137609cefab8b10d0615aaeb6fd47975d74e" "/opt/rustwide/cargo-home/bin/cargo" "+1.54.0" "test" "--frozen" "--no-run" "--message-format=json", kill_on_drop: false }`
[INFO] [stdout] ee560114f97b688048729f689efffaab99c66028c19c52b49964e36f792ff19b
[INFO] running `Command { std: "docker" "start" "-a" "ee560114f97b688048729f689efffaab99c66028c19c52b49964e36f792ff19b", kill_on_drop: false }`
[INFO] [stderr]    Compiling us-comics-server v0.1.0 (/opt/rustwide/workdir)
[INFO] [stdout] warning: unused `Result` that must be used
[INFO] [stdout]   --> src/main.rs:22:5
[INFO] [stdout]    |
[INFO] [stdout] 22 |     server::Server::start().await;
[INFO] [stdout]    |     ^^^^^^^^^^^^^^^^^^^^^^^^^^^^^^
[INFO] [stdout]    |
[INFO] [stdout]    = note: `#[warn(unused_must_use)]` on by default
[INFO] [stdout]    = note: this `Result` may be an `Err` variant, which should be handled
[INFO] [stdout] 
[INFO] [stdout] 
[INFO] [stdout] warning: 1 warning emitted
[INFO] [stdout] 
[INFO] [stdout] 
[INFO] [stderr]     Finished test [unoptimized + debuginfo] target(s) in 14.32s
[INFO] running `Command { std: "docker" "inspect" "ee560114f97b688048729f689efffaab99c66028c19c52b49964e36f792ff19b", kill_on_drop: false }`
[INFO] running `Command { std: "docker" "rm" "-f" "ee560114f97b688048729f689efffaab99c66028c19c52b49964e36f792ff19b", kill_on_drop: false }`
[INFO] [stdout] ee560114f97b688048729f689efffaab99c66028c19c52b49964e36f792ff19b
[INFO] running `Command { std: "docker" "create" "-v" "/var/lib/crater-agent-workspace/builds/worker-116/target:/opt/rustwide/target:rw,Z" "-v" "/var/lib/crater-agent-workspace/builds/worker-116/source:/opt/rustwide/workdir:ro,Z" "-v" "/var/lib/crater-agent-workspace/cargo-home:/opt/rustwide/cargo-home:ro,Z" "-v" "/var/lib/crater-agent-workspace/rustup-home:/opt/rustwide/rustup-home:ro,Z" "-e" "SOURCE_DIR=/opt/rustwide/workdir" "-e" "CARGO_TARGET_DIR=/opt/rustwide/target" "-e" "CARGO_INCREMENTAL=0" "-e" "RUST_BACKTRACE=full" "-e" "RUSTFLAGS=--cap-lints=warn" "-e" "CARGO_HOME=/opt/rustwide/cargo-home" "-e" "RUSTUP_HOME=/opt/rustwide/rustup-home" "-w" "/opt/rustwide/workdir" "-m" "1610612736" "--user" "0:0" "--network" "none" "ghcr.io/rust-lang/crates-build-env/linux@sha256:34b6a614d2c27851fe6cbf88fbd1137609cefab8b10d0615aaeb6fd47975d74e" "/opt/rustwide/cargo-home/bin/cargo" "+1.54.0" "test" "--frozen", kill_on_drop: false }`
[INFO] [stdout] 9db04ca48ef0cb4b469a8644af6d6aed5fba80c1f67fa7bb798fae2dddfca777
[INFO] running `Command { std: "docker" "start" "-a" "9db04ca48ef0cb4b469a8644af6d6aed5fba80c1f67fa7bb798fae2dddfca777", kill_on_drop: false }`
[INFO] [stderr] warning: unused `Result` that must be used
[INFO] [stderr]   --> src/main.rs:22:5
[INFO] [stderr]    |
[INFO] [stderr] 22 |     server::Server::start().await;
[INFO] [stderr]    |     ^^^^^^^^^^^^^^^^^^^^^^^^^^^^^^
[INFO] [stderr]    |
[INFO] [stderr]    = note: `#[warn(unused_must_use)]` on by default
[INFO] [stderr]    = note: this `Result` may be an `Err` variant, which should be handled
[INFO] [stderr] 
[INFO] [stderr] warning: 1 warning emitted
[INFO] [stderr] 
[INFO] [stderr]     Finished test [unoptimized + debuginfo] target(s) in 0.11s
[INFO] [stderr]      Running unittests (/opt/rustwide/target/debug/deps/us_comics_server-671e2c0151abd428)
[INFO] [stdout] 
[INFO] [stdout] running 59 tests
[INFO] [stdout] test config::test::test_default_server_info ... ok
[INFO] [stdout] test config::test::test_new_server_info ... ok
[INFO] [stdout] test config::test::test_to_json ... ok
[INFO] [stdout] test config::test::test_verb_code ... ok
[INFO] [stdout] test preprocessing::file_preprocessor::test::test_file_preprocessor_bad_response_file ... ok
[INFO] [stdout] test preprocessing::file_preprocessor::test::test_file_preprocessor_with_bad_response_code ... ok
[INFO] [stdout] test preprocessing::file_preprocessor::test::test_file_preprocessor_with_bad_values ... ok
[INFO] [stdout] test preprocessing::file_preprocessor::test::test_file_preprocessor_with_values ... ok
[INFO] [stdout] test preprocessing::json_preprocessor::test::test_json_preprocessor_error ... ok
[INFO] [stdout] test preprocessing::json_preprocessor::test::test_json_preprocessor ... ok
[INFO] [stdout] test preprocessing::text_preprocessor::test::test_text_preprocessor ... ok
[INFO] [stdout] test config::test::test_response_code ... ok
[INFO] [stdout] test config::test::test_add_defaults_server_info ... ok
[INFO] [stdout] test preprocessing::preprocessing_response::test::test_response ... ok
[INFO] [stdout] test config::test::test_new_server_config ... ok
[INFO] [stdout] test preprocessing::text_preprocessor::test::test_text_preprocessor_error ... ok
[INFO] [stdout] test processing::text_file_processor::test::test_text_file_processor ... ok
[INFO] [stdout] test preprocessing::file_preprocessor::test::test_file_preprocessor ... ok
[INFO] [stdout] test config::test::test_authorization ... ok
[INFO] [stdout] test preprocessing::computed_preprocessor::test::test_computed_preprocessor ... ok
[INFO] [stdout] test config::test::test_new_response_info ... ok
[INFO] [stdout] test config::test::test_service_entry_from_json ... ok
[INFO] [stdout] test config::test::test_new_service_entry ... ok
[INFO] [stdout] test preprocessing::file_preprocessor::test::test_file_preprocessor_bad_body ... ok
[INFO] [stdout] test processing::binary_file_processor::test::test_binary_file_processor ... ok
[INFO] [stdout] test processing::json_processor::test::test_json_processor ... ok
[INFO] [stdout] test processing::handlebars_file_processor::test::test_handlebars_file_processor ... ok
[INFO] [stdout] test preprocessing::file_preprocessor::test::test_file_preprocessor_with_params ... ok
[INFO] [stdout] test server::test::test_get_address ... ok
[INFO] [stdout] test server::test::test_preprocess ... ok
[INFO] [stdout] test util::log::test::test_prefix ... ok
[INFO] [stdout] test util::log::test::test_can_and_set ... ok
[INFO] [stdout] test util::log::test::test_get_level ... ok
[INFO] [stdout] test util::log::test::test_get_level_prefix ... ok
[INFO] [stdout] test server::test::test_build_error_response ... ok
[INFO] [stdout] test server::test::test_get_requested_service ... ok
[INFO] [stdout] test util::mime::test::test_mime ... ok
[INFO] [stdout] test util::url::test::test_has_query ... ok
[INFO] [stdout] test util::url::test::test_matches ... ok
[INFO] [stdout] test util::server_status::test::test_status ... ok
[INFO] [stdout] test util::url::test::test_remove_authority ... ok
[INFO] [stdout] test util::url::test::test_remove_scheme ... ok
[INFO] [stdout] test util::url::test::test_get_params ... ok
[INFO] [stdout] test util::url::test::test_has_authority ... ok
[INFO] [stdout] test util::url::test::test_has_params ... ok
[INFO] [stdout] test util::url::test::test_qet_query ... ok
[INFO] [stdout] test util::url::test::test_get_authority ... ok
[INFO] [stdout] test server::test::test_preprocess_error ... ok
[INFO] [stdout] test util::url::test::test_has_scheme ... ok
[INFO] [stdout] test util::i18n::test::test_get ... ok
[INFO] [stdout] test processing::processing_response::test::test_response ... ok
[INFO] [stdout] test util::url::test::test_get_scheme ... ok
[INFO] [stdout] test server::test::test_respond ... ok
[INFO] [stdout] test util::log::test::test_macros ... ok
[INFO] [stdout] test util::url::test::test_set_params ... ok
[INFO] [stdout] test processing::text_processor::test::test_text_processor ... ok
[INFO] [stdout] test request::test::test_request ... ok
[INFO] [stdout] test util::i18n::test::test_new ... ok
[INFO] [stdout] test server::test::test_get_file_bytes ... FAILED
[INFO] [stdout] 
[INFO] [stdout] failures:
[INFO] [stdout] 
[INFO] [stdout] ---- server::test::test_get_file_bytes stdout ----
[INFO] [stdout] { "time": "2021-8-8T20:47:3Z", "file": "src/server.rs", "line": 68, "host": "9db04ca48ef0", "processId": 8, "level": "DEBUG", "entry": "./config/config.json" }
[INFO] [stdout] { "time": "2021-8-8T20:47:3Z", "file": "src/server.rs", "line": 69, "host": "9db04ca48ef0", "processId": 8, "level": "DEBUG", "entry": "{"port":8080,"logging":"DEBUG","locale":"en-US","locale_path":"./config/i18n/strings-en-US.txt"}" }
[INFO] [stdout] { "time": "2021-8-8T20:47:3Z", "file": "src/server.rs", "line": 70, "host": "9db04ca48ef0", "processId": 8, "level": "DEBUG", "entry": "[{"id":0,"name":"ping","description":"Pings the server","response_info":{"code":1,"value":"name=U.S. Comics Server;version=0.0.1","file":null},"authentication":null,"authorization":null,"options":null},{"id":1,"name":"text","description":"Text service","response_info":{"code":0,"value":"Some text.","file":null},"authentication":null,"authorization":null,"options":null},{"id":2,"name":"json text","description":"JSON text service","response_info":{"code":1,"value":"name=Server;version=1.0;","file":null},"authentication":null,"authorization":null,"options":null},{"id":3,"name":"text file","description":"Text file service","response_info":{"code":3,"value":null,"file":"./:file"},"authentication":null,"authorization":null,"options":null},{"id":4,"name":"binary file","description":"Binary file service","response_info":{"code":2,"value":null,"file":"./:file"},"authentication":null,"authorization":null,"options":null}]" }
[INFO] [stdout] { "time": "2021-8-8T20:47:3Z", "file": "src/server.rs", "line": 147, "host": "9db04ca48ef0", "processId": 8, "level": "ERROR", "entry": "ServerStatus { status: 404, name: "Not Found", context: "./cargo.toml" }" }
[INFO] [stdout] thread 'server::test::test_get_file_bytes' panicked at 'assertion failed: `(left == right)`
[INFO] [stdout]   left: `true`,
[INFO] [stdout]  right: `false`', src/server.rs:511:17
[INFO] [stdout] stack backtrace:
[INFO] [stdout]    0:     0x55d8e628d590 - std::backtrace_rs::backtrace::libunwind::trace::h34055254b57d8e79
[INFO] [stdout]                                at /rustc/a178d0322ce20e33eac124758e837cbd80a6f633/library/std/src/../../backtrace/src/backtrace/libunwind.rs:90:5
[INFO] [stdout]    1:     0x55d8e628d590 - std::backtrace_rs::backtrace::trace_unsynchronized::h8f1e3fbd9afff6ec
[INFO] [stdout]                                at /rustc/a178d0322ce20e33eac124758e837cbd80a6f633/library/std/src/../../backtrace/src/backtrace/mod.rs:66:5
[INFO] [stdout]    2:     0x55d8e628d590 - std::sys_common::backtrace::_print_fmt::h3a99a796b770c360
[INFO] [stdout]                                at /rustc/a178d0322ce20e33eac124758e837cbd80a6f633/library/std/src/sys_common/backtrace.rs:67:5
[INFO] [stdout]    3:     0x55d8e628d590 - <std::sys_common::backtrace::_print::DisplayBacktrace as core::fmt::Display>::fmt::h32d1f94a80615d18
[INFO] [stdout]                                at /rustc/a178d0322ce20e33eac124758e837cbd80a6f633/library/std/src/sys_common/backtrace.rs:46:22
[INFO] [stdout]    4:     0x55d8e62b00fc - core::fmt::write::h306731c068f7162c
[INFO] [stdout]                                at /rustc/a178d0322ce20e33eac124758e837cbd80a6f633/library/core/src/fmt/mod.rs:1110:17
[INFO] [stdout]    5:     0x55d8e628a4a5 - std::io::Write::write_fmt::h87f19b0a2cd190bc
[INFO] [stdout]                                at /rustc/a178d0322ce20e33eac124758e837cbd80a6f633/library/std/src/io/mod.rs:1588:15
[INFO] [stdout]    6:     0x55d8e628f83b - std::sys_common::backtrace::_print::h5abaa2601a852287
[INFO] [stdout]                                at /rustc/a178d0322ce20e33eac124758e837cbd80a6f633/library/std/src/sys_common/backtrace.rs:49:5
[INFO] [stdout]    7:     0x55d8e628f83b - std::sys_common::backtrace::print::h8d81445442bb638f
[INFO] [stdout]                                at /rustc/a178d0322ce20e33eac124758e837cbd80a6f633/library/std/src/sys_common/backtrace.rs:36:9
[INFO] [stdout]    8:     0x55d8e628f83b - std::panicking::default_hook::{{closure}}::hcfe804496a9fa747
[INFO] [stdout]                                at /rustc/a178d0322ce20e33eac124758e837cbd80a6f633/library/std/src/panicking.rs:208:50
[INFO] [stdout]    9:     0x55d8e628f34c - std::panicking::default_hook::hbea8e3ccf2ba8901
[INFO] [stdout]                                at /rustc/a178d0322ce20e33eac124758e837cbd80a6f633/library/std/src/panicking.rs:222:9
[INFO] [stdout]   10:     0x55d8e628ff04 - std::panicking::rust_panic_with_hook::h7ee9e1a2d0f8975a
[INFO] [stdout]                                at /rustc/a178d0322ce20e33eac124758e837cbd80a6f633/library/std/src/panicking.rs:622:17
[INFO] [stdout]   11:     0x55d8e628f9e7 - std::panicking::begin_panic_handler::{{closure}}::h8ab3b4491718b2c7
[INFO] [stdout]                                at /rustc/a178d0322ce20e33eac124758e837cbd80a6f633/library/std/src/panicking.rs:519:13
[INFO] [stdout]   12:     0x55d8e628da8c - std::sys_common::backtrace::__rust_end_short_backtrace::hd489062ffa586a9f
[INFO] [stdout]                                at /rustc/a178d0322ce20e33eac124758e837cbd80a6f633/library/std/src/sys_common/backtrace.rs:141:18
[INFO] [stdout]   13:     0x55d8e628f949 - rust_begin_unwind
[INFO] [stdout]                                at /rustc/a178d0322ce20e33eac124758e837cbd80a6f633/library/std/src/panicking.rs:515:5
[INFO] [stdout]   14:     0x55d8e609e6d1 - core::panicking::panic_fmt::hca6330e3e14086b4
[INFO] [stdout]                                at /rustc/a178d0322ce20e33eac124758e837cbd80a6f633/library/core/src/panicking.rs:92:14
[INFO] [stdout]   15:     0x55d8e62ae9d8 - core::panicking::assert_failed_inner::h33b45280069a80ed
[INFO] [stdout]   16:     0x55d8e6260d1a - core::panicking::assert_failed::h08522d3d63e8b07c
[INFO] [stdout]                                at /rustc/a178d0322ce20e33eac124758e837cbd80a6f633/library/core/src/panicking.rs:117:5
[INFO] [stdout]   17:     0x55d8e618dcc9 - us_comics_server::server::test::test_get_file_bytes::h43c89035870102ac
[INFO] [stdout]                                at /opt/rustwide/workdir/src/server.rs:511:17
[INFO] [stdout]   18:     0x55d8e618dbca - us_comics_server::server::test::test_get_file_bytes::{{closure}}::he0fddd6cf3f1194e
[INFO] [stdout]                                at /opt/rustwide/workdir/src/server.rs:505:5
[INFO] [stdout]   19:     0x55d8e6158a2e - core::ops::function::FnOnce::call_once::h0ac4e9ed4b987f29
[INFO] [stdout]                                at /rustc/a178d0322ce20e33eac124758e837cbd80a6f633/library/core/src/ops/function.rs:227:5
[INFO] [stdout]   20:     0x55d8e61ccc53 - core::ops::function::FnOnce::call_once::h152e7e439ff59e19
[INFO] [stdout]                                at /rustc/a178d0322ce20e33eac124758e837cbd80a6f633/library/core/src/ops/function.rs:227:5
[INFO] [stdout]   21:     0x55d8e61ccc53 - test::__rust_begin_short_backtrace::h0908f3b1fdbb72ab
[INFO] [stdout]                                at /rustc/a178d0322ce20e33eac124758e837cbd80a6f633/library/test/src/lib.rs:577:5
[INFO] [stdout]   22:     0x55d8e61cb710 - <alloc::boxed::Box<F,A> as core::ops::function::FnOnce<Args>>::call_once::hf6d2a51e5587546c
[INFO] [stdout]                                at /rustc/a178d0322ce20e33eac124758e837cbd80a6f633/library/alloc/src/boxed.rs:1575:9
[INFO] [stdout]   23:     0x55d8e61cb710 - <std::panic::AssertUnwindSafe<F> as core::ops::function::FnOnce<()>>::call_once::h8af660f3a89ef593
[INFO] [stdout]                                at /rustc/a178d0322ce20e33eac124758e837cbd80a6f633/library/std/src/panic.rs:347:9
[INFO] [stdout]   24:     0x55d8e61cb710 - std::panicking::try::do_call::hd36aef60f84b6d36
[INFO] [stdout]                                at /rustc/a178d0322ce20e33eac124758e837cbd80a6f633/library/std/src/panicking.rs:401:40
[INFO] [stdout]   25:     0x55d8e61cb710 - std::panicking::try::h9932b4480e69817c
[INFO] [stdout]                                at /rustc/a178d0322ce20e33eac124758e837cbd80a6f633/library/std/src/panicking.rs:365:19
[INFO] [stdout]   26:     0x55d8e61cb710 - std::panic::catch_unwind::h6aa177099cfff5f8
[INFO] [stdout]                                at /rustc/a178d0322ce20e33eac124758e837cbd80a6f633/library/std/src/panic.rs:434:14
[INFO] [stdout]   27:     0x55d8e61cb710 - test::run_test_in_process::h5884d6f2d99e20c3
[INFO] [stdout]                                at /rustc/a178d0322ce20e33eac124758e837cbd80a6f633/library/test/src/lib.rs:600:18
[INFO] [stdout]   28:     0x55d8e61cb710 - test::run_test::run_test_inner::{{closure}}::h6fdc58c6d5f5b6e3
[INFO] [stdout]                                at /rustc/a178d0322ce20e33eac124758e837cbd80a6f633/library/test/src/lib.rs:492:39
[INFO] [stdout]   29:     0x55d8e61a4dc2 - test::run_test::run_test_inner::{{closure}}::h408365d67a78ade8
[INFO] [stdout]                                at /rustc/a178d0322ce20e33eac124758e837cbd80a6f633/library/test/src/lib.rs:519:37
[INFO] [stdout]   30:     0x55d8e61a4dc2 - std::sys_common::backtrace::__rust_begin_short_backtrace::hb560b77c4f701523
[INFO] [stdout]                                at /rustc/a178d0322ce20e33eac124758e837cbd80a6f633/library/std/src/sys_common/backtrace.rs:125:18
[INFO] [stdout]   31:     0x55d8e61a8978 - std::thread::Builder::spawn_unchecked::{{closure}}::{{closure}}::hf2e7831dad93c597
[INFO] [stdout]                                at /rustc/a178d0322ce20e33eac124758e837cbd80a6f633/library/std/src/thread/mod.rs:481:17
[INFO] [stdout]   32:     0x55d8e61a8978 - <std::panic::AssertUnwindSafe<F> as core::ops::function::FnOnce<()>>::call_once::hd2e08783d8be4d02
[INFO] [stdout]                                at /rustc/a178d0322ce20e33eac124758e837cbd80a6f633/library/std/src/panic.rs:347:9
[INFO] [stdout]   33:     0x55d8e61a8978 - std::panicking::try::do_call::h062597b7acfd6b82
[INFO] [stdout]                                at /rustc/a178d0322ce20e33eac124758e837cbd80a6f633/library/std/src/panicking.rs:401:40
[INFO] [stdout]   34:     0x55d8e61a8978 - std::panicking::try::h0d7b79db04c14552
[INFO] [stdout]                                at /rustc/a178d0322ce20e33eac124758e837cbd80a6f633/library/std/src/panicking.rs:365:19
[INFO] [stdout]   35:     0x55d8e61a8978 - std::panic::catch_unwind::hb01a0b5e7c8cd43b
[INFO] [stdout]                                at /rustc/a178d0322ce20e33eac124758e837cbd80a6f633/library/std/src/panic.rs:434:14
[INFO] [stdout]   36:     0x55d8e61a8978 - std::thread::Builder::spawn_unchecked::{{closure}}::h5bde48cc887e0d1e
[INFO] [stdout]                                at /rustc/a178d0322ce20e33eac124758e837cbd80a6f633/library/std/src/thread/mod.rs:480:30
[INFO] [stdout]   37:     0x55d8e61a8978 - core::ops::function::FnOnce::call_once{{vtable.shim}}::h745ea30807a29e55
[INFO] [stdout]                                at /rustc/a178d0322ce20e33eac124758e837cbd80a6f633/library/core/src/ops/function.rs:227:5
[INFO] [stdout]   38:     0x55d8e6294a07 - <alloc::boxed::Box<F,A> as core::ops::function::FnOnce<Args>>::call_once::h7ece6cfefaff1005
[INFO] [stdout]                                at /rustc/a178d0322ce20e33eac124758e837cbd80a6f633/library/alloc/src/boxed.rs:1575:9
[INFO] [stdout]   39:     0x55d8e6294a07 - <alloc::boxed::Box<F,A> as core::ops::function::FnOnce<Args>>::call_once::hb8b48e55c21f193e
[INFO] [stdout]                                at /rustc/a178d0322ce20e33eac124758e837cbd80a6f633/library/alloc/src/boxed.rs:1575:9
[INFO] [stdout]   40:     0x55d8e6294a07 - std::sys::unix::thread::Thread::new::thread_start::h8c7c4450dba62914
[INFO] [stdout]                                at /rustc/a178d0322ce20e33eac124758e837cbd80a6f633/library/std/src/sys/unix/thread.rs:71:17
[INFO] [stdout]   41:     0x7efcb3716609 - start_thread
[INFO] [stdout]   42:     0x7efcb386d293 - clone
[INFO] [stdout]   43:                0x0 - <unknown>
[INFO] [stdout] 
[INFO] [stdout] 
[INFO] [stdout] failures:
[INFO] [stdout]     server::test::test_get_file_bytes
[INFO] [stdout] 
[INFO] [stdout] test result: FAILED. 58 passed; 1 failed; 0 ignored; 0 measured; 0 filtered out; finished in 0.16s
[INFO] [stdout] 
[INFO] [stderr] error: test failed, to rerun pass '--bin us-comics-server'
[INFO] running `Command { std: "docker" "inspect" "9db04ca48ef0cb4b469a8644af6d6aed5fba80c1f67fa7bb798fae2dddfca777", kill_on_drop: false }`
[INFO] running `Command { std: "docker" "rm" "-f" "9db04ca48ef0cb4b469a8644af6d6aed5fba80c1f67fa7bb798fae2dddfca777", kill_on_drop: false }`
[INFO] [stdout] 9db04ca48ef0cb4b469a8644af6d6aed5fba80c1f67fa7bb798fae2dddfca777
