[INFO] cloning repository https://github.com/udoprog/async-injector
[INFO] running `Command { std: "git" "-c" "credential.helper=" "-c" "credential.helper=/workspace/cargo-home/bin/git-credential-null" "clone" "--bare" "https://github.com/udoprog/async-injector" "/workspace/cache/git-repos/https%3A%2F%2Fgithub.com%2Fudoprog%2Fasync-injector", kill_on_drop: false }`
[INFO] [stderr] Cloning into bare repository '/workspace/cache/git-repos/https%3A%2F%2Fgithub.com%2Fudoprog%2Fasync-injector'...
[INFO] running `Command { std: "git" "rev-parse" "HEAD", kill_on_drop: false }`
[INFO] [stdout] 0664a8fdfb17bb3c2974a78f19cd6a90442c2810
[INFO] testing udoprog/async-injector against 1.54.0 for beta-1.55-1
[INFO] running `Command { std: "git" "clone" "/workspace/cache/git-repos/https%3A%2F%2Fgithub.com%2Fudoprog%2Fasync-injector" "/workspace/builds/worker-108/source", kill_on_drop: false }`
[INFO] [stderr] Cloning into '/workspace/builds/worker-108/source'...
[INFO] [stderr] done.
[INFO] validating manifest of git repo https://github.com/udoprog/async-injector on toolchain 1.54.0
[INFO] running `Command { std: "/workspace/cargo-home/bin/cargo" "+1.54.0" "metadata" "--manifest-path" "Cargo.toml" "--no-deps", kill_on_drop: false }`
[INFO] started tweaking git repo https://github.com/udoprog/async-injector
[INFO] finished tweaking git repo https://github.com/udoprog/async-injector
[INFO] tweaked toml for git repo https://github.com/udoprog/async-injector written to /workspace/builds/worker-108/source/Cargo.toml
[INFO] running `Command { std: "/workspace/cargo-home/bin/cargo" "+1.54.0" "generate-lockfile" "--manifest-path" "Cargo.toml" "-Zno-index-update", kill_on_drop: false }`
[INFO] [stderr]     Blocking waiting for file lock on package cache
[INFO] running `Command { std: "/workspace/cargo-home/bin/cargo" "+1.54.0" "fetch" "--manifest-path" "Cargo.toml", kill_on_drop: false }`
[INFO] [stderr]     Blocking waiting for file lock on package cache
[INFO] [stderr]     Blocking waiting for file lock on package cache
[INFO] [stderr]  Downloading crates ...
[INFO] [stderr]   Downloaded strsim v0.10.0
[INFO] [stderr]   Downloaded darling_macro v0.12.4
[INFO] [stderr]   Downloaded darling_core v0.12.4
[INFO] [stderr]   Downloaded darling v0.12.4
[INFO] [stderr]   Downloaded serde-hashkey v0.4.0
[INFO] running `Command { std: "docker" "create" "-v" "/var/lib/crater-agent-workspace/builds/worker-108/target:/opt/rustwide/target:rw,Z" "-v" "/var/lib/crater-agent-workspace/builds/worker-108/source:/opt/rustwide/workdir:ro,Z" "-v" "/var/lib/crater-agent-workspace/cargo-home:/opt/rustwide/cargo-home:ro,Z" "-v" "/var/lib/crater-agent-workspace/rustup-home:/opt/rustwide/rustup-home:ro,Z" "-e" "SOURCE_DIR=/opt/rustwide/workdir" "-e" "CARGO_TARGET_DIR=/opt/rustwide/target" "-e" "CARGO_HOME=/opt/rustwide/cargo-home" "-e" "RUSTUP_HOME=/opt/rustwide/rustup-home" "-w" "/opt/rustwide/workdir" "-m" "1610612736" "--user" "0:0" "--network" "none" "ghcr.io/rust-lang/crates-build-env/linux@sha256:34b6a614d2c27851fe6cbf88fbd1137609cefab8b10d0615aaeb6fd47975d74e" "/opt/rustwide/cargo-home/bin/cargo" "+1.54.0" "metadata" "--no-deps" "--format-version=1", kill_on_drop: false }`
[INFO] [stdout] f6302be3611ccbefc48f363ae22e12c3d78210a9f12c544102924a03f94e6356
[INFO] running `Command { std: "docker" "start" "-a" "f6302be3611ccbefc48f363ae22e12c3d78210a9f12c544102924a03f94e6356", kill_on_drop: false }`
[INFO] running `Command { std: "docker" "inspect" "f6302be3611ccbefc48f363ae22e12c3d78210a9f12c544102924a03f94e6356", kill_on_drop: false }`
[INFO] running `Command { std: "docker" "rm" "-f" "f6302be3611ccbefc48f363ae22e12c3d78210a9f12c544102924a03f94e6356", kill_on_drop: false }`
[INFO] [stdout] f6302be3611ccbefc48f363ae22e12c3d78210a9f12c544102924a03f94e6356
[INFO] running `Command { std: "docker" "create" "-v" "/var/lib/crater-agent-workspace/builds/worker-108/target:/opt/rustwide/target:rw,Z" "-v" "/var/lib/crater-agent-workspace/builds/worker-108/source:/opt/rustwide/workdir:ro,Z" "-v" "/var/lib/crater-agent-workspace/cargo-home:/opt/rustwide/cargo-home:ro,Z" "-v" "/var/lib/crater-agent-workspace/rustup-home:/opt/rustwide/rustup-home:ro,Z" "-e" "SOURCE_DIR=/opt/rustwide/workdir" "-e" "CARGO_TARGET_DIR=/opt/rustwide/target" "-e" "CARGO_INCREMENTAL=0" "-e" "RUST_BACKTRACE=full" "-e" "RUSTFLAGS=--cap-lints=warn" "-e" "CARGO_HOME=/opt/rustwide/cargo-home" "-e" "RUSTUP_HOME=/opt/rustwide/rustup-home" "-w" "/opt/rustwide/workdir" "-m" "1610612736" "--user" "0:0" "--network" "none" "ghcr.io/rust-lang/crates-build-env/linux@sha256:34b6a614d2c27851fe6cbf88fbd1137609cefab8b10d0615aaeb6fd47975d74e" "/opt/rustwide/cargo-home/bin/cargo" "+1.54.0" "build" "--frozen" "--message-format=json", kill_on_drop: false }`
[INFO] [stdout] ff11bf9eec18483283c5d169562ab2b3777effc4b50e8d3e899f2ed7a2d507c6
[INFO] running `Command { std: "docker" "start" "-a" "ff11bf9eec18483283c5d169562ab2b3777effc4b50e8d3e899f2ed7a2d507c6", kill_on_drop: false }`
[INFO] [stderr]     Blocking waiting for file lock on package cache
[INFO] [stderr]    Compiling proc-macro2 v1.0.28
[INFO] [stderr]    Compiling syn v1.0.74
[INFO] [stderr]    Compiling libc v0.2.98
[INFO] [stderr]    Compiling strsim v0.10.0
[INFO] [stderr]    Compiling serde_derive v1.0.127
[INFO] [stderr]    Compiling serde v1.0.127
[INFO] [stderr]    Compiling pin-project-lite v0.2.7
[INFO] [stderr]    Compiling tokio v1.9.0
[INFO] [stderr]    Compiling hashbrown v0.9.1
[INFO] [stderr]    Compiling quote v1.0.9
[INFO] [stderr]    Compiling num_cpus v1.13.0
[INFO] [stderr]    Compiling darling_core v0.12.4
[INFO] [stderr]    Compiling tokio-macros v1.3.0
[INFO] [stderr]    Compiling darling_macro v0.12.4
[INFO] [stderr]    Compiling darling v0.12.4
[INFO] [stderr]    Compiling async-injector-derive v0.17.0 (/opt/rustwide/workdir/async-injector-derive)
[INFO] [stderr]    Compiling serde-hashkey v0.4.0
[INFO] [stderr]    Compiling async-injector v0.17.0 (/opt/rustwide/workdir)
[INFO] [stderr]     Finished dev [unoptimized + debuginfo] target(s) in 44.84s
[INFO] running `Command { std: "docker" "inspect" "ff11bf9eec18483283c5d169562ab2b3777effc4b50e8d3e899f2ed7a2d507c6", kill_on_drop: false }`
[INFO] running `Command { std: "docker" "rm" "-f" "ff11bf9eec18483283c5d169562ab2b3777effc4b50e8d3e899f2ed7a2d507c6", kill_on_drop: false }`
[INFO] [stdout] ff11bf9eec18483283c5d169562ab2b3777effc4b50e8d3e899f2ed7a2d507c6
[INFO] running `Command { std: "docker" "create" "-v" "/var/lib/crater-agent-workspace/builds/worker-108/target:/opt/rustwide/target:rw,Z" "-v" "/var/lib/crater-agent-workspace/builds/worker-108/source:/opt/rustwide/workdir:ro,Z" "-v" "/var/lib/crater-agent-workspace/cargo-home:/opt/rustwide/cargo-home:ro,Z" "-v" "/var/lib/crater-agent-workspace/rustup-home:/opt/rustwide/rustup-home:ro,Z" "-e" "SOURCE_DIR=/opt/rustwide/workdir" "-e" "CARGO_TARGET_DIR=/opt/rustwide/target" "-e" "CARGO_INCREMENTAL=0" "-e" "RUST_BACKTRACE=full" "-e" "RUSTFLAGS=--cap-lints=warn" "-e" "CARGO_HOME=/opt/rustwide/cargo-home" "-e" "RUSTUP_HOME=/opt/rustwide/rustup-home" "-w" "/opt/rustwide/workdir" "-m" "1610612736" "--user" "0:0" "--network" "none" "ghcr.io/rust-lang/crates-build-env/linux@sha256:34b6a614d2c27851fe6cbf88fbd1137609cefab8b10d0615aaeb6fd47975d74e" "/opt/rustwide/cargo-home/bin/cargo" "+1.54.0" "test" "--frozen" "--no-run" "--message-format=json", kill_on_drop: false }`
[INFO] [stdout] 84f1b98b6895ee1538658a32d6241e3c4b1306c7c6e5c662207461746f8d4f4e
[INFO] running `Command { std: "docker" "start" "-a" "84f1b98b6895ee1538658a32d6241e3c4b1306c7c6e5c662207461746f8d4f4e", kill_on_drop: false }`
[INFO] [stderr]    Compiling anyhow v1.0.42
[INFO] [stderr]    Compiling async-injector v0.17.0 (/opt/rustwide/workdir)
[INFO] [stderr]     Finished test [unoptimized + debuginfo] target(s) in 5.30s
[INFO] running `Command { std: "docker" "inspect" "84f1b98b6895ee1538658a32d6241e3c4b1306c7c6e5c662207461746f8d4f4e", kill_on_drop: false }`
[INFO] running `Command { std: "docker" "rm" "-f" "84f1b98b6895ee1538658a32d6241e3c4b1306c7c6e5c662207461746f8d4f4e", kill_on_drop: false }`
[INFO] [stdout] 84f1b98b6895ee1538658a32d6241e3c4b1306c7c6e5c662207461746f8d4f4e
[INFO] running `Command { std: "docker" "create" "-v" "/var/lib/crater-agent-workspace/builds/worker-108/target:/opt/rustwide/target:rw,Z" "-v" "/var/lib/crater-agent-workspace/builds/worker-108/source:/opt/rustwide/workdir:ro,Z" "-v" "/var/lib/crater-agent-workspace/cargo-home:/opt/rustwide/cargo-home:ro,Z" "-v" "/var/lib/crater-agent-workspace/rustup-home:/opt/rustwide/rustup-home:ro,Z" "-e" "SOURCE_DIR=/opt/rustwide/workdir" "-e" "CARGO_TARGET_DIR=/opt/rustwide/target" "-e" "CARGO_INCREMENTAL=0" "-e" "RUST_BACKTRACE=full" "-e" "RUSTFLAGS=--cap-lints=warn" "-e" "CARGO_HOME=/opt/rustwide/cargo-home" "-e" "RUSTUP_HOME=/opt/rustwide/rustup-home" "-w" "/opt/rustwide/workdir" "-m" "1610612736" "--user" "0:0" "--network" "none" "ghcr.io/rust-lang/crates-build-env/linux@sha256:34b6a614d2c27851fe6cbf88fbd1137609cefab8b10d0615aaeb6fd47975d74e" "/opt/rustwide/cargo-home/bin/cargo" "+1.54.0" "test" "--frozen", kill_on_drop: false }`
[INFO] [stdout] f1a319caccb15cbb1f8dfea1c5fcf6505c42ca3120f9fb704e7af55959e3b857
[INFO] running `Command { std: "docker" "start" "-a" "f1a319caccb15cbb1f8dfea1c5fcf6505c42ca3120f9fb704e7af55959e3b857", kill_on_drop: false }`
[INFO] [stderr]     Finished test [unoptimized + debuginfo] target(s) in 0.09s
[INFO] [stderr]      Running unittests (/opt/rustwide/target/debug/deps/async_injector-a6d7b4e5698b77e6)
[INFO] [stdout] 
[INFO] [stdout] running 1 test
[INFO] [stdout] test tests::test_clone ... ok
[INFO] [stdout] 
[INFO] [stdout] test result: ok. 1 passed; 0 failed; 0 ignored; 0 measured; 0 filtered out; finished in 0.00s
[INFO] [stdout] 
[INFO] [stderr]      Running tests/database_test.rs (/opt/rustwide/target/debug/deps/database_test-d06efcc25890523b)
[INFO] [stdout] 
[INFO] [stdout] running 1 test
[INFO] [stdout] test test_provider ... ok
[INFO] [stdout] 
[INFO] [stdout] test result: ok. 1 passed; 0 failed; 0 ignored; 0 measured; 0 filtered out; finished in 0.00s
[INFO] [stdout] 
[INFO] [stderr]      Running tests/provider_tests.rs (/opt/rustwide/target/debug/deps/provider_tests-d24829bd06848611)
[INFO] [stdout] 
[INFO] [stdout] running 1 test
[INFO] [stdout] test test_something ... ok
[INFO] [stdout] 
[INFO] [stdout] test result: ok. 1 passed; 0 failed; 0 ignored; 0 measured; 0 filtered out; finished in 0.00s
[INFO] [stdout] 
[INFO] [stderr]    Doc-tests async-injector
[INFO] [stdout] 
[INFO] [stdout] running 23 tests
[INFO] [stdout] test src/lib.rs - (line 154) - compile ... ok
[INFO] [stdout] test src/lib.rs - (line 28) - compile ... ok
[INFO] [stdout] test src/lib.rs - (line 74) - compile ... ok
[INFO] [stdout] test src/lib.rs - Key<T>::of (line 1118) ... ok
[INFO] [stdout] test src/lib.rs - Injector::stream_key (line 896) ... FAILED
[INFO] [stdout] test src/lib.rs - Injector::stream (line 856) ... FAILED
[INFO] [stdout] test src/lib.rs - Injector::clear (line 522) ... ok
[INFO] [stdout] test src/lib.rs - Key<T>::tagged (line 1136) ... ok
[INFO] [stdout] test src/lib.rs - Injector::new (line 486) ... ok
[INFO] [stdout] test src/lib.rs - Injector::get_key (line 807) ... ok
[INFO] [stdout] test src/lib.rs - Ref<T>::read (line 1210) ... ok
[INFO] [stdout] test src/lib.rs - Injector::var (line 963) ... ok
[INFO] [stdout] test src/lib.rs - Ref<T>::load (line 1247) ... ok
[INFO] [stdout] test src/lib.rs - Injector::var_key (line 992) ... ok
[INFO] [stdout] test src/lib.rs - Injector::get (line 786) ... ok
[INFO] [stdout] test src/lib.rs - Injector::mutate (line 708) ... ok
[INFO] [stdout] test src/lib.rs - Injector::clear_key (line 551) ... ok
[INFO] [stdout] test src/lib.rs - Injector::update_key (line 619) ... ok
[INFO] [stdout] test src/lib.rs - Injector::exists (line 653) ... ok
[INFO] [stdout] test src/lib.rs - Injector::update (line 592) ... ok
[INFO] [stdout] test src/lib.rs - Injector::mutate_key (line 736) ... ok
[INFO] [stdout] test src/lib.rs - Injector::new (line 471) ... ok
[INFO] [stdout] test src/lib.rs - Injector::exists_key (line 674) ... ok
[INFO] [stdout] 
[INFO] [stdout] failures:
[INFO] [stdout] 
[INFO] [stdout] ---- src/lib.rs - Injector::stream_key (line 896) stdout ----
[INFO] [stdout] Couldn't compile the test.
[INFO] [stdout] ---- src/lib.rs - Injector::stream (line 856) stdout ----
[INFO] [stdout] Couldn't compile the test.
[INFO] [stdout] 
[INFO] [stdout] failures:
[INFO] [stdout]     src/lib.rs - Injector::stream (line 856)
[INFO] [stdout]     src/lib.rs - Injector::stream_key (line 896)
[INFO] [stdout] 
[INFO] [stdout] test result: FAILED. 21 passed; 2 failed; 0 ignored; 0 measured; 0 filtered out; finished in 6.84s
[INFO] [stdout] 
[INFO] [stderr] error: test failed, to rerun pass '--doc'
[INFO] running `Command { std: "docker" "inspect" "f1a319caccb15cbb1f8dfea1c5fcf6505c42ca3120f9fb704e7af55959e3b857", kill_on_drop: false }`
[INFO] running `Command { std: "docker" "rm" "-f" "f1a319caccb15cbb1f8dfea1c5fcf6505c42ca3120f9fb704e7af55959e3b857", kill_on_drop: false }`
[INFO] [stdout] f1a319caccb15cbb1f8dfea1c5fcf6505c42ca3120f9fb704e7af55959e3b857
