[INFO] cloning repository https://github.com/trailimage/static-from-exif
[INFO] running `Command { std: "git" "-c" "credential.helper=" "-c" "credential.helper=/workspace/cargo-home/bin/git-credential-null" "clone" "--bare" "https://github.com/trailimage/static-from-exif" "/workspace/cache/git-repos/https%3A%2F%2Fgithub.com%2Ftrailimage%2Fstatic-from-exif", kill_on_drop: false }`
[INFO] [stderr] Cloning into bare repository '/workspace/cache/git-repos/https%3A%2F%2Fgithub.com%2Ftrailimage%2Fstatic-from-exif'...
[INFO] running `Command { std: "git" "rev-parse" "HEAD", kill_on_drop: false }`
[INFO] [stdout] 497be0dab89f9a4be73e14a18cf2a9440b80f055
[INFO] testing trailimage/static-from-exif against beta-2021-08-01 for beta-1.55-1
[INFO] running `Command { std: "git" "clone" "/workspace/cache/git-repos/https%3A%2F%2Fgithub.com%2Ftrailimage%2Fstatic-from-exif" "/workspace/builds/worker-10/source", kill_on_drop: false }`
[INFO] [stderr] Cloning into '/workspace/builds/worker-10/source'...
[INFO] [stderr] done.
[INFO] validating manifest of git repo https://github.com/trailimage/static-from-exif on toolchain beta-2021-08-01
[INFO] running `Command { std: "/workspace/cargo-home/bin/cargo" "+beta-2021-08-01" "metadata" "--manifest-path" "Cargo.toml" "--no-deps", kill_on_drop: false }`
[INFO] started tweaking git repo https://github.com/trailimage/static-from-exif
[INFO] finished tweaking git repo https://github.com/trailimage/static-from-exif
[INFO] tweaked toml for git repo https://github.com/trailimage/static-from-exif written to /workspace/builds/worker-10/source/Cargo.toml
[INFO] crate git repo https://github.com/trailimage/static-from-exif already has a lockfile, it will not be regenerated
[INFO] running `Command { std: "/workspace/cargo-home/bin/cargo" "+beta-2021-08-01" "fetch" "--manifest-path" "Cargo.toml", kill_on_drop: false }`
[INFO] [stderr]     Blocking waiting for file lock on package cache
[INFO] [stderr]  Downloading crates ...
[INFO] [stderr]   Downloaded kamadak-exif v0.5.2
[INFO] [stderr]   Downloaded yarte_hir v0.12.2
[INFO] [stderr]   Downloaded yarte_derive v0.12.2
[INFO] [stderr]   Downloaded yansi-term v0.1.2
[INFO] [stderr]   Downloaded v_eval v0.6.0
[INFO] [stderr]   Downloaded path_abs v0.5.0
[INFO] [stderr]   Downloaded content_inspector v0.2.4
[INFO] [stderr]   Downloaded kstring v0.1.2
[INFO] [stderr]   Downloaded v_htmlescape v0.10.0
[INFO] [stderr]   Downloaded mutate_once v0.1.1
[INFO] [stderr]   Downloaded liquid-lib v0.20.2
[INFO] [stderr]   Downloaded yarte_codegen v0.12.2
[INFO] [stderr]   Downloaded git2 v0.13.11
[INFO] [stderr]   Downloaded liquid-core v0.20.2
[INFO] [stderr]   Downloaded v_escape_derive v0.8.1
[INFO] [stderr]   Downloaded v_escape v0.12.1
[INFO] [stderr]   Downloaded annotate-snippets v0.9.0
[INFO] [stderr]   Downloaded toolchain_find v0.1.4
[INFO] [stderr]   Downloaded yarte_parser v0.12.2
[INFO] [stderr]   Downloaded ansi_colours v1.0.1
[INFO] [stderr]   Downloaded liquid-derive v0.20.1
[INFO] [stderr]   Downloaded syntect v4.4.0
[INFO] [stderr]   Downloaded libgit2-sys v0.12.13+1.0.1
[INFO] [stderr]   Downloaded bat v0.15.4
[INFO] [stderr]   Downloaded std_prelude v0.2.12
[INFO] [stderr]   Downloaded liquid v0.20.1
[INFO] [stderr]   Downloaded wild v2.0.4
[INFO] [stderr]   Downloaded yarte v0.12.2
[INFO] [stderr]   Downloaded yarte_helpers v0.12.2
[INFO] running `Command { std: "docker" "create" "-v" "/var/lib/crater-agent-workspace/builds/worker-10/target:/opt/rustwide/target:rw,Z" "-v" "/var/lib/crater-agent-workspace/builds/worker-10/source:/opt/rustwide/workdir:ro,Z" "-v" "/var/lib/crater-agent-workspace/cargo-home:/opt/rustwide/cargo-home:ro,Z" "-v" "/var/lib/crater-agent-workspace/rustup-home:/opt/rustwide/rustup-home:ro,Z" "-e" "SOURCE_DIR=/opt/rustwide/workdir" "-e" "CARGO_TARGET_DIR=/opt/rustwide/target" "-e" "CARGO_HOME=/opt/rustwide/cargo-home" "-e" "RUSTUP_HOME=/opt/rustwide/rustup-home" "-w" "/opt/rustwide/workdir" "-m" "1610612736" "--user" "0:0" "--network" "none" "ghcr.io/rust-lang/crates-build-env/linux@sha256:34b6a614d2c27851fe6cbf88fbd1137609cefab8b10d0615aaeb6fd47975d74e" "/opt/rustwide/cargo-home/bin/cargo" "+beta-2021-08-01" "metadata" "--no-deps" "--format-version=1", kill_on_drop: false }`
[INFO] [stdout] f62c0c720a35353f1e0c9df6bc469ad1ec6ac9664fd380a325dde1ba81dedc96
[INFO] running `Command { std: "docker" "start" "-a" "f62c0c720a35353f1e0c9df6bc469ad1ec6ac9664fd380a325dde1ba81dedc96", kill_on_drop: false }`
[INFO] running `Command { std: "docker" "inspect" "f62c0c720a35353f1e0c9df6bc469ad1ec6ac9664fd380a325dde1ba81dedc96", kill_on_drop: false }`
[INFO] running `Command { std: "docker" "rm" "-f" "f62c0c720a35353f1e0c9df6bc469ad1ec6ac9664fd380a325dde1ba81dedc96", kill_on_drop: false }`
[INFO] [stdout] f62c0c720a35353f1e0c9df6bc469ad1ec6ac9664fd380a325dde1ba81dedc96
[INFO] running `Command { std: "docker" "create" "-v" "/var/lib/crater-agent-workspace/builds/worker-10/target:/opt/rustwide/target:rw,Z" "-v" "/var/lib/crater-agent-workspace/builds/worker-10/source:/opt/rustwide/workdir:ro,Z" "-v" "/var/lib/crater-agent-workspace/cargo-home:/opt/rustwide/cargo-home:ro,Z" "-v" "/var/lib/crater-agent-workspace/rustup-home:/opt/rustwide/rustup-home:ro,Z" "-e" "SOURCE_DIR=/opt/rustwide/workdir" "-e" "CARGO_TARGET_DIR=/opt/rustwide/target" "-e" "CARGO_INCREMENTAL=0" "-e" "RUST_BACKTRACE=full" "-e" "RUSTFLAGS=--cap-lints=warn" "-e" "CARGO_HOME=/opt/rustwide/cargo-home" "-e" "RUSTUP_HOME=/opt/rustwide/rustup-home" "-w" "/opt/rustwide/workdir" "-m" "1610612736" "--user" "0:0" "--network" "none" "ghcr.io/rust-lang/crates-build-env/linux@sha256:34b6a614d2c27851fe6cbf88fbd1137609cefab8b10d0615aaeb6fd47975d74e" "/opt/rustwide/cargo-home/bin/cargo" "+beta-2021-08-01" "build" "--frozen" "--message-format=json", kill_on_drop: false }`
[INFO] [stdout] c1803506872f841d268d90b97f9b4eff3fda22ed25bb70b563e8cca32db7b4ae
[INFO] running `Command { std: "docker" "start" "-a" "c1803506872f841d268d90b97f9b4eff3fda22ed25bb70b563e8cca32db7b4ae", kill_on_drop: false }`
[INFO] [stderr]    Compiling libc v0.2.77
[INFO] [stderr]    Compiling proc-macro2 v1.0.21
[INFO] [stderr]    Compiling syn v1.0.41
[INFO] [stderr]    Compiling serde_derive v1.0.116
[INFO] [stderr]    Compiling serde v1.0.116
[INFO] [stderr]    Compiling log v0.4.11
[INFO] [stderr]    Compiling getrandom v0.1.15
[INFO] [stderr]    Compiling itoa v0.4.6
[INFO] [stderr]    Compiling ppv-lite86 v0.2.9
[INFO] [stderr]    Compiling once_cell v1.4.1
[INFO] [stderr]    Compiling regex-syntax v0.6.18
[INFO] [stderr]    Compiling ucd-trie v0.1.3
[INFO] [stderr]    Compiling serde_json v1.0.57
[INFO] [stderr]    Compiling proc-macro-hack v0.5.18
[INFO] [stderr]    Compiling hashbrown v0.9.0
[INFO] [stderr]    Compiling encoding_index_tests v0.1.4
[INFO] [stderr]    Compiling tinyvec v0.3.4
[INFO] [stderr]    Compiling anymap v0.12.1
[INFO] [stderr]    Compiling siphasher v0.3.3
[INFO] [stderr]    Compiling xml-rs v0.8.3
[INFO] [stderr]    Compiling futures-core v0.3.5
[INFO] [stderr]    Compiling v_escape v0.12.1
[INFO] [stderr]    Compiling std_prelude v0.2.12
[INFO] [stderr]    Compiling v_htmlescape v0.10.0
[INFO] [stderr]    Compiling pin-project-internal v0.4.23
[INFO] [stderr]    Compiling new_debug_unreachable v1.0.4
[INFO] [stderr]    Compiling shell-words v1.0.0
[INFO] [stderr]    Compiling wild v2.0.4
[INFO] [stderr]    Compiling yansi-term v0.1.2
[INFO] [stderr]    Compiling openssl v0.10.30
[INFO] [stderr]    Compiling mac v0.1.1
[INFO] [stderr]    Compiling futures-sink v0.3.5
[INFO] [stderr]    Compiling precomputed-hash v0.1.1
[INFO] [stderr]    Compiling utf-8 v0.7.5
[INFO] [stderr]    Compiling try-lock v0.2.3
[INFO] [stderr]    Compiling httpdate v0.3.2
[INFO] [stderr]    Compiling encoding_rs v0.8.24
[INFO] [stderr]    Compiling tower-service v0.3.0
[INFO] [stderr]    Compiling ahash v0.3.8
[INFO] [stderr]    Compiling ipnet v2.3.0
[INFO] [stderr]    Compiling mutate_once v0.1.1
[INFO] [stderr]    Compiling num-traits v0.2.12
[INFO] [stderr]    Compiling num-integer v0.1.43
[INFO] [stderr]    Compiling indexmap v1.6.0
[INFO] [stderr]    Compiling miniz_oxide v0.4.2
[INFO] [stderr]    Compiling error-chain v0.12.4
[INFO] [stderr]    Compiling buf-min v0.1.1
[INFO] [stderr]    Compiling tracing-core v0.1.16
[INFO] [stderr]    Compiling hashbrown v0.8.2
[INFO] [stderr]    Compiling line-wrap v0.1.1
[INFO] [stderr]    Compiling yaml-rust v0.4.4
[INFO] [stderr]    Compiling walkdir v2.3.1
[INFO] [stderr]    Compiling futf v0.1.4
[INFO] [stderr]    Compiling path_abs v0.5.0
[INFO] [stderr]    Compiling http v0.2.1
[INFO] [stderr]    Compiling annotate-snippets v0.9.0
[INFO] [stderr]    Compiling phf_shared v0.8.0
[INFO] [stderr]    Compiling pest v2.1.3
[INFO] [stderr]    Compiling encoding-index-simpchinese v1.20141219.5
[INFO] [stderr]    Compiling encoding-index-tradchinese v1.20141219.5
[INFO] [stderr]    Compiling encoding-index-japanese v1.20141219.5
[INFO] [stderr]    Compiling encoding-index-singlebyte v1.20141219.5
[INFO] [stderr]    Compiling encoding-index-korean v1.20141219.5
[INFO] [stderr]    Compiling futures-channel v0.3.5
[INFO] [stderr]    Compiling futures-task v0.3.5
[INFO] [stderr]    Compiling unicode-normalization v0.1.13
[INFO] [stderr]    Compiling kamadak-exif v0.5.2
[INFO] [stderr]    Compiling bstr v0.2.13
[INFO] [stderr]    Compiling content_inspector v0.2.4
[INFO] [stderr]    Compiling tendril v0.4.1
[INFO] [stderr]    Compiling mime_guess v2.0.3
[INFO] [stderr]    Compiling phf v0.8.0
[INFO] [stderr]    Compiling tracing v0.1.19
[INFO] [stderr]    Compiling want v0.3.0
[INFO] [stderr]    Compiling encoding v0.2.33
[INFO] [stderr]    Compiling idna v0.2.0
[INFO] [stderr]    Compiling quote v1.0.7
[INFO] [stderr]    Compiling jobserver v0.1.21
[INFO] [stderr]    Compiling time v0.1.44
[INFO] [stderr]    Compiling atty v0.2.14
[INFO] [stderr]    Compiling term_size v0.3.2
[INFO] [stderr]    Compiling net2 v0.2.35
[INFO] [stderr]    Compiling terminal_size v0.1.13
[INFO] [stderr]    Compiling dirs-sys v0.3.5
[INFO] [stderr]    Compiling termios v0.3.2
[INFO] [stderr]    Compiling iovec v0.1.4
[INFO] [stderr]    Compiling num_cpus v1.13.0
[INFO] [stderr]    Compiling dirs v1.0.5
[INFO] [stderr]    Compiling socket2 v0.3.15
[INFO] [stderr]    Compiling flate2 v1.0.17
[INFO] [stderr]    Compiling pest_meta v2.1.3
[INFO] [stderr]    Compiling colored v2.0.0
[INFO] [stderr]    Compiling cc v1.0.60
[INFO] [stderr]    Compiling textwrap v0.11.0
[INFO] [stderr]    Compiling mio v0.6.22
[INFO] [stderr]    Compiling dirs v2.0.2
[INFO] [stderr]    Compiling rand_core v0.5.1
[INFO] [stderr]    Compiling proc-quote-impl v0.3.2
[INFO] [stderr]    Compiling http-body v0.3.1
[INFO] [stderr]    Compiling url v2.1.1
[INFO] [stderr]    Compiling rand_chacha v0.2.2
[INFO] [stderr]    Compiling rand_pcg v0.2.1
[INFO] [stderr]    Compiling clap v2.33.3
[INFO] [stderr]    Compiling regex v1.3.9
[INFO] [stderr]    Compiling rand v0.7.3
[INFO] [stderr]    Compiling tokio v0.2.22
[INFO] [stderr]    Compiling libz-sys v1.1.2
[INFO] [stderr]    Compiling onig_sys v69.5.1
[INFO] [stderr]    Compiling libgit2-sys v0.12.13+1.0.1
[INFO] [stderr]    Compiling ansi_colours v1.0.1
[INFO] [stderr]    Compiling openssl-sys v0.9.58
[INFO] [stderr]    Compiling phf_generator v0.8.0
[INFO] [stderr]    Compiling tempfile v3.1.0
[INFO] [stderr]    Compiling string_cache_codegen v0.5.1
[INFO] [stderr]    Compiling phf_codegen v0.8.0
[INFO] [stderr]    Compiling globset v0.4.5
[INFO] [stderr]    Compiling console v0.11.3
[INFO] [stderr]    Compiling toolchain_find v0.1.4
[INFO] [stderr]    Compiling native-tls v0.2.4
[INFO] [stderr]    Compiling onig v6.1.0
[INFO] [stderr]    Compiling tokio-util v0.3.1
[INFO] [stderr]    Compiling git2 v0.13.11
[INFO] [stderr]    Compiling proc-quote v0.3.2
[INFO] [stderr]    Compiling pest_generator v2.1.3
[INFO] [stderr]    Compiling v_eval v0.6.0
[INFO] [stderr]    Compiling tokio-tls v0.3.1
[INFO] [stderr]    Compiling pest_derive v2.1.0
[INFO] [stderr]    Compiling liquid-derive v0.20.1
[INFO] [stderr]    Compiling v_escape_derive v0.8.1
[INFO] [stderr]    Compiling derive_more v0.99.10
[INFO] [stderr]    Compiling html5ever v0.25.1
[INFO] [stderr]    Compiling thiserror-impl v1.0.20
[INFO] [stderr]    Compiling enum-primitive-derive v0.2.1
[INFO] [stderr]    Compiling thiserror v1.0.20
[INFO] [stderr]    Compiling pin-project v0.4.23
[INFO] [stderr]    Compiling futures-util v0.3.5
[INFO] [stderr]    Compiling h2 v0.2.6
[INFO] [stderr]    Compiling chrono v0.4.15
[INFO] [stderr]    Compiling kstring v0.1.2
[INFO] [stderr]    Compiling bincode v1.3.1
[INFO] [stderr]    Compiling serde_yaml v0.8.13
[INFO] [stderr]    Compiling toml v0.5.6
[INFO] [stderr]    Compiling string_cache v0.8.0
[INFO] [stderr]    Compiling serde_urlencoded v0.6.1
[INFO] [stderr]    Compiling ron v0.6.2
[INFO] [stderr]    Compiling serde-xml-rs v0.4.0
[INFO] [stderr]    Compiling liquid-core v0.20.2
[INFO] [stderr]    Compiling plist v1.0.0
[INFO] [stderr]    Compiling syntect v4.4.0
[INFO] [stderr]    Compiling markup5ever v0.10.0
[INFO] [stderr]    Compiling hyper v0.13.8
[INFO] [stderr]    Compiling liquid-lib v0.20.2
[INFO] [stderr]    Compiling liquid v0.20.1
[INFO] [stderr]    Compiling hyper-tls v0.4.3
[INFO] [stderr]    Compiling reqwest v0.10.8
[INFO] [stderr]    Compiling bat v0.15.4
[INFO] [stderr]    Compiling xml5ever v0.16.1
[INFO] [stderr]    Compiling markup5ever_rcdom v0.1.0
[INFO] [stderr]    Compiling yarte_helpers v0.12.2
[INFO] [stderr]    Compiling yarte_parser v0.12.2
[INFO] [stderr]    Compiling yarte_hir v0.12.2
[INFO] [stderr]    Compiling yarte_codegen v0.12.2
[INFO] [stderr]    Compiling yarte_derive v0.12.2
[INFO] [stderr]    Compiling yarte v0.12.2
[INFO] [stderr]    Compiling exifweb v1.0.0 (/opt/rustwide/workdir)
[INFO] [stdout] warning: associated function is never used: `cover_photo_changed`
[INFO] [stdout]    --> src/config/log.rs:113:12
[INFO] [stdout]     |
[INFO] [stdout] 113 |     pub fn cover_photo_changed(&self, post: &Post) -> bool {
[INFO] [stdout]     |            ^^^^^^^^^^^^^^^^^^^
[INFO] [stdout]     |
[INFO] [stdout]     = note: `#[warn(dead_code)]` on by default
[INFO] [stdout] 
[INFO] [stdout] 
[INFO] [stdout] warning: field is never read: `slug`
[INFO] [stdout]    --> src/io/write.rs:438:5
[INFO] [stdout]     |
[INFO] [stdout] 438 |     pub slug: &'c str,
[INFO] [stdout]     |     ^^^^^^^^^^^^^^^^^
[INFO] [stdout] 
[INFO] [stdout] 
[INFO] [stdout] warning: field is never read: `sub_title`
[INFO] [stdout]    --> src/io/write.rs:452:5
[INFO] [stdout]     |
[INFO] [stdout] 452 |     pub sub_title: String,
[INFO] [stdout]     |     ^^^^^^^^^^^^^^^^^^^^^
[INFO] [stdout] 
[INFO] [stdout] 
[INFO] [stdout] warning: associated function is never used: `cover_photo_changed`
[INFO] [stdout]    --> src/models/post.rs:303:12
[INFO] [stdout]     |
[INFO] [stdout] 303 |     pub fn cover_photo_changed(&self) -> bool {
[INFO] [stdout]     |            ^^^^^^^^^^^^^^^^^^^
[INFO] [stdout] 
[INFO] [stdout] 
[INFO] [stdout] warning: unused borrow that must be used
[INFO] [stdout]    --> src/io/write.rs:422:10
[INFO] [stdout]     |
[INFO] [stdout] 422 | #[derive(Template)]
[INFO] [stdout]     |          ^^^^^^^^
[INFO] [stdout]     |
[INFO] [stdout]     = note: `#[warn(unused_must_use)]` on by default
[INFO] [stdout]     = note: this warning originates in the derive macro `Template` (in Nightly builds, run with -Z macro-backtrace for more info)
[INFO] [stdout] 
[INFO] [stdout] 
[INFO] [stdout] warning: unused borrow that must be used
[INFO] [stdout]    --> src/io/write.rs:422:10
[INFO] [stdout]     |
[INFO] [stdout] 422 | #[derive(Template)]
[INFO] [stdout]     |          ^^^^^^^^
[INFO] [stdout]     |
[INFO] [stdout]     = note: this warning originates in the derive macro `Template` (in Nightly builds, run with -Z macro-backtrace for more info)
[INFO] [stdout] 
[INFO] [stdout] 
[INFO] [stdout] warning: unused borrow that must be used
[INFO] [stdout]    --> src/io/write.rs:433:10
[INFO] [stdout]     |
[INFO] [stdout] 433 | #[derive(Template)]
[INFO] [stdout]     |          ^^^^^^^^
[INFO] [stdout]     |
[INFO] [stdout]     = note: this warning originates in the derive macro `Template` (in Nightly builds, run with -Z macro-backtrace for more info)
[INFO] [stdout] 
[INFO] [stdout] 
[INFO] [stdout] warning: unused borrow that must be used
[INFO] [stdout]    --> src/io/write.rs:446:10
[INFO] [stdout]     |
[INFO] [stdout] 446 | #[derive(Template)]
[INFO] [stdout]     |          ^^^^^^^^
[INFO] [stdout]     |
[INFO] [stdout]     = note: this warning originates in the derive macro `Template` (in Nightly builds, run with -Z macro-backtrace for more info)
[INFO] [stdout] 
[INFO] [stdout] 
[INFO] [stdout] warning: unused borrow that must be used
[INFO] [stdout]    --> src/io/write.rs:458:10
[INFO] [stdout]     |
[INFO] [stdout] 458 | #[derive(Template)]
[INFO] [stdout]     |          ^^^^^^^^
[INFO] [stdout]     |
[INFO] [stdout]     = note: this warning originates in the derive macro `Template` (in Nightly builds, run with -Z macro-backtrace for more info)
[INFO] [stdout] 
[INFO] [stdout] 
[INFO] [stdout] warning: unused borrow that must be used
[INFO] [stdout]    --> src/io/write.rs:469:10
[INFO] [stdout]     |
[INFO] [stdout] 469 | #[derive(Template)]
[INFO] [stdout]     |          ^^^^^^^^
[INFO] [stdout]     |
[INFO] [stdout]     = note: this warning originates in the derive macro `Template` (in Nightly builds, run with -Z macro-backtrace for more info)
[INFO] [stdout] 
[INFO] [stdout] 
[INFO] [stdout] warning: unused borrow that must be used
[INFO] [stdout]    --> src/io/write.rs:479:10
[INFO] [stdout]     |
[INFO] [stdout] 479 | #[derive(Template)]
[INFO] [stdout]     |          ^^^^^^^^
[INFO] [stdout]     |
[INFO] [stdout]     = note: this warning originates in the derive macro `Template` (in Nightly builds, run with -Z macro-backtrace for more info)
[INFO] [stdout] 
[INFO] [stdout] 
[INFO] [stdout] warning: unused borrow that must be used
[INFO] [stdout]    --> src/io/write.rs:490:10
[INFO] [stdout]     |
[INFO] [stdout] 490 | #[derive(Template)]
[INFO] [stdout]     |          ^^^^^^^^
[INFO] [stdout]     |
[INFO] [stdout]     = note: this warning originates in the derive macro `Template` (in Nightly builds, run with -Z macro-backtrace for more info)
[INFO] [stdout] 
[INFO] [stdout] 
[INFO] [stdout] warning: unused borrow that must be used
[INFO] [stdout]    --> src/io/write.rs:499:10
[INFO] [stdout]     |
[INFO] [stdout] 499 | #[derive(Template)]
[INFO] [stdout]     |          ^^^^^^^^
[INFO] [stdout]     |
[INFO] [stdout]     = note: this warning originates in the derive macro `Template` (in Nightly builds, run with -Z macro-backtrace for more info)
[INFO] [stdout] 
[INFO] [stdout] 
[INFO] [stdout] warning: unused borrow that must be used
[INFO] [stdout]    --> src/io/write.rs:505:10
[INFO] [stdout]     |
[INFO] [stdout] 505 | #[derive(Template)]
[INFO] [stdout]     |          ^^^^^^^^
[INFO] [stdout]     |
[INFO] [stdout]     = note: this warning originates in the derive macro `Template` (in Nightly builds, run with -Z macro-backtrace for more info)
[INFO] [stdout] 
[INFO] [stdout] 
[INFO] [stdout] warning: unused borrow that must be used
[INFO] [stdout]    --> src/io/write.rs:511:10
[INFO] [stdout]     |
[INFO] [stdout] 511 | #[derive(Template)]
[INFO] [stdout]     |          ^^^^^^^^
[INFO] [stdout]     |
[INFO] [stdout]     = note: this warning originates in the derive macro `Template` (in Nightly builds, run with -Z macro-backtrace for more info)
[INFO] [stdout] 
[INFO] [stdout] 
[INFO] [stdout] warning: unused borrow that must be used
[INFO] [stdout]    --> src/io/write.rs:517:10
[INFO] [stdout]     |
[INFO] [stdout] 517 | #[derive(Template)]
[INFO] [stdout]     |          ^^^^^^^^
[INFO] [stdout]     |
[INFO] [stdout]     = note: this warning originates in the derive macro `Template` (in Nightly builds, run with -Z macro-backtrace for more info)
[INFO] [stdout] 
[INFO] [stdout] 
[INFO] [stdout] warning: unused borrow that must be used
[INFO] [stdout]    --> src/io/write.rs:525:10
[INFO] [stdout]     |
[INFO] [stdout] 525 | #[derive(Template)]
[INFO] [stdout]     |          ^^^^^^^^
[INFO] [stdout]     |
[INFO] [stdout]     = note: this warning originates in the derive macro `Template` (in Nightly builds, run with -Z macro-backtrace for more info)
[INFO] [stdout] 
[INFO] [stdout] 
[INFO] [stdout] warning: 17 warnings emitted
[INFO] [stdout] 
[INFO] [stdout] 
[INFO] [stderr]     Finished dev [unoptimized + debuginfo] target(s) in 1m 59s
[INFO] running `Command { std: "docker" "inspect" "c1803506872f841d268d90b97f9b4eff3fda22ed25bb70b563e8cca32db7b4ae", kill_on_drop: false }`
[INFO] running `Command { std: "docker" "rm" "-f" "c1803506872f841d268d90b97f9b4eff3fda22ed25bb70b563e8cca32db7b4ae", kill_on_drop: false }`
[INFO] [stdout] c1803506872f841d268d90b97f9b4eff3fda22ed25bb70b563e8cca32db7b4ae
[INFO] running `Command { std: "docker" "create" "-v" "/var/lib/crater-agent-workspace/builds/worker-10/target:/opt/rustwide/target:rw,Z" "-v" "/var/lib/crater-agent-workspace/builds/worker-10/source:/opt/rustwide/workdir:ro,Z" "-v" "/var/lib/crater-agent-workspace/cargo-home:/opt/rustwide/cargo-home:ro,Z" "-v" "/var/lib/crater-agent-workspace/rustup-home:/opt/rustwide/rustup-home:ro,Z" "-e" "SOURCE_DIR=/opt/rustwide/workdir" "-e" "CARGO_TARGET_DIR=/opt/rustwide/target" "-e" "CARGO_INCREMENTAL=0" "-e" "RUST_BACKTRACE=full" "-e" "RUSTFLAGS=--cap-lints=warn" "-e" "CARGO_HOME=/opt/rustwide/cargo-home" "-e" "RUSTUP_HOME=/opt/rustwide/rustup-home" "-w" "/opt/rustwide/workdir" "-m" "1610612736" "--user" "0:0" "--network" "none" "ghcr.io/rust-lang/crates-build-env/linux@sha256:34b6a614d2c27851fe6cbf88fbd1137609cefab8b10d0615aaeb6fd47975d74e" "/opt/rustwide/cargo-home/bin/cargo" "+beta-2021-08-01" "test" "--frozen" "--no-run" "--message-format=json", kill_on_drop: false }`
[INFO] [stdout] 14cf9bbfb1c1709179d5ed945b29626322cdc3f7ee34964aec8a6154f44bd956
[INFO] running `Command { std: "docker" "start" "-a" "14cf9bbfb1c1709179d5ed945b29626322cdc3f7ee34964aec8a6154f44bd956", kill_on_drop: false }`
[INFO] [stderr]    Compiling exifweb v1.0.0 (/opt/rustwide/workdir)
[INFO] [stdout] warning: associated function is never used: `cover_photo_changed`
[INFO] [stdout]    --> src/config/log.rs:113:12
[INFO] [stdout]     |
[INFO] [stdout] 113 |     pub fn cover_photo_changed(&self, post: &Post) -> bool {
[INFO] [stdout]     |            ^^^^^^^^^^^^^^^^^^^
[INFO] [stdout]     |
[INFO] [stdout]     = note: `#[warn(dead_code)]` on by default
[INFO] [stdout] 
[INFO] [stdout] 
[INFO] [stdout] warning: field is never read: `slug`
[INFO] [stdout]    --> src/io/write.rs:438:5
[INFO] [stdout]     |
[INFO] [stdout] 438 |     pub slug: &'c str,
[INFO] [stdout]     |     ^^^^^^^^^^^^^^^^^
[INFO] [stdout] 
[INFO] [stdout] 
[INFO] [stdout] warning: field is never read: `sub_title`
[INFO] [stdout]    --> src/io/write.rs:452:5
[INFO] [stdout]     |
[INFO] [stdout] 452 |     pub sub_title: String,
[INFO] [stdout]     |     ^^^^^^^^^^^^^^^^^^^^^
[INFO] [stdout] 
[INFO] [stdout] 
[INFO] [stdout] warning: associated function is never used: `cover_photo_changed`
[INFO] [stdout]    --> src/models/post.rs:303:12
[INFO] [stdout]     |
[INFO] [stdout] 303 |     pub fn cover_photo_changed(&self) -> bool {
[INFO] [stdout]     |            ^^^^^^^^^^^^^^^^^^^
[INFO] [stdout] 
[INFO] [stdout] 
[INFO] [stdout] warning: unused borrow that must be used
[INFO] [stdout]    --> src/io/write.rs:422:10
[INFO] [stdout]     |
[INFO] [stdout] 422 | #[derive(Template)]
[INFO] [stdout]     |          ^^^^^^^^
[INFO] [stdout]     |
[INFO] [stdout]     = note: `#[warn(unused_must_use)]` on by default
[INFO] [stdout]     = note: this warning originates in the derive macro `Template` (in Nightly builds, run with -Z macro-backtrace for more info)
[INFO] [stdout] 
[INFO] [stdout] 
[INFO] [stdout] warning: unused borrow that must be used
[INFO] [stdout]    --> src/io/write.rs:422:10
[INFO] [stdout]     |
[INFO] [stdout] 422 | #[derive(Template)]
[INFO] [stdout]     |          ^^^^^^^^
[INFO] [stdout]     |
[INFO] [stdout]     = note: this warning originates in the derive macro `Template` (in Nightly builds, run with -Z macro-backtrace for more info)
[INFO] [stdout] 
[INFO] [stdout] 
[INFO] [stdout] warning: unused borrow that must be used
[INFO] [stdout]    --> src/io/write.rs:433:10
[INFO] [stdout]     |
[INFO] [stdout] 433 | #[derive(Template)]
[INFO] [stdout]     |          ^^^^^^^^
[INFO] [stdout]     |
[INFO] [stdout]     = note: this warning originates in the derive macro `Template` (in Nightly builds, run with -Z macro-backtrace for more info)
[INFO] [stdout] 
[INFO] [stdout] 
[INFO] [stdout] warning: unused borrow that must be used
[INFO] [stdout]    --> src/io/write.rs:446:10
[INFO] [stdout]     |
[INFO] [stdout] 446 | #[derive(Template)]
[INFO] [stdout]     |          ^^^^^^^^
[INFO] [stdout]     |
[INFO] [stdout]     = note: this warning originates in the derive macro `Template` (in Nightly builds, run with -Z macro-backtrace for more info)
[INFO] [stdout] 
[INFO] [stdout] 
[INFO] [stdout] warning: unused borrow that must be used
[INFO] [stdout]    --> src/io/write.rs:458:10
[INFO] [stdout]     |
[INFO] [stdout] 458 | #[derive(Template)]
[INFO] [stdout]     |          ^^^^^^^^
[INFO] [stdout]     |
[INFO] [stdout]     = note: this warning originates in the derive macro `Template` (in Nightly builds, run with -Z macro-backtrace for more info)
[INFO] [stdout] 
[INFO] [stdout] 
[INFO] [stdout] warning: unused borrow that must be used
[INFO] [stdout]    --> src/io/write.rs:469:10
[INFO] [stdout]     |
[INFO] [stdout] 469 | #[derive(Template)]
[INFO] [stdout]     |          ^^^^^^^^
[INFO] [stdout]     |
[INFO] [stdout]     = note: this warning originates in the derive macro `Template` (in Nightly builds, run with -Z macro-backtrace for more info)
[INFO] [stdout] 
[INFO] [stdout] 
[INFO] [stdout] warning: unused borrow that must be used
[INFO] [stdout]    --> src/io/write.rs:479:10
[INFO] [stdout]     |
[INFO] [stdout] 479 | #[derive(Template)]
[INFO] [stdout]     |          ^^^^^^^^
[INFO] [stdout]     |
[INFO] [stdout]     = note: this warning originates in the derive macro `Template` (in Nightly builds, run with -Z macro-backtrace for more info)
[INFO] [stdout] 
[INFO] [stdout] 
[INFO] [stdout] warning: unused borrow that must be used
[INFO] [stdout]    --> src/io/write.rs:490:10
[INFO] [stdout]     |
[INFO] [stdout] 490 | #[derive(Template)]
[INFO] [stdout]     |          ^^^^^^^^
[INFO] [stdout]     |
[INFO] [stdout]     = note: this warning originates in the derive macro `Template` (in Nightly builds, run with -Z macro-backtrace for more info)
[INFO] [stdout] 
[INFO] [stdout] 
[INFO] [stdout] warning: unused borrow that must be used
[INFO] [stdout]    --> src/io/write.rs:499:10
[INFO] [stdout]     |
[INFO] [stdout] 499 | #[derive(Template)]
[INFO] [stdout]     |          ^^^^^^^^
[INFO] [stdout]     |
[INFO] [stdout]     = note: this warning originates in the derive macro `Template` (in Nightly builds, run with -Z macro-backtrace for more info)
[INFO] [stdout] 
[INFO] [stdout] 
[INFO] [stdout] warning: unused borrow that must be used
[INFO] [stdout]    --> src/io/write.rs:505:10
[INFO] [stdout]     |
[INFO] [stdout] 505 | #[derive(Template)]
[INFO] [stdout]     |          ^^^^^^^^
[INFO] [stdout]     |
[INFO] [stdout]     = note: this warning originates in the derive macro `Template` (in Nightly builds, run with -Z macro-backtrace for more info)
[INFO] [stdout] 
[INFO] [stdout] 
[INFO] [stdout] warning: unused borrow that must be used
[INFO] [stdout]    --> src/io/write.rs:511:10
[INFO] [stdout]     |
[INFO] [stdout] 511 | #[derive(Template)]
[INFO] [stdout]     |          ^^^^^^^^
[INFO] [stdout]     |
[INFO] [stdout]     = note: this warning originates in the derive macro `Template` (in Nightly builds, run with -Z macro-backtrace for more info)
[INFO] [stdout] 
[INFO] [stdout] 
[INFO] [stdout] warning: unused borrow that must be used
[INFO] [stdout]    --> src/io/write.rs:517:10
[INFO] [stdout]     |
[INFO] [stdout] 517 | #[derive(Template)]
[INFO] [stdout]     |          ^^^^^^^^
[INFO] [stdout]     |
[INFO] [stdout]     = note: this warning originates in the derive macro `Template` (in Nightly builds, run with -Z macro-backtrace for more info)
[INFO] [stdout] 
[INFO] [stdout] 
[INFO] [stdout] warning: unused borrow that must be used
[INFO] [stdout]    --> src/io/write.rs:525:10
[INFO] [stdout]     |
[INFO] [stdout] 525 | #[derive(Template)]
[INFO] [stdout]     |          ^^^^^^^^
[INFO] [stdout]     |
[INFO] [stdout]     = note: this warning originates in the derive macro `Template` (in Nightly builds, run with -Z macro-backtrace for more info)
[INFO] [stdout] 
[INFO] [stdout] 
[INFO] [stdout] warning: 17 warnings emitted
[INFO] [stdout] 
[INFO] [stdout] 
[INFO] [stderr]     Finished test [unoptimized + debuginfo] target(s) in 9.80s
[INFO] running `Command { std: "docker" "inspect" "14cf9bbfb1c1709179d5ed945b29626322cdc3f7ee34964aec8a6154f44bd956", kill_on_drop: false }`
[INFO] running `Command { std: "docker" "rm" "-f" "14cf9bbfb1c1709179d5ed945b29626322cdc3f7ee34964aec8a6154f44bd956", kill_on_drop: false }`
[INFO] [stdout] 14cf9bbfb1c1709179d5ed945b29626322cdc3f7ee34964aec8a6154f44bd956
[INFO] running `Command { std: "docker" "create" "-v" "/var/lib/crater-agent-workspace/builds/worker-10/target:/opt/rustwide/target:rw,Z" "-v" "/var/lib/crater-agent-workspace/builds/worker-10/source:/opt/rustwide/workdir:ro,Z" "-v" "/var/lib/crater-agent-workspace/cargo-home:/opt/rustwide/cargo-home:ro,Z" "-v" "/var/lib/crater-agent-workspace/rustup-home:/opt/rustwide/rustup-home:ro,Z" "-e" "SOURCE_DIR=/opt/rustwide/workdir" "-e" "CARGO_TARGET_DIR=/opt/rustwide/target" "-e" "CARGO_INCREMENTAL=0" "-e" "RUST_BACKTRACE=full" "-e" "RUSTFLAGS=--cap-lints=warn" "-e" "CARGO_HOME=/opt/rustwide/cargo-home" "-e" "RUSTUP_HOME=/opt/rustwide/rustup-home" "-w" "/opt/rustwide/workdir" "-m" "1610612736" "--user" "0:0" "--network" "none" "ghcr.io/rust-lang/crates-build-env/linux@sha256:34b6a614d2c27851fe6cbf88fbd1137609cefab8b10d0615aaeb6fd47975d74e" "/opt/rustwide/cargo-home/bin/cargo" "+beta-2021-08-01" "test" "--frozen", kill_on_drop: false }`
[INFO] [stdout] 4851d32d8c264e723c5309113d91f591bde3f44ad8618fc87d70735ed5406833
[INFO] running `Command { std: "docker" "start" "-a" "4851d32d8c264e723c5309113d91f591bde3f44ad8618fc87d70735ed5406833", kill_on_drop: false }`
[INFO] [stderr] warning: associated function is never used: `cover_photo_changed`
[INFO] [stderr]    --> src/config/log.rs:113:12
[INFO] [stderr]     |
[INFO] [stderr] 113 |     pub fn cover_photo_changed(&self, post: &Post) -> bool {
[INFO] [stderr]     |            ^^^^^^^^^^^^^^^^^^^
[INFO] [stderr]     |
[INFO] [stderr]     = note: `#[warn(dead_code)]` on by default
[INFO] [stderr] 
[INFO] [stderr] warning: field is never read: `slug`
[INFO] [stderr]    --> src/io/write.rs:438:5
[INFO] [stderr]     |
[INFO] [stderr] 438 |     pub slug: &'c str,
[INFO] [stderr]     |     ^^^^^^^^^^^^^^^^^
[INFO] [stderr] 
[INFO] [stderr] warning: field is never read: `sub_title`
[INFO] [stderr]    --> src/io/write.rs:452:5
[INFO] [stderr]     |
[INFO] [stderr] 452 |     pub sub_title: String,
[INFO] [stderr]     |     ^^^^^^^^^^^^^^^^^^^^^
[INFO] [stderr] 
[INFO] [stderr] warning: associated function is never used: `cover_photo_changed`
[INFO] [stderr]    --> src/models/post.rs:303:12
[INFO] [stderr]     |
[INFO] [stderr] 303 |     pub fn cover_photo_changed(&self) -> bool {
[INFO] [stderr]     |            ^^^^^^^^^^^^^^^^^^^
[INFO] [stderr] 
[INFO] [stderr] warning: unused borrow that must be used
[INFO] [stderr]    --> src/io/write.rs:422:10
[INFO] [stderr]     |
[INFO] [stderr] 422 | #[derive(Template)]
[INFO] [stderr]     |          ^^^^^^^^
[INFO] [stderr]     |
[INFO] [stderr]     = note: `#[warn(unused_must_use)]` on by default
[INFO] [stderr]     = note: this warning originates in the derive macro `Template` (in Nightly builds, run with -Z macro-backtrace for more info)
[INFO] [stderr] 
[INFO] [stderr] warning: unused borrow that must be used
[INFO] [stderr]    --> src/io/write.rs:422:10
[INFO] [stderr]     |
[INFO] [stderr] 422 | #[derive(Template)]
[INFO] [stderr]     |          ^^^^^^^^
[INFO] [stderr]     |
[INFO] [stderr]     = note: this warning originates in the derive macro `Template` (in Nightly builds, run with -Z macro-backtrace for more info)
[INFO] [stderr] 
[INFO] [stderr] warning: unused borrow that must be used
[INFO] [stderr]    --> src/io/write.rs:433:10
[INFO] [stderr]     |
[INFO] [stderr] 433 | #[derive(Template)]
[INFO] [stderr]     |          ^^^^^^^^
[INFO] [stderr]     |
[INFO] [stderr]     = note: this warning originates in the derive macro `Template` (in Nightly builds, run with -Z macro-backtrace for more info)
[INFO] [stderr] 
[INFO] [stderr] warning: unused borrow that must be used
[INFO] [stderr]    --> src/io/write.rs:446:10
[INFO] [stderr]     |
[INFO] [stderr] 446 | #[derive(Template)]
[INFO] [stderr]     |          ^^^^^^^^
[INFO] [stderr]     |
[INFO] [stderr]     = note: this warning originates in the derive macro `Template` (in Nightly builds, run with -Z macro-backtrace for more info)
[INFO] [stderr] 
[INFO] [stderr] warning: unused borrow that must be used
[INFO] [stderr]    --> src/io/write.rs:458:10
[INFO] [stderr]     |
[INFO] [stderr] 458 | #[derive(Template)]
[INFO] [stderr]     |          ^^^^^^^^
[INFO] [stderr]     |
[INFO] [stderr]     = note: this warning originates in the derive macro `Template` (in Nightly builds, run with -Z macro-backtrace for more info)
[INFO] [stderr] 
[INFO] [stderr] warning: unused borrow that must be used
[INFO] [stderr]    --> src/io/write.rs:469:10
[INFO] [stderr]     |
[INFO] [stderr] 469 | #[derive(Template)]
[INFO] [stderr]     |          ^^^^^^^^
[INFO] [stderr]     |
[INFO] [stderr]     = note: this warning originates in the derive macro `Template` (in Nightly builds, run with -Z macro-backtrace for more info)
[INFO] [stderr] 
[INFO] [stderr] warning: unused borrow that must be used
[INFO] [stderr]    --> src/io/write.rs:479:10
[INFO] [stderr]     |
[INFO] [stderr] 479 | #[derive(Template)]
[INFO] [stderr]     |          ^^^^^^^^
[INFO] [stderr]     |
[INFO] [stderr]     = note: this warning originates in the derive macro `Template` (in Nightly builds, run with -Z macro-backtrace for more info)
[INFO] [stderr] 
[INFO] [stderr] warning: unused borrow that must be used
[INFO] [stderr]    --> src/io/write.rs:490:10
[INFO] [stderr]     |
[INFO] [stderr] 490 | #[derive(Template)]
[INFO] [stderr]     |          ^^^^^^^^
[INFO] [stderr]     |
[INFO] [stderr]     = note: this warning originates in the derive macro `Template` (in Nightly builds, run with -Z macro-backtrace for more info)
[INFO] [stderr] 
[INFO] [stderr] warning: unused borrow that must be used
[INFO] [stderr]    --> src/io/write.rs:499:10
[INFO] [stderr]     |
[INFO] [stderr] 499 | #[derive(Template)]
[INFO] [stderr]     |          ^^^^^^^^
[INFO] [stderr]     |
[INFO] [stderr]     = note: this warning originates in the derive macro `Template` (in Nightly builds, run with -Z macro-backtrace for more info)
[INFO] [stderr] 
[INFO] [stderr] warning: unused borrow that must be used
[INFO] [stderr]    --> src/io/write.rs:505:10
[INFO] [stderr]     |
[INFO] [stderr] 505 | #[derive(Template)]
[INFO] [stderr]     |          ^^^^^^^^
[INFO] [stderr]     |
[INFO] [stderr]     = note: this warning originates in the derive macro `Template` (in Nightly builds, run with -Z macro-backtrace for more info)
[INFO] [stderr] 
[INFO] [stderr] warning: unused borrow that must be used
[INFO] [stderr]    --> src/io/write.rs:511:10
[INFO] [stderr]     |
[INFO] [stderr] 511 | #[derive(Template)]
[INFO] [stderr]     |          ^^^^^^^^
[INFO] [stderr]     |
[INFO] [stderr]     = note: this warning originates in the derive macro `Template` (in Nightly builds, run with -Z macro-backtrace for more info)
[INFO] [stderr] 
[INFO] [stderr] warning: unused borrow that must be used
[INFO] [stderr]    --> src/io/write.rs:517:10
[INFO] [stderr]     |
[INFO] [stderr] 517 | #[derive(Template)]
[INFO] [stderr]     |          ^^^^^^^^
[INFO] [stderr]     |
[INFO] [stderr]     = note: this warning originates in the derive macro `Template` (in Nightly builds, run with -Z macro-backtrace for more info)
[INFO] [stderr] 
[INFO] [stderr] warning: unused borrow that must be used
[INFO] [stderr]    --> src/io/write.rs:525:10
[INFO] [stderr]     |
[INFO] [stderr] 525 | #[derive(Template)]
[INFO] [stderr]     |          ^^^^^^^^
[INFO] [stderr]     |
[INFO] [stderr]     = note: this warning originates in the derive macro `Template` (in Nightly builds, run with -Z macro-backtrace for more info)
[INFO] [stderr] 
[INFO] [stderr] warning: `exifweb` (bin "exifweb" test) generated 17 warnings
[INFO] [stderr]     Finished test [unoptimized + debuginfo] target(s) in 0.15s
[INFO] [stderr]      Running unittests (/opt/rustwide/target/debug/deps/exifweb-e16849ce82008acb)
[INFO] [stdout] 
[INFO] [stdout] running 40 tests
[INFO] [stdout] test deserialize::tests::sequence_test ... ok
[INFO] [stdout] test deserialize::tests::number_test ... ok
[INFO] [stdout] test deserialize::tests::regex_test ... ok
[INFO] [stdout] test html::tests::category_icon_tag ... ok
[INFO] [stdout] test html::tests::creates_icon_tag ... ok
[INFO] [stdout] test html::tests::plural_test ... ok
[INFO] [stdout] test html::tests::fraction_html ... ok
[INFO] [stdout] test models::size::tests::test_resize ... ok
[INFO] [stdout] test tools::tests::path_end_name_test ... ok
[INFO] [stdout] test tools::tests::boundary_test ... ok
[INFO] [stdout] test tools::tests::median_test ... ok
[INFO] [stdout] test tools::tests::earliest_photo_date_test ... ok
[INFO] [stdout] test html::tests::line_breaks ... ok
[INFO] [stdout] test html::tests::photo_tag_lists ... ok
[INFO] [stdout] test tools::tests::outlier_test ... ok
[INFO] [stdout] test html::tests::footnoted_block_quote ... ok
[INFO] [stdout] test html::tests::footnotes_as_ordered_list ... ok
[INFO] [stdout] test html::tests::url_formatting ... ok
[INFO] [stdout] test tools::tests::path_slice_test ... ok
[INFO] [stdout] test tools::tests::slugify_test ... ok
[INFO] [stdout] test minify::tests::test_minify ... ok
[INFO] [stdout] test html::tests::travel_mode_icon_tag ... ok
[INFO] [stdout] test html::tests::haiku_formatting ... ok
[INFO] [stdout] test html::tests::poem_formatting ... ok
[INFO] [stdout] test html::tests::intermediate_block_quote_format ... ok
[INFO] [stdout] test html::tests::caption_that_is_entirely_poem ... ok
[INFO] [stdout] test html::tests::superscripts ... ok
[INFO] [stdout] test html::tests::caption_with_footnotes ... ok
[INFO] [stdout] test html::tests::caption_beginning_with_haiku ... ok
[INFO] [stdout] test html::tests::block_quote_within_other_text ... ok
[INFO] [stdout] test html::tests::does_not_make_conversation_into_poem ... ok
[INFO] [stdout] test html::tests::caption_that_is_entirely_quote ... ok
[INFO] [stdout] test html::tests::caption_ending_with_block_quote ... ok
[INFO] [stdout] test html::tests::interrupted_quotes ... ok
[INFO] [stdout] test html::tests::block_quote_with_ellipsis ... ok
[INFO] [stdout] test deserialize::tests::date_time_test ... FAILED
[INFO] [stdout] test html::tests::block_quoted_paragraphs ... ok
[INFO] [stdout] test html::tests::long_inline_poem ... ok
[INFO] [stdout] test image::exif_tool::tests::deserialize_test ... FAILED
[INFO] [stdout] test html::tests::footnoted_poem ... ok
[INFO] [stdout] 
[INFO] [stdout] failures:
[INFO] [stdout] 
[INFO] [stdout] ---- deserialize::tests::date_time_test stdout ----
[INFO] [stdout] thread 'deserialize::tests::date_time_test' panicked at 'assertion failed: `(left == right)`
[INFO] [stdout]   left: `2013-10-05T16:18:35+00:00`,
[INFO] [stdout]  right: `2013-10-05T16:18:35-06:00`', src/deserialize.rs:213:9
[INFO] [stdout] stack backtrace:
[INFO] [stdout]    0:     0x56480411cfe0 - std::backtrace_rs::backtrace::libunwind::trace::hff4d1766e93f64f1
[INFO] [stdout]                                at /rustc/53fd98ca776cb875bc9e5514f56b52eb74f9e7a9/library/std/src/../../backtrace/src/backtrace/libunwind.rs:90:5
[INFO] [stdout]    1:     0x56480411cfe0 - std::backtrace_rs::backtrace::trace_unsynchronized::h56bbc8eb78770bcb
[INFO] [stdout]                                at /rustc/53fd98ca776cb875bc9e5514f56b52eb74f9e7a9/library/std/src/../../backtrace/src/backtrace/mod.rs:66:5
[INFO] [stdout]    2:     0x56480411cfe0 - std::sys_common::backtrace::_print_fmt::h5c8e75464faca780
[INFO] [stdout]                                at /rustc/53fd98ca776cb875bc9e5514f56b52eb74f9e7a9/library/std/src/sys_common/backtrace.rs:67:5
[INFO] [stdout]    3:     0x56480411cfe0 - <std::sys_common::backtrace::_print::DisplayBacktrace as core::fmt::Display>::fmt::h48b88277def8b362
[INFO] [stdout]                                at /rustc/53fd98ca776cb875bc9e5514f56b52eb74f9e7a9/library/std/src/sys_common/backtrace.rs:46:22
[INFO] [stdout]    4:     0x56480414080c - core::fmt::write::h3381b3176fe2b3d3
[INFO] [stdout]                                at /rustc/53fd98ca776cb875bc9e5514f56b52eb74f9e7a9/library/core/src/fmt/mod.rs:1115:17
[INFO] [stdout]    5:     0x564804119ec5 - std::io::Write::write_fmt::h5f34a676f60246b5
[INFO] [stdout]                                at /rustc/53fd98ca776cb875bc9e5514f56b52eb74f9e7a9/library/std/src/io/mod.rs:1665:15
[INFO] [stdout]    6:     0x56480411f15b - std::sys_common::backtrace::_print::ha537687d6c17dd0d
[INFO] [stdout]                                at /rustc/53fd98ca776cb875bc9e5514f56b52eb74f9e7a9/library/std/src/sys_common/backtrace.rs:49:5
[INFO] [stdout]    7:     0x56480411f15b - std::sys_common::backtrace::print::h61376ae57d131d72
[INFO] [stdout]                                at /rustc/53fd98ca776cb875bc9e5514f56b52eb74f9e7a9/library/std/src/sys_common/backtrace.rs:36:9
[INFO] [stdout]    8:     0x56480411f15b - std::panicking::default_hook::{{closure}}::h0f7208c0b9644a54
[INFO] [stdout]                                at /rustc/53fd98ca776cb875bc9e5514f56b52eb74f9e7a9/library/std/src/panicking.rs:208:50
[INFO] [stdout]    9:     0x56480411ec6c - std::panicking::default_hook::hdac7fc06578c14ce
[INFO] [stdout]                                at /rustc/53fd98ca776cb875bc9e5514f56b52eb74f9e7a9/library/std/src/panicking.rs:222:9
[INFO] [stdout]   10:     0x56480411f824 - std::panicking::rust_panic_with_hook::h72b21c283da3d1ef
[INFO] [stdout]                                at /rustc/53fd98ca776cb875bc9e5514f56b52eb74f9e7a9/library/std/src/panicking.rs:622:17
[INFO] [stdout]   11:     0x56480411f307 - std::panicking::begin_panic_handler::{{closure}}::he5778f1729cff84a
[INFO] [stdout]                                at /rustc/53fd98ca776cb875bc9e5514f56b52eb74f9e7a9/library/std/src/panicking.rs:519:13
[INFO] [stdout]   12:     0x56480411d4bc - std::sys_common::backtrace::__rust_end_short_backtrace::h2d11ca8b453b4b1d
[INFO] [stdout]                                at /rustc/53fd98ca776cb875bc9e5514f56b52eb74f9e7a9/library/std/src/sys_common/backtrace.rs:141:18
[INFO] [stdout]   13:     0x56480411f269 - rust_begin_unwind
[INFO] [stdout]                                at /rustc/53fd98ca776cb875bc9e5514f56b52eb74f9e7a9/library/std/src/panicking.rs:515:5
[INFO] [stdout]   14:     0x564803d718c1 - core::panicking::panic_fmt::hf9de31d4acbce4db
[INFO] [stdout]                                at /rustc/53fd98ca776cb875bc9e5514f56b52eb74f9e7a9/library/core/src/panicking.rs:92:14
[INFO] [stdout]   15:     0x56480413e8c8 - core::panicking::assert_failed_inner::h62e8cb2847a6e7ec
[INFO] [stdout]   16:     0x564803e14c8a - core::panicking::assert_failed::h0163dea7d5d75c00
[INFO] [stdout]                                at /rustc/53fd98ca776cb875bc9e5514f56b52eb74f9e7a9/library/core/src/panicking.rs:117:5
[INFO] [stdout]   17:     0x564803dbd891 - exifweb::deserialize::tests::date_time_test::h7bd658ed4a858a89
[INFO] [stdout]                                at /opt/rustwide/workdir/src/deserialize.rs:213:9
[INFO] [stdout]   18:     0x564803dbd57a - exifweb::deserialize::tests::date_time_test::{{closure}}::hcca5b8ddd814eddc
[INFO] [stdout]                                at /opt/rustwide/workdir/src/deserialize.rs:192:5
[INFO] [stdout]   19:     0x564803dc58de - core::ops::function::FnOnce::call_once::hc272e9314ca60d7e
[INFO] [stdout]                                at /rustc/53fd98ca776cb875bc9e5514f56b52eb74f9e7a9/library/core/src/ops/function.rs:227:5
[INFO] [stdout]   20:     0x564803e826d3 - core::ops::function::FnOnce::call_once::hbb52c4519d3137b0
[INFO] [stdout]                                at /rustc/53fd98ca776cb875bc9e5514f56b52eb74f9e7a9/library/core/src/ops/function.rs:227:5
[INFO] [stdout]   21:     0x564803e826d3 - test::__rust_begin_short_backtrace::h86fe3a2a5a5121af
[INFO] [stdout]                                at /rustc/53fd98ca776cb875bc9e5514f56b52eb74f9e7a9/library/test/src/lib.rs:578:5
[INFO] [stdout]   22:     0x564803e81188 - <alloc::boxed::Box<F,A> as core::ops::function::FnOnce<Args>>::call_once::hfd956bc3d57399be
[INFO] [stdout]                                at /rustc/53fd98ca776cb875bc9e5514f56b52eb74f9e7a9/library/alloc/src/boxed.rs:1572:9
[INFO] [stdout]   23:     0x564803e81188 - <std::panic::AssertUnwindSafe<F> as core::ops::function::FnOnce<()>>::call_once::h40dc93e0ddb5938a
[INFO] [stdout]                                at /rustc/53fd98ca776cb875bc9e5514f56b52eb74f9e7a9/library/std/src/panic.rs:347:9
[INFO] [stdout]   24:     0x564803e81188 - std::panicking::try::do_call::h90d07750cb47c562
[INFO] [stdout]                                at /rustc/53fd98ca776cb875bc9e5514f56b52eb74f9e7a9/library/std/src/panicking.rs:401:40
[INFO] [stdout]   25:     0x564803e81188 - std::panicking::try::h063c84733ad2a629
[INFO] [stdout]                                at /rustc/53fd98ca776cb875bc9e5514f56b52eb74f9e7a9/library/std/src/panicking.rs:365:19
[INFO] [stdout]   26:     0x564803e81188 - std::panic::catch_unwind::h0c464836a84e7c08
[INFO] [stdout]                                at /rustc/53fd98ca776cb875bc9e5514f56b52eb74f9e7a9/library/std/src/panic.rs:434:14
[INFO] [stdout]   27:     0x564803e81188 - test::run_test_in_process::h5cb06ef620b157fc
[INFO] [stdout]                                at /rustc/53fd98ca776cb875bc9e5514f56b52eb74f9e7a9/library/test/src/lib.rs:601:18
[INFO] [stdout]   28:     0x564803e81188 - test::run_test::run_test_inner::{{closure}}::h76f677f4b93f9828
[INFO] [stdout]                                at /rustc/53fd98ca776cb875bc9e5514f56b52eb74f9e7a9/library/test/src/lib.rs:493:39
[INFO] [stdout]   29:     0x564803e4f91d - test::run_test::run_test_inner::{{closure}}::h366d01fe04f4d67a
[INFO] [stdout]                                at /rustc/53fd98ca776cb875bc9e5514f56b52eb74f9e7a9/library/test/src/lib.rs:520:37
[INFO] [stdout]   30:     0x564803e4f91d - std::sys_common::backtrace::__rust_begin_short_backtrace::h7dfa0de4eb395af2
[INFO] [stdout]                                at /rustc/53fd98ca776cb875bc9e5514f56b52eb74f9e7a9/library/std/src/sys_common/backtrace.rs:125:18
[INFO] [stdout]   31:     0x564803e540e8 - std::thread::Builder::spawn_unchecked::{{closure}}::{{closure}}::hf0a74bb58798037f
[INFO] [stdout]                                at /rustc/53fd98ca776cb875bc9e5514f56b52eb74f9e7a9/library/std/src/thread/mod.rs:476:17
[INFO] [stdout]   32:     0x564803e540e8 - <std::panic::AssertUnwindSafe<F> as core::ops::function::FnOnce<()>>::call_once::hb024e854818586ac
[INFO] [stdout]                                at /rustc/53fd98ca776cb875bc9e5514f56b52eb74f9e7a9/library/std/src/panic.rs:347:9
[INFO] [stdout]   33:     0x564803e540e8 - std::panicking::try::do_call::hb2dd9f1d0d48e41d
[INFO] [stdout]                                at /rustc/53fd98ca776cb875bc9e5514f56b52eb74f9e7a9/library/std/src/panicking.rs:401:40
[INFO] [stdout]   34:     0x564803e540e8 - std::panicking::try::h4717ae7bac8b2bf3
[INFO] [stdout]                                at /rustc/53fd98ca776cb875bc9e5514f56b52eb74f9e7a9/library/std/src/panicking.rs:365:19
[INFO] [stdout]   35:     0x564803e540e8 - std::panic::catch_unwind::h0dc8a061326ce8d8
[INFO] [stdout]                                at /rustc/53fd98ca776cb875bc9e5514f56b52eb74f9e7a9/library/std/src/panic.rs:434:14
[INFO] [stdout]   36:     0x564803e540e8 - std::thread::Builder::spawn_unchecked::{{closure}}::haa369e2d6fd00aa1
[INFO] [stdout]                                at /rustc/53fd98ca776cb875bc9e5514f56b52eb74f9e7a9/library/std/src/thread/mod.rs:475:30
[INFO] [stdout]   37:     0x564803e540e8 - core::ops::function::FnOnce::call_once{{vtable.shim}}::h36dcf3de8b056f17
[INFO] [stdout]                                at /rustc/53fd98ca776cb875bc9e5514f56b52eb74f9e7a9/library/core/src/ops/function.rs:227:5
[INFO] [stdout]   38:     0x5648041243a7 - <alloc::boxed::Box<F,A> as core::ops::function::FnOnce<Args>>::call_once::h65c29e4642be2358
[INFO] [stdout]                                at /rustc/53fd98ca776cb875bc9e5514f56b52eb74f9e7a9/library/alloc/src/boxed.rs:1572:9
[INFO] [stdout]   39:     0x5648041243a7 - <alloc::boxed::Box<F,A> as core::ops::function::FnOnce<Args>>::call_once::hd0f8f7fbbd9fffbf
[INFO] [stdout]                                at /rustc/53fd98ca776cb875bc9e5514f56b52eb74f9e7a9/library/alloc/src/boxed.rs:1572:9
[INFO] [stdout]   40:     0x5648041243a7 - std::sys::unix::thread::Thread::new::thread_start::h2fd22fee3ca77b65
[INFO] [stdout]                                at /rustc/53fd98ca776cb875bc9e5514f56b52eb74f9e7a9/library/std/src/sys/unix/thread.rs:74:17
[INFO] [stdout]   41:     0x7f520ae10609 - start_thread
[INFO] [stdout]   42:     0x7f520af89293 - clone
[INFO] [stdout]   43:                0x0 - <unknown>
[INFO] [stdout] 
[INFO] [stdout] ---- image::exif_tool::tests::deserialize_test stdout ----
[INFO] [stdout] thread 'image::exif_tool::tests::deserialize_test' panicked at 'assertion failed: `(left == right)`
[INFO] [stdout]   left: `[ExifToolOutput { aperture: Some(2.2), artist: Some("Jason Abbott"), camera_make: Some("Apple"), camera_model: Some("iPhone 6s"), caption: Some("We worked all day yesterday, and various days before that, to get the bikes in working order. A hot and hazy day isn’t my first choice to ride the Boise Ridge but Nick and I want to put the bikes through their paces before a four-day ride in a few weeks."), city: None, color_profile: Some("ProPhoto RGB"), color_temperature: Some(5800), copyright: Some("© Copyright 2017 Jason Abbott"), created_on: None, exposure_compensation: None, exposure_mode: ProgramAE, field_of_view: Some(63.654945), file_created_on: Some(2020-04-22T23:39:28-06:00), file_name: "001.jpg", focal_length: Some(4.15), height: 75, iso: Some(25), latitude: Some(43.579193), lens: Some("iPhone 6s back camera 4.15mm f/2.2"), longitude: Some(-116.17306), max_aperture: None, software: "Adobe Photoshop Lightroom Classic 9.2 (Windows)", state: None, tags: ["Gas Station", "KTM 500 XC-W", "Motorcycle"], title: Some("Fuel stop"), usage_terms: Some("All Rights Reserved"), shutter_speed: Some("1/500"), taken_on: Some(2017-08-06T11:25:41+00:00), width: 100 }]`,
[INFO] [stdout]  right: `[ExifToolOutput { aperture: Some(2.2), artist: Some("Jason Abbott"), camera_make: Some("Apple"), camera_model: Some("iPhone 6s"), caption: Some("We worked all day yesterday, and various days before that, to get the bikes in working order. A hot and hazy day isn’t my first choice to ride the Boise Ridge but Nick and I want to put the bikes through their paces before a four-day ride in a few weeks."), city: None, color_profile: Some("ProPhoto RGB"), color_temperature: Some(5800), copyright: Some("© Copyright 2017 Jason Abbott"), created_on: None, exposure_compensation: None, exposure_mode: ProgramAE, field_of_view: Some(63.654945), file_created_on: Some(2020-04-22T22:39:28-06:00), file_name: "001.jpg", focal_length: Some(4.15), height: 75, iso: Some(25), latitude: Some(43.579193), lens: Some("iPhone 6s back camera 4.15mm f/2.2"), longitude: Some(-116.17306), max_aperture: None, software: "Adobe Photoshop Lightroom Classic 9.2 (Windows)", state: None, tags: ["Gas Station", "KTM 500 XC-W", "Motorcycle"], title: Some("Fuel stop"), usage_terms: Some("All Rights Reserved"), shutter_speed: Some("1/500"), taken_on: Some(2017-08-06T11:25:41-06:00), width: 100 }]`', src/image/exif_tool.rs:389:25
[INFO] [stdout] stack backtrace:
[INFO] [stdout]    0:     0x56480411cfe0 - std::backtrace_rs::backtrace::libunwind::trace::hff4d1766e93f64f1
[INFO] [stdout]                                at /rustc/53fd98ca776cb875bc9e5514f56b52eb74f9e7a9/library/std/src/../../backtrace/src/backtrace/libunwind.rs:90:5
[INFO] [stdout]    1:     0x56480411cfe0 - std::backtrace_rs::backtrace::trace_unsynchronized::h56bbc8eb78770bcb
[INFO] [stdout]                                at /rustc/53fd98ca776cb875bc9e5514f56b52eb74f9e7a9/library/std/src/../../backtrace/src/backtrace/mod.rs:66:5
[INFO] [stdout]    2:     0x56480411cfe0 - std::sys_common::backtrace::_print_fmt::h5c8e75464faca780
[INFO] [stdout]                                at /rustc/53fd98ca776cb875bc9e5514f56b52eb74f9e7a9/library/std/src/sys_common/backtrace.rs:67:5
[INFO] [stdout]    3:     0x56480411cfe0 - <std::sys_common::backtrace::_print::DisplayBacktrace as core::fmt::Display>::fmt::h48b88277def8b362
[INFO] [stdout]                                at /rustc/53fd98ca776cb875bc9e5514f56b52eb74f9e7a9/library/std/src/sys_common/backtrace.rs:46:22
[INFO] [stdout]    4:     0x56480414080c - core::fmt::write::h3381b3176fe2b3d3
[INFO] [stdout]                                at /rustc/53fd98ca776cb875bc9e5514f56b52eb74f9e7a9/library/core/src/fmt/mod.rs:1115:17
[INFO] [stdout]    5:     0x564804119ec5 - std::io::Write::write_fmt::h5f34a676f60246b5
[INFO] [stdout]                                at /rustc/53fd98ca776cb875bc9e5514f56b52eb74f9e7a9/library/std/src/io/mod.rs:1665:15
[INFO] [stdout]    6:     0x56480411f15b - std::sys_common::backtrace::_print::ha537687d6c17dd0d
[INFO] [stdout]                                at /rustc/53fd98ca776cb875bc9e5514f56b52eb74f9e7a9/library/std/src/sys_common/backtrace.rs:49:5
[INFO] [stdout]    7:     0x56480411f15b - std::sys_common::backtrace::print::h61376ae57d131d72
[INFO] [stdout]                                at /rustc/53fd98ca776cb875bc9e5514f56b52eb74f9e7a9/library/std/src/sys_common/backtrace.rs:36:9
[INFO] [stdout]    8:     0x56480411f15b - std::panicking::default_hook::{{closure}}::h0f7208c0b9644a54
[INFO] [stdout]                                at /rustc/53fd98ca776cb875bc9e5514f56b52eb74f9e7a9/library/std/src/panicking.rs:208:50
[INFO] [stdout]    9:     0x56480411ec6c - std::panicking::default_hook::hdac7fc06578c14ce
[INFO] [stdout]                                at /rustc/53fd98ca776cb875bc9e5514f56b52eb74f9e7a9/library/std/src/panicking.rs:222:9
[INFO] [stdout]   10:     0x56480411f824 - std::panicking::rust_panic_with_hook::h72b21c283da3d1ef
[INFO] [stdout]                                at /rustc/53fd98ca776cb875bc9e5514f56b52eb74f9e7a9/library/std/src/panicking.rs:622:17
[INFO] [stdout]   11:     0x56480411f307 - std::panicking::begin_panic_handler::{{closure}}::he5778f1729cff84a
[INFO] [stdout]                                at /rustc/53fd98ca776cb875bc9e5514f56b52eb74f9e7a9/library/std/src/panicking.rs:519:13
[INFO] [stdout]   12:     0x56480411d4bc - std::sys_common::backtrace::__rust_end_short_backtrace::h2d11ca8b453b4b1d
[INFO] [stdout]                                at /rustc/53fd98ca776cb875bc9e5514f56b52eb74f9e7a9/library/std/src/sys_common/backtrace.rs:141:18
[INFO] [stdout]   13:     0x56480411f269 - rust_begin_unwind
[INFO] [stdout]                                at /rustc/53fd98ca776cb875bc9e5514f56b52eb74f9e7a9/library/std/src/panicking.rs:515:5
[INFO] [stdout]   14:     0x564803d718c1 - core::panicking::panic_fmt::hf9de31d4acbce4db
[INFO] [stdout]                                at /rustc/53fd98ca776cb875bc9e5514f56b52eb74f9e7a9/library/core/src/panicking.rs:92:14
[INFO] [stdout]   15:     0x56480413e8c8 - core::panicking::assert_failed_inner::h62e8cb2847a6e7ec
[INFO] [stdout]   16:     0x564803e14e0a - core::panicking::assert_failed::h47e5179aa7d9ba32
[INFO] [stdout]                                at /rustc/53fd98ca776cb875bc9e5514f56b52eb74f9e7a9/library/core/src/panicking.rs:117:5
[INFO] [stdout]   17:     0x564803df2878 - exifweb::image::exif_tool::tests::deserialize_test::h390ad83d565b4c9b
[INFO] [stdout]                                at /opt/rustwide/workdir/src/image/exif_tool.rs:389:25
[INFO] [stdout]   18:     0x564803df192a - exifweb::image::exif_tool::tests::deserialize_test::{{closure}}::hccf3b3f10a9dffb8
[INFO] [stdout]                                at /opt/rustwide/workdir/src/image/exif_tool.rs:325:5
[INFO] [stdout]   19:     0x564803dc427e - core::ops::function::FnOnce::call_once::h16d3c6ef3db1b65a
[INFO] [stdout]                                at /rustc/53fd98ca776cb875bc9e5514f56b52eb74f9e7a9/library/core/src/ops/function.rs:227:5
[INFO] [stdout]   20:     0x564803e826d3 - core::ops::function::FnOnce::call_once::hbb52c4519d3137b0
[INFO] [stdout]                                at /rustc/53fd98ca776cb875bc9e5514f56b52eb74f9e7a9/library/core/src/ops/function.rs:227:5
[INFO] [stdout]   21:     0x564803e826d3 - test::__rust_begin_short_backtrace::h86fe3a2a5a5121af
[INFO] [stdout]                                at /rustc/53fd98ca776cb875bc9e5514f56b52eb74f9e7a9/library/test/src/lib.rs:578:5
[INFO] [stdout]   22:     0x564803e81188 - <alloc::boxed::Box<F,A> as core::ops::function::FnOnce<Args>>::call_once::hfd956bc3d57399be
[INFO] [stdout]                                at /rustc/53fd98ca776cb875bc9e5514f56b52eb74f9e7a9/library/alloc/src/boxed.rs:1572:9
[INFO] [stdout]   23:     0x564803e81188 - <std::panic::AssertUnwindSafe<F> as core::ops::function::FnOnce<()>>::call_once::h40dc93e0ddb5938a
[INFO] [stdout]                                at /rustc/53fd98ca776cb875bc9e5514f56b52eb74f9e7a9/library/std/src/panic.rs:347:9
[INFO] [stdout]   24:     0x564803e81188 - std::panicking::try::do_call::h90d07750cb47c562
[INFO] [stdout]                                at /rustc/53fd98ca776cb875bc9e5514f56b52eb74f9e7a9/library/std/src/panicking.rs:401:40
[INFO] [stdout]   25:     0x564803e81188 - std::panicking::try::h063c84733ad2a629
[INFO] [stdout]                                at /rustc/53fd98ca776cb875bc9e5514f56b52eb74f9e7a9/library/std/src/panicking.rs:365:19
[INFO] [stdout]   26:     0x564803e81188 - std::panic::catch_unwind::h0c464836a84e7c08
[INFO] [stdout]                                at /rustc/53fd98ca776cb875bc9e5514f56b52eb74f9e7a9/library/std/src/panic.rs:434:14
[INFO] [stdout]   27:     0x564803e81188 - test::run_test_in_process::h5cb06ef620b157fc
[INFO] [stdout]                                at /rustc/53fd98ca776cb875bc9e5514f56b52eb74f9e7a9/library/test/src/lib.rs:601:18
[INFO] [stdout]   28:     0x564803e81188 - test::run_test::run_test_inner::{{closure}}::h76f677f4b93f9828
[INFO] [stdout]                                at /rustc/53fd98ca776cb875bc9e5514f56b52eb74f9e7a9/library/test/src/lib.rs:493:39
[INFO] [stdout]   29:     0x564803e4f91d - test::run_test::run_test_inner::{{closure}}::h366d01fe04f4d67a
[INFO] [stdout]                                at /rustc/53fd98ca776cb875bc9e5514f56b52eb74f9e7a9/library/test/src/lib.rs:520:37
[INFO] [stdout]   30:     0x564803e4f91d - std::sys_common::backtrace::__rust_begin_short_backtrace::h7dfa0de4eb395af2
[INFO] [stdout]                                at /rustc/53fd98ca776cb875bc9e5514f56b52eb74f9e7a9/library/std/src/sys_common/backtrace.rs:125:18
[INFO] [stdout]   31:     0x564803e540e8 - std::thread::Builder::spawn_unchecked::{{closure}}::{{closure}}::hf0a74bb58798037f
[INFO] [stdout]                                at /rustc/53fd98ca776cb875bc9e5514f56b52eb74f9e7a9/library/std/src/thread/mod.rs:476:17
[INFO] [stdout]   32:     0x564803e540e8 - <std::panic::AssertUnwindSafe<F> as core::ops::function::FnOnce<()>>::call_once::hb024e854818586ac
[INFO] [stdout]                                at /rustc/53fd98ca776cb875bc9e5514f56b52eb74f9e7a9/library/std/src/panic.rs:347:9
[INFO] [stdout]   33:     0x564803e540e8 - std::panicking::try::do_call::hb2dd9f1d0d48e41d
[INFO] [stdout]                                at /rustc/53fd98ca776cb875bc9e5514f56b52eb74f9e7a9/library/std/src/panicking.rs:401:40
[INFO] [stdout]   34:     0x564803e540e8 - std::panicking::try::h4717ae7bac8b2bf3
[INFO] [stdout]                                at /rustc/53fd98ca776cb875bc9e5514f56b52eb74f9e7a9/library/std/src/panicking.rs:365:19
[INFO] [stdout]   35:     0x564803e540e8 - std::panic::catch_unwind::h0dc8a061326ce8d8
[INFO] [stdout]                                at /rustc/53fd98ca776cb875bc9e5514f56b52eb74f9e7a9/library/std/src/panic.rs:434:14
[INFO] [stdout]   36:     0x564803e540e8 - std::thread::Builder::spawn_unchecked::{{closure}}::haa369e2d6fd00aa1
[INFO] [stdout]                                at /rustc/53fd98ca776cb875bc9e5514f56b52eb74f9e7a9/library/std/src/thread/mod.rs:475:30
[INFO] [stdout]   37:     0x564803e540e8 - core::ops::function::FnOnce::call_once{{vtable.shim}}::h36dcf3de8b056f17
[INFO] [stdout]                                at /rustc/53fd98ca776cb875bc9e5514f56b52eb74f9e7a9/library/core/src/ops/function.rs:227:5
[INFO] [stdout]   38:     0x5648041243a7 - <alloc::boxed::Box<F,A> as core::ops::function::FnOnce<Args>>::call_once::h65c29e4642be2358
[INFO] [stdout]                                at /rustc/53fd98ca776cb875bc9e5514f56b52eb74f9e7a9/library/alloc/src/boxed.rs:1572:9
[INFO] [stdout]   39:     0x5648041243a7 - <alloc::boxed::Box<F,A> as core::ops::function::FnOnce<Args>>::call_once::hd0f8f7fbbd9fffbf
[INFO] [stdout]                                at /rustc/53fd98ca776cb875bc9e5514f56b52eb74f9e7a9/library/alloc/src/boxed.rs:1572:9
[INFO] [stdout]   40:     0x5648041243a7 - std::sys::unix::thread::Thread::new::thread_start::h2fd22fee3ca77b65
[INFO] [stdout]                                at /rustc/53fd98ca776cb875bc9e5514f56b52eb74f9e7a9/library/std/src/sys/unix/thread.rs:74:17
[INFO] [stdout]   41:     0x7f520ae10609 - start_thread
[INFO] [stdout]   42:     0x7f520af89293 - clone
[INFO] [stdout]   43:                0x0 - <unknown>
[INFO] [stdout] 
[INFO] [stdout] 
[INFO] [stdout] failures:
[INFO] [stdout]     deserialize::tests::date_time_test
[INFO] [stdout]     image::exif_tool::tests::deserialize_test
[INFO] [stdout] 
[INFO] [stdout] test result: FAILED. 38 passed; 2 failed; 0 ignored; 0 measured; 0 filtered out; finished in 0.19s
[INFO] [stdout] 
[INFO] [stderr] error: test failed, to rerun pass '--bin exifweb'
[INFO] running `Command { std: "docker" "inspect" "4851d32d8c264e723c5309113d91f591bde3f44ad8618fc87d70735ed5406833", kill_on_drop: false }`
[INFO] running `Command { std: "docker" "rm" "-f" "4851d32d8c264e723c5309113d91f591bde3f44ad8618fc87d70735ed5406833", kill_on_drop: false }`
[INFO] [stdout] 4851d32d8c264e723c5309113d91f591bde3f44ad8618fc87d70735ed5406833
