[INFO] cloning repository https://github.com/timchenxiaoyu/thrussh
[INFO] running `Command { std: "git" "-c" "credential.helper=" "-c" "credential.helper=/workspace/cargo-home/bin/git-credential-null" "clone" "--bare" "https://github.com/timchenxiaoyu/thrussh" "/workspace/cache/git-repos/https%3A%2F%2Fgithub.com%2Ftimchenxiaoyu%2Fthrussh", kill_on_drop: false }`
[INFO] [stderr] Cloning into bare repository '/workspace/cache/git-repos/https%3A%2F%2Fgithub.com%2Ftimchenxiaoyu%2Fthrussh'...
[INFO] running `Command { std: "git" "rev-parse" "HEAD", kill_on_drop: false }`
[INFO] [stdout] dcc5f6a1b9c7b43aef91ed76be870c36117e8e0c
[INFO] testing timchenxiaoyu/thrussh against 1.54.0 for beta-1.55-1
[INFO] running `Command { std: "git" "clone" "/workspace/cache/git-repos/https%3A%2F%2Fgithub.com%2Ftimchenxiaoyu%2Fthrussh" "/workspace/builds/worker-21/source", kill_on_drop: false }`
[INFO] [stderr] Cloning into '/workspace/builds/worker-21/source'...
[INFO] [stderr] done.
[INFO] validating manifest of git repo https://github.com/timchenxiaoyu/thrussh on toolchain 1.54.0
[INFO] running `Command { std: "/workspace/cargo-home/bin/cargo" "+1.54.0" "metadata" "--manifest-path" "Cargo.toml" "--no-deps", kill_on_drop: false }`
[INFO] started tweaking git repo https://github.com/timchenxiaoyu/thrussh
[INFO] finished tweaking git repo https://github.com/timchenxiaoyu/thrussh
[INFO] tweaked toml for git repo https://github.com/timchenxiaoyu/thrussh written to /workspace/builds/worker-21/source/Cargo.toml
[INFO] crate git repo https://github.com/timchenxiaoyu/thrussh already has a lockfile, it will not be regenerated
[INFO] running `Command { std: "/workspace/cargo-home/bin/cargo" "+1.54.0" "fetch" "--manifest-path" "Cargo.toml", kill_on_drop: false }`
[INFO] [stderr]     Blocking waiting for file lock on package cache
[INFO] running `Command { std: "docker" "create" "-v" "/var/lib/crater-agent-workspace/builds/worker-21/target:/opt/rustwide/target:rw,Z" "-v" "/var/lib/crater-agent-workspace/builds/worker-21/source:/opt/rustwide/workdir:ro,Z" "-v" "/var/lib/crater-agent-workspace/cargo-home:/opt/rustwide/cargo-home:ro,Z" "-v" "/var/lib/crater-agent-workspace/rustup-home:/opt/rustwide/rustup-home:ro,Z" "-e" "SOURCE_DIR=/opt/rustwide/workdir" "-e" "CARGO_TARGET_DIR=/opt/rustwide/target" "-e" "CARGO_HOME=/opt/rustwide/cargo-home" "-e" "RUSTUP_HOME=/opt/rustwide/rustup-home" "-w" "/opt/rustwide/workdir" "-m" "1610612736" "--user" "0:0" "--network" "none" "ghcr.io/rust-lang/crates-build-env/linux@sha256:34b6a614d2c27851fe6cbf88fbd1137609cefab8b10d0615aaeb6fd47975d74e" "/opt/rustwide/cargo-home/bin/cargo" "+1.54.0" "metadata" "--no-deps" "--format-version=1", kill_on_drop: false }`
[INFO] [stdout] a445479645901eabac361358e6a8bed29ced3b2c156ae91952dc881508da678f
[INFO] running `Command { std: "docker" "start" "-a" "a445479645901eabac361358e6a8bed29ced3b2c156ae91952dc881508da678f", kill_on_drop: false }`
[INFO] running `Command { std: "docker" "inspect" "a445479645901eabac361358e6a8bed29ced3b2c156ae91952dc881508da678f", kill_on_drop: false }`
[INFO] running `Command { std: "docker" "rm" "-f" "a445479645901eabac361358e6a8bed29ced3b2c156ae91952dc881508da678f", kill_on_drop: false }`
[INFO] [stdout] a445479645901eabac361358e6a8bed29ced3b2c156ae91952dc881508da678f
[INFO] running `Command { std: "docker" "create" "-v" "/var/lib/crater-agent-workspace/builds/worker-21/target:/opt/rustwide/target:rw,Z" "-v" "/var/lib/crater-agent-workspace/builds/worker-21/source:/opt/rustwide/workdir:ro,Z" "-v" "/var/lib/crater-agent-workspace/cargo-home:/opt/rustwide/cargo-home:ro,Z" "-v" "/var/lib/crater-agent-workspace/rustup-home:/opt/rustwide/rustup-home:ro,Z" "-e" "SOURCE_DIR=/opt/rustwide/workdir" "-e" "CARGO_TARGET_DIR=/opt/rustwide/target" "-e" "CARGO_INCREMENTAL=0" "-e" "RUST_BACKTRACE=full" "-e" "RUSTFLAGS=--cap-lints=warn" "-e" "CARGO_HOME=/opt/rustwide/cargo-home" "-e" "RUSTUP_HOME=/opt/rustwide/rustup-home" "-w" "/opt/rustwide/workdir" "-m" "1610612736" "--user" "0:0" "--network" "none" "ghcr.io/rust-lang/crates-build-env/linux@sha256:34b6a614d2c27851fe6cbf88fbd1137609cefab8b10d0615aaeb6fd47975d74e" "/opt/rustwide/cargo-home/bin/cargo" "+1.54.0" "build" "--frozen" "--message-format=json", kill_on_drop: false }`
[INFO] [stdout] b70adbe24541e974cf8186eef17f130e329aa4984d4a31735bebffd5c6438c08
[INFO] running `Command { std: "docker" "start" "-a" "b70adbe24541e974cf8186eef17f130e329aa4984d4a31735bebffd5c6438c08", kill_on_drop: false }`
[INFO] [stderr]    Compiling autocfg v1.0.1
[INFO] [stderr]    Compiling libc v0.2.94
[INFO] [stderr]    Compiling proc-macro2 v1.0.26
[INFO] [stderr]    Compiling unicode-xid v0.2.1
[INFO] [stderr]    Compiling syn v1.0.71
[INFO] [stderr]    Compiling cc v1.0.67
[INFO] [stderr]    Compiling memchr v2.3.4
[INFO] [stderr]    Compiling proc-macro-hack v0.5.19
[INFO] [stderr]    Compiling proc-macro-nested v0.1.7
[INFO] [stderr]    Compiling futures-sink v0.3.14
[INFO] [stderr]    Compiling pin-project-lite v0.2.6
[INFO] [stderr]    Compiling futures-core v0.3.14
[INFO] [stderr]    Compiling log v0.4.14
[INFO] [stderr]    Compiling slab v0.4.3
[INFO] [stderr]    Compiling futures-io v0.3.14
[INFO] [stderr]    Compiling winapi v0.3.9
[INFO] [stderr]    Compiling pin-utils v0.1.0
[INFO] [stderr]    Compiling futures-task v0.3.14
[INFO] [stderr]    Compiling serde v1.0.125
[INFO] [stderr]    Compiling serde_derive v1.0.125
[INFO] [stderr]    Compiling crc32fast v1.2.1
[INFO] [stderr]    Compiling openssl v0.10.33
[INFO] [stderr]    Compiling once_cell v1.7.2
[INFO] [stderr]    Compiling bit-vec v0.6.3
[INFO] [stderr]    Compiling adler v1.0.2
[INFO] [stderr]    Compiling byteorder v1.4.3
[INFO] [stderr]    Compiling data-encoding v2.3.2
[INFO] [stderr]    Compiling bitflags v1.2.1
[INFO] [stderr]    Compiling futures-channel v0.3.14
[INFO] [stderr]    Compiling num-traits v0.2.14
[INFO] [stderr]    Compiling num-integer v0.1.44
[INFO] [stderr]    Compiling num-bigint v0.2.6
[INFO] [stderr]    Compiling tokio v1.5.0
[INFO] [stderr]    Compiling miniz_oxide v0.4.4
[INFO] [stderr]    Compiling openssl-sys v0.9.61
[INFO] [stderr]    Compiling libsodium-sys v0.2.6
[INFO] [stderr]    Compiling quote v1.0.9
[INFO] [stderr]    Compiling signal-hook-registry v1.3.0
[INFO] [stderr]    Compiling dirs-sys v0.3.6
[INFO] [stderr]    Compiling num_cpus v1.13.0
[INFO] [stderr]    Compiling mio v0.7.11
[INFO] [stderr]    Compiling cryptovec v0.6.1
[INFO] [stderr]    Compiling dirs v3.0.2
[INFO] [stderr]    Compiling flate2 v1.0.20
[INFO] [stderr]    Compiling yasna v0.3.2
[INFO] [stderr]    Compiling futures-macro v0.3.14
[INFO] [stderr]    Compiling thiserror-impl v1.0.24
[INFO] [stderr]    Compiling tokio-macros v1.1.0
[INFO] [stderr]    Compiling futures-util v0.3.14
[INFO] [stderr]    Compiling thiserror v1.0.24
[INFO] [stderr]    Compiling futures-executor v0.3.14
[INFO] [stderr]    Compiling futures v0.3.14
[INFO] [stderr]    Compiling thrussh-libsodium v0.2.1
[INFO] [stderr]    Compiling thrussh-keys v0.20.3
[INFO] [stderr]    Compiling thrussh v0.32.9 (/opt/rustwide/workdir)
[INFO] [stderr]     Finished dev [unoptimized + debuginfo] target(s) in 52.07s
[INFO] running `Command { std: "docker" "inspect" "b70adbe24541e974cf8186eef17f130e329aa4984d4a31735bebffd5c6438c08", kill_on_drop: false }`
[INFO] running `Command { std: "docker" "rm" "-f" "b70adbe24541e974cf8186eef17f130e329aa4984d4a31735bebffd5c6438c08", kill_on_drop: false }`
[INFO] [stdout] b70adbe24541e974cf8186eef17f130e329aa4984d4a31735bebffd5c6438c08
[INFO] running `Command { std: "docker" "create" "-v" "/var/lib/crater-agent-workspace/builds/worker-21/target:/opt/rustwide/target:rw,Z" "-v" "/var/lib/crater-agent-workspace/builds/worker-21/source:/opt/rustwide/workdir:ro,Z" "-v" "/var/lib/crater-agent-workspace/cargo-home:/opt/rustwide/cargo-home:ro,Z" "-v" "/var/lib/crater-agent-workspace/rustup-home:/opt/rustwide/rustup-home:ro,Z" "-e" "SOURCE_DIR=/opt/rustwide/workdir" "-e" "CARGO_TARGET_DIR=/opt/rustwide/target" "-e" "CARGO_INCREMENTAL=0" "-e" "RUST_BACKTRACE=full" "-e" "RUSTFLAGS=--cap-lints=warn" "-e" "CARGO_HOME=/opt/rustwide/cargo-home" "-e" "RUSTUP_HOME=/opt/rustwide/rustup-home" "-w" "/opt/rustwide/workdir" "-m" "1610612736" "--user" "0:0" "--network" "none" "ghcr.io/rust-lang/crates-build-env/linux@sha256:34b6a614d2c27851fe6cbf88fbd1137609cefab8b10d0615aaeb6fd47975d74e" "/opt/rustwide/cargo-home/bin/cargo" "+1.54.0" "test" "--frozen" "--no-run" "--message-format=json", kill_on_drop: false }`
[INFO] [stdout] 7d962120e445fafc590a893114538c7b0d63b18b58254c34f59a895b54aebf73
[INFO] running `Command { std: "docker" "start" "-a" "7d962120e445fafc590a893114538c7b0d63b18b58254c34f59a895b54aebf73", kill_on_drop: false }`
[INFO] [stderr]     Blocking waiting for file lock on package cache
[INFO] [stderr]    Compiling anyhow v1.0.40
[INFO] [stderr]    Compiling regex-syntax v0.6.23
[INFO] [stderr]    Compiling termcolor v1.1.2
[INFO] [stderr]    Compiling humantime v1.3.0
[INFO] [stderr]    Compiling atty v0.2.14
[INFO] [stderr]    Compiling aho-corasick v0.7.15
[INFO] [stderr]    Compiling regex v1.4.6
[INFO] [stderr]    Compiling env_logger v0.7.1
[INFO] [stderr]    Compiling thrussh v0.32.9 (/opt/rustwide/workdir)
[INFO] [stderr]     Finished test [unoptimized + debuginfo] target(s) in 19.38s
[INFO] running `Command { std: "docker" "inspect" "7d962120e445fafc590a893114538c7b0d63b18b58254c34f59a895b54aebf73", kill_on_drop: false }`
[INFO] running `Command { std: "docker" "rm" "-f" "7d962120e445fafc590a893114538c7b0d63b18b58254c34f59a895b54aebf73", kill_on_drop: false }`
[INFO] [stdout] 7d962120e445fafc590a893114538c7b0d63b18b58254c34f59a895b54aebf73
[INFO] running `Command { std: "docker" "create" "-v" "/var/lib/crater-agent-workspace/builds/worker-21/target:/opt/rustwide/target:rw,Z" "-v" "/var/lib/crater-agent-workspace/builds/worker-21/source:/opt/rustwide/workdir:ro,Z" "-v" "/var/lib/crater-agent-workspace/cargo-home:/opt/rustwide/cargo-home:ro,Z" "-v" "/var/lib/crater-agent-workspace/rustup-home:/opt/rustwide/rustup-home:ro,Z" "-e" "SOURCE_DIR=/opt/rustwide/workdir" "-e" "CARGO_TARGET_DIR=/opt/rustwide/target" "-e" "CARGO_INCREMENTAL=0" "-e" "RUST_BACKTRACE=full" "-e" "RUSTFLAGS=--cap-lints=warn" "-e" "CARGO_HOME=/opt/rustwide/cargo-home" "-e" "RUSTUP_HOME=/opt/rustwide/rustup-home" "-w" "/opt/rustwide/workdir" "-m" "1610612736" "--user" "0:0" "--network" "none" "ghcr.io/rust-lang/crates-build-env/linux@sha256:34b6a614d2c27851fe6cbf88fbd1137609cefab8b10d0615aaeb6fd47975d74e" "/opt/rustwide/cargo-home/bin/cargo" "+1.54.0" "test" "--frozen", kill_on_drop: false }`
[INFO] [stdout] 1ff64f1eefb76fcb441a23500d42396cf9abbc56939032957c2f4685906c9a4c
[INFO] running `Command { std: "docker" "start" "-a" "1ff64f1eefb76fcb441a23500d42396cf9abbc56939032957c2f4685906c9a4c", kill_on_drop: false }`
[INFO] [stderr]     Blocking waiting for file lock on package cache
[INFO] [stderr]     Finished test [unoptimized + debuginfo] target(s) in 1m 20s
[INFO] [stderr]      Running unittests (/opt/rustwide/target/debug/deps/thrussh-ddd8123bb5ffb857)
[INFO] [stdout] 
[INFO] [stdout] running 1 test
[INFO] [stdout] test test_compress::compress_local_test ... FAILED
[INFO] [stdout] 
[INFO] [stdout] failures:
[INFO] [stdout] 
[INFO] [stdout] ---- test_compress::compress_local_test stdout ----
[INFO] [stdout] [src/lib.rs:683] &addr = 127.0.0.1:37703
[INFO] [stdout] check_server_key: Ed25519(PublicKey { key: [195, 56, 91, 9, 99, 58, 38, 94, 74, 243, 155, 3, 126, 215, 3, 19, 65, 234, 16, 239, 46, 10, 157, 255, 42, 129, 208, 6, 16, 209, 248, 158] })
[INFO] [stdout] thread 'test_compress::compress_local_test' panicked at 'called `Result::unwrap()` on an `Err` value: NotPresent', src/lib.rs:686:59
[INFO] [stdout] stack backtrace:
[INFO] [stdout]    0:     0x564757137b80 - std::backtrace_rs::backtrace::libunwind::trace::h34055254b57d8e79
[INFO] [stdout]                                at /rustc/a178d0322ce20e33eac124758e837cbd80a6f633/library/std/src/../../backtrace/src/backtrace/libunwind.rs:90:5
[INFO] [stdout]    1:     0x564757137b80 - std::backtrace_rs::backtrace::trace_unsynchronized::h8f1e3fbd9afff6ec
[INFO] [stdout]                                at /rustc/a178d0322ce20e33eac124758e837cbd80a6f633/library/std/src/../../backtrace/src/backtrace/mod.rs:66:5
[INFO] [stdout]    2:     0x564757137b80 - std::sys_common::backtrace::_print_fmt::h3a99a796b770c360
[INFO] [stdout]                                at /rustc/a178d0322ce20e33eac124758e837cbd80a6f633/library/std/src/sys_common/backtrace.rs:67:5
[INFO] [stdout]    3:     0x564757137b80 - <std::sys_common::backtrace::_print::DisplayBacktrace as core::fmt::Display>::fmt::h32d1f94a80615d18
[INFO] [stdout]                                at /rustc/a178d0322ce20e33eac124758e837cbd80a6f633/library/std/src/sys_common/backtrace.rs:46:22
[INFO] [stdout]    4:     0x56475715af9c - core::fmt::write::h306731c068f7162c
[INFO] [stdout]                                at /rustc/a178d0322ce20e33eac124758e837cbd80a6f633/library/core/src/fmt/mod.rs:1110:17
[INFO] [stdout]    5:     0x564757131055 - std::io::Write::write_fmt::h87f19b0a2cd190bc
[INFO] [stdout]                                at /rustc/a178d0322ce20e33eac124758e837cbd80a6f633/library/std/src/io/mod.rs:1588:15
[INFO] [stdout]    6:     0x564757139dab - std::sys_common::backtrace::_print::h5abaa2601a852287
[INFO] [stdout]                                at /rustc/a178d0322ce20e33eac124758e837cbd80a6f633/library/std/src/sys_common/backtrace.rs:49:5
[INFO] [stdout]    7:     0x564757139dab - std::sys_common::backtrace::print::h8d81445442bb638f
[INFO] [stdout]                                at /rustc/a178d0322ce20e33eac124758e837cbd80a6f633/library/std/src/sys_common/backtrace.rs:36:9
[INFO] [stdout]    8:     0x564757139dab - std::panicking::default_hook::{{closure}}::hcfe804496a9fa747
[INFO] [stdout]                                at /rustc/a178d0322ce20e33eac124758e837cbd80a6f633/library/std/src/panicking.rs:208:50
[INFO] [stdout]    9:     0x5647571398bc - std::panicking::default_hook::hbea8e3ccf2ba8901
[INFO] [stdout]                                at /rustc/a178d0322ce20e33eac124758e837cbd80a6f633/library/std/src/panicking.rs:222:9
[INFO] [stdout]   10:     0x56475713a474 - std::panicking::rust_panic_with_hook::h7ee9e1a2d0f8975a
[INFO] [stdout]                                at /rustc/a178d0322ce20e33eac124758e837cbd80a6f633/library/std/src/panicking.rs:622:17
[INFO] [stdout]   11:     0x564757139f57 - std::panicking::begin_panic_handler::{{closure}}::h8ab3b4491718b2c7
[INFO] [stdout]                                at /rustc/a178d0322ce20e33eac124758e837cbd80a6f633/library/std/src/panicking.rs:519:13
[INFO] [stdout]   12:     0x56475713807c - std::sys_common::backtrace::__rust_end_short_backtrace::hd489062ffa586a9f
[INFO] [stdout]                                at /rustc/a178d0322ce20e33eac124758e837cbd80a6f633/library/std/src/sys_common/backtrace.rs:141:18
[INFO] [stdout]   13:     0x564757139eb9 - rust_begin_unwind
[INFO] [stdout]                                at /rustc/a178d0322ce20e33eac124758e837cbd80a6f633/library/std/src/panicking.rs:515:5
[INFO] [stdout]   14:     0x564756c85d31 - core::panicking::panic_fmt::hca6330e3e14086b4
[INFO] [stdout]                                at /rustc/a178d0322ce20e33eac124758e837cbd80a6f633/library/core/src/panicking.rs:92:14
[INFO] [stdout]   15:     0x564756c85e23 - core::result::unwrap_failed::h6160d2b4bfbb0e87
[INFO] [stdout]                                at /rustc/a178d0322ce20e33eac124758e837cbd80a6f633/library/core/src/result.rs:1355:5
[INFO] [stdout]   16:     0x564756c941bd - core::result::Result<T,E>::unwrap::ha4615937c0afef08
[INFO] [stdout]                                at /rustc/a178d0322ce20e33eac124758e837cbd80a6f633/library/core/src/result.rs:1037:23
[INFO] [stdout]   17:     0x564756cc5935 - thrussh::test_compress::compress_local_test::{{closure}}::h5c24249a4300dc1a
[INFO] [stdout]                                at /opt/rustwide/workdir/src/lib.rs:686:37
[INFO] [stdout]   18:     0x564756d2968b - <core::future::from_generator::GenFuture<T> as core::future::future::Future>::poll::h12aa45a036cf5457
[INFO] [stdout]                                at /rustc/a178d0322ce20e33eac124758e837cbd80a6f633/library/core/src/future/mod.rs:80:19
[INFO] [stdout]   19:     0x564756c9f94f - <core::pin::Pin<P> as core::future::future::Future>::poll::h232d425f76fe8905
[INFO] [stdout]                                at /rustc/a178d0322ce20e33eac124758e837cbd80a6f633/library/core/src/future/future.rs:119:9
[INFO] [stdout]   20:     0x564756d4e980 - tokio::runtime::basic_scheduler::Inner<P>::block_on::{{closure}}::{{closure}}::hab4b5eab237fa699
[INFO] [stdout]                                at /opt/rustwide/cargo-home/registry/src/github.com-1ecc6299db9ec823/tokio-1.5.0/src/runtime/basic_scheduler.rs:213:62
[INFO] [stdout]   21:     0x564756c9e4cc - tokio::coop::with_budget::{{closure}}::h57d3f3fb87da3ce2
[INFO] [stdout]                                at /opt/rustwide/cargo-home/registry/src/github.com-1ecc6299db9ec823/tokio-1.5.0/src/coop.rs:106:9
[INFO] [stdout]   22:     0x564756c904b1 - std::thread::local::LocalKey<T>::try_with::hcdc20fdd1066abf0
[INFO] [stdout]                                at /rustc/a178d0322ce20e33eac124758e837cbd80a6f633/library/std/src/thread/local.rs:400:16
[INFO] [stdout]   23:     0x564756c8f4ad - std::thread::local::LocalKey<T>::with::h6703355fb056038c
[INFO] [stdout]                                at /rustc/a178d0322ce20e33eac124758e837cbd80a6f633/library/std/src/thread/local.rs:376:9
[INFO] [stdout]   24:     0x564756d4e19c - tokio::coop::with_budget::h5a6e18f29f99b1ec
[INFO] [stdout]                                at /opt/rustwide/cargo-home/registry/src/github.com-1ecc6299db9ec823/tokio-1.5.0/src/coop.rs:99:5
[INFO] [stdout]   25:     0x564756d4e19c - tokio::coop::budget::hfd64d41965943a94
[INFO] [stdout]                                at /opt/rustwide/cargo-home/registry/src/github.com-1ecc6299db9ec823/tokio-1.5.0/src/coop.rs:76:5
[INFO] [stdout]   26:     0x564756d4e19c - tokio::runtime::basic_scheduler::Inner<P>::block_on::{{closure}}::h8903ad7d2574f47a
[INFO] [stdout]                                at /opt/rustwide/cargo-home/registry/src/github.com-1ecc6299db9ec823/tokio-1.5.0/src/runtime/basic_scheduler.rs:213:39
[INFO] [stdout]   27:     0x564756d4f5b1 - tokio::runtime::basic_scheduler::enter::{{closure}}::h6034665a5d887f24
[INFO] [stdout]                                at /opt/rustwide/cargo-home/registry/src/github.com-1ecc6299db9ec823/tokio-1.5.0/src/runtime/basic_scheduler.rs:323:29
[INFO] [stdout]   28:     0x564756d2896d - tokio::macros::scoped_tls::ScopedKey<T>::set::h560f07fa4379341a
[INFO] [stdout]                                at /opt/rustwide/cargo-home/registry/src/github.com-1ecc6299db9ec823/tokio-1.5.0/src/macros/scoped_tls.rs:61:9
[INFO] [stdout]   29:     0x564756d4f52c - tokio::runtime::basic_scheduler::enter::h226be22dc00a248d
[INFO] [stdout]                                at /opt/rustwide/cargo-home/registry/src/github.com-1ecc6299db9ec823/tokio-1.5.0/src/runtime/basic_scheduler.rs:323:5
[INFO] [stdout]   30:     0x564756d4de7b - tokio::runtime::basic_scheduler::Inner<P>::block_on::hfdb9cb700b38e200
[INFO] [stdout]                                at /opt/rustwide/cargo-home/registry/src/github.com-1ecc6299db9ec823/tokio-1.5.0/src/runtime/basic_scheduler.rs:202:9
[INFO] [stdout]   31:     0x564756d4eb04 - tokio::runtime::basic_scheduler::InnerGuard<P>::block_on::hda7a244a9787afec
[INFO] [stdout]                                at /opt/rustwide/cargo-home/registry/src/github.com-1ecc6299db9ec823/tokio-1.5.0/src/runtime/basic_scheduler.rs:481:9
[INFO] [stdout]   32:     0x564756d4ee18 - tokio::runtime::basic_scheduler::BasicScheduler<P>::block_on::hb5a1e2caa41482d2
[INFO] [stdout]                                at /opt/rustwide/cargo-home/registry/src/github.com-1ecc6299db9ec823/tokio-1.5.0/src/runtime/basic_scheduler.rs:162:24
[INFO] [stdout]   33:     0x564756c9eb56 - tokio::runtime::Runtime::block_on::haa66d40abe762dc8
[INFO] [stdout]                                at /opt/rustwide/cargo-home/registry/src/github.com-1ecc6299db9ec823/tokio-1.5.0/src/runtime/mod.rs:450:46
[INFO] [stdout]   34:     0x564756cc4321 - thrussh::test_compress::compress_local_test::h33173ebc5fb79cb9
[INFO] [stdout]                                at /opt/rustwide/workdir/src/lib.rs:650:5
[INFO] [stdout]   35:     0x564756cc424a - thrussh::test_compress::compress_local_test::{{closure}}::hd78f29fc4b36ad0c
[INFO] [stdout]                                at /opt/rustwide/workdir/src/lib.rs:650:5
[INFO] [stdout]   36:     0x564756d04c8e - core::ops::function::FnOnce::call_once::h37e4d0db8d993fd9
[INFO] [stdout]                                at /rustc/a178d0322ce20e33eac124758e837cbd80a6f633/library/core/src/ops/function.rs:227:5
[INFO] [stdout]   37:     0x564756f4ff63 - core::ops::function::FnOnce::call_once::h152e7e439ff59e19
[INFO] [stdout]                                at /rustc/a178d0322ce20e33eac124758e837cbd80a6f633/library/core/src/ops/function.rs:227:5
[INFO] [stdout]   38:     0x564756f4ff63 - test::__rust_begin_short_backtrace::h0908f3b1fdbb72ab
[INFO] [stdout]                                at /rustc/a178d0322ce20e33eac124758e837cbd80a6f633/library/test/src/lib.rs:577:5
[INFO] [stdout]   39:     0x564756f4ea20 - <alloc::boxed::Box<F,A> as core::ops::function::FnOnce<Args>>::call_once::hf6d2a51e5587546c
[INFO] [stdout]                                at /rustc/a178d0322ce20e33eac124758e837cbd80a6f633/library/alloc/src/boxed.rs:1575:9
[INFO] [stdout]   40:     0x564756f4ea20 - <std::panic::AssertUnwindSafe<F> as core::ops::function::FnOnce<()>>::call_once::h8af660f3a89ef593
[INFO] [stdout]                                at /rustc/a178d0322ce20e33eac124758e837cbd80a6f633/library/std/src/panic.rs:347:9
[INFO] [stdout]   41:     0x564756f4ea20 - std::panicking::try::do_call::hd36aef60f84b6d36
[INFO] [stdout]                                at /rustc/a178d0322ce20e33eac124758e837cbd80a6f633/library/std/src/panicking.rs:401:40
[INFO] [stdout]   42:     0x564756f4ea20 - std::panicking::try::h9932b4480e69817c
[INFO] [stdout]                                at /rustc/a178d0322ce20e33eac124758e837cbd80a6f633/library/std/src/panicking.rs:365:19
[INFO] [stdout]   43:     0x564756f4ea20 - std::panic::catch_unwind::h6aa177099cfff5f8
[INFO] [stdout]                                at /rustc/a178d0322ce20e33eac124758e837cbd80a6f633/library/std/src/panic.rs:434:14
[INFO] [stdout]   44:     0x564756f4ea20 - test::run_test_in_process::h5884d6f2d99e20c3
[INFO] [stdout]                                at /rustc/a178d0322ce20e33eac124758e837cbd80a6f633/library/test/src/lib.rs:600:18
[INFO] [stdout]   45:     0x564756f4ea20 - test::run_test::run_test_inner::{{closure}}::h6fdc58c6d5f5b6e3
[INFO] [stdout]                                at /rustc/a178d0322ce20e33eac124758e837cbd80a6f633/library/test/src/lib.rs:492:39
[INFO] [stdout]   46:     0x564756f280d2 - test::run_test::run_test_inner::{{closure}}::h408365d67a78ade8
[INFO] [stdout]                                at /rustc/a178d0322ce20e33eac124758e837cbd80a6f633/library/test/src/lib.rs:519:37
[INFO] [stdout]   47:     0x564756f280d2 - std::sys_common::backtrace::__rust_begin_short_backtrace::hb560b77c4f701523
[INFO] [stdout]                                at /rustc/a178d0322ce20e33eac124758e837cbd80a6f633/library/std/src/sys_common/backtrace.rs:125:18
[INFO] [stdout]   48:     0x564756f2bc88 - std::thread::Builder::spawn_unchecked::{{closure}}::{{closure}}::hf2e7831dad93c597
[INFO] [stdout]                                at /rustc/a178d0322ce20e33eac124758e837cbd80a6f633/library/std/src/thread/mod.rs:481:17
[INFO] [stdout]   49:     0x564756f2bc88 - <std::panic::AssertUnwindSafe<F> as core::ops::function::FnOnce<()>>::call_once::hd2e08783d8be4d02
[INFO] [stdout]                                at /rustc/a178d0322ce20e33eac124758e837cbd80a6f633/library/std/src/panic.rs:347:9
[INFO] [stdout]   50:     0x564756f2bc88 - std::panicking::try::do_call::h062597b7acfd6b82
[INFO] [stdout]                                at /rustc/a178d0322ce20e33eac124758e837cbd80a6f633/library/std/src/panicking.rs:401:40
[INFO] [stdout]   51:     0x564756f2bc88 - std::panicking::try::h0d7b79db04c14552
[INFO] [stdout]                                at /rustc/a178d0322ce20e33eac124758e837cbd80a6f633/library/std/src/panicking.rs:365:19
[INFO] [stdout]   52:     0x564756f2bc88 - std::panic::catch_unwind::hb01a0b5e7c8cd43b
[INFO] [stdout]                                at /rustc/a178d0322ce20e33eac124758e837cbd80a6f633/library/std/src/panic.rs:434:14
[INFO] [stdout]   53:     0x564756f2bc88 - std::thread::Builder::spawn_unchecked::{{closure}}::h5bde48cc887e0d1e
[INFO] [stdout]                                at /rustc/a178d0322ce20e33eac124758e837cbd80a6f633/library/std/src/thread/mod.rs:480:30
[INFO] [stdout]   54:     0x564756f2bc88 - core::ops::function::FnOnce::call_once{{vtable.shim}}::h745ea30807a29e55
[INFO] [stdout]                                at /rustc/a178d0322ce20e33eac124758e837cbd80a6f633/library/core/src/ops/function.rs:227:5
[INFO] [stdout]   55:     0x56475713f8d7 - <alloc::boxed::Box<F,A> as core::ops::function::FnOnce<Args>>::call_once::h7ece6cfefaff1005
[INFO] [stdout]                                at /rustc/a178d0322ce20e33eac124758e837cbd80a6f633/library/alloc/src/boxed.rs:1575:9
[INFO] [stdout]   56:     0x56475713f8d7 - <alloc::boxed::Box<F,A> as core::ops::function::FnOnce<Args>>::call_once::hb8b48e55c21f193e
[INFO] [stdout]                                at /rustc/a178d0322ce20e33eac124758e837cbd80a6f633/library/alloc/src/boxed.rs:1575:9
[INFO] [stdout]   57:     0x56475713f8d7 - std::sys::unix::thread::Thread::new::thread_start::h8c7c4450dba62914
[INFO] [stdout]                                at /rustc/a178d0322ce20e33eac124758e837cbd80a6f633/library/std/src/sys/unix/thread.rs:71:17
[INFO] [stdout]   58:     0x7f0b229cf609 - start_thread
[INFO] [stdout]   59:     0x7f0b2279f293 - clone
[INFO] [stdout]   60:                0x0 - <unknown>
[INFO] [stdout] 
[INFO] [stdout] 
[INFO] [stdout] failures:
[INFO] [stdout]     test_compress::compress_local_test
[INFO] [stdout] 
[INFO] [stdout] test result: FAILED. 0 passed; 1 failed; 0 ignored; 0 measured; 0 filtered out; finished in 0.10s
[INFO] [stdout] 
[INFO] [stderr] error: test failed, to rerun pass '--lib'
[INFO] running `Command { std: "docker" "inspect" "1ff64f1eefb76fcb441a23500d42396cf9abbc56939032957c2f4685906c9a4c", kill_on_drop: false }`
[INFO] running `Command { std: "docker" "rm" "-f" "1ff64f1eefb76fcb441a23500d42396cf9abbc56939032957c2f4685906c9a4c", kill_on_drop: false }`
[INFO] [stdout] 1ff64f1eefb76fcb441a23500d42396cf9abbc56939032957c2f4685906c9a4c
