[INFO] cloning repository https://github.com/tiagodeliberali/opengl-rust
[INFO] running `Command { std: "git" "-c" "credential.helper=" "-c" "credential.helper=/workspace/cargo-home/bin/git-credential-null" "clone" "--bare" "https://github.com/tiagodeliberali/opengl-rust" "/workspace/cache/git-repos/https%3A%2F%2Fgithub.com%2Ftiagodeliberali%2Fopengl-rust", kill_on_drop: false }`
[INFO] [stderr] Cloning into bare repository '/workspace/cache/git-repos/https%3A%2F%2Fgithub.com%2Ftiagodeliberali%2Fopengl-rust'...
[INFO] running `Command { std: "git" "rev-parse" "HEAD", kill_on_drop: false }`
[INFO] [stdout] 25831ef53dfa5e14ed8140a1391d5e681114d5f0
[INFO] testing tiagodeliberali/opengl-rust against 1.54.0 for beta-1.55-1
[INFO] running `Command { std: "git" "clone" "/workspace/cache/git-repos/https%3A%2F%2Fgithub.com%2Ftiagodeliberali%2Fopengl-rust" "/workspace/builds/worker-85/source", kill_on_drop: false }`
[INFO] [stderr] Cloning into '/workspace/builds/worker-85/source'...
[INFO] [stderr] done.
[INFO] validating manifest of git repo https://github.com/tiagodeliberali/opengl-rust on toolchain 1.54.0
[INFO] running `Command { std: "/workspace/cargo-home/bin/cargo" "+1.54.0" "metadata" "--manifest-path" "Cargo.toml" "--no-deps", kill_on_drop: false }`
[INFO] started tweaking git repo https://github.com/tiagodeliberali/opengl-rust
[INFO] finished tweaking git repo https://github.com/tiagodeliberali/opengl-rust
[INFO] tweaked toml for git repo https://github.com/tiagodeliberali/opengl-rust written to /workspace/builds/worker-85/source/Cargo.toml
[INFO] crate git repo https://github.com/tiagodeliberali/opengl-rust already has a lockfile, it will not be regenerated
[INFO] running `Command { std: "/workspace/cargo-home/bin/cargo" "+1.54.0" "fetch" "--manifest-path" "Cargo.toml", kill_on_drop: false }`
[INFO] [stderr]     Blocking waiting for file lock on package cache
[INFO] running `Command { std: "docker" "create" "-v" "/var/lib/crater-agent-workspace/builds/worker-85/target:/opt/rustwide/target:rw,Z" "-v" "/var/lib/crater-agent-workspace/builds/worker-85/source:/opt/rustwide/workdir:ro,Z" "-v" "/var/lib/crater-agent-workspace/cargo-home:/opt/rustwide/cargo-home:ro,Z" "-v" "/var/lib/crater-agent-workspace/rustup-home:/opt/rustwide/rustup-home:ro,Z" "-e" "SOURCE_DIR=/opt/rustwide/workdir" "-e" "CARGO_TARGET_DIR=/opt/rustwide/target" "-e" "CARGO_HOME=/opt/rustwide/cargo-home" "-e" "RUSTUP_HOME=/opt/rustwide/rustup-home" "-w" "/opt/rustwide/workdir" "-m" "1610612736" "--user" "0:0" "--network" "none" "ghcr.io/rust-lang/crates-build-env/linux@sha256:34b6a614d2c27851fe6cbf88fbd1137609cefab8b10d0615aaeb6fd47975d74e" "/opt/rustwide/cargo-home/bin/cargo" "+1.54.0" "metadata" "--no-deps" "--format-version=1", kill_on_drop: false }`
[INFO] [stdout] b821b358a7fe6938ff8b38fb3d923c8af16c6974c0020b352cb3b40f74bbdd18
[INFO] running `Command { std: "docker" "start" "-a" "b821b358a7fe6938ff8b38fb3d923c8af16c6974c0020b352cb3b40f74bbdd18", kill_on_drop: false }`
[INFO] running `Command { std: "docker" "inspect" "b821b358a7fe6938ff8b38fb3d923c8af16c6974c0020b352cb3b40f74bbdd18", kill_on_drop: false }`
[INFO] running `Command { std: "docker" "rm" "-f" "b821b358a7fe6938ff8b38fb3d923c8af16c6974c0020b352cb3b40f74bbdd18", kill_on_drop: false }`
[INFO] [stdout] b821b358a7fe6938ff8b38fb3d923c8af16c6974c0020b352cb3b40f74bbdd18
[INFO] running `Command { std: "docker" "create" "-v" "/var/lib/crater-agent-workspace/builds/worker-85/target:/opt/rustwide/target:rw,Z" "-v" "/var/lib/crater-agent-workspace/builds/worker-85/source:/opt/rustwide/workdir:ro,Z" "-v" "/var/lib/crater-agent-workspace/cargo-home:/opt/rustwide/cargo-home:ro,Z" "-v" "/var/lib/crater-agent-workspace/rustup-home:/opt/rustwide/rustup-home:ro,Z" "-e" "SOURCE_DIR=/opt/rustwide/workdir" "-e" "CARGO_TARGET_DIR=/opt/rustwide/target" "-e" "CARGO_INCREMENTAL=0" "-e" "RUST_BACKTRACE=full" "-e" "RUSTFLAGS=--cap-lints=warn" "-e" "CARGO_HOME=/opt/rustwide/cargo-home" "-e" "RUSTUP_HOME=/opt/rustwide/rustup-home" "-w" "/opt/rustwide/workdir" "-m" "1610612736" "--user" "0:0" "--network" "none" "ghcr.io/rust-lang/crates-build-env/linux@sha256:34b6a614d2c27851fe6cbf88fbd1137609cefab8b10d0615aaeb6fd47975d74e" "/opt/rustwide/cargo-home/bin/cargo" "+1.54.0" "build" "--frozen" "--message-format=json", kill_on_drop: false }`
[INFO] [stdout] a1dc6485fcc00e8d594a51bafe2af96b9c019326b28b089294cd19da3411da60
[INFO] running `Command { std: "docker" "start" "-a" "a1dc6485fcc00e8d594a51bafe2af96b9c019326b28b089294cd19da3411da60", kill_on_drop: false }`
[INFO] [stderr]     Blocking waiting for file lock on package cache
[INFO] [stderr]    Compiling cfg-if v0.1.10
[INFO] [stderr]    Compiling libc v0.2.71
[INFO] [stderr]    Compiling xml-rs v0.8.3
[INFO] [stderr]    Compiling log v0.4.8
[INFO] [stderr]    Compiling autocfg v1.0.0
[INFO] [stderr]    Compiling khronos_api v3.1.0
[INFO] [stderr]    Compiling proc-macro2 v0.4.30
[INFO] [stderr]    Compiling unicode-xid v0.1.0
[INFO] [stderr]    Compiling lazy_static v1.4.0
[INFO] [stderr]    Compiling bitflags v1.2.1
[INFO] [stderr]    Compiling libloading v0.6.2
[INFO] [stderr]    Compiling byteorder v1.3.4
[INFO] [stderr]    Compiling nix v0.14.1
[INFO] [stderr]    Compiling slab v0.4.2
[INFO] [stderr]    Compiling void v1.0.2
[INFO] [stderr]    Compiling lazycell v1.2.1
[INFO] [stderr]    Compiling pkg-config v0.3.17
[INFO] [stderr]    Compiling maybe-uninit v2.0.0
[INFO] [stderr]    Compiling same-file v1.0.6
[INFO] [stderr]    Compiling downcast-rs v1.1.1
[INFO] [stderr]    Compiling xdg v2.2.0
[INFO] [stderr]    Compiling scopeguard v1.1.0
[INFO] [stderr]    Compiling cc v1.0.54
[INFO] [stderr]    Compiling smallvec v1.4.0
[INFO] [stderr]    Compiling instant v0.1.4
[INFO] [stderr]    Compiling percent-encoding v2.1.0
[INFO] [stderr]    Compiling gimli v0.21.0
[INFO] [stderr]    Compiling adler32 v1.1.0
[INFO] [stderr]    Compiling object v0.20.0
[INFO] [stderr]    Compiling rustc-demangle v0.1.16
[INFO] [stderr]    Compiling takeable-option v0.5.0
[INFO] [stderr]    Compiling fnv v1.0.7
[INFO] [stderr]    Compiling walkdir v2.3.1
[INFO] [stderr]    Compiling lock_api v0.3.4
[INFO] [stderr]    Compiling miniz_oxide v0.3.7
[INFO] [stderr]    Compiling num-traits v0.2.12
[INFO] [stderr]    Compiling memoffset v0.5.4
[INFO] [stderr]    Compiling gl_generator v0.13.1
[INFO] [stderr]    Compiling gl_generator v0.14.0
[INFO] [stderr]    Compiling x11-dl v2.18.5
[INFO] [stderr]    Compiling dlib v0.4.2
[INFO] [stderr]    Compiling wayland-sys v0.23.6
[INFO] [stderr]    Compiling libloading v0.5.2
[INFO] [stderr]    Compiling stb_truetype v0.3.1
[INFO] [stderr]    Compiling iovec v0.1.4
[INFO] [stderr]    Compiling net2 v0.2.34
[INFO] [stderr]    Compiling parking_lot_core v0.7.2
[INFO] [stderr]    Compiling memmap v0.7.0
[INFO] [stderr]    Compiling shared_library v0.1.9
[INFO] [stderr]    Compiling raw-window-handle v0.3.3
[INFO] [stderr]    Compiling quote v0.6.13
[INFO] [stderr]    Compiling osmesa-sys v0.1.2
[INFO] [stderr]    Compiling parking_lot v0.10.2
[INFO] [stderr]    Compiling mio v0.6.22
[INFO] [stderr]    Compiling wayland-scanner v0.23.6
[INFO] [stderr]    Compiling glutin_glx_sys v0.1.6
[INFO] [stderr]    Compiling glutin_egl_sys v0.1.4
[INFO] [stderr]    Compiling glium v0.27.0
[INFO] [stderr]    Compiling ordered-float v1.0.2
[INFO] [stderr]    Compiling approx v0.3.2
[INFO] [stderr]    Compiling line_drawing v0.7.0
[INFO] [stderr]    Compiling mio-extras v2.0.6
[INFO] [stderr]    Compiling addr2line v0.12.2
[INFO] [stderr]    Compiling rusttype v0.8.3
[INFO] [stderr]    Compiling backtrace v0.3.49
[INFO] [stderr]    Compiling rusttype v0.7.9
[INFO] [stderr]    Compiling andrew v0.2.1
[INFO] [stderr]    Compiling wayland-client v0.23.6
[INFO] [stderr]    Compiling wayland-protocols v0.23.6
[INFO] [stderr]    Compiling wayland-commons v0.23.6
[INFO] [stderr]    Compiling calloop v0.4.4
[INFO] [stderr]    Compiling smithay-client-toolkit v0.6.6
[INFO] [stderr]    Compiling winit v0.22.2
[INFO] [stderr]    Compiling glutin v0.24.1
[INFO] [stderr]    Compiling opengl-rust v0.1.0 (/opt/rustwide/workdir)
[INFO] [stdout] warning: unused variable: `delta`
[INFO] [stdout]   --> src/models.rs:91:42
[INFO] [stdout]    |
[INFO] [stdout] 91 |     pub fn update_mouse_wheel(&mut self, delta: MouseScrollDelta) {}
[INFO] [stdout]    |                                          ^^^^^ help: if this is intentional, prefix it with an underscore: `_delta`
[INFO] [stdout]    |
[INFO] [stdout]    = note: `#[warn(unused_variables)]` on by default
[INFO] [stdout] 
[INFO] [stdout] 
[INFO] [stdout] warning: 1 warning emitted
[INFO] [stdout] 
[INFO] [stdout] 
[INFO] [stderr]     Finished dev [unoptimized + debuginfo] target(s) in 1m 16s
[INFO] running `Command { std: "docker" "inspect" "a1dc6485fcc00e8d594a51bafe2af96b9c019326b28b089294cd19da3411da60", kill_on_drop: false }`
[INFO] running `Command { std: "docker" "rm" "-f" "a1dc6485fcc00e8d594a51bafe2af96b9c019326b28b089294cd19da3411da60", kill_on_drop: false }`
[INFO] [stdout] a1dc6485fcc00e8d594a51bafe2af96b9c019326b28b089294cd19da3411da60
[INFO] running `Command { std: "docker" "create" "-v" "/var/lib/crater-agent-workspace/builds/worker-85/target:/opt/rustwide/target:rw,Z" "-v" "/var/lib/crater-agent-workspace/builds/worker-85/source:/opt/rustwide/workdir:ro,Z" "-v" "/var/lib/crater-agent-workspace/cargo-home:/opt/rustwide/cargo-home:ro,Z" "-v" "/var/lib/crater-agent-workspace/rustup-home:/opt/rustwide/rustup-home:ro,Z" "-e" "SOURCE_DIR=/opt/rustwide/workdir" "-e" "CARGO_TARGET_DIR=/opt/rustwide/target" "-e" "CARGO_INCREMENTAL=0" "-e" "RUST_BACKTRACE=full" "-e" "RUSTFLAGS=--cap-lints=warn" "-e" "CARGO_HOME=/opt/rustwide/cargo-home" "-e" "RUSTUP_HOME=/opt/rustwide/rustup-home" "-w" "/opt/rustwide/workdir" "-m" "1610612736" "--user" "0:0" "--network" "none" "ghcr.io/rust-lang/crates-build-env/linux@sha256:34b6a614d2c27851fe6cbf88fbd1137609cefab8b10d0615aaeb6fd47975d74e" "/opt/rustwide/cargo-home/bin/cargo" "+1.54.0" "test" "--frozen" "--no-run" "--message-format=json", kill_on_drop: false }`
[INFO] [stdout] 80c429a593fe80f72342e87ddf72bc8d07261e6494e8f4cf39e9a10d55f8df16
[INFO] running `Command { std: "docker" "start" "-a" "80c429a593fe80f72342e87ddf72bc8d07261e6494e8f4cf39e9a10d55f8df16", kill_on_drop: false }`
[INFO] [stderr]    Compiling opengl-rust v0.1.0 (/opt/rustwide/workdir)
[INFO] [stdout] warning: unused variable: `delta`
[INFO] [stdout]   --> src/models.rs:91:42
[INFO] [stdout]    |
[INFO] [stdout] 91 |     pub fn update_mouse_wheel(&mut self, delta: MouseScrollDelta) {}
[INFO] [stdout]    |                                          ^^^^^ help: if this is intentional, prefix it with an underscore: `_delta`
[INFO] [stdout]    |
[INFO] [stdout]    = note: `#[warn(unused_variables)]` on by default
[INFO] [stdout] 
[INFO] [stdout] 
[INFO] [stdout] warning: 1 warning emitted
[INFO] [stdout] 
[INFO] [stdout] 
[INFO] [stderr]     Finished test [unoptimized + debuginfo] target(s) in 4.85s
[INFO] running `Command { std: "docker" "inspect" "80c429a593fe80f72342e87ddf72bc8d07261e6494e8f4cf39e9a10d55f8df16", kill_on_drop: false }`
[INFO] running `Command { std: "docker" "rm" "-f" "80c429a593fe80f72342e87ddf72bc8d07261e6494e8f4cf39e9a10d55f8df16", kill_on_drop: false }`
[INFO] [stdout] 80c429a593fe80f72342e87ddf72bc8d07261e6494e8f4cf39e9a10d55f8df16
[INFO] running `Command { std: "docker" "create" "-v" "/var/lib/crater-agent-workspace/builds/worker-85/target:/opt/rustwide/target:rw,Z" "-v" "/var/lib/crater-agent-workspace/builds/worker-85/source:/opt/rustwide/workdir:ro,Z" "-v" "/var/lib/crater-agent-workspace/cargo-home:/opt/rustwide/cargo-home:ro,Z" "-v" "/var/lib/crater-agent-workspace/rustup-home:/opt/rustwide/rustup-home:ro,Z" "-e" "SOURCE_DIR=/opt/rustwide/workdir" "-e" "CARGO_TARGET_DIR=/opt/rustwide/target" "-e" "CARGO_INCREMENTAL=0" "-e" "RUST_BACKTRACE=full" "-e" "RUSTFLAGS=--cap-lints=warn" "-e" "CARGO_HOME=/opt/rustwide/cargo-home" "-e" "RUSTUP_HOME=/opt/rustwide/rustup-home" "-w" "/opt/rustwide/workdir" "-m" "1610612736" "--user" "0:0" "--network" "none" "ghcr.io/rust-lang/crates-build-env/linux@sha256:34b6a614d2c27851fe6cbf88fbd1137609cefab8b10d0615aaeb6fd47975d74e" "/opt/rustwide/cargo-home/bin/cargo" "+1.54.0" "test" "--frozen", kill_on_drop: false }`
[INFO] [stdout] e984a7b17f49f64df50a184828511d286b0f7133f89679593aff805551f028de
[INFO] running `Command { std: "docker" "start" "-a" "e984a7b17f49f64df50a184828511d286b0f7133f89679593aff805551f028de", kill_on_drop: false }`
[INFO] [stderr]     Blocking waiting for file lock on package cache
[INFO] [stderr] warning: unused variable: `delta`
[INFO] [stdout] 
[INFO] [stderr]   --> src/models.rs:91:42
[INFO] [stdout] running 13 tests
[INFO] [stderr]    |
[INFO] [stdout] test math::tests::degree_to_radians_values ... ok
[INFO] [stderr] 91 |     pub fn update_mouse_wheel(&mut self, delta: MouseScrollDelta) {}
[INFO] [stdout] test math::tests::vector3_cross_zeroed ... ok
[INFO] [stderr]    |                                          ^^^^^ help: if this is intentional, prefix it with an underscore: `_delta`
[INFO] [stdout] test math::tests::vector3_mul_scalar ... ok
[INFO] [stderr]    |
[INFO] [stdout] test math::tests::vector3_sub ... ok
[INFO] [stderr]    = note: `#[warn(unused_variables)]` on by default
[INFO] [stdout] test coordinates::tests::sphere_vector_clamp_elevation ... ok
[INFO] [stderr] 
[INFO] [stdout] test math::tests::matrix4_mul ... ok
[INFO] [stderr] warning: 1 warning emitted
[INFO] [stdout] test math::tests::vector3_cross ... ok
[INFO] [stderr] 
[INFO] [stdout] test math::tests::vector3_add ... ok
[INFO] [stderr]     Finished test [unoptimized + debuginfo] target(s) in 30.85s
[INFO] [stdout] test coordinates::tests::sphere_vector_to_cartesian ... ok
[INFO] [stderr]      Running unittests (/opt/rustwide/target/debug/deps/opengl_rust-884f7e6aed0410e8)
[INFO] [stdout] test math::tests::vector3_to_array ... ok
[INFO] [stderr] error: test failed, to rerun pass '--bin opengl-rust'
[INFO] [stdout] test math::tests::vector3_normalized ... ok
[INFO] [stdout] test math::tests::clamp_values ... ok
[INFO] [stdout] test coordinates::tests::sphere_vector_clamp_radius ... FAILED
[INFO] [stdout] 
[INFO] [stdout] failures:
[INFO] [stdout] 
[INFO] [stdout] ---- coordinates::tests::sphere_vector_clamp_radius stdout ----
[INFO] [stdout] thread 'coordinates::tests::sphere_vector_clamp_radius' panicked at 'assertion failed: `(left == right)`
[INFO] [stdout]   left: `1.0`,
[INFO] [stdout]  right: `100.0`', src/coordinates.rs:60:9
[INFO] [stdout] stack backtrace:
[INFO] [stdout]    0:     0x55687c3c7820 - std::backtrace_rs::backtrace::libunwind::trace::h34055254b57d8e79
[INFO] [stdout]                                at /rustc/a178d0322ce20e33eac124758e837cbd80a6f633/library/std/src/../../backtrace/src/backtrace/libunwind.rs:90:5
[INFO] [stdout]    1:     0x55687c3c7820 - std::backtrace_rs::backtrace::trace_unsynchronized::h8f1e3fbd9afff6ec
[INFO] [stdout]                                at /rustc/a178d0322ce20e33eac124758e837cbd80a6f633/library/std/src/../../backtrace/src/backtrace/mod.rs:66:5
[INFO] [stdout]    2:     0x55687c3c7820 - std::sys_common::backtrace::_print_fmt::h3a99a796b770c360
[INFO] [stdout]                                at /rustc/a178d0322ce20e33eac124758e837cbd80a6f633/library/std/src/sys_common/backtrace.rs:67:5
[INFO] [stdout]    3:     0x55687c3c7820 - <std::sys_common::backtrace::_print::DisplayBacktrace as core::fmt::Display>::fmt::h32d1f94a80615d18
[INFO] [stdout]                                at /rustc/a178d0322ce20e33eac124758e837cbd80a6f633/library/std/src/sys_common/backtrace.rs:46:22
[INFO] [stdout]    4:     0x55687c3ea88c - core::fmt::write::h306731c068f7162c
[INFO] [stdout]                                at /rustc/a178d0322ce20e33eac124758e837cbd80a6f633/library/core/src/fmt/mod.rs:1110:17
[INFO] [stdout]    5:     0x55687c3c4745 - std::io::Write::write_fmt::h87f19b0a2cd190bc
[INFO] [stdout]                                at /rustc/a178d0322ce20e33eac124758e837cbd80a6f633/library/std/src/io/mod.rs:1588:15
[INFO] [stdout]    6:     0x55687c3c998b - std::sys_common::backtrace::_print::h5abaa2601a852287
[INFO] [stdout]                                at /rustc/a178d0322ce20e33eac124758e837cbd80a6f633/library/std/src/sys_common/backtrace.rs:49:5
[INFO] [stdout]    7:     0x55687c3c998b - std::sys_common::backtrace::print::h8d81445442bb638f
[INFO] [stdout]                                at /rustc/a178d0322ce20e33eac124758e837cbd80a6f633/library/std/src/sys_common/backtrace.rs:36:9
[INFO] [stdout]    8:     0x55687c3c998b - std::panicking::default_hook::{{closure}}::hcfe804496a9fa747
[INFO] [stdout]                                at /rustc/a178d0322ce20e33eac124758e837cbd80a6f633/library/std/src/panicking.rs:208:50
[INFO] [stdout]    9:     0x55687c3c949c - std::panicking::default_hook::hbea8e3ccf2ba8901
[INFO] [stdout]                                at /rustc/a178d0322ce20e33eac124758e837cbd80a6f633/library/std/src/panicking.rs:222:9
[INFO] [stdout]   10:     0x55687c3ca054 - std::panicking::rust_panic_with_hook::h7ee9e1a2d0f8975a
[INFO] [stdout]                                at /rustc/a178d0322ce20e33eac124758e837cbd80a6f633/library/std/src/panicking.rs:622:17
[INFO] [stdout]   11:     0x55687c3c9b37 - std::panicking::begin_panic_handler::{{closure}}::h8ab3b4491718b2c7
[INFO] [stdout]                                at /rustc/a178d0322ce20e33eac124758e837cbd80a6f633/library/std/src/panicking.rs:519:13
[INFO] [stdout]   12:     0x55687c3c7d1c - std::sys_common::backtrace::__rust_end_short_backtrace::hd489062ffa586a9f
[INFO] [stdout]                                at /rustc/a178d0322ce20e33eac124758e837cbd80a6f633/library/std/src/sys_common/backtrace.rs:141:18
[INFO] [stdout]   13:     0x55687c3c9a99 - rust_begin_unwind
[INFO] [stdout]                                at /rustc/a178d0322ce20e33eac124758e837cbd80a6f633/library/std/src/panicking.rs:515:5
[INFO] [stdout]   14:     0x55687c371641 - core::panicking::panic_fmt::hca6330e3e14086b4
[INFO] [stdout]                                at /rustc/a178d0322ce20e33eac124758e837cbd80a6f633/library/core/src/panicking.rs:92:14
[INFO] [stdout]   15:     0x55687c3e8938 - core::panicking::assert_failed_inner::h33b45280069a80ed
[INFO] [stdout]   16:     0x55687c3753fa - core::panicking::assert_failed::h1c4eb9063fc474e9
[INFO] [stdout]                                at /rustc/a178d0322ce20e33eac124758e837cbd80a6f633/library/core/src/panicking.rs:117:5
[INFO] [stdout]   17:     0x55687c37494a - opengl_rust::coordinates::tests::sphere_vector_clamp_radius::hece9c85afc027a77
[INFO] [stdout]                                at /opt/rustwide/workdir/src/coordinates.rs:60:9
[INFO] [stdout]   18:     0x55687c3747ca - opengl_rust::coordinates::tests::sphere_vector_clamp_radius::{{closure}}::he0b79a6e9dd8fe30
[INFO] [stdout]                                at /opt/rustwide/workdir/src/coordinates.rs:56:5
[INFO] [stdout]   19:     0x55687c37530e - core::ops::function::FnOnce::call_once::hf317a2c8676da640
[INFO] [stdout]                                at /rustc/a178d0322ce20e33eac124758e837cbd80a6f633/library/core/src/ops/function.rs:227:5
[INFO] [stdout]   20:     0x55687c39d6e3 - core::ops::function::FnOnce::call_once::h152e7e439ff59e19
[INFO] [stdout]                                at /rustc/a178d0322ce20e33eac124758e837cbd80a6f633/library/core/src/ops/function.rs:227:5
[INFO] [stdout]   21:     0x55687c39d6e3 - test::__rust_begin_short_backtrace::h0908f3b1fdbb72ab
[INFO] [stdout]                                at /rustc/a178d0322ce20e33eac124758e837cbd80a6f633/library/test/src/lib.rs:577:5
[INFO] [stdout]   22:     0x55687c39c1a0 - <alloc::boxed::Box<F,A> as core::ops::function::FnOnce<Args>>::call_once::hf6d2a51e5587546c
[INFO] [stdout]                                at /rustc/a178d0322ce20e33eac124758e837cbd80a6f633/library/alloc/src/boxed.rs:1575:9
[INFO] [stdout]   23:     0x55687c39c1a0 - <std::panic::AssertUnwindSafe<F> as core::ops::function::FnOnce<()>>::call_once::h8af660f3a89ef593
[INFO] [stdout]                                at /rustc/a178d0322ce20e33eac124758e837cbd80a6f633/library/std/src/panic.rs:347:9
[INFO] [stdout]   24:     0x55687c39c1a0 - std::panicking::try::do_call::hd36aef60f84b6d36
[INFO] [stdout]                                at /rustc/a178d0322ce20e33eac124758e837cbd80a6f633/library/std/src/panicking.rs:401:40
[INFO] [stdout]   25:     0x55687c39c1a0 - std::panicking::try::h9932b4480e69817c
[INFO] [stdout]                                at /rustc/a178d0322ce20e33eac124758e837cbd80a6f633/library/std/src/panicking.rs:365:19
[INFO] [stdout]   26:     0x55687c39c1a0 - std::panic::catch_unwind::h6aa177099cfff5f8
[INFO] [stdout]                                at /rustc/a178d0322ce20e33eac124758e837cbd80a6f633/library/std/src/panic.rs:434:14
[INFO] [stdout]   27:     0x55687c39c1a0 - test::run_test_in_process::h5884d6f2d99e20c3
[INFO] [stdout]                                at /rustc/a178d0322ce20e33eac124758e837cbd80a6f633/library/test/src/lib.rs:600:18
[INFO] [stdout]   28:     0x55687c39c1a0 - test::run_test::run_test_inner::{{closure}}::h6fdc58c6d5f5b6e3
[INFO] [stdout]                                at /rustc/a178d0322ce20e33eac124758e837cbd80a6f633/library/test/src/lib.rs:492:39
[INFO] [stdout]   29:     0x55687c375852 - test::run_test::run_test_inner::{{closure}}::h408365d67a78ade8
[INFO] [stdout]                                at /rustc/a178d0322ce20e33eac124758e837cbd80a6f633/library/test/src/lib.rs:519:37
[INFO] [stdout]   30:     0x55687c375852 - std::sys_common::backtrace::__rust_begin_short_backtrace::hb560b77c4f701523
[INFO] [stdout]                                at /rustc/a178d0322ce20e33eac124758e837cbd80a6f633/library/std/src/sys_common/backtrace.rs:125:18
[INFO] [stdout]   31:     0x55687c379408 - std::thread::Builder::spawn_unchecked::{{closure}}::{{closure}}::hf2e7831dad93c597
[INFO] [stdout]                                at /rustc/a178d0322ce20e33eac124758e837cbd80a6f633/library/std/src/thread/mod.rs:481:17
[INFO] [stdout]   32:     0x55687c379408 - <std::panic::AssertUnwindSafe<F> as core::ops::function::FnOnce<()>>::call_once::hd2e08783d8be4d02
[INFO] [stdout]                                at /rustc/a178d0322ce20e33eac124758e837cbd80a6f633/library/std/src/panic.rs:347:9
[INFO] [stdout]   33:     0x55687c379408 - std::panicking::try::do_call::h062597b7acfd6b82
[INFO] [stdout]                                at /rustc/a178d0322ce20e33eac124758e837cbd80a6f633/library/std/src/panicking.rs:401:40
[INFO] [stdout]   34:     0x55687c379408 - std::panicking::try::h0d7b79db04c14552
[INFO] [stdout]                                at /rustc/a178d0322ce20e33eac124758e837cbd80a6f633/library/std/src/panicking.rs:365:19
[INFO] [stdout]   35:     0x55687c379408 - std::panic::catch_unwind::hb01a0b5e7c8cd43b
[INFO] [stdout]                                at /rustc/a178d0322ce20e33eac124758e837cbd80a6f633/library/std/src/panic.rs:434:14
[INFO] [stdout]   36:     0x55687c379408 - std::thread::Builder::spawn_unchecked::{{closure}}::h5bde48cc887e0d1e
[INFO] [stdout]                                at /rustc/a178d0322ce20e33eac124758e837cbd80a6f633/library/std/src/thread/mod.rs:480:30
[INFO] [stdout]   37:     0x55687c379408 - core::ops::function::FnOnce::call_once{{vtable.shim}}::h745ea30807a29e55
[INFO] [stdout]                                at /rustc/a178d0322ce20e33eac124758e837cbd80a6f633/library/core/src/ops/function.rs:227:5
[INFO] [stdout]   38:     0x55687c3ceb17 - <alloc::boxed::Box<F,A> as core::ops::function::FnOnce<Args>>::call_once::h7ece6cfefaff1005
[INFO] [stdout]                                at /rustc/a178d0322ce20e33eac124758e837cbd80a6f633/library/alloc/src/boxed.rs:1575:9
[INFO] [stdout]   39:     0x55687c3ceb17 - <alloc::boxed::Box<F,A> as core::ops::function::FnOnce<Args>>::call_once::hb8b48e55c21f193e
[INFO] [stdout]                                at /rustc/a178d0322ce20e33eac124758e837cbd80a6f633/library/alloc/src/boxed.rs:1575:9
[INFO] [stdout]   40:     0x55687c3ceb17 - std::sys::unix::thread::Thread::new::thread_start::h8c7c4450dba62914
[INFO] [stdout]                                at /rustc/a178d0322ce20e33eac124758e837cbd80a6f633/library/std/src/sys/unix/thread.rs:71:17
[INFO] [stdout]   41:     0x7f5cd8a36609 - start_thread
[INFO] [stdout]   42:     0x7f5cd880c293 - clone
[INFO] [stdout]   43:                0x0 - <unknown>
[INFO] [stdout] 
[INFO] [stdout] 
[INFO] [stdout] failures:
[INFO] [stdout]     coordinates::tests::sphere_vector_clamp_radius
[INFO] [stdout] 
[INFO] [stdout] test result: FAILED. 12 passed; 1 failed; 0 ignored; 0 measured; 0 filtered out; finished in 0.07s
[INFO] [stdout] 
[INFO] running `Command { std: "docker" "inspect" "e984a7b17f49f64df50a184828511d286b0f7133f89679593aff805551f028de", kill_on_drop: false }`
[INFO] running `Command { std: "docker" "rm" "-f" "e984a7b17f49f64df50a184828511d286b0f7133f89679593aff805551f028de", kill_on_drop: false }`
[INFO] [stdout] e984a7b17f49f64df50a184828511d286b0f7133f89679593aff805551f028de
