[INFO] cloning repository https://github.com/thfm/ecosystem
[INFO] running `Command { std: "git" "-c" "credential.helper=" "-c" "credential.helper=/workspace/cargo-home/bin/git-credential-null" "clone" "--bare" "https://github.com/thfm/ecosystem" "/workspace/cache/git-repos/https%3A%2F%2Fgithub.com%2Fthfm%2Fecosystem", kill_on_drop: false }`
[INFO] [stderr] Cloning into bare repository '/workspace/cache/git-repos/https%3A%2F%2Fgithub.com%2Fthfm%2Fecosystem'...
[INFO] running `Command { std: "git" "rev-parse" "HEAD", kill_on_drop: false }`
[INFO] [stdout] a6a9f96084ca546d7e56d0acbbef98e696aac3b5
[INFO] testing thfm/ecosystem against beta-2021-08-01 for beta-1.55-1
[INFO] running `Command { std: "git" "clone" "/workspace/cache/git-repos/https%3A%2F%2Fgithub.com%2Fthfm%2Fecosystem" "/workspace/builds/worker-38/source", kill_on_drop: false }`
[INFO] [stderr] Cloning into '/workspace/builds/worker-38/source'...
[INFO] [stderr] done.
[INFO] validating manifest of git repo https://github.com/thfm/ecosystem on toolchain beta-2021-08-01
[INFO] running `Command { std: "/workspace/cargo-home/bin/cargo" "+beta-2021-08-01" "metadata" "--manifest-path" "Cargo.toml" "--no-deps", kill_on_drop: false }`
[INFO] started tweaking git repo https://github.com/thfm/ecosystem
[INFO] finished tweaking git repo https://github.com/thfm/ecosystem
[INFO] tweaked toml for git repo https://github.com/thfm/ecosystem written to /workspace/builds/worker-38/source/Cargo.toml
[INFO] crate git repo https://github.com/thfm/ecosystem already has a lockfile, it will not be regenerated
[INFO] running `Command { std: "/workspace/cargo-home/bin/cargo" "+beta-2021-08-01" "fetch" "--manifest-path" "Cargo.toml", kill_on_drop: false }`
[INFO] [stderr]     Blocking waiting for file lock on package cache
[INFO] [stderr]     Blocking waiting for file lock on package cache
[INFO] running `Command { std: "docker" "create" "-v" "/var/lib/crater-agent-workspace/builds/worker-38/target:/opt/rustwide/target:rw,Z" "-v" "/var/lib/crater-agent-workspace/builds/worker-38/source:/opt/rustwide/workdir:ro,Z" "-v" "/var/lib/crater-agent-workspace/cargo-home:/opt/rustwide/cargo-home:ro,Z" "-v" "/var/lib/crater-agent-workspace/rustup-home:/opt/rustwide/rustup-home:ro,Z" "-e" "SOURCE_DIR=/opt/rustwide/workdir" "-e" "CARGO_TARGET_DIR=/opt/rustwide/target" "-e" "CARGO_HOME=/opt/rustwide/cargo-home" "-e" "RUSTUP_HOME=/opt/rustwide/rustup-home" "-w" "/opt/rustwide/workdir" "-m" "1610612736" "--user" "0:0" "--network" "none" "ghcr.io/rust-lang/crates-build-env/linux@sha256:34b6a614d2c27851fe6cbf88fbd1137609cefab8b10d0615aaeb6fd47975d74e" "/opt/rustwide/cargo-home/bin/cargo" "+beta-2021-08-01" "metadata" "--no-deps" "--format-version=1", kill_on_drop: false }`
[INFO] [stdout] 2afb9e30e0c8f4f29d93029c75fd5bbf82b50384cfabbcb2df3326759a33cd2f
[INFO] running `Command { std: "docker" "start" "-a" "2afb9e30e0c8f4f29d93029c75fd5bbf82b50384cfabbcb2df3326759a33cd2f", kill_on_drop: false }`
[INFO] running `Command { std: "docker" "inspect" "2afb9e30e0c8f4f29d93029c75fd5bbf82b50384cfabbcb2df3326759a33cd2f", kill_on_drop: false }`
[INFO] running `Command { std: "docker" "rm" "-f" "2afb9e30e0c8f4f29d93029c75fd5bbf82b50384cfabbcb2df3326759a33cd2f", kill_on_drop: false }`
[INFO] [stdout] 2afb9e30e0c8f4f29d93029c75fd5bbf82b50384cfabbcb2df3326759a33cd2f
[INFO] running `Command { std: "docker" "create" "-v" "/var/lib/crater-agent-workspace/builds/worker-38/target:/opt/rustwide/target:rw,Z" "-v" "/var/lib/crater-agent-workspace/builds/worker-38/source:/opt/rustwide/workdir:ro,Z" "-v" "/var/lib/crater-agent-workspace/cargo-home:/opt/rustwide/cargo-home:ro,Z" "-v" "/var/lib/crater-agent-workspace/rustup-home:/opt/rustwide/rustup-home:ro,Z" "-e" "SOURCE_DIR=/opt/rustwide/workdir" "-e" "CARGO_TARGET_DIR=/opt/rustwide/target" "-e" "CARGO_INCREMENTAL=0" "-e" "RUST_BACKTRACE=full" "-e" "RUSTFLAGS=--cap-lints=warn" "-e" "CARGO_HOME=/opt/rustwide/cargo-home" "-e" "RUSTUP_HOME=/opt/rustwide/rustup-home" "-w" "/opt/rustwide/workdir" "-m" "1610612736" "--user" "0:0" "--network" "none" "ghcr.io/rust-lang/crates-build-env/linux@sha256:34b6a614d2c27851fe6cbf88fbd1137609cefab8b10d0615aaeb6fd47975d74e" "/opt/rustwide/cargo-home/bin/cargo" "+beta-2021-08-01" "build" "--frozen" "--message-format=json", kill_on_drop: false }`
[INFO] [stdout] a84dfede32d9a459677b4b66f4bf258fd61e1f6e51d2e7504bc86fc0c02665cd
[INFO] running `Command { std: "docker" "start" "-a" "a84dfede32d9a459677b4b66f4bf258fd61e1f6e51d2e7504bc86fc0c02665cd", kill_on_drop: false }`
[INFO] [stderr]    Compiling autocfg v1.0.0
[INFO] [stderr]    Compiling libc v0.2.69
[INFO] [stderr]    Compiling getrandom v0.1.14
[INFO] [stderr]    Compiling rayon-core v1.7.0
[INFO] [stderr]    Compiling ppv-lite86 v0.2.6
[INFO] [stderr]    Compiling either v1.5.3
[INFO] [stderr]    Compiling maybe-uninit v2.0.0
[INFO] [stderr]    Compiling crossbeam-utils v0.7.2
[INFO] [stderr]    Compiling memoffset v0.5.4
[INFO] [stderr]    Compiling crossbeam-epoch v0.8.2
[INFO] [stderr]    Compiling num_cpus v1.13.0
[INFO] [stderr]    Compiling rand_core v0.5.1
[INFO] [stderr]    Compiling rand_chacha v0.2.2
[INFO] [stderr]    Compiling rand v0.7.3
[INFO] [stderr]    Compiling crossbeam-queue v0.2.1
[INFO] [stderr]    Compiling crossbeam-deque v0.7.3
[INFO] [stderr]    Compiling rayon v1.3.0
[INFO] [stderr]    Compiling ecosystem v0.1.0 (/opt/rustwide/workdir)
[INFO] [stderr]     Finished dev [unoptimized + debuginfo] target(s) in 31.53s
[INFO] running `Command { std: "docker" "inspect" "a84dfede32d9a459677b4b66f4bf258fd61e1f6e51d2e7504bc86fc0c02665cd", kill_on_drop: false }`
[INFO] running `Command { std: "docker" "rm" "-f" "a84dfede32d9a459677b4b66f4bf258fd61e1f6e51d2e7504bc86fc0c02665cd", kill_on_drop: false }`
[INFO] [stdout] a84dfede32d9a459677b4b66f4bf258fd61e1f6e51d2e7504bc86fc0c02665cd
[INFO] running `Command { std: "docker" "create" "-v" "/var/lib/crater-agent-workspace/builds/worker-38/target:/opt/rustwide/target:rw,Z" "-v" "/var/lib/crater-agent-workspace/builds/worker-38/source:/opt/rustwide/workdir:ro,Z" "-v" "/var/lib/crater-agent-workspace/cargo-home:/opt/rustwide/cargo-home:ro,Z" "-v" "/var/lib/crater-agent-workspace/rustup-home:/opt/rustwide/rustup-home:ro,Z" "-e" "SOURCE_DIR=/opt/rustwide/workdir" "-e" "CARGO_TARGET_DIR=/opt/rustwide/target" "-e" "CARGO_INCREMENTAL=0" "-e" "RUST_BACKTRACE=full" "-e" "RUSTFLAGS=--cap-lints=warn" "-e" "CARGO_HOME=/opt/rustwide/cargo-home" "-e" "RUSTUP_HOME=/opt/rustwide/rustup-home" "-w" "/opt/rustwide/workdir" "-m" "1610612736" "--user" "0:0" "--network" "none" "ghcr.io/rust-lang/crates-build-env/linux@sha256:34b6a614d2c27851fe6cbf88fbd1137609cefab8b10d0615aaeb6fd47975d74e" "/opt/rustwide/cargo-home/bin/cargo" "+beta-2021-08-01" "test" "--frozen" "--no-run" "--message-format=json", kill_on_drop: false }`
[INFO] [stdout] 43426c00f5e2e49338949bd71631344107a79c267454d0995390dfac8c10e2c6
[INFO] running `Command { std: "docker" "start" "-a" "43426c00f5e2e49338949bd71631344107a79c267454d0995390dfac8c10e2c6", kill_on_drop: false }`
[INFO] [stderr]    Compiling ecosystem v0.1.0 (/opt/rustwide/workdir)
[INFO] [stderr]     Finished test [unoptimized + debuginfo] target(s) in 1.07s
[INFO] running `Command { std: "docker" "inspect" "43426c00f5e2e49338949bd71631344107a79c267454d0995390dfac8c10e2c6", kill_on_drop: false }`
[INFO] running `Command { std: "docker" "rm" "-f" "43426c00f5e2e49338949bd71631344107a79c267454d0995390dfac8c10e2c6", kill_on_drop: false }`
[INFO] [stdout] 43426c00f5e2e49338949bd71631344107a79c267454d0995390dfac8c10e2c6
[INFO] running `Command { std: "docker" "create" "-v" "/var/lib/crater-agent-workspace/builds/worker-38/target:/opt/rustwide/target:rw,Z" "-v" "/var/lib/crater-agent-workspace/builds/worker-38/source:/opt/rustwide/workdir:ro,Z" "-v" "/var/lib/crater-agent-workspace/cargo-home:/opt/rustwide/cargo-home:ro,Z" "-v" "/var/lib/crater-agent-workspace/rustup-home:/opt/rustwide/rustup-home:ro,Z" "-e" "SOURCE_DIR=/opt/rustwide/workdir" "-e" "CARGO_TARGET_DIR=/opt/rustwide/target" "-e" "CARGO_INCREMENTAL=0" "-e" "RUST_BACKTRACE=full" "-e" "RUSTFLAGS=--cap-lints=warn" "-e" "CARGO_HOME=/opt/rustwide/cargo-home" "-e" "RUSTUP_HOME=/opt/rustwide/rustup-home" "-w" "/opt/rustwide/workdir" "-m" "1610612736" "--user" "0:0" "--network" "none" "ghcr.io/rust-lang/crates-build-env/linux@sha256:34b6a614d2c27851fe6cbf88fbd1137609cefab8b10d0615aaeb6fd47975d74e" "/opt/rustwide/cargo-home/bin/cargo" "+beta-2021-08-01" "test" "--frozen", kill_on_drop: false }`
[INFO] [stdout] db61813fb1cd6b377e2760e11d2aa1b3a53fe3d645821ec5b0dc67af7c684a6c
[INFO] running `Command { std: "docker" "start" "-a" "db61813fb1cd6b377e2760e11d2aa1b3a53fe3d645821ec5b0dc67af7c684a6c", kill_on_drop: false }`
[INFO] [stderr]     Blocking waiting for file lock on package cache
[INFO] [stderr]     Finished test [unoptimized + debuginfo] target(s) in 0.76s
[INFO] [stderr]      Running unittests (/opt/rustwide/target/debug/deps/ecosystem-73a2b8b5cd69b254)
[INFO] [stdout] 
[INFO] [stdout] running 0 tests
[INFO] [stdout] 
[INFO] [stdout] test result: ok. 0 passed; 0 failed; 0 ignored; 0 measured; 0 filtered out; finished in 0.00s
[INFO] [stdout] 
[INFO] [stderr]    Doc-tests ecosystem
[INFO] [stdout] 
[INFO] [stdout] running 3 tests
[INFO] [stdout] test src/lib.rs - Organism::fitness (line 15) ... FAILED
[INFO] [stdout] test src/lib.rs - Organism::mutate (line 44) ... FAILED
[INFO] [stdout] test src/lib.rs - Organism::breed (line 29) ... FAILED
[INFO] [stdout] 
[INFO] [stdout] failures:
[INFO] [stdout] 
[INFO] [stdout] ---- src/lib.rs - Organism::fitness (line 15) stdout ----
[INFO] [stdout] error[E0405]: cannot find trait `Organism` in this scope
[INFO] [stdout]  --> src/lib.rs:16:6
[INFO] [stdout]   |
[INFO] [stdout] 3 | impl Organism for PiApproximator {
[INFO] [stdout]   |      ^^^^^^^^ not found in this scope
[INFO] [stdout]   |
[INFO] [stdout] help: consider importing this trait
[INFO] [stdout]   |
[INFO] [stdout] 2 | use ecosystem::Organism;
[INFO] [stdout]   |
[INFO] [stdout] 
[INFO] [stdout] error[E0412]: cannot find type `PiApproximator` in this scope
[INFO] [stdout]  --> src/lib.rs:16:19
[INFO] [stdout]   |
[INFO] [stdout] 3 | impl Organism for PiApproximator {
[INFO] [stdout]   |                   ^^^^^^^^^^^^^^ not found in this scope
[INFO] [stdout] 
[INFO] [stdout] error: aborting due to 2 previous errors
[INFO] [stdout] 
[INFO] [stdout] Some errors have detailed explanations: E0405, E0412.
[INFO] [stdout] For more information about an error, try `rustc --explain E0405`.
[INFO] [stdout] Couldn't compile the test.
[INFO] [stdout] ---- src/lib.rs - Organism::mutate (line 44) stdout ----
[INFO] [stdout] error[E0405]: cannot find trait `Organism` in this scope
[INFO] [stdout]  --> src/lib.rs:47:6
[INFO] [stdout]   |
[INFO] [stdout] 5 | impl Organism for PiApproximator {
[INFO] [stdout]   |      ^^^^^^^^ not found in this scope
[INFO] [stdout]   |
[INFO] [stdout] help: consider importing this trait
[INFO] [stdout]   |
[INFO] [stdout] 2 | use ecosystem::Organism;
[INFO] [stdout]   |
[INFO] [stdout] 
[INFO] [stdout] error[E0412]: cannot find type `PiApproximator` in this scope
[INFO] [stdout]  --> src/lib.rs:47:19
[INFO] [stdout]   |
[INFO] [stdout] 5 | impl Organism for PiApproximator {
[INFO] [stdout]   |                   ^^^^^^^^^^^^^^ not found in this scope
[INFO] [stdout] 
[INFO] [stdout] error: aborting due to 2 previous errors
[INFO] [stdout] 
[INFO] [stdout] Some errors have detailed explanations: E0405, E0412.
[INFO] [stdout] For more information about an error, try `rustc --explain E0405`.
[INFO] [stdout] Couldn't compile the test.
[INFO] [stdout] ---- src/lib.rs - Organism::breed (line 29) stdout ----
[INFO] [stdout] error[E0405]: cannot find trait `Organism` in this scope
[INFO] [stdout]  --> src/lib.rs:30:6
[INFO] [stdout]   |
[INFO] [stdout] 3 | impl Organism for PiApproximator {
[INFO] [stdout]   |      ^^^^^^^^ not found in this scope
[INFO] [stdout]   |
[INFO] [stdout] help: consider importing this trait
[INFO] [stdout]   |
[INFO] [stdout] 2 | use ecosystem::Organism;
[INFO] [stdout]   |
[INFO] [stdout] 
[INFO] [stdout] error[E0412]: cannot find type `PiApproximator` in this scope
[INFO] [stdout]  --> src/lib.rs:30:19
[INFO] [stdout]   |
[INFO] [stdout] 3 | impl Organism for PiApproximator {
[INFO] [stdout]   |                   ^^^^^^^^^^^^^^ not found in this scope
[INFO] [stdout] 
[INFO] [stdout] error: aborting due to 2 previous errors
[INFO] [stdout] 
[INFO] [stdout] Some errors have detailed explanations: E0405, E0412.
[INFO] [stdout] For more information about an error, try `rustc --explain E0405`.
[INFO] [stdout] Couldn't compile the test.
[INFO] [stdout] 
[INFO] [stdout] failures:
[INFO] [stdout]     src/lib.rs - Organism::breed (line 29)
[INFO] [stdout]     src/lib.rs - Organism::fitness (line 15)
[INFO] [stdout]     src/lib.rs - Organism::mutate (line 44)
[INFO] [stdout] 
[INFO] [stdout] test result: FAILED. 0 passed; 3 failed; 0 ignored; 0 measured; 0 filtered out; finished in 0.11s
[INFO] [stdout] 
[INFO] [stderr] error: test failed, to rerun pass '--doc'
[INFO] running `Command { std: "docker" "inspect" "db61813fb1cd6b377e2760e11d2aa1b3a53fe3d645821ec5b0dc67af7c684a6c", kill_on_drop: false }`
[INFO] running `Command { std: "docker" "rm" "-f" "db61813fb1cd6b377e2760e11d2aa1b3a53fe3d645821ec5b0dc67af7c684a6c", kill_on_drop: false }`
[INFO] [stdout] db61813fb1cd6b377e2760e11d2aa1b3a53fe3d645821ec5b0dc67af7c684a6c
