[INFO] cloning repository https://github.com/the-simple/rcon
[INFO] running `Command { std: "git" "-c" "credential.helper=" "-c" "credential.helper=/workspace/cargo-home/bin/git-credential-null" "clone" "--bare" "https://github.com/the-simple/rcon" "/workspace/cache/git-repos/https%3A%2F%2Fgithub.com%2Fthe-simple%2Frcon", kill_on_drop: false }`
[INFO] [stderr] Cloning into bare repository '/workspace/cache/git-repos/https%3A%2F%2Fgithub.com%2Fthe-simple%2Frcon'...
[INFO] running `Command { std: "git" "rev-parse" "HEAD", kill_on_drop: false }`
[INFO] [stdout] f6fc81486006195f2d2ab53a487fd923ec2d9539
[INFO] testing the-simple/rcon against beta-2021-08-01 for beta-1.55-1
[INFO] running `Command { std: "git" "clone" "/workspace/cache/git-repos/https%3A%2F%2Fgithub.com%2Fthe-simple%2Frcon" "/workspace/builds/worker-4/source", kill_on_drop: false }`
[INFO] [stderr] Cloning into '/workspace/builds/worker-4/source'...
[INFO] [stderr] done.
[INFO] validating manifest of git repo https://github.com/the-simple/rcon on toolchain beta-2021-08-01
[INFO] running `Command { std: "/workspace/cargo-home/bin/cargo" "+beta-2021-08-01" "metadata" "--manifest-path" "Cargo.toml" "--no-deps", kill_on_drop: false }`
[INFO] started tweaking git repo https://github.com/the-simple/rcon
[INFO] finished tweaking git repo https://github.com/the-simple/rcon
[INFO] tweaked toml for git repo https://github.com/the-simple/rcon written to /workspace/builds/worker-4/source/Cargo.toml
[INFO] crate git repo https://github.com/the-simple/rcon already has a lockfile, it will not be regenerated
[INFO] running `Command { std: "/workspace/cargo-home/bin/cargo" "+beta-2021-08-01" "fetch" "--manifest-path" "Cargo.toml", kill_on_drop: false }`
[INFO] running `Command { std: "docker" "create" "-v" "/var/lib/crater-agent-workspace/builds/worker-4/target:/opt/rustwide/target:rw,Z" "-v" "/var/lib/crater-agent-workspace/builds/worker-4/source:/opt/rustwide/workdir:ro,Z" "-v" "/var/lib/crater-agent-workspace/cargo-home:/opt/rustwide/cargo-home:ro,Z" "-v" "/var/lib/crater-agent-workspace/rustup-home:/opt/rustwide/rustup-home:ro,Z" "-e" "SOURCE_DIR=/opt/rustwide/workdir" "-e" "CARGO_TARGET_DIR=/opt/rustwide/target" "-e" "CARGO_HOME=/opt/rustwide/cargo-home" "-e" "RUSTUP_HOME=/opt/rustwide/rustup-home" "-w" "/opt/rustwide/workdir" "-m" "1610612736" "--user" "0:0" "--network" "none" "ghcr.io/rust-lang/crates-build-env/linux@sha256:34b6a614d2c27851fe6cbf88fbd1137609cefab8b10d0615aaeb6fd47975d74e" "/opt/rustwide/cargo-home/bin/cargo" "+beta-2021-08-01" "metadata" "--no-deps" "--format-version=1", kill_on_drop: false }`
[INFO] [stdout] a238c7eb9b4c3afeec30fca1c83cb8c2f90fe7f81c4ee4e79d700f26c4785464
[INFO] [stderr] WARNING: Your kernel does not support swap limit capabilities or the cgroup is not mounted. Memory limited without swap.
[INFO] running `Command { std: "docker" "start" "-a" "a238c7eb9b4c3afeec30fca1c83cb8c2f90fe7f81c4ee4e79d700f26c4785464", kill_on_drop: false }`
[INFO] running `Command { std: "docker" "inspect" "a238c7eb9b4c3afeec30fca1c83cb8c2f90fe7f81c4ee4e79d700f26c4785464", kill_on_drop: false }`
[INFO] running `Command { std: "docker" "rm" "-f" "a238c7eb9b4c3afeec30fca1c83cb8c2f90fe7f81c4ee4e79d700f26c4785464", kill_on_drop: false }`
[INFO] [stdout] a238c7eb9b4c3afeec30fca1c83cb8c2f90fe7f81c4ee4e79d700f26c4785464
[INFO] running `Command { std: "docker" "create" "-v" "/var/lib/crater-agent-workspace/builds/worker-4/target:/opt/rustwide/target:rw,Z" "-v" "/var/lib/crater-agent-workspace/builds/worker-4/source:/opt/rustwide/workdir:ro,Z" "-v" "/var/lib/crater-agent-workspace/cargo-home:/opt/rustwide/cargo-home:ro,Z" "-v" "/var/lib/crater-agent-workspace/rustup-home:/opt/rustwide/rustup-home:ro,Z" "-e" "SOURCE_DIR=/opt/rustwide/workdir" "-e" "CARGO_TARGET_DIR=/opt/rustwide/target" "-e" "CARGO_INCREMENTAL=0" "-e" "RUST_BACKTRACE=full" "-e" "RUSTFLAGS=--cap-lints=warn" "-e" "CARGO_HOME=/opt/rustwide/cargo-home" "-e" "RUSTUP_HOME=/opt/rustwide/rustup-home" "-w" "/opt/rustwide/workdir" "-m" "1610612736" "--user" "0:0" "--network" "none" "ghcr.io/rust-lang/crates-build-env/linux@sha256:34b6a614d2c27851fe6cbf88fbd1137609cefab8b10d0615aaeb6fd47975d74e" "/opt/rustwide/cargo-home/bin/cargo" "+beta-2021-08-01" "build" "--frozen" "--message-format=json", kill_on_drop: false }`
[INFO] [stdout] abf91712f61ea40351a4b09045b9219a08de91330ad3c8e156c5944763007d4b
[INFO] [stderr] WARNING: Your kernel does not support swap limit capabilities or the cgroup is not mounted. Memory limited without swap.
[INFO] running `Command { std: "docker" "start" "-a" "abf91712f61ea40351a4b09045b9219a08de91330ad3c8e156c5944763007d4b", kill_on_drop: false }`
[INFO] [stderr]    Compiling atty v0.2.13
[INFO] [stderr]    Compiling termion v1.5.3
[INFO] [stderr]    Compiling rcon_protocol v0.1.1 (/opt/rustwide/workdir/rcon_protocol)
[INFO] [stderr]    Compiling chrono v0.4.7
[INFO] [stderr]    Compiling env_logger v0.6.2
[INFO] [stderr]    Compiling clap v2.33.0
[INFO] [stderr]    Compiling pretty_env_logger v0.3.1
[INFO] [stderr]    Compiling rconcli v0.1.0 (/opt/rustwide/workdir/rconcli)
[INFO] [stdout] warning: unused import: `ErrorKind`
[INFO] [stdout]   --> rconcli/src/main.rs:13:30
[INFO] [stdout]    |
[INFO] [stdout] 13 | use std::io::{stdin, stdout, ErrorKind, Read, Write};
[INFO] [stdout]    |                              ^^^^^^^^^
[INFO] [stdout]    |
[INFO] [stdout]    = note: `#[warn(unused_imports)]` on by default
[INFO] [stdout] 
[INFO] [stdout] 
[INFO] [stdout] warning: associated function is never used: `info`
[INFO] [stdout]    --> rconcli/src/main.rs:218:12
[INFO] [stdout]     |
[INFO] [stdout] 218 |     pub fn info(&mut self, msg: &'static str) {
[INFO] [stdout]     |            ^^^^
[INFO] [stdout]     |
[INFO] [stdout]     = note: `#[warn(dead_code)]` on by default
[INFO] [stdout] 
[INFO] [stdout] 
[INFO] [stdout] warning: panic message is not a string literal
[INFO] [stdout]    --> rconcli/src/main.rs:112:38
[INFO] [stdout]     |
[INFO] [stdout] 112 |                 Err(error) => panic!(error),
[INFO] [stdout]     |                                      ^^^^^
[INFO] [stdout]     |
[INFO] [stdout]     = note: `#[warn(non_fmt_panics)]` on by default
[INFO] [stdout]     = note: this usage of panic!() is deprecated; it will be a hard error in Rust 2021
[INFO] [stdout]     = note: for more information, see <https://doc.rust-lang.org/nightly/edition-guide/rust-2021/panic-macro-consistency.html>
[INFO] [stdout] help: add a "{}" format string to Display the message
[INFO] [stdout]     |
[INFO] [stdout] 112 |                 Err(error) => panic!("{}", error),
[INFO] [stdout]     |                                      ^^^^^
[INFO] [stdout] help: or use std::panic::panic_any instead
[INFO] [stdout]     |
[INFO] [stdout] 112 |                 Err(error) => std::panic::panic_any(error),
[INFO] [stdout]     |                               ^^^^^^^^^^^^^^^^^^^^^
[INFO] [stdout] 
[INFO] [stdout] 
[INFO] [stdout] warning: panic message is not a string literal
[INFO] [stdout]    --> rconcli/src/main.rs:144:34
[INFO] [stdout]     |
[INFO] [stdout] 144 |             Err(error) => panic!(error),
[INFO] [stdout]     |                                  ^^^^^
[INFO] [stdout]     |
[INFO] [stdout]     = note: this usage of panic!() is deprecated; it will be a hard error in Rust 2021
[INFO] [stdout]     = note: for more information, see <https://doc.rust-lang.org/nightly/edition-guide/rust-2021/panic-macro-consistency.html>
[INFO] [stdout] help: add a "{}" format string to Display the message
[INFO] [stdout]     |
[INFO] [stdout] 144 |             Err(error) => panic!("{}", error),
[INFO] [stdout]     |                                  ^^^^^
[INFO] [stdout] help: or use std::panic::panic_any instead
[INFO] [stdout]     |
[INFO] [stdout] 144 |             Err(error) => std::panic::panic_any(error),
[INFO] [stdout]     |                           ^^^^^^^^^^^^^^^^^^^^^
[INFO] [stdout] 
[INFO] [stdout] 
[INFO] [stdout] warning: 4 warnings emitted
[INFO] [stdout] 
[INFO] [stdout] 
[INFO] [stderr]     Finished dev [unoptimized + debuginfo] target(s) in 13.70s
[INFO] running `Command { std: "docker" "inspect" "abf91712f61ea40351a4b09045b9219a08de91330ad3c8e156c5944763007d4b", kill_on_drop: false }`
[INFO] running `Command { std: "docker" "rm" "-f" "abf91712f61ea40351a4b09045b9219a08de91330ad3c8e156c5944763007d4b", kill_on_drop: false }`
[INFO] [stdout] abf91712f61ea40351a4b09045b9219a08de91330ad3c8e156c5944763007d4b
[INFO] running `Command { std: "docker" "create" "-v" "/var/lib/crater-agent-workspace/builds/worker-4/target:/opt/rustwide/target:rw,Z" "-v" "/var/lib/crater-agent-workspace/builds/worker-4/source:/opt/rustwide/workdir:ro,Z" "-v" "/var/lib/crater-agent-workspace/cargo-home:/opt/rustwide/cargo-home:ro,Z" "-v" "/var/lib/crater-agent-workspace/rustup-home:/opt/rustwide/rustup-home:ro,Z" "-e" "SOURCE_DIR=/opt/rustwide/workdir" "-e" "CARGO_TARGET_DIR=/opt/rustwide/target" "-e" "CARGO_INCREMENTAL=0" "-e" "RUST_BACKTRACE=full" "-e" "RUSTFLAGS=--cap-lints=warn" "-e" "CARGO_HOME=/opt/rustwide/cargo-home" "-e" "RUSTUP_HOME=/opt/rustwide/rustup-home" "-w" "/opt/rustwide/workdir" "-m" "1610612736" "--user" "0:0" "--network" "none" "ghcr.io/rust-lang/crates-build-env/linux@sha256:34b6a614d2c27851fe6cbf88fbd1137609cefab8b10d0615aaeb6fd47975d74e" "/opt/rustwide/cargo-home/bin/cargo" "+beta-2021-08-01" "test" "--frozen" "--no-run" "--message-format=json", kill_on_drop: false }`
[INFO] [stdout] 0fb9956864d3f8ad770a578d8a7f5b13dba5cb8829943cd2679b7ca585add22a
[INFO] [stderr] WARNING: Your kernel does not support swap limit capabilities or the cgroup is not mounted. Memory limited without swap.
[INFO] running `Command { std: "docker" "start" "-a" "0fb9956864d3f8ad770a578d8a7f5b13dba5cb8829943cd2679b7ca585add22a", kill_on_drop: false }`
[INFO] [stderr]    Compiling rcon_protocol v0.1.1 (/opt/rustwide/workdir/rcon_protocol)
[INFO] [stderr]    Compiling rconcli v0.1.0 (/opt/rustwide/workdir/rconcli)
[INFO] [stdout] warning: unused import: `ErrorKind`
[INFO] [stdout]   --> rconcli/src/main.rs:13:30
[INFO] [stdout]    |
[INFO] [stdout] 13 | use std::io::{stdin, stdout, ErrorKind, Read, Write};
[INFO] [stdout]    |                              ^^^^^^^^^
[INFO] [stdout]    |
[INFO] [stdout]    = note: `#[warn(unused_imports)]` on by default
[INFO] [stdout] 
[INFO] [stdout] 
[INFO] [stdout] warning: associated function is never used: `info`
[INFO] [stdout]    --> rconcli/src/main.rs:218:12
[INFO] [stdout]     |
[INFO] [stdout] 218 |     pub fn info(&mut self, msg: &'static str) {
[INFO] [stdout]     |            ^^^^
[INFO] [stdout]     |
[INFO] [stdout]     = note: `#[warn(dead_code)]` on by default
[INFO] [stdout] 
[INFO] [stdout] 
[INFO] [stdout] warning: panic message is not a string literal
[INFO] [stdout]    --> rconcli/src/main.rs:112:38
[INFO] [stdout]     |
[INFO] [stdout] 112 |                 Err(error) => panic!(error),
[INFO] [stdout]     |                                      ^^^^^
[INFO] [stdout]     |
[INFO] [stdout]     = note: `#[warn(non_fmt_panics)]` on by default
[INFO] [stdout]     = note: this usage of panic!() is deprecated; it will be a hard error in Rust 2021
[INFO] [stdout]     = note: for more information, see <https://doc.rust-lang.org/nightly/edition-guide/rust-2021/panic-macro-consistency.html>
[INFO] [stdout] help: add a "{}" format string to Display the message
[INFO] [stdout]     |
[INFO] [stdout] 112 |                 Err(error) => panic!("{}", error),
[INFO] [stdout]     |                                      ^^^^^
[INFO] [stdout] help: or use std::panic::panic_any instead
[INFO] [stdout]     |
[INFO] [stdout] 112 |                 Err(error) => std::panic::panic_any(error),
[INFO] [stdout]     |                               ^^^^^^^^^^^^^^^^^^^^^
[INFO] [stdout] 
[INFO] [stdout] 
[INFO] [stdout] warning: panic message is not a string literal
[INFO] [stdout]    --> rconcli/src/main.rs:144:34
[INFO] [stdout]     |
[INFO] [stdout] 144 |             Err(error) => panic!(error),
[INFO] [stdout]     |                                  ^^^^^
[INFO] [stdout]     |
[INFO] [stdout]     = note: this usage of panic!() is deprecated; it will be a hard error in Rust 2021
[INFO] [stdout]     = note: for more information, see <https://doc.rust-lang.org/nightly/edition-guide/rust-2021/panic-macro-consistency.html>
[INFO] [stdout] help: add a "{}" format string to Display the message
[INFO] [stdout]     |
[INFO] [stdout] 144 |             Err(error) => panic!("{}", error),
[INFO] [stdout]     |                                  ^^^^^
[INFO] [stdout] help: or use std::panic::panic_any instead
[INFO] [stdout]     |
[INFO] [stdout] 144 |             Err(error) => std::panic::panic_any(error),
[INFO] [stdout]     |                           ^^^^^^^^^^^^^^^^^^^^^
[INFO] [stdout] 
[INFO] [stdout] 
[INFO] [stdout] warning: 4 warnings emitted
[INFO] [stdout] 
[INFO] [stdout] 
[INFO] [stderr]     Finished test [unoptimized + debuginfo] target(s) in 1.24s
[INFO] running `Command { std: "docker" "inspect" "0fb9956864d3f8ad770a578d8a7f5b13dba5cb8829943cd2679b7ca585add22a", kill_on_drop: false }`
[INFO] running `Command { std: "docker" "rm" "-f" "0fb9956864d3f8ad770a578d8a7f5b13dba5cb8829943cd2679b7ca585add22a", kill_on_drop: false }`
[INFO] [stdout] 0fb9956864d3f8ad770a578d8a7f5b13dba5cb8829943cd2679b7ca585add22a
[INFO] running `Command { std: "docker" "create" "-v" "/var/lib/crater-agent-workspace/builds/worker-4/target:/opt/rustwide/target:rw,Z" "-v" "/var/lib/crater-agent-workspace/builds/worker-4/source:/opt/rustwide/workdir:ro,Z" "-v" "/var/lib/crater-agent-workspace/cargo-home:/opt/rustwide/cargo-home:ro,Z" "-v" "/var/lib/crater-agent-workspace/rustup-home:/opt/rustwide/rustup-home:ro,Z" "-e" "SOURCE_DIR=/opt/rustwide/workdir" "-e" "CARGO_TARGET_DIR=/opt/rustwide/target" "-e" "CARGO_INCREMENTAL=0" "-e" "RUST_BACKTRACE=full" "-e" "RUSTFLAGS=--cap-lints=warn" "-e" "CARGO_HOME=/opt/rustwide/cargo-home" "-e" "RUSTUP_HOME=/opt/rustwide/rustup-home" "-w" "/opt/rustwide/workdir" "-m" "1610612736" "--user" "0:0" "--network" "none" "ghcr.io/rust-lang/crates-build-env/linux@sha256:34b6a614d2c27851fe6cbf88fbd1137609cefab8b10d0615aaeb6fd47975d74e" "/opt/rustwide/cargo-home/bin/cargo" "+beta-2021-08-01" "test" "--frozen", kill_on_drop: false }`
[INFO] [stdout] 59d7cc8070b4c5c7eb14fcf249ec344852bfb4f45427bd6c10693edb4e91604b
[INFO] [stderr] WARNING: Your kernel does not support swap limit capabilities or the cgroup is not mounted. Memory limited without swap.
[INFO] running `Command { std: "docker" "start" "-a" "59d7cc8070b4c5c7eb14fcf249ec344852bfb4f45427bd6c10693edb4e91604b", kill_on_drop: false }`
[INFO] [stderr] warning: unused import: `ErrorKind`
[INFO] [stderr]   --> rconcli/src/main.rs:13:30
[INFO] [stderr]    |
[INFO] [stderr] 13 | use std::io::{stdin, stdout, ErrorKind, Read, Write};
[INFO] [stderr]    |                              ^^^^^^^^^
[INFO] [stderr]    |
[INFO] [stderr]    = note: `#[warn(unused_imports)]` on by default
[INFO] [stderr] 
[INFO] [stderr] warning: associated function is never used: `info`
[INFO] [stderr]    --> rconcli/src/main.rs:218:12
[INFO] [stderr]     |
[INFO] [stderr] 218 |     pub fn info(&mut self, msg: &'static str) {
[INFO] [stderr]     |            ^^^^
[INFO] [stderr]     |
[INFO] [stderr]     = note: `#[warn(dead_code)]` on by default
[INFO] [stderr] 
[INFO] [stderr] warning: panic message is not a string literal
[INFO] [stderr]    --> rconcli/src/main.rs:112:38
[INFO] [stderr]     |
[INFO] [stderr] 112 |                 Err(error) => panic!(error),
[INFO] [stderr]     |                                      ^^^^^
[INFO] [stderr]     |
[INFO] [stderr]     = note: `#[warn(non_fmt_panics)]` on by default
[INFO] [stderr]     = note: this usage of panic!() is deprecated; it will be a hard error in Rust 2021
[INFO] [stderr]     = note: for more information, see <https://doc.rust-lang.org/nightly/edition-guide/rust-2021/panic-macro-consistency.html>
[INFO] [stderr] help: add a "{}" format string to Display the message
[INFO] [stderr]     |
[INFO] [stderr] 112 |                 Err(error) => panic!("{}", error),
[INFO] [stderr]     |                                      ^^^^^
[INFO] [stderr] help: or use std::panic::panic_any instead
[INFO] [stderr]     |
[INFO] [stderr] 112 |                 Err(error) => std::panic::panic_any(error),
[INFO] [stderr]     |                               ^^^^^^^^^^^^^^^^^^^^^
[INFO] [stderr] 
[INFO] [stderr] warning: panic message is not a string literal
[INFO] [stderr]    --> rconcli/src/main.rs:144:34
[INFO] [stderr]     |
[INFO] [stderr] 144 |             Err(error) => panic!(error),
[INFO] [stderr]     |                                  ^^^^^
[INFO] [stderr]     |
[INFO] [stderr]     = note: this usage of panic!() is deprecated; it will be a hard error in Rust 2021
[INFO] [stderr]     = note: for more information, see <https://doc.rust-lang.org/nightly/edition-guide/rust-2021/panic-macro-consistency.html>
[INFO] [stderr] help: add a "{}" format string to Display the message
[INFO] [stderr]     |
[INFO] [stderr] 144 |             Err(error) => panic!("{}", error),
[INFO] [stderr]     |                                  ^^^^^
[INFO] [stderr] help: or use std::panic::panic_any instead
[INFO] [stderr]     |
[INFO] [stderr] 144 |             Err(error) => std::panic::panic_any(error),
[INFO] [stderr]     |                           ^^^^^^^^^^^^^^^^^^^^^
[INFO] [stderr] 
[INFO] [stderr] warning: `rconcli` (bin "rcon" test) generated 4 warnings
[INFO] [stderr]     Finished test [unoptimized + debuginfo] target(s) in 0.06s
[INFO] [stderr]      Running unittests (/opt/rustwide/target/debug/deps/rcon_protocol-f75fbe96cfcf4696)
[INFO] [stdout] 
[INFO] [stdout] running 1 test
[INFO] [stdout] test tests::it_works ... ok
[INFO] [stdout] 
[INFO] [stdout] test result: ok. 1 passed; 0 failed; 0 ignored; 0 measured; 0 filtered out; finished in 0.00s
[INFO] [stdout] 
[INFO] [stderr]      Running unittests (/opt/rustwide/target/debug/deps/rcon-452ea49d9749da07)
[INFO] [stdout] 
[INFO] [stderr]    Doc-tests rcon_protocol
[INFO] [stdout] running 0 tests
[INFO] [stdout] 
[INFO] [stdout] test result: ok. 0 passed; 0 failed; 0 ignored; 0 measured; 0 filtered out; finished in 0.00s
[INFO] [stdout] 
[INFO] [stdout] 
[INFO] [stdout] running 4 tests
[INFO] [stdout] test src/protocol.rs - protocol::Packet::auth (line 31) ... FAILED
[INFO] [stdout] test src/protocol.rs - protocol::Packet::as_bytes (line 51) ... FAILED
[INFO] [stdout] test src/protocol.rs - protocol::Packet::new (line 15) ... FAILED
[INFO] [stdout] test src/protocol.rs - protocol::Packet::empty (line 39) ... FAILED
[INFO] [stdout] 
[INFO] [stdout] failures:
[INFO] [stdout] 
[INFO] [stdout] ---- src/protocol.rs - protocol::Packet::auth (line 31) stdout ----
[INFO] [stdout] error[E0433]: failed to resolve: use of undeclared type `Packet`
[INFO] [stdout]  --> src/protocol.rs:32:15
[INFO] [stdout]   |
[INFO] [stdout] 3 | let packet =  Packet::auth(1, b"let_me_in");
[INFO] [stdout]   |               ^^^^^^ not found in this scope
[INFO] [stdout]   |
[INFO] [stdout] help: consider importing this struct
[INFO] [stdout]   |
[INFO] [stdout] 2 | use rcon_protocol::prelude::Packet;
[INFO] [stdout]   |
[INFO] [stdout] 
[INFO] [stdout] error: aborting due to previous error
[INFO] [stdout] 
[INFO] [stdout] For more information about this error, try `rustc --explain E0433`.
[INFO] [stdout] Couldn't compile the test.
[INFO] [stdout] ---- src/protocol.rs - protocol::Packet::as_bytes (line 51) stdout ----
[INFO] [stdout] error[E0433]: failed to resolve: use of undeclared type `Packet`
[INFO] [stdout]  --> src/protocol.rs:52:15
[INFO] [stdout]   |
[INFO] [stdout] 3 | let packet =  Packet::auth(1, b"let_me_in");
[INFO] [stdout]   |               ^^^^^^ not found in this scope
[INFO] [stdout]   |
[INFO] [stdout] help: consider importing this struct
[INFO] [stdout]   |
[INFO] [stdout] 2 | use rcon_protocol::prelude::Packet;
[INFO] [stdout]   |
[INFO] [stdout] 
[INFO] [stdout] error: aborting due to previous error
[INFO] [stdout] 
[INFO] [stdout] For more information about this error, try `rustc --explain E0433`.
[INFO] [stdout] Couldn't compile the test.
[INFO] [stdout] ---- src/protocol.rs - protocol::Packet::new (line 15) stdout ----
[INFO] [stdout] error[E0433]: failed to resolve: use of undeclared type `Packet`
[INFO] [stdout]  --> src/protocol.rs:16:29
[INFO] [stdout]   |
[INFO] [stdout] 3 | let packet = Packet::new(1, Packet::AUTHENTICATE, b"let_me_in");
[INFO] [stdout]   |                             ^^^^^^ use of undeclared type `Packet`
[INFO] [stdout] 
[INFO] [stdout] error[E0433]: failed to resolve: use of undeclared type `Packet`
[INFO] [stdout]  --> src/protocol.rs:16:14
[INFO] [stdout]   |
[INFO] [stdout] 3 | let packet = Packet::new(1, Packet::AUTHENTICATE, b"let_me_in");
[INFO] [stdout]   |              ^^^^^^ not found in this scope
[INFO] [stdout]   |
[INFO] [stdout] help: consider importing this struct
[INFO] [stdout]   |
[INFO] [stdout] 2 | use rcon_protocol::prelude::Packet;
[INFO] [stdout]   |
[INFO] [stdout] 
[INFO] [stdout] error: aborting due to 2 previous errors
[INFO] [stdout] 
[INFO] [stdout] For more information about this error, try `rustc --explain E0433`.
[INFO] [stdout] Couldn't compile the test.
[INFO] [stdout] ---- src/protocol.rs - protocol::Packet::empty (line 39) stdout ----
[INFO] [stdout] error[E0433]: failed to resolve: use of undeclared type `Packet`
[INFO] [stdout]  --> src/protocol.rs:40:15
[INFO] [stdout]   |
[INFO] [stdout] 3 | let packet =  Packet::empty();
[INFO] [stdout]   |               ^^^^^^ not found in this scope
[INFO] [stdout]   |
[INFO] [stdout] help: consider importing this struct
[INFO] [stdout]   |
[INFO] [stdout] 2 | use rcon_protocol::prelude::Packet;
[INFO] [stdout]   |
[INFO] [stdout] 
[INFO] [stdout] error: aborting due to previous error
[INFO] [stdout] 
[INFO] [stdout] For more information about this error, try `rustc --explain E0433`.
[INFO] [stdout] Couldn't compile the test.
[INFO] [stdout] 
[INFO] [stdout] failures:
[INFO] [stdout]     src/protocol.rs - protocol::Packet::as_bytes (line 51)
[INFO] [stdout]     src/protocol.rs - protocol::Packet::auth (line 31)
[INFO] [stdout]     src/protocol.rs - protocol::Packet::empty (line 39)
[INFO] [stdout]     src/protocol.rs - protocol::Packet::new (line 15)
[INFO] [stdout] 
[INFO] [stdout] test result: FAILED. 0 passed; 4 failed; 0 ignored; 0 measured; 0 filtered out; finished in 0.50s
[INFO] [stdout] 
[INFO] [stderr] error: test failed, to rerun pass '--doc'
[INFO] running `Command { std: "docker" "inspect" "59d7cc8070b4c5c7eb14fcf249ec344852bfb4f45427bd6c10693edb4e91604b", kill_on_drop: false }`
[INFO] running `Command { std: "docker" "rm" "-f" "59d7cc8070b4c5c7eb14fcf249ec344852bfb4f45427bd6c10693edb4e91604b", kill_on_drop: false }`
[INFO] [stdout] 59d7cc8070b4c5c7eb14fcf249ec344852bfb4f45427bd6c10693edb4e91604b
