[INFO] cloning repository https://github.com/tetcoin-staging/ink-waterfall
[INFO] running `Command { std: "git" "-c" "credential.helper=" "-c" "credential.helper=/workspace/cargo-home/bin/git-credential-null" "clone" "--bare" "https://github.com/tetcoin-staging/ink-waterfall" "/workspace/cache/git-repos/https%3A%2F%2Fgithub.com%2Ftetcoin-staging%2Fink-waterfall", kill_on_drop: false }`
[INFO] [stderr] Cloning into bare repository '/workspace/cache/git-repos/https%3A%2F%2Fgithub.com%2Ftetcoin-staging%2Fink-waterfall'...
[INFO] running `Command { std: "git" "rev-parse" "HEAD", kill_on_drop: false }`
[INFO] [stdout] 146a356e6155adedadc8bfe6f0e2e889a2cd3568
[INFO] testing tetcoin-staging/ink-waterfall against 1.54.0 for beta-1.55-1
[INFO] running `Command { std: "git" "clone" "/workspace/cache/git-repos/https%3A%2F%2Fgithub.com%2Ftetcoin-staging%2Fink-waterfall" "/workspace/builds/worker-6/source", kill_on_drop: false }`
[INFO] [stderr] Cloning into '/workspace/builds/worker-6/source'...
[INFO] [stderr] done.
[INFO] validating manifest of git repo https://github.com/tetcoin-staging/ink-waterfall on toolchain 1.54.0
[INFO] running `Command { std: "/workspace/cargo-home/bin/cargo" "+1.54.0" "metadata" "--manifest-path" "Cargo.toml" "--no-deps", kill_on_drop: false }`
[INFO] started tweaking git repo https://github.com/tetcoin-staging/ink-waterfall
[INFO] finished tweaking git repo https://github.com/tetcoin-staging/ink-waterfall
[INFO] tweaked toml for git repo https://github.com/tetcoin-staging/ink-waterfall written to /workspace/builds/worker-6/source/Cargo.toml
[INFO] crate git repo https://github.com/tetcoin-staging/ink-waterfall already has a lockfile, it will not be regenerated
[INFO] running `Command { std: "/workspace/cargo-home/bin/cargo" "+1.54.0" "fetch" "--manifest-path" "Cargo.toml", kill_on_drop: false }`
[INFO] running `Command { std: "docker" "create" "-v" "/var/lib/crater-agent-workspace/builds/worker-6/target:/opt/rustwide/target:rw,Z" "-v" "/var/lib/crater-agent-workspace/builds/worker-6/source:/opt/rustwide/workdir:ro,Z" "-v" "/var/lib/crater-agent-workspace/cargo-home:/opt/rustwide/cargo-home:ro,Z" "-v" "/var/lib/crater-agent-workspace/rustup-home:/opt/rustwide/rustup-home:ro,Z" "-e" "SOURCE_DIR=/opt/rustwide/workdir" "-e" "CARGO_TARGET_DIR=/opt/rustwide/target" "-e" "CARGO_HOME=/opt/rustwide/cargo-home" "-e" "RUSTUP_HOME=/opt/rustwide/rustup-home" "-w" "/opt/rustwide/workdir" "-m" "1610612736" "--user" "0:0" "--network" "none" "ghcr.io/rust-lang/crates-build-env/linux@sha256:34b6a614d2c27851fe6cbf88fbd1137609cefab8b10d0615aaeb6fd47975d74e" "/opt/rustwide/cargo-home/bin/cargo" "+1.54.0" "metadata" "--no-deps" "--format-version=1", kill_on_drop: false }`
[INFO] [stderr] WARNING: Your kernel does not support swap limit capabilities or the cgroup is not mounted. Memory limited without swap.
[INFO] [stdout] 60206e5c79e97b296a46fa630d18950e469adb9b02bbbce816e5569015995056
[INFO] running `Command { std: "docker" "start" "-a" "60206e5c79e97b296a46fa630d18950e469adb9b02bbbce816e5569015995056", kill_on_drop: false }`
[INFO] running `Command { std: "docker" "inspect" "60206e5c79e97b296a46fa630d18950e469adb9b02bbbce816e5569015995056", kill_on_drop: false }`
[INFO] running `Command { std: "docker" "rm" "-f" "60206e5c79e97b296a46fa630d18950e469adb9b02bbbce816e5569015995056", kill_on_drop: false }`
[INFO] [stdout] 60206e5c79e97b296a46fa630d18950e469adb9b02bbbce816e5569015995056
[INFO] running `Command { std: "docker" "create" "-v" "/var/lib/crater-agent-workspace/builds/worker-6/target:/opt/rustwide/target:rw,Z" "-v" "/var/lib/crater-agent-workspace/builds/worker-6/source:/opt/rustwide/workdir:ro,Z" "-v" "/var/lib/crater-agent-workspace/cargo-home:/opt/rustwide/cargo-home:ro,Z" "-v" "/var/lib/crater-agent-workspace/rustup-home:/opt/rustwide/rustup-home:ro,Z" "-e" "SOURCE_DIR=/opt/rustwide/workdir" "-e" "CARGO_TARGET_DIR=/opt/rustwide/target" "-e" "CARGO_INCREMENTAL=0" "-e" "RUST_BACKTRACE=full" "-e" "RUSTFLAGS=--cap-lints=warn" "-e" "CARGO_HOME=/opt/rustwide/cargo-home" "-e" "RUSTUP_HOME=/opt/rustwide/rustup-home" "-w" "/opt/rustwide/workdir" "-m" "1610612736" "--user" "0:0" "--network" "none" "ghcr.io/rust-lang/crates-build-env/linux@sha256:34b6a614d2c27851fe6cbf88fbd1137609cefab8b10d0615aaeb6fd47975d74e" "/opt/rustwide/cargo-home/bin/cargo" "+1.54.0" "build" "--frozen" "--message-format=json", kill_on_drop: false }`
[INFO] [stdout] c294e3e358f3d54e8e407fafc0f5da8e583a47ca0f380dd32d77149b2b4e8e75
[INFO] [stderr] WARNING: Your kernel does not support swap limit capabilities or the cgroup is not mounted. Memory limited without swap.
[INFO] running `Command { std: "docker" "start" "-a" "c294e3e358f3d54e8e407fafc0f5da8e583a47ca0f380dd32d77149b2b4e8e75", kill_on_drop: false }`
[INFO] [stderr]    Compiling libc v0.2.92
[INFO] [stderr]    Compiling syn v1.0.68
[INFO] [stderr]    Compiling futures-core v0.3.14
[INFO] [stderr]    Compiling openssl v0.10.33
[INFO] [stderr]    Compiling const_fn v0.4.6
[INFO] [stderr]    Compiling futures-sink v0.3.14
[INFO] [stderr]    Compiling unescape v0.1.0
[INFO] [stderr]    Compiling openssl-sys v0.9.61
[INFO] [stderr]    Compiling tokio v1.4.0
[INFO] [stderr]    Compiling standback v0.2.17
[INFO] [stderr]    Compiling time v0.2.26
[INFO] [stderr]    Compiling cookie v0.14.4
[INFO] [stderr]    Compiling lock_api v0.4.3
[INFO] [stderr]    Compiling unicode-normalization v0.1.17
[INFO] [stderr]    Compiling regex v1.4.5
[INFO] [stderr]    Compiling futures-channel v0.3.14
[INFO] [stderr]    Compiling idna v0.2.2
[INFO] [stderr]    Compiling native-tls v0.2.7
[INFO] [stderr]    Compiling url v2.2.1
[INFO] [stderr]    Compiling num_cpus v1.13.0
[INFO] [stderr]    Compiling parking_lot_core v0.8.3
[INFO] [stderr]    Compiling mio v0.7.11
[INFO] [stderr]    Compiling signal-hook-registry v1.3.0
[INFO] [stderr]    Compiling socket2 v0.4.0
[INFO] [stderr]    Compiling time v0.1.44
[INFO] [stderr]    Compiling rand_os v0.1.3
[INFO] [stderr]    Compiling nix v0.17.0
[INFO] [stderr]    Compiling atty v0.2.14
[INFO] [stderr]    Compiling which v4.1.0
[INFO] [stderr]    Compiling env_logger v0.8.3
[INFO] [stderr]    Compiling rand v0.6.5
[INFO] [stderr]    Compiling parking_lot v0.11.1
[INFO] [stderr]    Compiling cookie v0.12.0
[INFO] [stderr]    Compiling portpicker v0.1.0 (https://github.com/awestlake87/portpicker-rs#3e3fb63f)
[INFO] [stderr]    Compiling tokio-macros v1.1.0
[INFO] [stderr]    Compiling futures-macro v0.3.14
[INFO] [stderr]    Compiling serde_derive v1.0.125
[INFO] [stderr]    Compiling pin-project-internal v1.0.6
[INFO] [stderr]    Compiling time-macros-impl v0.1.1
[INFO] [stderr]    Compiling thiserror-impl v1.0.24
[INFO] [stderr]    Compiling derive_more v0.99.13
[INFO] [stderr]    Compiling lang_macro v0.1.0 (/opt/rustwide/workdir/lang_macro)
[INFO] [stderr]    Compiling time-macros v0.1.1
[INFO] [stderr]    Compiling futures-util v0.3.14
[INFO] [stderr]    Compiling thiserror v1.0.24
[INFO] [stderr]    Compiling psutil v3.2.1
[INFO] [stderr]    Compiling pin-project v1.0.6
[INFO] [stderr]    Compiling serde v1.0.125
[INFO] [stderr]    Compiling tokio-util v0.6.5
[INFO] [stderr]    Compiling tokio-native-tls v0.3.0
[INFO] [stderr]    Compiling h2 v0.3.2
[INFO] [stderr]    Compiling serde_json v1.0.64
[INFO] [stderr]    Compiling webdriver v0.43.0
[INFO] [stderr]    Compiling hyper v0.14.5
[INFO] [stderr]    Compiling hyper-tls v0.5.0
[INFO] [stderr]    Compiling fantoccini v0.17.3
[INFO] [stderr]    Compiling waterfall v0.1.0 (/opt/rustwide/workdir)
[INFO] [stderr]     Finished dev [unoptimized + debuginfo] target(s) in 1m 17s
[INFO] running `Command { std: "docker" "inspect" "c294e3e358f3d54e8e407fafc0f5da8e583a47ca0f380dd32d77149b2b4e8e75", kill_on_drop: false }`
[INFO] running `Command { std: "docker" "rm" "-f" "c294e3e358f3d54e8e407fafc0f5da8e583a47ca0f380dd32d77149b2b4e8e75", kill_on_drop: false }`
[INFO] [stdout] c294e3e358f3d54e8e407fafc0f5da8e583a47ca0f380dd32d77149b2b4e8e75
[INFO] running `Command { std: "docker" "create" "-v" "/var/lib/crater-agent-workspace/builds/worker-6/target:/opt/rustwide/target:rw,Z" "-v" "/var/lib/crater-agent-workspace/builds/worker-6/source:/opt/rustwide/workdir:ro,Z" "-v" "/var/lib/crater-agent-workspace/cargo-home:/opt/rustwide/cargo-home:ro,Z" "-v" "/var/lib/crater-agent-workspace/rustup-home:/opt/rustwide/rustup-home:ro,Z" "-e" "SOURCE_DIR=/opt/rustwide/workdir" "-e" "CARGO_TARGET_DIR=/opt/rustwide/target" "-e" "CARGO_INCREMENTAL=0" "-e" "RUST_BACKTRACE=full" "-e" "RUSTFLAGS=--cap-lints=warn" "-e" "CARGO_HOME=/opt/rustwide/cargo-home" "-e" "RUSTUP_HOME=/opt/rustwide/rustup-home" "-w" "/opt/rustwide/workdir" "-m" "1610612736" "--user" "0:0" "--network" "none" "ghcr.io/rust-lang/crates-build-env/linux@sha256:34b6a614d2c27851fe6cbf88fbd1137609cefab8b10d0615aaeb6fd47975d74e" "/opt/rustwide/cargo-home/bin/cargo" "+1.54.0" "test" "--frozen" "--no-run" "--message-format=json", kill_on_drop: false }`
[INFO] [stderr] WARNING: Your kernel does not support swap limit capabilities or the cgroup is not mounted. Memory limited without swap.
[INFO] [stdout] b2781333de1c7b5a60a5dbed76e51e6034764136e61e266bc5c98304aaf8a3e5
[INFO] running `Command { std: "docker" "start" "-a" "b2781333de1c7b5a60a5dbed76e51e6034764136e61e266bc5c98304aaf8a3e5", kill_on_drop: false }`
[INFO] [stderr]     Blocking waiting for file lock on package cache
[INFO] [stderr]    Compiling waterfall v0.1.0 (/opt/rustwide/workdir)
[INFO] [stderr]     Finished test [unoptimized + debuginfo] target(s) in 15.15s
[INFO] running `Command { std: "docker" "inspect" "b2781333de1c7b5a60a5dbed76e51e6034764136e61e266bc5c98304aaf8a3e5", kill_on_drop: false }`
[INFO] running `Command { std: "docker" "rm" "-f" "b2781333de1c7b5a60a5dbed76e51e6034764136e61e266bc5c98304aaf8a3e5", kill_on_drop: false }`
[INFO] [stdout] b2781333de1c7b5a60a5dbed76e51e6034764136e61e266bc5c98304aaf8a3e5
[INFO] running `Command { std: "docker" "create" "-v" "/var/lib/crater-agent-workspace/builds/worker-6/target:/opt/rustwide/target:rw,Z" "-v" "/var/lib/crater-agent-workspace/builds/worker-6/source:/opt/rustwide/workdir:ro,Z" "-v" "/var/lib/crater-agent-workspace/cargo-home:/opt/rustwide/cargo-home:ro,Z" "-v" "/var/lib/crater-agent-workspace/rustup-home:/opt/rustwide/rustup-home:ro,Z" "-e" "SOURCE_DIR=/opt/rustwide/workdir" "-e" "CARGO_TARGET_DIR=/opt/rustwide/target" "-e" "CARGO_INCREMENTAL=0" "-e" "RUST_BACKTRACE=full" "-e" "RUSTFLAGS=--cap-lints=warn" "-e" "CARGO_HOME=/opt/rustwide/cargo-home" "-e" "RUSTUP_HOME=/opt/rustwide/rustup-home" "-w" "/opt/rustwide/workdir" "-m" "1610612736" "--user" "0:0" "--network" "none" "ghcr.io/rust-lang/crates-build-env/linux@sha256:34b6a614d2c27851fe6cbf88fbd1137609cefab8b10d0615aaeb6fd47975d74e" "/opt/rustwide/cargo-home/bin/cargo" "+1.54.0" "test" "--frozen", kill_on_drop: false }`
[INFO] [stdout] 72ab4fbbd49dd37381747a11a8a7946085d7681fe27d3903919d13ae33219a62
[INFO] [stderr] WARNING: Your kernel does not support swap limit capabilities or the cgroup is not mounted. Memory limited without swap.
[INFO] running `Command { std: "docker" "start" "-a" "72ab4fbbd49dd37381747a11a8a7946085d7681fe27d3903919d13ae33219a62", kill_on_drop: false }`
[INFO] [stderr]     Finished test [unoptimized + debuginfo] target(s) in 0.12s
[INFO] [stderr]      Running unittests (/opt/rustwide/target/debug/deps/waterfall-853bf4ec9a374ed3)
[INFO] [stdout] 
[INFO] [stdout] running 8 tests
[INFO] [stdout] test tests::contract_transfer::contract_must_transfer_value_to_sender ... ignored
[INFO] [stdout] test tests::contract_transfer::transfer_exactly_ten_to_contract ... ignored
[INFO] [stdout] test tests::rand_extension::rand_extension ... ignored
[INFO] [stdout] test tests::contract_terminate::contract_terminate_works ... FAILED
[INFO] [stdout] test tests::delegator::delegator_works ... FAILED
[INFO] [stdout] test tests::flipper::default_constructor ... FAILED
[INFO] [stdout] test tests::erc20::erc20 ... FAILED
[INFO] [stdout] test tests::flipper::flipper_works ... FAILED
[INFO] [stdout] 
[INFO] [stdout] failures:
[INFO] [stdout] 
[INFO] [stdout] ---- tests::contract_terminate::contract_terminate_works stdout ----
[INFO] [stdout] thread 'tests::contract_terminate::contract_terminate_works' panicked at 'ERROR: The canvas node is not running!', src/utils/canvas_ui.rs:934:5
[INFO] [stdout] stack backtrace:
[INFO] [stdout]    0:     0x5582bc05d010 - std::backtrace_rs::backtrace::libunwind::trace::h34055254b57d8e79
[INFO] [stdout]                                at /rustc/a178d0322ce20e33eac124758e837cbd80a6f633/library/std/src/../../backtrace/src/backtrace/libunwind.rs:90:5
[INFO] [stdout]    1:     0x5582bc05d010 - std::backtrace_rs::backtrace::trace_unsynchronized::h8f1e3fbd9afff6ec
[INFO] [stdout]                                at /rustc/a178d0322ce20e33eac124758e837cbd80a6f633/library/std/src/../../backtrace/src/backtrace/mod.rs:66:5
[INFO] [stdout]    2:     0x5582bc05d010 - std::sys_common::backtrace::_print_fmt::h3a99a796b770c360
[INFO] [stdout]                                at /rustc/a178d0322ce20e33eac124758e837cbd80a6f633/library/std/src/sys_common/backtrace.rs:67:5
[INFO] [stdout]    3:     0x5582bc05d010 - <std::sys_common::backtrace::_print::DisplayBacktrace as core::fmt::Display>::fmt::h32d1f94a80615d18
[INFO] [stdout]                                at /rustc/a178d0322ce20e33eac124758e837cbd80a6f633/library/std/src/sys_common/backtrace.rs:46:22
[INFO] [stdout]    4:     0x5582bc081c3c - core::fmt::write::h306731c068f7162c
[INFO] [stdout]                                at /rustc/a178d0322ce20e33eac124758e837cbd80a6f633/library/core/src/fmt/mod.rs:1110:17
[INFO] [stdout]    5:     0x5582bc056715 - std::io::Write::write_fmt::h87f19b0a2cd190bc
[INFO] [stdout]                                at /rustc/a178d0322ce20e33eac124758e837cbd80a6f633/library/std/src/io/mod.rs:1588:15
[INFO] [stdout]    6:     0x5582bc05f3fb - std::sys_common::backtrace::_print::h5abaa2601a852287
[INFO] [stdout]                                at /rustc/a178d0322ce20e33eac124758e837cbd80a6f633/library/std/src/sys_common/backtrace.rs:49:5
[INFO] [stdout]    7:     0x5582bc05f3fb - std::sys_common::backtrace::print::h8d81445442bb638f
[INFO] [stdout]                                at /rustc/a178d0322ce20e33eac124758e837cbd80a6f633/library/std/src/sys_common/backtrace.rs:36:9
[INFO] [stdout]    8:     0x5582bc05f3fb - std::panicking::default_hook::{{closure}}::hcfe804496a9fa747
[INFO] [stdout]                                at /rustc/a178d0322ce20e33eac124758e837cbd80a6f633/library/std/src/panicking.rs:208:50
[INFO] [stdout]    9:     0x5582bc05ef0c - std::panicking::default_hook::hbea8e3ccf2ba8901
[INFO] [stdout]                                at /rustc/a178d0322ce20e33eac124758e837cbd80a6f633/library/std/src/panicking.rs:222:9
[INFO] [stdout]   10:     0x5582bb942a23 - <alloc::boxed::Box<F,A> as core::ops::function::Fn<Args>>::call::hd13c49d8dcb7305e
[INFO] [stdout]                                at /rustc/a178d0322ce20e33eac124758e837cbd80a6f633/library/alloc/src/boxed.rs:1589:9
[INFO] [stdout]   11:     0x5582bba24c5b - waterfall::tests::delegator::delegator_works::{{closure}}::{{closure}}::hb37eedbed6e4706a
[INFO] [stdout]                                at /opt/rustwide/workdir/src/tests/delegator.rs:31:1
[INFO] [stdout]   12:     0x5582bb942a23 - <alloc::boxed::Box<F,A> as core::ops::function::Fn<Args>>::call::hd13c49d8dcb7305e
[INFO] [stdout]                                at /rustc/a178d0322ce20e33eac124758e837cbd80a6f633/library/alloc/src/boxed.rs:1589:9
[INFO] [stdout]   13:     0x5582bb94597b - waterfall::tests::erc20::erc20::{{closure}}::{{closure}}::h06642ff4655c8806
[INFO] [stdout]                                at /opt/rustwide/workdir/src/tests/erc20.rs:30:1
[INFO] [stdout]   14:     0x5582bb942a23 - <alloc::boxed::Box<F,A> as core::ops::function::Fn<Args>>::call::hd13c49d8dcb7305e
[INFO] [stdout]                                at /rustc/a178d0322ce20e33eac124758e837cbd80a6f633/library/alloc/src/boxed.rs:1589:9
[INFO] [stdout]   15:     0x5582bba92b8b - waterfall::tests::contract_terminate::contract_terminate_works::{{closure}}::{{closure}}::hb5126dc5ad9a3c1e
[INFO] [stdout]                                at /opt/rustwide/workdir/src/tests/contract_terminate.rs:31:1
[INFO] [stdout]   16:     0x5582bc05fae9 - std::panicking::rust_panic_with_hook::h7ee9e1a2d0f8975a
[INFO] [stdout]                                at /rustc/a178d0322ce20e33eac124758e837cbd80a6f633/library/std/src/panicking.rs:626:17
[INFO] [stdout]   17:     0x5582bbc66233 - std::panicking::begin_panic::{{closure}}::h983437847536bc9f
[INFO] [stdout]                                at /rustc/a178d0322ce20e33eac124758e837cbd80a6f633/library/std/src/panicking.rs:542:9
[INFO] [stdout]   18:     0x5582bbc80209 - std::sys_common::backtrace::__rust_end_short_backtrace::h27cc55ee3adceb15
[INFO] [stdout]                                at /rustc/a178d0322ce20e33eac124758e837cbd80a6f633/library/std/src/sys_common/backtrace.rs:141:18
[INFO] [stdout]   19:     0x5582bbc66169 - std::panicking::begin_panic::ha0e81e39e7456ccb
[INFO] [stdout]                                at /rustc/a178d0322ce20e33eac124758e837cbd80a6f633/library/std/src/panicking.rs:541:12
[INFO] [stdout]   20:     0x5582bb9c435c - waterfall::utils::canvas_ui::assert_canvas_node_running::hef5347cce7584da2
[INFO] [stdout]                                at /opt/rustwide/workdir/src/utils/canvas_ui.rs:934:5
[INFO] [stdout]   21:     0x5582bb99bce5 - waterfall::utils::canvas_ui::CanvasUi::new::{{closure}}::h52f566a4b85cc52a
[INFO] [stdout]                                at /opt/rustwide/workdir/src/utils/canvas_ui.rs:44:9
[INFO] [stdout]   22:     0x5582bb9dff01 - <core::future::from_generator::GenFuture<T> as core::future::future::Future>::poll::h65920846d016fdd2
[INFO] [stdout]                                at /rustc/a178d0322ce20e33eac124758e837cbd80a6f633/library/core/src/future/mod.rs:80:19
[INFO] [stdout]   23:     0x5582bba9329f - waterfall::tests::contract_terminate::contract_terminate_works::{{closure}}::h4a3fc66c9d57aea7
[INFO] [stdout]                                at /opt/rustwide/workdir/src/tests/contract_terminate.rs:31:1
[INFO] [stdout]   24:     0x5582bb9e0c8a - <core::future::from_generator::GenFuture<T> as core::future::future::Future>::poll::h9bb9e393e5f0dc65
[INFO] [stdout]                                at /rustc/a178d0322ce20e33eac124758e837cbd80a6f633/library/core/src/future/mod.rs:80:19
[INFO] [stdout]   25:     0x5582bb9dbedc - <core::pin::Pin<P> as core::future::future::Future>::poll::ha74d3583bb347ee6
[INFO] [stdout]                                at /rustc/a178d0322ce20e33eac124758e837cbd80a6f633/library/core/src/future/future.rs:119:9
[INFO] [stdout]   26:     0x5582bb99360c - tokio::runtime::basic_scheduler::Inner<P>::block_on::{{closure}}::{{closure}}::h80c0a3967bdf76f3
[INFO] [stdout]                                at /opt/rustwide/cargo-home/registry/src/github.com-1ecc6299db9ec823/tokio-1.4.0/src/runtime/basic_scheduler.rs:196:62
[INFO] [stdout]   27:     0x5582bb954159 - tokio::coop::with_budget::{{closure}}::h77f499cdfc62a02c
[INFO] [stdout]                                at /opt/rustwide/cargo-home/registry/src/github.com-1ecc6299db9ec823/tokio-1.4.0/src/coop.rs:106:9
[INFO] [stdout]   28:     0x5582bb910635 - std::thread::local::LocalKey<T>::try_with::h083352dcb848aeb8
[INFO] [stdout]                                at /rustc/a178d0322ce20e33eac124758e837cbd80a6f633/library/std/src/thread/local.rs:400:16
[INFO] [stdout]   29:     0x5582bb91009b - std::thread::local::LocalKey<T>::with::hd3131780d28e26b5
[INFO] [stdout]                                at /rustc/a178d0322ce20e33eac124758e837cbd80a6f633/library/std/src/thread/local.rs:376:9
[INFO] [stdout]   30:     0x5582bb992a67 - tokio::coop::with_budget::hc8c7b417bc289900
[INFO] [stdout]                                at /opt/rustwide/cargo-home/registry/src/github.com-1ecc6299db9ec823/tokio-1.4.0/src/coop.rs:99:5
[INFO] [stdout]   31:     0x5582bb992a67 - tokio::coop::budget::h54040c9ef31512bd
[INFO] [stdout]                                at /opt/rustwide/cargo-home/registry/src/github.com-1ecc6299db9ec823/tokio-1.4.0/src/coop.rs:76:5
[INFO] [stdout]   32:     0x5582bb992a67 - tokio::runtime::basic_scheduler::Inner<P>::block_on::{{closure}}::hc566d90d71df40d7
[INFO] [stdout]                                at /opt/rustwide/cargo-home/registry/src/github.com-1ecc6299db9ec823/tokio-1.4.0/src/runtime/basic_scheduler.rs:196:39
[INFO] [stdout]   33:     0x5582bb998c11 - tokio::runtime::basic_scheduler::enter::{{closure}}::h2822304ad3ab3954
[INFO] [stdout]                                at /opt/rustwide/cargo-home/registry/src/github.com-1ecc6299db9ec823/tokio-1.4.0/src/runtime/basic_scheduler.rs:279:29
[INFO] [stdout]   34:     0x5582bb9fe069 - tokio::macros::scoped_tls::ScopedKey<T>::set::hf7301d966f05641f
[INFO] [stdout]                                at /opt/rustwide/cargo-home/registry/src/github.com-1ecc6299db9ec823/tokio-1.4.0/src/macros/scoped_tls.rs:61:9
[INFO] [stdout]   35:     0x5582bb9971b2 - tokio::runtime::basic_scheduler::enter::h089315329c454857
[INFO] [stdout]                                at /opt/rustwide/cargo-home/registry/src/github.com-1ecc6299db9ec823/tokio-1.4.0/src/runtime/basic_scheduler.rs:279:5
[INFO] [stdout]   36:     0x5582bb98e95d - tokio::runtime::basic_scheduler::Inner<P>::block_on::hc7d053ad594f6bc4
[INFO] [stdout]                                at /opt/rustwide/cargo-home/registry/src/github.com-1ecc6299db9ec823/tokio-1.4.0/src/runtime/basic_scheduler.rs:185:9
[INFO] [stdout]   37:     0x5582bb993c54 - tokio::runtime::basic_scheduler::InnerGuard<P>::block_on::h718ae45653ffac53
[INFO] [stdout]                                at /opt/rustwide/cargo-home/registry/src/github.com-1ecc6299db9ec823/tokio-1.4.0/src/runtime/basic_scheduler.rs:425:9
[INFO] [stdout]   38:     0x5582bb995738 - tokio::runtime::basic_scheduler::BasicScheduler<P>::block_on::hb4e596cfffcfe24e
[INFO] [stdout]                                at /opt/rustwide/cargo-home/registry/src/github.com-1ecc6299db9ec823/tokio-1.4.0/src/runtime/basic_scheduler.rs:145:24
[INFO] [stdout]   39:     0x5582bba8dde3 - tokio::runtime::Runtime::block_on::h3844f44400bf66bc
[INFO] [stdout]                                at /opt/rustwide/cargo-home/registry/src/github.com-1ecc6299db9ec823/tokio-1.4.0/src/runtime/mod.rs:450:46
[INFO] [stdout]   40:     0x5582bba92ad3 - waterfall::tests::contract_terminate::contract_terminate_works::hfe50172df560d589
[INFO] [stdout]                                at /opt/rustwide/workdir/src/tests/contract_terminate.rs:31:1
[INFO] [stdout]   41:     0x5582bba929ee - waterfall::tests::contract_terminate::contract_terminate_works::{{closure}}::h84a389e6dff27451
[INFO] [stdout]                                at /opt/rustwide/workdir/src/tests/contract_terminate.rs:31:1
[INFO] [stdout]   42:     0x5582bba294de - core::ops::function::FnOnce::call_once::hd2087e79fa99446a
[INFO] [stdout]                                at /rustc/a178d0322ce20e33eac124758e837cbd80a6f633/library/core/src/ops/function.rs:227:5
[INFO] [stdout]   43:     0x5582bbb39cc3 - core::ops::function::FnOnce::call_once::h152e7e439ff59e19
[INFO] [stdout]                                at /rustc/a178d0322ce20e33eac124758e837cbd80a6f633/library/core/src/ops/function.rs:227:5
[INFO] [stdout]   44:     0x5582bbb39cc3 - test::__rust_begin_short_backtrace::h0908f3b1fdbb72ab
[INFO] [stdout]                                at /rustc/a178d0322ce20e33eac124758e837cbd80a6f633/library/test/src/lib.rs:577:5
[INFO] [stdout]   45:     0x5582bbb38780 - <alloc::boxed::Box<F,A> as core::ops::function::FnOnce<Args>>::call_once::hf6d2a51e5587546c
[INFO] [stdout]                                at /rustc/a178d0322ce20e33eac124758e837cbd80a6f633/library/alloc/src/boxed.rs:1575:9
[INFO] [stdout]   46:     0x5582bbb38780 - <std::panic::AssertUnwindSafe<F> as core::ops::function::FnOnce<()>>::call_once::h8af660f3a89ef593
[INFO] [stdout]                                at /rustc/a178d0322ce20e33eac124758e837cbd80a6f633/library/std/src/panic.rs:347:9
[INFO] [stdout]   47:     0x5582bbb38780 - std::panicking::try::do_call::hd36aef60f84b6d36
[INFO] [stdout]                                at /rustc/a178d0322ce20e33eac124758e837cbd80a6f633/library/std/src/panicking.rs:401:40
[INFO] [stdout]   48:     0x5582bbb38780 - std::panicking::try::h9932b4480e69817c
[INFO] [stdout]                                at /rustc/a178d0322ce20e33eac124758e837cbd80a6f633/library/std/src/panicking.rs:365:19
[INFO] [stdout]   49:     0x5582bbb38780 - std::panic::catch_unwind::h6aa177099cfff5f8
[INFO] [stdout]                                at /rustc/a178d0322ce20e33eac124758e837cbd80a6f633/library/std/src/panic.rs:434:14
[INFO] [stdout]   50:     0x5582bbb38780 - test::run_test_in_process::h5884d6f2d99e20c3
[INFO] [stdout]                                at /rustc/a178d0322ce20e33eac124758e837cbd80a6f633/library/test/src/lib.rs:600:18
[INFO] [stdout]   51:     0x5582bbb38780 - test::run_test::run_test_inner::{{closure}}::h6fdc58c6d5f5b6e3
[INFO] [stdout]                                at /rustc/a178d0322ce20e33eac124758e837cbd80a6f633/library/test/src/lib.rs:492:39
[INFO] [stdout]   52:     0x5582bbb11e32 - test::run_test::run_test_inner::{{closure}}::h408365d67a78ade8
[INFO] [stdout]                                at /rustc/a178d0322ce20e33eac124758e837cbd80a6f633/library/test/src/lib.rs:519:37
[INFO] [stdout]   53:     0x5582bbb11e32 - std::sys_common::backtrace::__rust_begin_short_backtrace::hb560b77c4f701523
[INFO] [stdout]                                at /rustc/a178d0322ce20e33eac124758e837cbd80a6f633/library/std/src/sys_common/backtrace.rs:125:18
[INFO] [stdout]   54:     0x5582bbb159e8 - std::thread::Builder::spawn_unchecked::{{closure}}::{{closure}}::hf2e7831dad93c597
[INFO] [stdout]                                at /rustc/a178d0322ce20e33eac124758e837cbd80a6f633/library/std/src/thread/mod.rs:481:17
[INFO] [stdout]   55:     0x5582bbb159e8 - <std::panic::AssertUnwindSafe<F> as core::ops::function::FnOnce<()>>::call_once::hd2e08783d8be4d02
[INFO] [stdout]                                at /rustc/a178d0322ce20e33eac124758e837cbd80a6f633/library/std/src/panic.rs:347:9
[INFO] [stdout]   56:     0x5582bbb159e8 - std::panicking::try::do_call::h062597b7acfd6b82
[INFO] [stdout]                                at /rustc/a178d0322ce20e33eac124758e837cbd80a6f633/library/std/src/panicking.rs:401:40
[INFO] [stdout]   57:     0x5582bbb159e8 - std::panicking::try::h0d7b79db04c14552
[INFO] [stdout]                                at /rustc/a178d0322ce20e33eac124758e837cbd80a6f633/library/std/src/panicking.rs:365:19
[INFO] [stdout]   58:     0x5582bbb159e8 - std::panic::catch_unwind::hb01a0b5e7c8cd43b
[INFO] [stdout]                                at /rustc/a178d0322ce20e33eac124758e837cbd80a6f633/library/std/src/panic.rs:434:14
[INFO] [stdout]   59:     0x5582bbb159e8 - std::thread::Builder::spawn_unchecked::{{closure}}::h5bde48cc887e0d1e
[INFO] [stdout]                                at /rustc/a178d0322ce20e33eac124758e837cbd80a6f633/library/std/src/thread/mod.rs:480:30
[INFO] [stdout]   60:     0x5582bbb159e8 - core::ops::function::FnOnce::call_once{{vtable.shim}}::h745ea30807a29e55
[INFO] [stdout]                                at /rustc/a178d0322ce20e33eac124758e837cbd80a6f633/library/core/src/ops/function.rs:227:5
[INFO] [stdout]   61:     0x5582bc065747 - <alloc::boxed::Box<F,A> as core::ops::function::FnOnce<Args>>::call_once::h7ece6cfefaff1005
[INFO] [stdout]                                at /rustc/a178d0322ce20e33eac124758e837cbd80a6f633/library/alloc/src/boxed.rs:1575:9
[INFO] [stdout]   62:     0x5582bc065747 - <alloc::boxed::Box<F,A> as core::ops::function::FnOnce<Args>>::call_once::hb8b48e55c21f193e
[INFO] [stdout]                                at /rustc/a178d0322ce20e33eac124758e837cbd80a6f633/library/alloc/src/boxed.rs:1575:9
[INFO] [stdout]   63:     0x5582bc065747 - std::sys::unix::thread::Thread::new::thread_start::h8c7c4450dba62914
[INFO] [stdout]                                at /rustc/a178d0322ce20e33eac124758e837cbd80a6f633/library/std/src/sys/unix/thread.rs:71:17
[INFO] [stdout]   64:     0x7fee1688f609 - start_thread
[INFO] [stdout]   65:     0x7fee1665f293 - clone
[INFO] [stdout]   66:                0x0 - <unknown>
[INFO] [stdout] 
[INFO] [stdout] ---- tests::delegator::delegator_works stdout ----
[INFO] [stdout] thread 'tests::delegator::delegator_works' panicked at 'ERROR: The canvas node is not running!', src/utils/canvas_ui.rs:934:5
[INFO] [stdout] stack backtrace:
[INFO] [stdout]    0:     0x5582bc05d010 - std::backtrace_rs::backtrace::libunwind::trace::h34055254b57d8e79
[INFO] [stdout]                                at /rustc/a178d0322ce20e33eac124758e837cbd80a6f633/library/std/src/../../backtrace/src/backtrace/libunwind.rs:90:5
[INFO] [stdout]    1:     0x5582bc05d010 - std::backtrace_rs::backtrace::trace_unsynchronized::h8f1e3fbd9afff6ec
[INFO] [stdout]                                at /rustc/a178d0322ce20e33eac124758e837cbd80a6f633/library/std/src/../../backtrace/src/backtrace/mod.rs:66:5
[INFO] [stdout]    2:     0x5582bc05d010 - std::sys_common::backtrace::_print_fmt::h3a99a796b770c360
[INFO] [stdout]                                at /rustc/a178d0322ce20e33eac124758e837cbd80a6f633/library/std/src/sys_common/backtrace.rs:67:5
[INFO] [stdout]    3:     0x5582bc05d010 - <std::sys_common::backtrace::_print::DisplayBacktrace as core::fmt::Display>::fmt::h32d1f94a80615d18
[INFO] [stdout]                                at /rustc/a178d0322ce20e33eac124758e837cbd80a6f633/library/std/src/sys_common/backtrace.rs:46:22
[INFO] [stdout]    4:     0x5582bc081c3c - core::fmt::write::h306731c068f7162c
[INFO] [stdout]                                at /rustc/a178d0322ce20e33eac124758e837cbd80a6f633/library/core/src/fmt/mod.rs:1110:17
[INFO] [stdout]    5:     0x5582bc056715 - std::io::Write::write_fmt::h87f19b0a2cd190bc
[INFO] [stdout]                                at /rustc/a178d0322ce20e33eac124758e837cbd80a6f633/library/std/src/io/mod.rs:1588:15
[INFO] [stdout]    6:     0x5582bc05f3fb - std::sys_common::backtrace::_print::h5abaa2601a852287
[INFO] [stdout]                                at /rustc/a178d0322ce20e33eac124758e837cbd80a6f633/library/std/src/sys_common/backtrace.rs:49:5
[INFO] [stdout]    7:     0x5582bc05f3fb - std::sys_common::backtrace::print::h8d81445442bb638f
[INFO] [stdout]                                at /rustc/a178d0322ce20e33eac124758e837cbd80a6f633/library/std/src/sys_common/backtrace.rs:36:9
[INFO] [stdout]    8:     0x5582bc05f3fb - std::panicking::default_hook::{{closure}}::hcfe804496a9fa747
[INFO] [stdout]                                at /rustc/a178d0322ce20e33eac124758e837cbd80a6f633/library/std/src/panicking.rs:208:50
[INFO] [stdout]    9:     0x5582bc05ef0c - std::panicking::default_hook::hbea8e3ccf2ba8901
[INFO] [stdout]                                at /rustc/a178d0322ce20e33eac124758e837cbd80a6f633/library/std/src/panicking.rs:222:9
[INFO] [stdout]   10:     0x5582bb942a23 - <alloc::boxed::Box<F,A> as core::ops::function::Fn<Args>>::call::hd13c49d8dcb7305e
[INFO] [stdout]                                at /rustc/a178d0322ce20e33eac124758e837cbd80a6f633/library/alloc/src/boxed.rs:1589:9
[INFO] [stdout]   11:     0x5582bba24c5b - waterfall::tests::delegator::delegator_works::{{closure}}::{{closure}}::hb37eedbed6e4706a
[INFO] [stdout]                                at /opt/rustwide/workdir/src/tests/delegator.rs:31:1
[INFO] [stdout]   12:     0x5582bb942a23 - <alloc::boxed::Box<F,A> as core::ops::function::Fn<Args>>::call::hd13c49d8dcb7305e
[INFO] [stdout]                                at /rustc/a178d0322ce20e33eac124758e837cbd80a6f633/library/alloc/src/boxed.rs:1589:9
[INFO] [stdout]   13:     0x5582bb94597b - waterfall::tests::erc20::erc20::{{closure}}::{{closure}}::h06642ff4655c8806
[INFO] [stdout]                                at /opt/rustwide/workdir/src/tests/erc20.rs:30:1
[INFO] [stdout]   14:     0x5582bb942a23 - <alloc::boxed::Box<F,A> as core::ops::function::Fn<Args>>::call::hd13c49d8dcb7305e
[INFO] [stdout]                                at /rustc/a178d0322ce20e33eac124758e837cbd80a6f633/library/alloc/src/boxed.rs:1589:9
[INFO] [stdout]   15:     0x5582bba92b8b - waterfall::tests::contract_terminate::contract_terminate_works::{{closure}}::{{closure}}::hb5126dc5ad9a3c1e
[INFO] [stdout]                                at /opt/rustwide/workdir/src/tests/contract_terminate.rs:31:1
[INFO] [stdout]   16:     0x5582bc05fae9 - std::panicking::rust_panic_with_hook::h7ee9e1a2d0f8975a
[INFO] [stdout]                                at /rustc/a178d0322ce20e33eac124758e837cbd80a6f633/library/std/src/panicking.rs:626:17
[INFO] [stdout]   17:     0x5582bbc66233 - std::panicking::begin_panic::{{closure}}::h983437847536bc9f
[INFO] [stdout]                                at /rustc/a178d0322ce20e33eac124758e837cbd80a6f633/library/std/src/panicking.rs:542:9
[INFO] [stdout]   18:     0x5582bbc80209 - std::sys_common::backtrace::__rust_end_short_backtrace::h27cc55ee3adceb15
[INFO] [stdout]                                at /rustc/a178d0322ce20e33eac124758e837cbd80a6f633/library/std/src/sys_common/backtrace.rs:141:18
[INFO] [stdout]   19:     0x5582bbc66169 - std::panicking::begin_panic::ha0e81e39e7456ccb
[INFO] [stdout]                                at /rustc/a178d0322ce20e33eac124758e837cbd80a6f633/library/std/src/panicking.rs:541:12
[INFO] [stdout]   20:     0x5582bb9c435c - waterfall::utils::canvas_ui::assert_canvas_node_running::hef5347cce7584da2
[INFO] [stdout]                                at /opt/rustwide/workdir/src/utils/canvas_ui.rs:934:5
[INFO] [stdout]   21:     0x5582bb99bce5 - waterfall::utils::canvas_ui::CanvasUi::new::{{closure}}::h52f566a4b85cc52a
[INFO] [stdout]                                at /opt/rustwide/workdir/src/utils/canvas_ui.rs:44:9
[INFO] [stdout]   22:     0x5582bb9dff01 - <core::future::from_generator::GenFuture<T> as core::future::future::Future>::poll::h65920846d016fdd2
[INFO] [stdout]                                at /rustc/a178d0322ce20e33eac124758e837cbd80a6f633/library/core/src/future/mod.rs:80:19
[INFO] [stdout]   23:     0x5582bba255af - waterfall::tests::delegator::delegator_works::{{closure}}::h0297bc697766c8a2
[INFO] [stdout]                                at /opt/rustwide/workdir/src/tests/delegator.rs:31:1
[INFO] [stdout]   24:     0x5582bb9df76a - <core::future::from_generator::GenFuture<T> as core::future::future::Future>::poll::h34caa1cd4423603a
[INFO] [stdout]                                at /rustc/a178d0322ce20e33eac124758e837cbd80a6f633/library/core/src/future/mod.rs:80:19
[INFO] [stdout]   25:     0x5582bb9dbdfc - <core::pin::Pin<P> as core::future::future::Future>::poll::h872d249853aaa06c
[INFO] [stdout]                                at /rustc/a178d0322ce20e33eac124758e837cbd80a6f633/library/core/src/future/future.rs:119:9
[INFO] [stdout]   26:     0x5582bb9939fc - tokio::runtime::basic_scheduler::Inner<P>::block_on::{{closure}}::{{closure}}::hfae5701276ff7719
[INFO] [stdout]                                at /opt/rustwide/cargo-home/registry/src/github.com-1ecc6299db9ec823/tokio-1.4.0/src/runtime/basic_scheduler.rs:196:62
[INFO] [stdout]   27:     0x5582bb953319 - tokio::coop::with_budget::{{closure}}::h222c459e591da97f
[INFO] [stdout]                                at /opt/rustwide/cargo-home/registry/src/github.com-1ecc6299db9ec823/tokio-1.4.0/src/coop.rs:106:9
[INFO] [stdout]   28:     0x5582bb911125 - std::thread::local::LocalKey<T>::try_with::h24de23b450a8e653
[INFO] [stdout]                                at /rustc/a178d0322ce20e33eac124758e837cbd80a6f633/library/std/src/thread/local.rs:400:16
[INFO] [stdout]   29:     0x5582bb91010b - std::thread::local::LocalKey<T>::with::hd7e8e358a5a6e189
[INFO] [stdout]                                at /rustc/a178d0322ce20e33eac124758e837cbd80a6f633/library/std/src/thread/local.rs:376:9
[INFO] [stdout]   30:     0x5582bb98fea7 - tokio::coop::with_budget::hcffe47876b964bb1
[INFO] [stdout]                                at /opt/rustwide/cargo-home/registry/src/github.com-1ecc6299db9ec823/tokio-1.4.0/src/coop.rs:99:5
[INFO] [stdout]   31:     0x5582bb98fea7 - tokio::coop::budget::h245d17789e29566b
[INFO] [stdout]                                at /opt/rustwide/cargo-home/registry/src/github.com-1ecc6299db9ec823/tokio-1.4.0/src/coop.rs:76:5
[INFO] [stdout]   32:     0x5582bb98fea7 - tokio::runtime::basic_scheduler::Inner<P>::block_on::{{closure}}::h67f38f872b187c91
[INFO] [stdout]                                at /opt/rustwide/cargo-home/registry/src/github.com-1ecc6299db9ec823/tokio-1.4.0/src/runtime/basic_scheduler.rs:196:39
[INFO] [stdout]   33:     0x5582bb998bc1 - tokio::runtime::basic_scheduler::enter::{{closure}}::h2461489fb029a824
[INFO] [stdout]                                at /opt/rustwide/cargo-home/registry/src/github.com-1ecc6299db9ec823/tokio-1.4.0/src/runtime/basic_scheduler.rs:279:29
[INFO] [stdout]   34:     0x5582bb9fda29 - tokio::macros::scoped_tls::ScopedKey<T>::set::h8886003b0042a7cf
[INFO] [stdout]                                at /opt/rustwide/cargo-home/registry/src/github.com-1ecc6299db9ec823/tokio-1.4.0/src/macros/scoped_tls.rs:61:9
[INFO] [stdout]   35:     0x5582bb998032 - tokio::runtime::basic_scheduler::enter::h462fe36d99b2284f
[INFO] [stdout]                                at /opt/rustwide/cargo-home/registry/src/github.com-1ecc6299db9ec823/tokio-1.4.0/src/runtime/basic_scheduler.rs:279:5
[INFO] [stdout]   36:     0x5582bb98e81d - tokio::runtime::basic_scheduler::Inner<P>::block_on::h1123447e6add23bb
[INFO] [stdout]                                at /opt/rustwide/cargo-home/registry/src/github.com-1ecc6299db9ec823/tokio-1.4.0/src/runtime/basic_scheduler.rs:185:9
[INFO] [stdout]   37:     0x5582bb993e64 - tokio::runtime::basic_scheduler::InnerGuard<P>::block_on::h8bfea6f9f0abbfc5
[INFO] [stdout]                                at /opt/rustwide/cargo-home/registry/src/github.com-1ecc6299db9ec823/tokio-1.4.0/src/runtime/basic_scheduler.rs:425:9
[INFO] [stdout]   38:     0x5582bb994b08 - tokio::runtime::basic_scheduler::BasicScheduler<P>::block_on::h5fe8deb3af25a2d4
[INFO] [stdout]                                at /opt/rustwide/cargo-home/registry/src/github.com-1ecc6299db9ec823/tokio-1.4.0/src/runtime/basic_scheduler.rs:145:24
[INFO] [stdout]   39:     0x5582bba8e1a3 - tokio::runtime::Runtime::block_on::h4b9964b6982cfd61
[INFO] [stdout]                                at /opt/rustwide/cargo-home/registry/src/github.com-1ecc6299db9ec823/tokio-1.4.0/src/runtime/mod.rs:450:46
[INFO] [stdout]   40:     0x5582bba24ba3 - waterfall::tests::delegator::delegator_works::h79f0f026ef62db89
[INFO] [stdout]                                at /opt/rustwide/workdir/src/tests/delegator.rs:31:1
[INFO] [stdout]   41:     0x5582bba24abe - waterfall::tests::delegator::delegator_works::{{closure}}::h60553cc278ef0b1d
[INFO] [stdout]                                at /opt/rustwide/workdir/src/tests/delegator.rs:31:1
[INFO] [stdout]   42:     0x5582bba2873e - core::ops::function::FnOnce::call_once::h258b0e382936deee
[INFO] [stdout]                                at /rustc/a178d0322ce20e33eac124758e837cbd80a6f633/library/core/src/ops/function.rs:227:5
[INFO] [stdout]   43:     0x5582bbb39cc3 - core::ops::function::FnOnce::call_once::h152e7e439ff59e19
[INFO] [stdout]                                at /rustc/a178d0322ce20e33eac124758e837cbd80a6f633/library/core/src/ops/function.rs:227:5
[INFO] [stdout]   44:     0x5582bbb39cc3 - test::__rust_begin_short_backtrace::h0908f3b1fdbb72ab
[INFO] [stdout]                                at /rustc/a178d0322ce20e33eac124758e837cbd80a6f633/library/test/src/lib.rs:577:5
[INFO] [stdout]   45:     0x5582bbb38780 - <alloc::boxed::Box<F,A> as core::ops::function::FnOnce<Args>>::call_once::hf6d2a51e5587546c
[INFO] [stdout]                                at /rustc/a178d0322ce20e33eac124758e837cbd80a6f633/library/alloc/src/boxed.rs:1575:9
[INFO] [stdout]   46:     0x5582bbb38780 - <std::panic::AssertUnwindSafe<F> as core::ops::function::FnOnce<()>>::call_once::h8af660f3a89ef593
[INFO] [stdout]                                at /rustc/a178d0322ce20e33eac124758e837cbd80a6f633/library/std/src/panic.rs:347:9
[INFO] [stdout]   47:     0x5582bbb38780 - std::panicking::try::do_call::hd36aef60f84b6d36
[INFO] [stdout]                                at /rustc/a178d0322ce20e33eac124758e837cbd80a6f633/library/std/src/panicking.rs:401:40
[INFO] [stdout]   48:     0x5582bbb38780 - std::panicking::try::h9932b4480e69817c
[INFO] [stdout]                                at /rustc/a178d0322ce20e33eac124758e837cbd80a6f633/library/std/src/panicking.rs:365:19
[INFO] [stdout]   49:     0x5582bbb38780 - std::panic::catch_unwind::h6aa177099cfff5f8
[INFO] [stdout]                                at /rustc/a178d0322ce20e33eac124758e837cbd80a6f633/library/std/src/panic.rs:434:14
[INFO] [stdout]   50:     0x5582bbb38780 - test::run_test_in_process::h5884d6f2d99e20c3
[INFO] [stdout]                                at /rustc/a178d0322ce20e33eac124758e837cbd80a6f633/library/test/src/lib.rs:600:18
[INFO] [stdout]   51:     0x5582bbb38780 - test::run_test::run_test_inner::{{closure}}::h6fdc58c6d5f5b6e3
[INFO] [stdout]                                at /rustc/a178d0322ce20e33eac124758e837cbd80a6f633/library/test/src/lib.rs:492:39
[INFO] [stdout]   52:     0x5582bbb11e32 - test::run_test::run_test_inner::{{closure}}::h408365d67a78ade8
[INFO] [stdout]                                at /rustc/a178d0322ce20e33eac124758e837cbd80a6f633/library/test/src/lib.rs:519:37
[INFO] [stdout]   53:     0x5582bbb11e32 - std::sys_common::backtrace::__rust_begin_short_backtrace::hb560b77c4f701523
[INFO] [stdout]                                at /rustc/a178d0322ce20e33eac124758e837cbd80a6f633/library/std/src/sys_common/backtrace.rs:125:18
[INFO] [stdout]   54:     0x5582bbb159e8 - std::thread::Builder::spawn_unchecked::{{closure}}::{{closure}}::hf2e7831dad93c597
[INFO] [stdout]                                at /rustc/a178d0322ce20e33eac124758e837cbd80a6f633/library/std/src/thread/mod.rs:481:17
[INFO] [stdout]   55:     0x5582bbb159e8 - <std::panic::AssertUnwindSafe<F> as core::ops::function::FnOnce<()>>::call_once::hd2e08783d8be4d02
[INFO] [stdout]                                at /rustc/a178d0322ce20e33eac124758e837cbd80a6f633/library/std/src/panic.rs:347:9
[INFO] [stdout]   56:     0x5582bbb159e8 - std::panicking::try::do_call::h062597b7acfd6b82
[INFO] [stdout]                                at /rustc/a178d0322ce20e33eac124758e837cbd80a6f633/library/std/src/panicking.rs:401:40
[INFO] [stdout]   57:     0x5582bbb159e8 - std::panicking::try::h0d7b79db04c14552
[INFO] [stdout]                                at /rustc/a178d0322ce20e33eac124758e837cbd80a6f633/library/std/src/panicking.rs:365:19
[INFO] [stdout]   58:     0x5582bbb159e8 - std::panic::catch_unwind::hb01a0b5e7c8cd43b
[INFO] [stdout]                                at /rustc/a178d0322ce20e33eac124758e837cbd80a6f633/library/std/src/panic.rs:434:14
[INFO] [stdout]   59:     0x5582bbb159e8 - std::thread::Builder::spawn_unchecked::{{closure}}::h5bde48cc887e0d1e
[INFO] [stdout]                                at /rustc/a178d0322ce20e33eac124758e837cbd80a6f633/library/std/src/thread/mod.rs:480:30
[INFO] [stdout]   60:     0x5582bbb159e8 - core::ops::function::FnOnce::call_once{{vtable.shim}}::h745ea30807a29e55
[INFO] [stdout]                                at /rustc/a178d0322ce20e33eac124758e837cbd80a6f633/library/core/src/ops/function.rs:227:5
[INFO] [stdout]   61:     0x5582bc065747 - <alloc::boxed::Box<F,A> as core::ops::function::FnOnce<Args>>::call_once::h7ece6cfefaff1005
[INFO] [stdout]                                at /rustc/a178d0322ce20e33eac124758e837cbd80a6f633/library/alloc/src/boxed.rs:1575:9
[INFO] [stdout]   62:     0x5582bc065747 - <alloc::boxed::Box<F,A> as core::ops::function::FnOnce<Args>>::call_once::hb8b48e55c21f193e
[INFO] [stdout]                                at /rustc/a178d0322ce20e33eac124758e837cbd80a6f633/library/alloc/src/boxed.rs:1575:9
[INFO] [stdout]   63:     0x5582bc065747 - std::sys::unix::thread::Thread::new::thread_start::h8c7c4450dba62914
[INFO] [stdout]                                at /rustc/a178d0322ce20e33eac124758e837cbd80a6f633/library/std/src/sys/unix/thread.rs:71:17
[INFO] [stdout]   64:     0x7fee1688f609 - start_thread
[INFO] [stdout]   65:     0x7fee1665f293 - clone
[INFO] [stdout]   66:                0x0 - <unknown>
[INFO] [stdout] 
[INFO] [stdout] ---- tests::flipper::default_constructor stdout ----
[INFO] [stdout] thread 'tests::flipper::default_constructor' panicked at 'ERROR: The canvas node is not running!', src/utils/canvas_ui.rs:934:5
[INFO] [stdout] stack backtrace:
[INFO] [stdout]    0:     0x5582bc05d010 - std::backtrace_rs::backtrace::libunwind::trace::h34055254b57d8e79
[INFO] [stdout]                                at /rustc/a178d0322ce20e33eac124758e837cbd80a6f633/library/std/src/../../backtrace/src/backtrace/libunwind.rs:90:5
[INFO] [stdout]    1:     0x5582bc05d010 - std::backtrace_rs::backtrace::trace_unsynchronized::h8f1e3fbd9afff6ec
[INFO] [stdout]                                at /rustc/a178d0322ce20e33eac124758e837cbd80a6f633/library/std/src/../../backtrace/src/backtrace/mod.rs:66:5
[INFO] [stdout]    2:     0x5582bc05d010 - std::sys_common::backtrace::_print_fmt::h3a99a796b770c360
[INFO] [stdout]                                at /rustc/a178d0322ce20e33eac124758e837cbd80a6f633/library/std/src/sys_common/backtrace.rs:67:5
[INFO] [stdout]    3:     0x5582bc05d010 - <std::sys_common::backtrace::_print::DisplayBacktrace as core::fmt::Display>::fmt::h32d1f94a80615d18
[INFO] [stdout]                                at /rustc/a178d0322ce20e33eac124758e837cbd80a6f633/library/std/src/sys_common/backtrace.rs:46:22
[INFO] [stdout]    4:     0x5582bc081c3c - core::fmt::write::h306731c068f7162c
[INFO] [stdout]                                at /rustc/a178d0322ce20e33eac124758e837cbd80a6f633/library/core/src/fmt/mod.rs:1110:17
[INFO] [stdout]    5:     0x5582bc056715 - std::io::Write::write_fmt::h87f19b0a2cd190bc
[INFO] [stdout]                                at /rustc/a178d0322ce20e33eac124758e837cbd80a6f633/library/std/src/io/mod.rs:1588:15
[INFO] [stdout]    6:     0x5582bc05f3fb - std::sys_common::backtrace::_print::h5abaa2601a852287
[INFO] [stdout]                                at /rustc/a178d0322ce20e33eac124758e837cbd80a6f633/library/std/src/sys_common/backtrace.rs:49:5
[INFO] [stdout]    7:     0x5582bc05f3fb - std::sys_common::backtrace::print::h8d81445442bb638f
[INFO] [stdout]                                at /rustc/a178d0322ce20e33eac124758e837cbd80a6f633/library/std/src/sys_common/backtrace.rs:36:9
[INFO] [stdout]    8:     0x5582bc05f3fb - std::panicking::default_hook::{{closure}}::hcfe804496a9fa747
[INFO] [stdout]                                at /rustc/a178d0322ce20e33eac124758e837cbd80a6f633/library/std/src/panicking.rs:208:50
[INFO] [stdout]    9:     0x5582bc05ef0c - std::panicking::default_hook::hbea8e3ccf2ba8901
[INFO] [stdout]                                at /rustc/a178d0322ce20e33eac124758e837cbd80a6f633/library/std/src/panicking.rs:222:9
[INFO] [stdout]   10:     0x5582bb942a23 - <alloc::boxed::Box<F,A> as core::ops::function::Fn<Args>>::call::hd13c49d8dcb7305e
[INFO] [stdout]                                at /rustc/a178d0322ce20e33eac124758e837cbd80a6f633/library/alloc/src/boxed.rs:1589:9
[INFO] [stdout]   11:     0x5582bba24c5b - waterfall::tests::delegator::delegator_works::{{closure}}::{{closure}}::hb37eedbed6e4706a
[INFO] [stdout]                                at /opt/rustwide/workdir/src/tests/delegator.rs:31:1
[INFO] [stdout]   12:     0x5582bb942a23 - <alloc::boxed::Box<F,A> as core::ops::function::Fn<Args>>::call::hd13c49d8dcb7305e
[INFO] [stdout]                                at /rustc/a178d0322ce20e33eac124758e837cbd80a6f633/library/alloc/src/boxed.rs:1589:9
[INFO] [stdout]   13:     0x5582bb94597b - waterfall::tests::erc20::erc20::{{closure}}::{{closure}}::h06642ff4655c8806
[INFO] [stdout]                                at /opt/rustwide/workdir/src/tests/erc20.rs:30:1
[INFO] [stdout]   14:     0x5582bb942a23 - <alloc::boxed::Box<F,A> as core::ops::function::Fn<Args>>::call::hd13c49d8dcb7305e
[INFO] [stdout]                                at /rustc/a178d0322ce20e33eac124758e837cbd80a6f633/library/alloc/src/boxed.rs:1589:9
[INFO] [stdout]   15:     0x5582bba92b8b - waterfall::tests::contract_terminate::contract_terminate_works::{{closure}}::{{closure}}::hb5126dc5ad9a3c1e
[INFO] [stderr] error: test failed, to rerun pass '--lib'
[INFO] [stdout]                                at /opt/rustwide/workdir/src/tests/contract_terminate.rs:31:1
[INFO] [stdout]   16:     0x5582bb942a23 - <alloc::boxed::Box<F,A> as core::ops::function::Fn<Args>>::call::hd13c49d8dcb7305e
[INFO] [stdout]                                at /rustc/a178d0322ce20e33eac124758e837cbd80a6f633/library/alloc/src/boxed.rs:1589:9
[INFO] [stdout]   17:     0x5582bb95caeb - waterfall::tests::flipper::default_constructor::{{closure}}::{{closure}}::hb224767dd0e62368
[INFO] [stdout]                                at /opt/rustwide/workdir/src/tests/flipper.rs:61:1
[INFO] [stdout]   18:     0x5582bc05fae9 - std::panicking::rust_panic_with_hook::h7ee9e1a2d0f8975a
[INFO] [stdout]                                at /rustc/a178d0322ce20e33eac124758e837cbd80a6f633/library/std/src/panicking.rs:626:17
[INFO] [stdout]   19:     0x5582bbc66233 - std::panicking::begin_panic::{{closure}}::h983437847536bc9f
[INFO] [stdout]                                at /rustc/a178d0322ce20e33eac124758e837cbd80a6f633/library/std/src/panicking.rs:542:9
[INFO] [stdout]   20:     0x5582bbc80209 - std::sys_common::backtrace::__rust_end_short_backtrace::h27cc55ee3adceb15
[INFO] [stdout]                                at /rustc/a178d0322ce20e33eac124758e837cbd80a6f633/library/std/src/sys_common/backtrace.rs:141:18
[INFO] [stdout]   21:     0x5582bbc66169 - std::panicking::begin_panic::ha0e81e39e7456ccb
[INFO] [stdout]                                at /rustc/a178d0322ce20e33eac124758e837cbd80a6f633/library/std/src/panicking.rs:541:12
[INFO] [stdout]   22:     0x5582bb9c435c - waterfall::utils::canvas_ui::assert_canvas_node_running::hef5347cce7584da2
[INFO] [stdout]                                at /opt/rustwide/workdir/src/utils/canvas_ui.rs:934:5
[INFO] [stdout]   23:     0x5582bb99bce5 - waterfall::utils::canvas_ui::CanvasUi::new::{{closure}}::h52f566a4b85cc52a
[INFO] [stdout]                                at /opt/rustwide/workdir/src/utils/canvas_ui.rs:44:9
[INFO] [stdout]   24:     0x5582bb9dff01 - <core::future::from_generator::GenFuture<T> as core::future::future::Future>::poll::h65920846d016fdd2
[INFO] [stdout]                                at /rustc/a178d0322ce20e33eac124758e837cbd80a6f633/library/core/src/future/mod.rs:80:19
[INFO] [stdout]   25:     0x5582bb95d1af - waterfall::tests::flipper::default_constructor::{{closure}}::h173b973d34cac7fc
[INFO] [stdout]                                at /opt/rustwide/workdir/src/tests/flipper.rs:61:1
[INFO] [stdout]   26:     0x5582bb9e142a - <core::future::from_generator::GenFuture<T> as core::future::future::Future>::poll::hbca2d3d61b6df7c6
[INFO] [stdout]                                at /rustc/a178d0322ce20e33eac124758e837cbd80a6f633/library/core/src/future/mod.rs:80:19
[INFO] [stdout]   27:     0x5582bb9dbd0c - <core::pin::Pin<P> as core::future::future::Future>::poll::h7985250179b835cb
[INFO] [stdout]                                at /rustc/a178d0322ce20e33eac124758e837cbd80a6f633/library/core/src/future/future.rs:119:9
[INFO] [stdout]   28:     0x5582bb99389c - tokio::runtime::basic_scheduler::Inner<P>::block_on::{{closure}}::{{closure}}::haf78a9b7a72d33f3
[INFO] [stdout]                                at /opt/rustwide/cargo-home/registry/src/github.com-1ecc6299db9ec823/tokio-1.4.0/src/runtime/basic_scheduler.rs:196:62
[INFO] [stdout]   29:     0x5582bb9549a9 - tokio::coop::with_budget::{{closure}}::ha5bbf244656cfd4b
[INFO] [stdout]                                at /opt/rustwide/cargo-home/registry/src/github.com-1ecc6299db9ec823/tokio-1.4.0/src/coop.rs:106:9
[INFO] [stdout]   30:     0x5582bb912015 - std::thread::local::LocalKey<T>::try_with::h7e2f3cd9c54ddb5a
[INFO] [stdout]                                at /rustc/a178d0322ce20e33eac124758e837cbd80a6f633/library/std/src/thread/local.rs:400:16
[INFO] [stdout]   31:     0x5582bb90f58b - std::thread::local::LocalKey<T>::with::h5419f7745caa9bf6
[INFO] [stdout]                                at /rustc/a178d0322ce20e33eac124758e837cbd80a6f633/library/std/src/thread/local.rs:376:9
[INFO] [stdout]   32:     0x5582bb98f5e7 - tokio::coop::with_budget::h2e914eef34632ca5
[INFO] [stdout]                                at /opt/rustwide/cargo-home/registry/src/github.com-1ecc6299db9ec823/tokio-1.4.0/src/coop.rs:99:5
[INFO] [stdout]   33:     0x5582bb98f5e7 - tokio::coop::budget::h7f2d610dbd28210e
[INFO] [stdout]                                at /opt/rustwide/cargo-home/registry/src/github.com-1ecc6299db9ec823/tokio-1.4.0/src/coop.rs:76:5
[INFO] [stdout]   34:     0x5582bb98f5e7 - tokio::runtime::basic_scheduler::Inner<P>::block_on::{{closure}}::h38aba0b43c6b139c
[INFO] [stdout]                                at /opt/rustwide/cargo-home/registry/src/github.com-1ecc6299db9ec823/tokio-1.4.0/src/runtime/basic_scheduler.rs:196:39
[INFO] [stdout]   35:     0x5582bb998c61 - tokio::runtime::basic_scheduler::enter::{{closure}}::h3e4c0114dabbaf4e
[INFO] [stdout]                                at /opt/rustwide/cargo-home/registry/src/github.com-1ecc6299db9ec823/tokio-1.4.0/src/runtime/basic_scheduler.rs:279:29
[INFO] [stdout]   36:     0x5582bb9fd7a9 - tokio::macros::scoped_tls::ScopedKey<T>::set::h5aa225aad67b8100
[INFO] [stdout]                                at /opt/rustwide/cargo-home/registry/src/github.com-1ecc6299db9ec823/tokio-1.4.0/src/macros/scoped_tls.rs:61:9
[INFO] [stdout]   37:     0x5582bb998b12 - tokio::runtime::basic_scheduler::enter::hfb0108214ac6c650
[INFO] [stdout]                                at /opt/rustwide/cargo-home/registry/src/github.com-1ecc6299db9ec823/tokio-1.4.0/src/runtime/basic_scheduler.rs:279:5
[INFO] [stdout]   38:     0x5582bb98e99d - tokio::runtime::basic_scheduler::Inner<P>::block_on::he80f4ef9c6fa7a1a
[INFO] [stdout]                                at /opt/rustwide/cargo-home/registry/src/github.com-1ecc6299db9ec823/tokio-1.4.0/src/runtime/basic_scheduler.rs:185:9
[INFO] [stdout]   39:     0x5582bb993af4 - tokio::runtime::basic_scheduler::InnerGuard<P>::block_on::h432b4049cd7a7fe0
[INFO] [stdout]                                at /opt/rustwide/cargo-home/registry/src/github.com-1ecc6299db9ec823/tokio-1.4.0/src/runtime/basic_scheduler.rs:425:9
[INFO] [stdout]   40:     0x5582bb9942e8 - tokio::runtime::basic_scheduler::BasicScheduler<P>::block_on::h450f3b1ce6b60783
[INFO] [stdout]                                at /opt/rustwide/cargo-home/registry/src/github.com-1ecc6299db9ec823/tokio-1.4.0/src/runtime/basic_scheduler.rs:145:24
[INFO] [stdout]   41:     0x5582bba8e563 - tokio::runtime::Runtime::block_on::h73eb0c772520b782
[INFO] [stdout]                                at /opt/rustwide/cargo-home/registry/src/github.com-1ecc6299db9ec823/tokio-1.4.0/src/runtime/mod.rs:450:46
[INFO] [stdout]   42:     0x5582bb95ca33 - waterfall::tests::flipper::default_constructor::h8d520b7105691128
[INFO] [stdout]                                at /opt/rustwide/workdir/src/tests/flipper.rs:61:1
[INFO] [stdout]   43:     0x5582bb95c94e - waterfall::tests::flipper::default_constructor::{{closure}}::h02d4fd3ec25bd425
[INFO] [stdout]                                at /opt/rustwide/workdir/src/tests/flipper.rs:61:1
[INFO] [stdout]   44:     0x5582bba288ee - core::ops::function::FnOnce::call_once::h41db604f803afc91
[INFO] [stdout]                                at /rustc/a178d0322ce20e33eac124758e837cbd80a6f633/library/core/src/ops/function.rs:227:5
[INFO] [stdout]   45:     0x5582bbb39cc3 - core::ops::function::FnOnce::call_once::h152e7e439ff59e19
[INFO] [stdout]                                at /rustc/a178d0322ce20e33eac124758e837cbd80a6f633/library/core/src/ops/function.rs:227:5
[INFO] [stdout]   46:     0x5582bbb39cc3 - test::__rust_begin_short_backtrace::h0908f3b1fdbb72ab
[INFO] [stdout]                                at /rustc/a178d0322ce20e33eac124758e837cbd80a6f633/library/test/src/lib.rs:577:5
[INFO] [stdout]   47:     0x5582bbb38780 - <alloc::boxed::Box<F,A> as core::ops::function::FnOnce<Args>>::call_once::hf6d2a51e5587546c
[INFO] [stdout]                                at /rustc/a178d0322ce20e33eac124758e837cbd80a6f633/library/alloc/src/boxed.rs:1575:9
[INFO] [stdout]   48:     0x5582bbb38780 - <std::panic::AssertUnwindSafe<F> as core::ops::function::FnOnce<()>>::call_once::h8af660f3a89ef593
[INFO] [stdout]                                at /rustc/a178d0322ce20e33eac124758e837cbd80a6f633/library/std/src/panic.rs:347:9
[INFO] [stdout]   49:     0x5582bbb38780 - std::panicking::try::do_call::hd36aef60f84b6d36
[INFO] [stdout]                                at /rustc/a178d0322ce20e33eac124758e837cbd80a6f633/library/std/src/panicking.rs:401:40
[INFO] [stdout]   50:     0x5582bbb38780 - std::panicking::try::h9932b4480e69817c
[INFO] [stdout]                                at /rustc/a178d0322ce20e33eac124758e837cbd80a6f633/library/std/src/panicking.rs:365:19
[INFO] [stdout]   51:     0x5582bbb38780 - std::panic::catch_unwind::h6aa177099cfff5f8
[INFO] [stdout]                                at /rustc/a178d0322ce20e33eac124758e837cbd80a6f633/library/std/src/panic.rs:434:14
[INFO] [stdout]   52:     0x5582bbb38780 - test::run_test_in_process::h5884d6f2d99e20c3
[INFO] [stdout]                                at /rustc/a178d0322ce20e33eac124758e837cbd80a6f633/library/test/src/lib.rs:600:18
[INFO] [stdout]   53:     0x5582bbb38780 - test::run_test::run_test_inner::{{closure}}::h6fdc58c6d5f5b6e3
[INFO] [stdout]                                at /rustc/a178d0322ce20e33eac124758e837cbd80a6f633/library/test/src/lib.rs:492:39
[INFO] [stdout]   54:     0x5582bbb11e32 - test::run_test::run_test_inner::{{closure}}::h408365d67a78ade8
[INFO] [stdout]                                at /rustc/a178d0322ce20e33eac124758e837cbd80a6f633/library/test/src/lib.rs:519:37
[INFO] [stdout]   55:     0x5582bbb11e32 - std::sys_common::backtrace::__rust_begin_short_backtrace::hb560b77c4f701523
[INFO] [stdout]                                at /rustc/a178d0322ce20e33eac124758e837cbd80a6f633/library/std/src/sys_common/backtrace.rs:125:18
[INFO] [stdout]   56:     0x5582bbb159e8 - std::thread::Builder::spawn_unchecked::{{closure}}::{{closure}}::hf2e7831dad93c597
[INFO] [stdout]                                at /rustc/a178d0322ce20e33eac124758e837cbd80a6f633/library/std/src/thread/mod.rs:481:17
[INFO] [stdout]   57:     0x5582bbb159e8 - <std::panic::AssertUnwindSafe<F> as core::ops::function::FnOnce<()>>::call_once::hd2e08783d8be4d02
[INFO] [stdout]                                at /rustc/a178d0322ce20e33eac124758e837cbd80a6f633/library/std/src/panic.rs:347:9
[INFO] [stdout]   58:     0x5582bbb159e8 - std::panicking::try::do_call::h062597b7acfd6b82
[INFO] [stdout]                                at /rustc/a178d0322ce20e33eac124758e837cbd80a6f633/library/std/src/panicking.rs:401:40
[INFO] [stdout]   59:     0x5582bbb159e8 - std::panicking::try::h0d7b79db04c14552
[INFO] [stdout]                                at /rustc/a178d0322ce20e33eac124758e837cbd80a6f633/library/std/src/panicking.rs:365:19
[INFO] [stdout]   60:     0x5582bbb159e8 - std::panic::catch_unwind::hb01a0b5e7c8cd43b
[INFO] [stdout]                                at /rustc/a178d0322ce20e33eac124758e837cbd80a6f633/library/std/src/panic.rs:434:14
[INFO] [stdout]   61:     0x5582bbb159e8 - std::thread::Builder::spawn_unchecked::{{closure}}::h5bde48cc887e0d1e
[INFO] [stdout]                                at /rustc/a178d0322ce20e33eac124758e837cbd80a6f633/library/std/src/thread/mod.rs:480:30
[INFO] [stdout]   62:     0x5582bbb159e8 - core::ops::function::FnOnce::call_once{{vtable.shim}}::h745ea30807a29e55
[INFO] [stdout]                                at /rustc/a178d0322ce20e33eac124758e837cbd80a6f633/library/core/src/ops/function.rs:227:5
[INFO] [stdout]   63:     0x5582bc065747 - <alloc::boxed::Box<F,A> as core::ops::function::FnOnce<Args>>::call_once::h7ece6cfefaff1005
[INFO] [stdout]                                at /rustc/a178d0322ce20e33eac124758e837cbd80a6f633/library/alloc/src/boxed.rs:1575:9
[INFO] [stdout]   64:     0x5582bc065747 - <alloc::boxed::Box<F,A> as core::ops::function::FnOnce<Args>>::call_once::hb8b48e55c21f193e
[INFO] [stdout]                                at /rustc/a178d0322ce20e33eac124758e837cbd80a6f633/library/alloc/src/boxed.rs:1575:9
[INFO] [stdout]   65:     0x5582bc065747 - std::sys::unix::thread::Thread::new::thread_start::h8c7c4450dba62914
[INFO] [stdout]                                at /rustc/a178d0322ce20e33eac124758e837cbd80a6f633/library/std/src/sys/unix/thread.rs:71:17
[INFO] [stdout]   66:     0x7fee1688f609 - start_thread
[INFO] [stdout]   67:     0x7fee1665f293 - clone
[INFO] [stdout]   68:                0x0 - <unknown>
[INFO] [stdout] 
[INFO] [stdout] ---- tests::erc20::erc20 stdout ----
[INFO] [stdout] thread 'tests::erc20::erc20' panicked at 'ERROR: The canvas node is not running!', src/utils/canvas_ui.rs:934:5
[INFO] [stdout] stack backtrace:
[INFO] [stdout]    0:     0x5582bc05d010 - std::backtrace_rs::backtrace::libunwind::trace::h34055254b57d8e79
[INFO] [stdout]                                at /rustc/a178d0322ce20e33eac124758e837cbd80a6f633/library/std/src/../../backtrace/src/backtrace/libunwind.rs:90:5
[INFO] [stdout]    1:     0x5582bc05d010 - std::backtrace_rs::backtrace::trace_unsynchronized::h8f1e3fbd9afff6ec
[INFO] [stdout]                                at /rustc/a178d0322ce20e33eac124758e837cbd80a6f633/library/std/src/../../backtrace/src/backtrace/mod.rs:66:5
[INFO] [stdout]    2:     0x5582bc05d010 - std::sys_common::backtrace::_print_fmt::h3a99a796b770c360
[INFO] [stdout]                                at /rustc/a178d0322ce20e33eac124758e837cbd80a6f633/library/std/src/sys_common/backtrace.rs:67:5
[INFO] [stdout]    3:     0x5582bc05d010 - <std::sys_common::backtrace::_print::DisplayBacktrace as core::fmt::Display>::fmt::h32d1f94a80615d18
[INFO] [stdout]                                at /rustc/a178d0322ce20e33eac124758e837cbd80a6f633/library/std/src/sys_common/backtrace.rs:46:22
[INFO] [stdout]    4:     0x5582bc081c3c - core::fmt::write::h306731c068f7162c
[INFO] [stdout]                                at /rustc/a178d0322ce20e33eac124758e837cbd80a6f633/library/core/src/fmt/mod.rs:1110:17
[INFO] [stdout]    5:     0x5582bc056715 - std::io::Write::write_fmt::h87f19b0a2cd190bc
[INFO] [stdout]                                at /rustc/a178d0322ce20e33eac124758e837cbd80a6f633/library/std/src/io/mod.rs:1588:15
[INFO] [stdout]    6:     0x5582bc05f3fb - std::sys_common::backtrace::_print::h5abaa2601a852287
[INFO] [stdout]                                at /rustc/a178d0322ce20e33eac124758e837cbd80a6f633/library/std/src/sys_common/backtrace.rs:49:5
[INFO] [stdout]    7:     0x5582bc05f3fb - std::sys_common::backtrace::print::h8d81445442bb638f
[INFO] [stdout]                                at /rustc/a178d0322ce20e33eac124758e837cbd80a6f633/library/std/src/sys_common/backtrace.rs:36:9
[INFO] [stdout]    8:     0x5582bc05f3fb - std::panicking::default_hook::{{closure}}::hcfe804496a9fa747
[INFO] [stdout]                                at /rustc/a178d0322ce20e33eac124758e837cbd80a6f633/library/std/src/panicking.rs:208:50
[INFO] [stdout]    9:     0x5582bc05ef0c - std::panicking::default_hook::hbea8e3ccf2ba8901
[INFO] [stdout]                                at /rustc/a178d0322ce20e33eac124758e837cbd80a6f633/library/std/src/panicking.rs:222:9
[INFO] [stdout]   10:     0x5582bb942a23 - <alloc::boxed::Box<F,A> as core::ops::function::Fn<Args>>::call::hd13c49d8dcb7305e
[INFO] [stdout]                                at /rustc/a178d0322ce20e33eac124758e837cbd80a6f633/library/alloc/src/boxed.rs:1589:9
[INFO] [stdout]   11:     0x5582bba24c5b - waterfall::tests::delegator::delegator_works::{{closure}}::{{closure}}::hb37eedbed6e4706a
[INFO] [stdout]                                at /opt/rustwide/workdir/src/tests/delegator.rs:31:1
[INFO] [stdout]   12:     0x5582bb942a23 - <alloc::boxed::Box<F,A> as core::ops::function::Fn<Args>>::call::hd13c49d8dcb7305e
[INFO] [stdout]                                at /rustc/a178d0322ce20e33eac124758e837cbd80a6f633/library/alloc/src/boxed.rs:1589:9
[INFO] [stdout]   13:     0x5582bb94597b - waterfall::tests::erc20::erc20::{{closure}}::{{closure}}::h06642ff4655c8806
[INFO] [stdout]                                at /opt/rustwide/workdir/src/tests/erc20.rs:30:1
[INFO] [stdout]   14:     0x5582bb942a23 - <alloc::boxed::Box<F,A> as core::ops::function::Fn<Args>>::call::hd13c49d8dcb7305e
[INFO] [stdout]                                at /rustc/a178d0322ce20e33eac124758e837cbd80a6f633/library/alloc/src/boxed.rs:1589:9
[INFO] [stdout]   15:     0x5582bba92b8b - waterfall::tests::contract_terminate::contract_terminate_works::{{closure}}::{{closure}}::hb5126dc5ad9a3c1e
[INFO] [stdout]                                at /opt/rustwide/workdir/src/tests/contract_terminate.rs:31:1
[INFO] [stdout]   16:     0x5582bc05fae9 - std::panicking::rust_panic_with_hook::h7ee9e1a2d0f8975a
[INFO] [stdout]                                at /rustc/a178d0322ce20e33eac124758e837cbd80a6f633/library/std/src/panicking.rs:626:17
[INFO] [stdout]   17:     0x5582bbc66233 - std::panicking::begin_panic::{{closure}}::h983437847536bc9f
[INFO] [stdout]                                at /rustc/a178d0322ce20e33eac124758e837cbd80a6f633/library/std/src/panicking.rs:542:9
[INFO] [stdout]   18:     0x5582bbc80209 - std::sys_common::backtrace::__rust_end_short_backtrace::h27cc55ee3adceb15
[INFO] [stdout]                                at /rustc/a178d0322ce20e33eac124758e837cbd80a6f633/library/std/src/sys_common/backtrace.rs:141:18
[INFO] [stdout]   19:     0x5582bbc66169 - std::panicking::begin_panic::ha0e81e39e7456ccb
[INFO] [stdout]                                at /rustc/a178d0322ce20e33eac124758e837cbd80a6f633/library/std/src/panicking.rs:541:12
[INFO] [stdout]   20:     0x5582bb9c435c - waterfall::utils::canvas_ui::assert_canvas_node_running::hef5347cce7584da2
[INFO] [stdout]                                at /opt/rustwide/workdir/src/utils/canvas_ui.rs:934:5
[INFO] [stdout]   21:     0x5582bb99bce5 - waterfall::utils::canvas_ui::CanvasUi::new::{{closure}}::h52f566a4b85cc52a
[INFO] [stdout]                                at /opt/rustwide/workdir/src/utils/canvas_ui.rs:44:9
[INFO] [stdout]   22:     0x5582bb9dff01 - <core::future::from_generator::GenFuture<T> as core::future::future::Future>::poll::h65920846d016fdd2
[INFO] [stdout]                                at /rustc/a178d0322ce20e33eac124758e837cbd80a6f633/library/core/src/future/mod.rs:80:19
[INFO] [stdout]   23:     0x5582bb946111 - waterfall::tests::erc20::erc20::{{closure}}::h3f6d72feeb2afd28
[INFO] [stdout]                                at /opt/rustwide/workdir/src/tests/erc20.rs:30:1
[INFO] [stdout]   24:     0x5582bb9e021a - <core::future::from_generator::GenFuture<T> as core::future::future::Future>::poll::h7d2098393016e132
[INFO] [stdout]                                at /rustc/a178d0322ce20e33eac124758e837cbd80a6f633/library/core/src/future/mod.rs:80:19
[INFO] [stdout]   25:     0x5582bb9dbc2c - <core::pin::Pin<P> as core::future::future::Future>::poll::h4e4b5297b4169157
[INFO] [stdout]                                at /rustc/a178d0322ce20e33eac124758e837cbd80a6f633/library/core/src/future/future.rs:119:9
[INFO] [stdout]   26:     0x5582bb9937ec - tokio::runtime::basic_scheduler::Inner<P>::block_on::{{closure}}::{{closure}}::ha039873337c8c0b0
[INFO] [stdout]                                at /opt/rustwide/cargo-home/registry/src/github.com-1ecc6299db9ec823/tokio-1.4.0/src/runtime/basic_scheduler.rs:196:62
[INFO] [stdout]   27:     0x5582bb954d39 - tokio::coop::with_budget::{{closure}}::hba84172d1a7dc8dc
[INFO] [stdout]                                at /opt/rustwide/cargo-home/registry/src/github.com-1ecc6299db9ec823/tokio-1.4.0/src/coop.rs:106:9
[INFO] [stdout]   28:     0x5582bb913475 - std::thread::local::LocalKey<T>::try_with::heb8fd2283dd2c919
[INFO] [stdout]                                at /rustc/a178d0322ce20e33eac124758e837cbd80a6f633/library/std/src/thread/local.rs:400:16
[INFO] [stdout]   29:     0x5582bb91017b - std::thread::local::LocalKey<T>::with::hdf3a8d85649eb23d
[INFO] [stdout]                                at /rustc/a178d0322ce20e33eac124758e837cbd80a6f633/library/std/src/thread/local.rs:376:9
[INFO] [stdout]   30:     0x5582bb9918e7 - tokio::coop::with_budget::h55b0e7ffb6f8a639
[INFO] [stdout]                                at /opt/rustwide/cargo-home/registry/src/github.com-1ecc6299db9ec823/tokio-1.4.0/src/coop.rs:99:5
[INFO] [stdout]   31:     0x5582bb9918e7 - tokio::coop::budget::hc9d4c24a8116afa3
[INFO] [stdout]                                at /opt/rustwide/cargo-home/registry/src/github.com-1ecc6299db9ec823/tokio-1.4.0/src/coop.rs:76:5
[INFO] [stdout]   32:     0x5582bb9918e7 - tokio::runtime::basic_scheduler::Inner<P>::block_on::{{closure}}::h926e207e4df37e08
[INFO] [stdout]                                at /opt/rustwide/cargo-home/registry/src/github.com-1ecc6299db9ec823/tokio-1.4.0/src/runtime/basic_scheduler.rs:196:39
[INFO] [stdout]   33:     0x5582bb998d51 - tokio::runtime::basic_scheduler::enter::{{closure}}::ha8580fdb175d98a8
[INFO] [stdout]                                at /opt/rustwide/cargo-home/registry/src/github.com-1ecc6299db9ec823/tokio-1.4.0/src/runtime/basic_scheduler.rs:279:29
[INFO] [stdout]   34:     0x5582bb9fdb69 - tokio::macros::scoped_tls::ScopedKey<T>::set::h96fcb85eb40b8483
[INFO] [stdout]                                at /opt/rustwide/cargo-home/registry/src/github.com-1ecc6299db9ec823/tokio-1.4.0/src/macros/scoped_tls.rs:61:9
[INFO] [stdout]   35:     0x5582bb997552 - tokio::runtime::basic_scheduler::enter::h21be159616fb5466
[INFO] [stdout]                                at /opt/rustwide/cargo-home/registry/src/github.com-1ecc6299db9ec823/tokio-1.4.0/src/runtime/basic_scheduler.rs:279:5
[INFO] [stdout]   36:     0x5582bb98e91d - tokio::runtime::basic_scheduler::Inner<P>::block_on::hb3649f6c4bfcd1d5
[INFO] [stdout]                                at /opt/rustwide/cargo-home/registry/src/github.com-1ecc6299db9ec823/tokio-1.4.0/src/runtime/basic_scheduler.rs:185:9
[INFO] [stdout]   37:     0x5582bb993ba4 - tokio::runtime::basic_scheduler::InnerGuard<P>::block_on::h562f982581c275b0
[INFO] [stdout]                                at /opt/rustwide/cargo-home/registry/src/github.com-1ecc6299db9ec823/tokio-1.4.0/src/runtime/basic_scheduler.rs:425:9
[INFO] [stdout]   38:     0x5582bb9946f8 - tokio::runtime::basic_scheduler::BasicScheduler<P>::block_on::h51739ee6ad9b826b
[INFO] [stdout]                                at /opt/rustwide/cargo-home/registry/src/github.com-1ecc6299db9ec823/tokio-1.4.0/src/runtime/basic_scheduler.rs:145:24
[INFO] [stdout]   39:     0x5582bba8e743 - tokio::runtime::Runtime::block_on::hd580f70bd7889abc
[INFO] [stdout]                                at /opt/rustwide/cargo-home/registry/src/github.com-1ecc6299db9ec823/tokio-1.4.0/src/runtime/mod.rs:450:46
[INFO] [stdout]   40:     0x5582bb9458c3 - waterfall::tests::erc20::erc20::h437046c57d84931e
[INFO] [stdout]                                at /opt/rustwide/workdir/src/tests/erc20.rs:30:1
[INFO] [stdout]   41:     0x5582bb9457de - waterfall::tests::erc20::erc20::{{closure}}::h08623774eac0815a
[INFO] [stdout]                                at /opt/rustwide/workdir/src/tests/erc20.rs:30:1
[INFO] [stdout]   42:     0x5582bba287fe - core::ops::function::FnOnce::call_once::h2649b4fb5a0d8a1b
[INFO] [stdout]                                at /rustc/a178d0322ce20e33eac124758e837cbd80a6f633/library/core/src/ops/function.rs:227:5
[INFO] [stdout]   43:     0x5582bbb39cc3 - core::ops::function::FnOnce::call_once::h152e7e439ff59e19
[INFO] [stdout]                                at /rustc/a178d0322ce20e33eac124758e837cbd80a6f633/library/core/src/ops/function.rs:227:5
[INFO] [stdout]   44:     0x5582bbb39cc3 - test::__rust_begin_short_backtrace::h0908f3b1fdbb72ab
[INFO] [stdout]                                at /rustc/a178d0322ce20e33eac124758e837cbd80a6f633/library/test/src/lib.rs:577:5
[INFO] [stdout]   45:     0x5582bbb38780 - <alloc::boxed::Box<F,A> as core::ops::function::FnOnce<Args>>::call_once::hf6d2a51e5587546c
[INFO] [stdout]                                at /rustc/a178d0322ce20e33eac124758e837cbd80a6f633/library/alloc/src/boxed.rs:1575:9
[INFO] [stdout]   46:     0x5582bbb38780 - <std::panic::AssertUnwindSafe<F> as core::ops::function::FnOnce<()>>::call_once::h8af660f3a89ef593
[INFO] [stdout]                                at /rustc/a178d0322ce20e33eac124758e837cbd80a6f633/library/std/src/panic.rs:347:9
[INFO] [stdout]   47:     0x5582bbb38780 - std::panicking::try::do_call::hd36aef60f84b6d36
[INFO] [stdout]                                at /rustc/a178d0322ce20e33eac124758e837cbd80a6f633/library/std/src/panicking.rs:401:40
[INFO] [stdout]   48:     0x5582bbb38780 - std::panicking::try::h9932b4480e69817c
[INFO] [stdout]                                at /rustc/a178d0322ce20e33eac124758e837cbd80a6f633/library/std/src/panicking.rs:365:19
[INFO] [stdout]   49:     0x5582bbb38780 - std::panic::catch_unwind::h6aa177099cfff5f8
[INFO] [stdout]                                at /rustc/a178d0322ce20e33eac124758e837cbd80a6f633/library/std/src/panic.rs:434:14
[INFO] [stdout]   50:     0x5582bbb38780 - test::run_test_in_process::h5884d6f2d99e20c3
[INFO] [stdout]                                at /rustc/a178d0322ce20e33eac124758e837cbd80a6f633/library/test/src/lib.rs:600:18
[INFO] [stdout]   51:     0x5582bbb38780 - test::run_test::run_test_inner::{{closure}}::h6fdc58c6d5f5b6e3
[INFO] [stdout]                                at /rustc/a178d0322ce20e33eac124758e837cbd80a6f633/library/test/src/lib.rs:492:39
[INFO] [stdout]   52:     0x5582bbb11e32 - test::run_test::run_test_inner::{{closure}}::h408365d67a78ade8
[INFO] [stdout]                                at /rustc/a178d0322ce20e33eac124758e837cbd80a6f633/library/test/src/lib.rs:519:37
[INFO] [stdout]   53:     0x5582bbb11e32 - std::sys_common::backtrace::__rust_begin_short_backtrace::hb560b77c4f701523
[INFO] [stdout]                                at /rustc/a178d0322ce20e33eac124758e837cbd80a6f633/library/std/src/sys_common/backtrace.rs:125:18
[INFO] [stdout]   54:     0x5582bbb159e8 - std::thread::Builder::spawn_unchecked::{{closure}}::{{closure}}::hf2e7831dad93c597
[INFO] [stdout]                                at /rustc/a178d0322ce20e33eac124758e837cbd80a6f633/library/std/src/thread/mod.rs:481:17
[INFO] [stdout]   55:     0x5582bbb159e8 - <std::panic::AssertUnwindSafe<F> as core::ops::function::FnOnce<()>>::call_once::hd2e08783d8be4d02
[INFO] [stdout]                                at /rustc/a178d0322ce20e33eac124758e837cbd80a6f633/library/std/src/panic.rs:347:9
[INFO] [stdout]   56:     0x5582bbb159e8 - std::panicking::try::do_call::h062597b7acfd6b82
[INFO] [stdout]                                at /rustc/a178d0322ce20e33eac124758e837cbd80a6f633/library/std/src/panicking.rs:401:40
[INFO] [stdout]   57:     0x5582bbb159e8 - std::panicking::try::h0d7b79db04c14552
[INFO] [stdout]                                at /rustc/a178d0322ce20e33eac124758e837cbd80a6f633/library/std/src/panicking.rs:365:19
[INFO] [stdout]   58:     0x5582bbb159e8 - std::panic::catch_unwind::hb01a0b5e7c8cd43b
[INFO] [stdout]                                at /rustc/a178d0322ce20e33eac124758e837cbd80a6f633/library/std/src/panic.rs:434:14
[INFO] [stdout]   59:     0x5582bbb159e8 - std::thread::Builder::spawn_unchecked::{{closure}}::h5bde48cc887e0d1e
[INFO] [stdout]                                at /rustc/a178d0322ce20e33eac124758e837cbd80a6f633/library/std/src/thread/mod.rs:480:30
[INFO] [stdout]   60:     0x5582bbb159e8 - core::ops::function::FnOnce::call_once{{vtable.shim}}::h745ea30807a29e55
[INFO] [stdout]                                at /rustc/a178d0322ce20e33eac124758e837cbd80a6f633/library/core/src/ops/function.rs:227:5
[INFO] [stdout]   61:     0x5582bc065747 - <alloc::boxed::Box<F,A> as core::ops::function::FnOnce<Args>>::call_once::h7ece6cfefaff1005
[INFO] [stdout]                                at /rustc/a178d0322ce20e33eac124758e837cbd80a6f633/library/alloc/src/boxed.rs:1575:9
[INFO] [stdout]   62:     0x5582bc065747 - <alloc::boxed::Box<F,A> as core::ops::function::FnOnce<Args>>::call_once::hb8b48e55c21f193e
[INFO] [stdout]                                at /rustc/a178d0322ce20e33eac124758e837cbd80a6f633/library/alloc/src/boxed.rs:1575:9
[INFO] [stdout]   63:     0x5582bc065747 - std::sys::unix::thread::Thread::new::thread_start::h8c7c4450dba62914
[INFO] [stdout]                                at /rustc/a178d0322ce20e33eac124758e837cbd80a6f633/library/std/src/sys/unix/thread.rs:71:17
[INFO] [stdout]   64:     0x7fee1688f609 - start_thread
[INFO] [stdout]   65:     0x7fee1665f293 - clone
[INFO] [stdout]   66:                0x0 - <unknown>
[INFO] [stdout] 
[INFO] [stdout] ---- tests::flipper::flipper_works stdout ----
[INFO] [stdout] thread 'tests::flipper::flipper_works' panicked at 'ERROR: The canvas node is not running!', src/utils/canvas_ui.rs:934:5
[INFO] [stdout] stack backtrace:
[INFO] [stdout]    0:     0x5582bc05d010 - std::backtrace_rs::backtrace::libunwind::trace::h34055254b57d8e79
[INFO] [stdout]                                at /rustc/a178d0322ce20e33eac124758e837cbd80a6f633/library/std/src/../../backtrace/src/backtrace/libunwind.rs:90:5
[INFO] [stdout]    1:     0x5582bc05d010 - std::backtrace_rs::backtrace::trace_unsynchronized::h8f1e3fbd9afff6ec
[INFO] [stdout]                                at /rustc/a178d0322ce20e33eac124758e837cbd80a6f633/library/std/src/../../backtrace/src/backtrace/mod.rs:66:5
[INFO] [stdout]    2:     0x5582bc05d010 - std::sys_common::backtrace::_print_fmt::h3a99a796b770c360
[INFO] [stdout]                                at /rustc/a178d0322ce20e33eac124758e837cbd80a6f633/library/std/src/sys_common/backtrace.rs:67:5
[INFO] [stdout]    3:     0x5582bc05d010 - <std::sys_common::backtrace::_print::DisplayBacktrace as core::fmt::Display>::fmt::h32d1f94a80615d18
[INFO] [stdout]                                at /rustc/a178d0322ce20e33eac124758e837cbd80a6f633/library/std/src/sys_common/backtrace.rs:46:22
[INFO] [stdout]    4:     0x5582bc081c3c - core::fmt::write::h306731c068f7162c
[INFO] [stdout]                                at /rustc/a178d0322ce20e33eac124758e837cbd80a6f633/library/core/src/fmt/mod.rs:1110:17
[INFO] [stdout]    5:     0x5582bc056715 - std::io::Write::write_fmt::h87f19b0a2cd190bc
[INFO] [stdout]                                at /rustc/a178d0322ce20e33eac124758e837cbd80a6f633/library/std/src/io/mod.rs:1588:15
[INFO] [stdout]    6:     0x5582bc05f3fb - std::sys_common::backtrace::_print::h5abaa2601a852287
[INFO] [stdout]                                at /rustc/a178d0322ce20e33eac124758e837cbd80a6f633/library/std/src/sys_common/backtrace.rs:49:5
[INFO] [stdout]    7:     0x5582bc05f3fb - std::sys_common::backtrace::print::h8d81445442bb638f
[INFO] [stdout]                                at /rustc/a178d0322ce20e33eac124758e837cbd80a6f633/library/std/src/sys_common/backtrace.rs:36:9
[INFO] [stdout]    8:     0x5582bc05f3fb - std::panicking::default_hook::{{closure}}::hcfe804496a9fa747
[INFO] [stdout]                                at /rustc/a178d0322ce20e33eac124758e837cbd80a6f633/library/std/src/panicking.rs:208:50
[INFO] [stdout]    9:     0x5582bc05ef0c - std::panicking::default_hook::hbea8e3ccf2ba8901
[INFO] [stdout]                                at /rustc/a178d0322ce20e33eac124758e837cbd80a6f633/library/std/src/panicking.rs:222:9
[INFO] [stdout]   10:     0x5582bb942a23 - <alloc::boxed::Box<F,A> as core::ops::function::Fn<Args>>::call::hd13c49d8dcb7305e
[INFO] [stdout]                                at /rustc/a178d0322ce20e33eac124758e837cbd80a6f633/library/alloc/src/boxed.rs:1589:9
[INFO] [stdout]   11:     0x5582bba24c5b - waterfall::tests::delegator::delegator_works::{{closure}}::{{closure}}::hb37eedbed6e4706a
[INFO] [stdout]                                at /opt/rustwide/workdir/src/tests/delegator.rs:31:1
[INFO] [stdout]   12:     0x5582bb942a23 - <alloc::boxed::Box<F,A> as core::ops::function::Fn<Args>>::call::hd13c49d8dcb7305e
[INFO] [stdout]                                at /rustc/a178d0322ce20e33eac124758e837cbd80a6f633/library/alloc/src/boxed.rs:1589:9
[INFO] [stdout]   13:     0x5582bb94597b - waterfall::tests::erc20::erc20::{{closure}}::{{closure}}::h06642ff4655c8806
[INFO] [stdout]                                at /opt/rustwide/workdir/src/tests/erc20.rs:30:1
[INFO] [stdout]   14:     0x5582bb942a23 - <alloc::boxed::Box<F,A> as core::ops::function::Fn<Args>>::call::hd13c49d8dcb7305e
[INFO] [stdout]                                at /rustc/a178d0322ce20e33eac124758e837cbd80a6f633/library/alloc/src/boxed.rs:1589:9
[INFO] [stdout]   15:     0x5582bba92b8b - waterfall::tests::contract_terminate::contract_terminate_works::{{closure}}::{{closure}}::hb5126dc5ad9a3c1e
[INFO] [stdout]                                at /opt/rustwide/workdir/src/tests/contract_terminate.rs:31:1
[INFO] [stdout]   16:     0x5582bb942a23 - <alloc::boxed::Box<F,A> as core::ops::function::Fn<Args>>::call::hd13c49d8dcb7305e
[INFO] [stdout]                                at /rustc/a178d0322ce20e33eac124758e837cbd80a6f633/library/alloc/src/boxed.rs:1589:9
[INFO] [stdout]   17:     0x5582bb95caeb - waterfall::tests::flipper::default_constructor::{{closure}}::{{closure}}::hb224767dd0e62368
[INFO] [stdout]                                at /opt/rustwide/workdir/src/tests/flipper.rs:61:1
[INFO] [stdout]   18:     0x5582bb942a23 - <alloc::boxed::Box<F,A> as core::ops::function::Fn<Args>>::call::hd13c49d8dcb7305e
[INFO] [stdout]                                at /rustc/a178d0322ce20e33eac124758e837cbd80a6f633/library/alloc/src/boxed.rs:1589:9
[INFO] [stdout]   19:     0x5582bb95b10b - waterfall::tests::flipper::flipper_works::{{closure}}::{{closure}}::hd96460920381366c
[INFO] [stdout]                                at /opt/rustwide/workdir/src/tests/flipper.rs:30:1
[INFO] [stdout]   20:     0x5582bc05fae9 - std::panicking::rust_panic_with_hook::h7ee9e1a2d0f8975a
[INFO] [stdout]                                at /rustc/a178d0322ce20e33eac124758e837cbd80a6f633/library/std/src/panicking.rs:626:17
[INFO] [stdout]   21:     0x5582bbc66233 - std::panicking::begin_panic::{{closure}}::h983437847536bc9f
[INFO] [stdout]                                at /rustc/a178d0322ce20e33eac124758e837cbd80a6f633/library/std/src/panicking.rs:542:9
[INFO] [stdout]   22:     0x5582bbc80209 - std::sys_common::backtrace::__rust_end_short_backtrace::h27cc55ee3adceb15
[INFO] [stdout]                                at /rustc/a178d0322ce20e33eac124758e837cbd80a6f633/library/std/src/sys_common/backtrace.rs:141:18
[INFO] [stdout]   23:     0x5582bbc66169 - std::panicking::begin_panic::ha0e81e39e7456ccb
[INFO] [stdout]                                at /rustc/a178d0322ce20e33eac124758e837cbd80a6f633/library/std/src/panicking.rs:541:12
[INFO] [stdout]   24:     0x5582bb9c435c - waterfall::utils::canvas_ui::assert_canvas_node_running::hef5347cce7584da2
[INFO] [stdout]                                at /opt/rustwide/workdir/src/utils/canvas_ui.rs:934:5
[INFO] [stdout]   25:     0x5582bb99bce5 - waterfall::utils::canvas_ui::CanvasUi::new::{{closure}}::h52f566a4b85cc52a
[INFO] [stdout]                                at /opt/rustwide/workdir/src/utils/canvas_ui.rs:44:9
[INFO] [stdout]   26:     0x5582bb9dff01 - <core::future::from_generator::GenFuture<T> as core::future::future::Future>::poll::h65920846d016fdd2
[INFO] [stdout]                                at /rustc/a178d0322ce20e33eac124758e837cbd80a6f633/library/core/src/future/mod.rs:80:19
[INFO] [stdout]   27:     0x5582bb95b85b - waterfall::tests::flipper::flipper_works::{{closure}}::h83050f8322bd5ddb
[INFO] [stdout]                                at /opt/rustwide/workdir/src/tests/flipper.rs:30:1
[INFO] [stdout]   28:     0x5582bb9e124a - <core::future::from_generator::GenFuture<T> as core::future::future::Future>::poll::hb4ee6715c6adc8eb
[INFO] [stdout]                                at /rustc/a178d0322ce20e33eac124758e837cbd80a6f633/library/core/src/future/mod.rs:80:19
[INFO] [stdout]   29:     0x5582bb9dbe6c - <core::pin::Pin<P> as core::future::future::Future>::poll::h968d418463a0718d
[INFO] [stdout]                                at /rustc/a178d0322ce20e33eac124758e837cbd80a6f633/library/core/src/future/future.rs:119:9
[INFO] [stdout]   30:     0x5582bb993a6c - tokio::runtime::basic_scheduler::Inner<P>::block_on::{{closure}}::{{closure}}::hfd63189be3a4f084
[INFO] [stdout]                                at /opt/rustwide/cargo-home/registry/src/github.com-1ecc6299db9ec823/tokio-1.4.0/src/runtime/basic_scheduler.rs:196:62
[INFO] [stdout]   31:     0x5582bb954749 - tokio::coop::with_budget::{{closure}}::h97d621f712e21639
[INFO] [stdout]                                at /opt/rustwide/cargo-home/registry/src/github.com-1ecc6299db9ec823/tokio-1.4.0/src/coop.rs:106:9
[INFO] [stdout]   32:     0x5582bb9108f5 - std::thread::local::LocalKey<T>::try_with::h102ace4b96fa8ccb
[INFO] [stdout]                                at /rustc/a178d0322ce20e33eac124758e837cbd80a6f633/library/std/src/thread/local.rs:400:16
[INFO] [stdout]   33:     0x5582bb90f9db - std::thread::local::LocalKey<T>::with::h936308bfd13ab0e5
[INFO] [stdout]                                at /rustc/a178d0322ce20e33eac124758e837cbd80a6f633/library/std/src/thread/local.rs:376:9
[INFO] [stdout]   34:     0x5582bb990767 - tokio::coop::with_budget::h6fd87b82ddd68831
[INFO] [stdout]                                at /opt/rustwide/cargo-home/registry/src/github.com-1ecc6299db9ec823/tokio-1.4.0/src/coop.rs:99:5
[INFO] [stdout]   35:     0x5582bb990767 - tokio::coop::budget::h82a97b46499d95b0
[INFO] [stdout]                                at /opt/rustwide/cargo-home/registry/src/github.com-1ecc6299db9ec823/tokio-1.4.0/src/coop.rs:76:5
[INFO] [stdout]   36:     0x5582bb990767 - tokio::runtime::basic_scheduler::Inner<P>::block_on::{{closure}}::h7966c45fc9ad760e
[INFO] [stdout]                                at /opt/rustwide/cargo-home/registry/src/github.com-1ecc6299db9ec823/tokio-1.4.0/src/runtime/basic_scheduler.rs:196:39
[INFO] [stdout]   37:     0x5582bb998cb1 - tokio::runtime::basic_scheduler::enter::{{closure}}::h63f07656a0a6f513
[INFO] [stdout]                                at /opt/rustwide/cargo-home/registry/src/github.com-1ecc6299db9ec823/tokio-1.4.0/src/runtime/basic_scheduler.rs:279:29
[INFO] [stdout]   38:     0x5582bb9fdf29 - tokio::macros::scoped_tls::ScopedKey<T>::set::he7c6a9bd4a5434dc
[INFO] [stdout]                                at /opt/rustwide/cargo-home/registry/src/github.com-1ecc6299db9ec823/tokio-1.4.0/src/macros/scoped_tls.rs:61:9
[INFO] [stdout]   39:     0x5582bb997c92 - tokio::runtime::basic_scheduler::enter::h45178840628665ab
[INFO] [stdout]                                at /opt/rustwide/cargo-home/registry/src/github.com-1ecc6299db9ec823/tokio-1.4.0/src/runtime/basic_scheduler.rs:279:5
[INFO] [stdout]   40:     0x5582bb98e8dd - tokio::runtime::basic_scheduler::Inner<P>::block_on::h8546f54c90f49ed5
[INFO] [stdout]                                at /opt/rustwide/cargo-home/registry/src/github.com-1ecc6299db9ec823/tokio-1.4.0/src/runtime/basic_scheduler.rs:185:9
[INFO] [stdout]   41:     0x5582bb993fc4 - tokio::runtime::basic_scheduler::InnerGuard<P>::block_on::hfd7ef5e29e538486
[INFO] [stdout]                                at /opt/rustwide/cargo-home/registry/src/github.com-1ecc6299db9ec823/tokio-1.4.0/src/runtime/basic_scheduler.rs:425:9
[INFO] [stdout]   42:     0x5582bb995b48 - tokio::runtime::basic_scheduler::BasicScheduler<P>::block_on::hd2a69a62fb3c5dc3
[INFO] [stdout]                                at /opt/rustwide/cargo-home/registry/src/github.com-1ecc6299db9ec823/tokio-1.4.0/src/runtime/basic_scheduler.rs:145:24
[INFO] [stdout]   43:     0x5582bba8e383 - tokio::runtime::Runtime::block_on::h54637c941c39fdf4
[INFO] [stdout]                                at /opt/rustwide/cargo-home/registry/src/github.com-1ecc6299db9ec823/tokio-1.4.0/src/runtime/mod.rs:450:46
[INFO] [stdout]   44:     0x5582bb95b053 - waterfall::tests::flipper::flipper_works::he485fb00e37f0a51
[INFO] [stdout]                                at /opt/rustwide/workdir/src/tests/flipper.rs:30:1
[INFO] [stdout]   45:     0x5582bb95af6e - waterfall::tests::flipper::flipper_works::{{closure}}::h9afd987d37ebc284
[INFO] [stdout]                                at /opt/rustwide/workdir/src/tests/flipper.rs:30:1
[INFO] [stdout]   46:     0x5582bba28f4e - core::ops::function::FnOnce::call_once::h9cd844672c870918
[INFO] [stdout]                                at /rustc/a178d0322ce20e33eac124758e837cbd80a6f633/library/core/src/ops/function.rs:227:5
[INFO] [stdout]   47:     0x5582bbb39cc3 - core::ops::function::FnOnce::call_once::h152e7e439ff59e19
[INFO] [stdout]                                at /rustc/a178d0322ce20e33eac124758e837cbd80a6f633/library/core/src/ops/function.rs:227:5
[INFO] [stdout]   48:     0x5582bbb39cc3 - test::__rust_begin_short_backtrace::h0908f3b1fdbb72ab
[INFO] [stdout]                                at /rustc/a178d0322ce20e33eac124758e837cbd80a6f633/library/test/src/lib.rs:577:5
[INFO] [stdout]   49:     0x5582bbb38780 - <alloc::boxed::Box<F,A> as core::ops::function::FnOnce<Args>>::call_once::hf6d2a51e5587546c
[INFO] [stdout]                                at /rustc/a178d0322ce20e33eac124758e837cbd80a6f633/library/alloc/src/boxed.rs:1575:9
[INFO] [stdout]   50:     0x5582bbb38780 - <std::panic::AssertUnwindSafe<F> as core::ops::function::FnOnce<()>>::call_once::h8af660f3a89ef593
[INFO] [stdout]                                at /rustc/a178d0322ce20e33eac124758e837cbd80a6f633/library/std/src/panic.rs:347:9
[INFO] [stdout]   51:     0x5582bbb38780 - std::panicking::try::do_call::hd36aef60f84b6d36
[INFO] [stdout]                                at /rustc/a178d0322ce20e33eac124758e837cbd80a6f633/library/std/src/panicking.rs:401:40
[INFO] [stdout]   52:     0x5582bbb38780 - std::panicking::try::h9932b4480e69817c
[INFO] [stdout]                                at /rustc/a178d0322ce20e33eac124758e837cbd80a6f633/library/std/src/panicking.rs:365:19
[INFO] [stdout]   53:     0x5582bbb38780 - std::panic::catch_unwind::h6aa177099cfff5f8
[INFO] [stdout]                                at /rustc/a178d0322ce20e33eac124758e837cbd80a6f633/library/std/src/panic.rs:434:14
[INFO] [stdout]   54:     0x5582bbb38780 - test::run_test_in_process::h5884d6f2d99e20c3
[INFO] [stdout]                                at /rustc/a178d0322ce20e33eac124758e837cbd80a6f633/library/test/src/lib.rs:600:18
[INFO] [stdout]   55:     0x5582bbb38780 - test::run_test::run_test_inner::{{closure}}::h6fdc58c6d5f5b6e3
[INFO] [stdout]                                at /rustc/a178d0322ce20e33eac124758e837cbd80a6f633/library/test/src/lib.rs:492:39
[INFO] [stdout]   56:     0x5582bbb11e32 - test::run_test::run_test_inner::{{closure}}::h408365d67a78ade8
[INFO] [stdout]                                at /rustc/a178d0322ce20e33eac124758e837cbd80a6f633/library/test/src/lib.rs:519:37
[INFO] [stdout]   57:     0x5582bbb11e32 - std::sys_common::backtrace::__rust_begin_short_backtrace::hb560b77c4f701523
[INFO] [stdout]                                at /rustc/a178d0322ce20e33eac124758e837cbd80a6f633/library/std/src/sys_common/backtrace.rs:125:18
[INFO] [stdout]   58:     0x5582bbb159e8 - std::thread::Builder::spawn_unchecked::{{closure}}::{{closure}}::hf2e7831dad93c597
[INFO] [stdout]                                at /rustc/a178d0322ce20e33eac124758e837cbd80a6f633/library/std/src/thread/mod.rs:481:17
[INFO] [stdout]   59:     0x5582bbb159e8 - <std::panic::AssertUnwindSafe<F> as core::ops::function::FnOnce<()>>::call_once::hd2e08783d8be4d02
[INFO] [stdout]                                at /rustc/a178d0322ce20e33eac124758e837cbd80a6f633/library/std/src/panic.rs:347:9
[INFO] [stdout]   60:     0x5582bbb159e8 - std::panicking::try::do_call::h062597b7acfd6b82
[INFO] [stdout]                                at /rustc/a178d0322ce20e33eac124758e837cbd80a6f633/library/std/src/panicking.rs:401:40
[INFO] [stdout]   61:     0x5582bbb159e8 - std::panicking::try::h0d7b79db04c14552
[INFO] [stdout]                                at /rustc/a178d0322ce20e33eac124758e837cbd80a6f633/library/std/src/panicking.rs:365:19
[INFO] [stdout]   62:     0x5582bbb159e8 - std::panic::catch_unwind::hb01a0b5e7c8cd43b
[INFO] [stdout]                                at /rustc/a178d0322ce20e33eac124758e837cbd80a6f633/library/std/src/panic.rs:434:14
[INFO] [stdout]   63:     0x5582bbb159e8 - std::thread::Builder::spawn_unchecked::{{closure}}::h5bde48cc887e0d1e
[INFO] [stdout]                                at /rustc/a178d0322ce20e33eac124758e837cbd80a6f633/library/std/src/thread/mod.rs:480:30
[INFO] [stdout]   64:     0x5582bbb159e8 - core::ops::function::FnOnce::call_once{{vtable.shim}}::h745ea30807a29e55
[INFO] [stdout]                                at /rustc/a178d0322ce20e33eac124758e837cbd80a6f633/library/core/src/ops/function.rs:227:5
[INFO] [stdout]   65:     0x5582bc065747 - <alloc::boxed::Box<F,A> as core::ops::function::FnOnce<Args>>::call_once::h7ece6cfefaff1005
[INFO] [stdout]                                at /rustc/a178d0322ce20e33eac124758e837cbd80a6f633/library/alloc/src/boxed.rs:1575:9
[INFO] [stdout]   66:     0x5582bc065747 - <alloc::boxed::Box<F,A> as core::ops::function::FnOnce<Args>>::call_once::hb8b48e55c21f193e
[INFO] [stdout]                                at /rustc/a178d0322ce20e33eac124758e837cbd80a6f633/library/alloc/src/boxed.rs:1575:9
[INFO] [stdout]   67:     0x5582bc065747 - std::sys::unix::thread::Thread::new::thread_start::h8c7c4450dba62914
[INFO] [stdout]                                at /rustc/a178d0322ce20e33eac124758e837cbd80a6f633/library/std/src/sys/unix/thread.rs:71:17
[INFO] [stdout]   68:     0x7fee1688f609 - start_thread
[INFO] [stdout]   69:     0x7fee1665f293 - clone
[INFO] [stdout]   70:                0x0 - <unknown>
[INFO] [stdout] 
[INFO] [stdout] 
[INFO] [stdout] failures:
[INFO] [stdout]     tests::contract_terminate::contract_terminate_works
[INFO] [stdout]     tests::delegator::delegator_works
[INFO] [stdout]     tests::erc20::erc20
[INFO] [stdout]     tests::flipper::default_constructor
[INFO] [stdout]     tests::flipper::flipper_works
[INFO] [stdout] 
[INFO] [stdout] test result: FAILED. 0 passed; 5 failed; 3 ignored; 0 measured; 0 filtered out; finished in 0.14s
[INFO] [stdout] 
[INFO] running `Command { std: "docker" "inspect" "72ab4fbbd49dd37381747a11a8a7946085d7681fe27d3903919d13ae33219a62", kill_on_drop: false }`
[INFO] running `Command { std: "docker" "rm" "-f" "72ab4fbbd49dd37381747a11a8a7946085d7681fe27d3903919d13ae33219a62", kill_on_drop: false }`
[INFO] [stdout] 72ab4fbbd49dd37381747a11a8a7946085d7681fe27d3903919d13ae33219a62
