[INFO] cloning repository https://github.com/tehprofessor/corg
[INFO] running `Command { std: "git" "-c" "credential.helper=" "-c" "credential.helper=/workspace/cargo-home/bin/git-credential-null" "clone" "--bare" "https://github.com/tehprofessor/corg" "/workspace/cache/git-repos/https%3A%2F%2Fgithub.com%2Ftehprofessor%2Fcorg", kill_on_drop: false }`
[INFO] [stderr] Cloning into bare repository '/workspace/cache/git-repos/https%3A%2F%2Fgithub.com%2Ftehprofessor%2Fcorg'...
[INFO] running `Command { std: "git" "rev-parse" "HEAD", kill_on_drop: false }`
[INFO] [stdout] 74554da414efb5e0ae50f94f864f84085ca7ba7d
[INFO] testing tehprofessor/corg against beta-2021-08-01 for beta-1.55-1
[INFO] running `Command { std: "git" "clone" "/workspace/cache/git-repos/https%3A%2F%2Fgithub.com%2Ftehprofessor%2Fcorg" "/workspace/builds/worker-7/source", kill_on_drop: false }`
[INFO] [stderr] Cloning into '/workspace/builds/worker-7/source'...
[INFO] [stderr] done.
[INFO] validating manifest of git repo https://github.com/tehprofessor/corg on toolchain beta-2021-08-01
[INFO] running `Command { std: "/workspace/cargo-home/bin/cargo" "+beta-2021-08-01" "metadata" "--manifest-path" "Cargo.toml" "--no-deps", kill_on_drop: false }`
[INFO] started tweaking git repo https://github.com/tehprofessor/corg
[INFO] finished tweaking git repo https://github.com/tehprofessor/corg
[INFO] tweaked toml for git repo https://github.com/tehprofessor/corg written to /workspace/builds/worker-7/source/Cargo.toml
[INFO] crate git repo https://github.com/tehprofessor/corg already has a lockfile, it will not be regenerated
[INFO] running `Command { std: "/workspace/cargo-home/bin/cargo" "+beta-2021-08-01" "fetch" "--manifest-path" "Cargo.toml", kill_on_drop: false }`
[INFO] [stderr] warning: unused manifest key: dependencies.pulldown-cmark.feature
[INFO] [stderr]  Downloading crates ...
[INFO] [stderr]   Downloaded once_cell v0.2.7
[INFO] [stderr]   Downloaded tui v0.6.2
[INFO] running `Command { std: "docker" "create" "-v" "/var/lib/crater-agent-workspace/builds/worker-7/target:/opt/rustwide/target:rw,Z" "-v" "/var/lib/crater-agent-workspace/builds/worker-7/source:/opt/rustwide/workdir:ro,Z" "-v" "/var/lib/crater-agent-workspace/cargo-home:/opt/rustwide/cargo-home:ro,Z" "-v" "/var/lib/crater-agent-workspace/rustup-home:/opt/rustwide/rustup-home:ro,Z" "-e" "SOURCE_DIR=/opt/rustwide/workdir" "-e" "CARGO_TARGET_DIR=/opt/rustwide/target" "-e" "CARGO_HOME=/opt/rustwide/cargo-home" "-e" "RUSTUP_HOME=/opt/rustwide/rustup-home" "-w" "/opt/rustwide/workdir" "-m" "1610612736" "--user" "0:0" "--network" "none" "ghcr.io/rust-lang/crates-build-env/linux@sha256:34b6a614d2c27851fe6cbf88fbd1137609cefab8b10d0615aaeb6fd47975d74e" "/opt/rustwide/cargo-home/bin/cargo" "+beta-2021-08-01" "metadata" "--no-deps" "--format-version=1", kill_on_drop: false }`
[INFO] [stdout] e842840479dcc6f816f2d0aa83c7a216200aaab502f902e46ae23512a4d81fdb
[INFO] [stderr] WARNING: Your kernel does not support swap limit capabilities or the cgroup is not mounted. Memory limited without swap.
[INFO] running `Command { std: "docker" "start" "-a" "e842840479dcc6f816f2d0aa83c7a216200aaab502f902e46ae23512a4d81fdb", kill_on_drop: false }`
[INFO] running `Command { std: "docker" "inspect" "e842840479dcc6f816f2d0aa83c7a216200aaab502f902e46ae23512a4d81fdb", kill_on_drop: false }`
[INFO] running `Command { std: "docker" "rm" "-f" "e842840479dcc6f816f2d0aa83c7a216200aaab502f902e46ae23512a4d81fdb", kill_on_drop: false }`
[INFO] [stdout] e842840479dcc6f816f2d0aa83c7a216200aaab502f902e46ae23512a4d81fdb
[INFO] running `Command { std: "docker" "create" "-v" "/var/lib/crater-agent-workspace/builds/worker-7/target:/opt/rustwide/target:rw,Z" "-v" "/var/lib/crater-agent-workspace/builds/worker-7/source:/opt/rustwide/workdir:ro,Z" "-v" "/var/lib/crater-agent-workspace/cargo-home:/opt/rustwide/cargo-home:ro,Z" "-v" "/var/lib/crater-agent-workspace/rustup-home:/opt/rustwide/rustup-home:ro,Z" "-e" "SOURCE_DIR=/opt/rustwide/workdir" "-e" "CARGO_TARGET_DIR=/opt/rustwide/target" "-e" "CARGO_INCREMENTAL=0" "-e" "RUST_BACKTRACE=full" "-e" "RUSTFLAGS=--cap-lints=warn" "-e" "CARGO_HOME=/opt/rustwide/cargo-home" "-e" "RUSTUP_HOME=/opt/rustwide/rustup-home" "-w" "/opt/rustwide/workdir" "-m" "1610612736" "--user" "0:0" "--network" "none" "ghcr.io/rust-lang/crates-build-env/linux@sha256:34b6a614d2c27851fe6cbf88fbd1137609cefab8b10d0615aaeb6fd47975d74e" "/opt/rustwide/cargo-home/bin/cargo" "+beta-2021-08-01" "build" "--frozen" "--message-format=json", kill_on_drop: false }`
[INFO] [stdout] 8e74caf33b0744a0a5ad1253f611574efb9528a88aa2b523a244b832cc57a5dc
[INFO] [stderr] WARNING: Your kernel does not support swap limit capabilities or the cgroup is not mounted. Memory limited without swap.
[INFO] running `Command { std: "docker" "start" "-a" "8e74caf33b0744a0a5ad1253f611574efb9528a88aa2b523a244b832cc57a5dc", kill_on_drop: false }`
[INFO] [stderr] warning: unused manifest key: dependencies.pulldown-cmark.feature
[INFO] [stderr]    Compiling serde v1.0.99
[INFO] [stderr]    Compiling either v1.5.2
[INFO] [stderr]    Compiling pulldown-cmark v0.5.3
[INFO] [stderr]    Compiling getopts v0.2.21
[INFO] [stderr]    Compiling parking_lot v0.9.0
[INFO] [stderr]    Compiling termion v1.5.3
[INFO] [stderr]    Compiling itertools v0.8.0
[INFO] [stderr]    Compiling once_cell v0.2.7
[INFO] [stderr]    Compiling tui v0.6.2
[INFO] [stderr]    Compiling chrono v0.4.7
[INFO] [stderr]    Compiling kintoun v0.1.0 (/opt/rustwide/workdir)
[INFO] [stdout] warning: unused import: `std::fs`
[INFO] [stdout]  --> src/main.rs:1:5
[INFO] [stdout]   |
[INFO] [stdout] 1 | use std::fs;
[INFO] [stdout]   |     ^^^^^^^
[INFO] [stdout]   |
[INFO] [stdout]   = note: `#[warn(unused_imports)]` on by default
[INFO] [stdout] 
[INFO] [stdout] 
[INFO] [stdout] warning: unused import: `once_cell::sync::OnceCell`
[INFO] [stdout]  --> src/main.rs:5:5
[INFO] [stdout]   |
[INFO] [stdout] 5 | use once_cell::sync::OnceCell;
[INFO] [stdout]   |     ^^^^^^^^^^^^^^^^^^^^^^^^^
[INFO] [stdout] 
[INFO] [stdout] 
[INFO] [stdout] warning: unused imports: `Event`, `Options`, `Parser`, `Tag`
[INFO] [stdout]  --> src/main.rs:6:22
[INFO] [stdout]   |
[INFO] [stdout] 6 | use pulldown_cmark::{Event, Options, Parser, Tag};
[INFO] [stdout]   |                      ^^^^^  ^^^^^^^  ^^^^^^  ^^^
[INFO] [stdout] 
[INFO] [stdout] 
[INFO] [stdout] warning: unused imports: `ColorSpec`, `Color`, `WriteColor`
[INFO] [stdout]   --> src/main.rs:10:17
[INFO] [stdout]    |
[INFO] [stdout] 10 | use termcolor::{Color, ColorChoice, ColorSpec, StandardStream, WriteColor};
[INFO] [stdout]    |                 ^^^^^               ^^^^^^^^^                  ^^^^^^^^^^
[INFO] [stdout] 
[INFO] [stdout] 
[INFO] [stdout] warning: unused imports: `Block`, `Borders`, `Widget`
[INFO] [stdout]   --> src/main.rs:15:20
[INFO] [stdout]    |
[INFO] [stdout] 15 | use tui::widgets::{Widget, Block, Borders};
[INFO] [stdout]    |                    ^^^^^^  ^^^^^  ^^^^^^^
[INFO] [stdout] 
[INFO] [stdout] 
[INFO] [stdout] warning: unused imports: `Constraint`, `Direction`, `Layout`
[INFO] [stdout]   --> src/main.rs:16:19
[INFO] [stdout]    |
[INFO] [stdout] 16 | use tui::layout::{Layout, Constraint, Direction};
[INFO] [stdout]    |                   ^^^^^^  ^^^^^^^^^^  ^^^^^^^^^
[INFO] [stdout] 
[INFO] [stdout] 
[INFO] [stdout] warning: unused imports: `Canvas`, `Line`, `MapResolution`, `Map`, `Rectangle`
[INFO] [stdout]  --> src/ui.rs:5:28
[INFO] [stdout]   |
[INFO] [stdout] 5 | use tui::widgets::canvas::{Canvas, Line, Map, MapResolution, Rectangle};
[INFO] [stdout]   |                            ^^^^^^  ^^^^  ^^^  ^^^^^^^^^^^^^  ^^^^^^^^^
[INFO] [stdout] 
[INFO] [stdout] 
[INFO] [stdout] warning: unused import: `Error`
[INFO] [stdout]  --> src/corg_file.rs:7:15
[INFO] [stdout]   |
[INFO] [stdout] 7 | use std::io::{Error, Write};
[INFO] [stdout]   |               ^^^^^
[INFO] [stdout] 
[INFO] [stdout] 
[INFO] [stdout] warning: unused import: `std::path::Path`
[INFO] [stdout]  --> src/corg_file.rs:8:5
[INFO] [stdout]   |
[INFO] [stdout] 8 | use std::path::Path;
[INFO] [stdout]   |     ^^^^^^^^^^^^^^^
[INFO] [stdout] 
[INFO] [stdout] 
[INFO] [stdout] warning: unused imports: `Child`, `Command`
[INFO] [stdout]  --> src/corg_file.rs:9:20
[INFO] [stdout]   |
[INFO] [stdout] 9 | use std::process::{Child, Command};
[INFO] [stdout]   |                    ^^^^^  ^^^^^^^
[INFO] [stdout] 
[INFO] [stdout] 
[INFO] [stdout] warning: unused import: `crate::corg_file::CorgFile`
[INFO] [stdout]  --> src/corg_doc.rs:1:5
[INFO] [stdout]   |
[INFO] [stdout] 1 | use crate::corg_file::CorgFile;
[INFO] [stdout]   |     ^^^^^^^^^^^^^^^^^^^^^^^^^^
[INFO] [stdout] 
[INFO] [stdout] 
[INFO] [stdout] warning: unused import: `once_cell::sync::OnceCell`
[INFO] [stdout]  --> src/clogger.rs:1:5
[INFO] [stdout]   |
[INFO] [stdout] 1 | use once_cell::sync::OnceCell;
[INFO] [stdout]   |     ^^^^^^^^^^^^^^^^^^^^^^^^^
[INFO] [stdout] 
[INFO] [stdout] 
[INFO] [stdout] warning: unused import: `ColorChoice`
[INFO] [stdout]  --> src/clogger.rs:3:24
[INFO] [stdout]   |
[INFO] [stdout] 3 | use termcolor::{Color, ColorChoice, ColorSpec, StandardStream, WriteColor};
[INFO] [stdout]   |                        ^^^^^^^^^^^
[INFO] [stdout] 
[INFO] [stdout] 
[INFO] [stdout] warning: unused imports: `fmt`, `mem`
[INFO] [stdout]  --> src/clogger.rs:4:11
[INFO] [stdout]   |
[INFO] [stdout] 4 | use std::{fmt, mem};
[INFO] [stdout]   |           ^^^  ^^^
[INFO] [stdout] 
[INFO] [stdout] 
[INFO] [stdout] warning: unused import: `std::sync::Once`
[INFO] [stdout]  --> src/clogger.rs:5:5
[INFO] [stdout]   |
[INFO] [stdout] 5 | use std::sync::Once;
[INFO] [stdout]   |     ^^^^^^^^^^^^^^^
[INFO] [stdout] 
[INFO] [stdout] 
[INFO] [stdout] warning: unused import: `fs`
[INFO] [stdout]  --> src/util/mod.rs:2:16
[INFO] [stdout]   |
[INFO] [stdout] 2 | use std::{env, fs};
[INFO] [stdout]   |                ^^
[INFO] [stdout] 
[INFO] [stdout] 
[INFO] [stdout] warning: unused doc comment
[INFO] [stdout]   --> src/main.rs:68:5
[INFO] [stdout]    |
[INFO] [stdout] 68 | /     /// Note: AlternateScreen
[INFO] [stdout] 69 | |     /// Causes the terminal to show a new empty screen for drawing. This is good
[INFO] [stdout] 70 | |     /// unless you wanna shit on-top of whats already been printed to stdout.
[INFO] [stdout]    | |_____________________________________________________________________________^
[INFO] [stdout] 71 |       let stdout = AlternateScreen::from(stdout);
[INFO] [stdout]    |       ------------------------------------------- rustdoc does not generate documentation for statements
[INFO] [stdout]    |
[INFO] [stdout]    = note: `#[warn(unused_doc_comments)]` on by default
[INFO] [stdout]    = help: use `//` for a plain comment
[INFO] [stdout] 
[INFO] [stdout] 
[INFO] [stdout] warning: unreachable pattern
[INFO] [stdout]   --> src/clogger.rs:53:13
[INFO] [stdout]    |
[INFO] [stdout] 53 |             (Self::Warning, Self::Success) => false,
[INFO] [stdout]    |             ^^^^^^^^^^^^^^^^^^^^^^^^^^^^^^
[INFO] [stdout]    |
[INFO] [stdout]    = note: `#[warn(unreachable_patterns)]` on by default
[INFO] [stdout] 
[INFO] [stdout] 
[INFO] [stdout] warning: unreachable pattern
[INFO] [stdout]   --> src/clogger.rs:57:13
[INFO] [stdout]    |
[INFO] [stdout] 57 |             (Self::Error, Self::Success) => false,
[INFO] [stdout]    |             ^^^^^^^^^^^^^^^^^^^^^^^^^^^^
[INFO] [stdout] 
[INFO] [stdout] 
[INFO] [stdout] warning: unused variable: `clogger`
[INFO] [stdout]   --> src/main.rs:65:26
[INFO] [stdout]    |
[INFO] [stdout] 65 | fn play(file_name: &str, clogger: &mut Clog) {
[INFO] [stdout]    |                          ^^^^^^^ help: if this is intentional, prefix it with an underscore: `_clogger`
[INFO] [stdout]    |
[INFO] [stdout]    = note: `#[warn(unused_variables)]` on by default
[INFO] [stdout] 
[INFO] [stdout] 
[INFO] [stdout] warning: unused variable: `file`
[INFO] [stdout]    --> src/main.rs:191:24
[INFO] [stdout]     |
[INFO] [stdout] 191 |     } else if let Some(file) = matches.subcommand_matches("run") {
[INFO] [stdout]     |                        ^^^^ help: if this is intentional, prefix it with an underscore: `_file`
[INFO] [stdout] 
[INFO] [stdout] 
[INFO] [stdout] warning: associated function is never used: `new`
[INFO] [stdout]   --> src/ui.rs:47:12
[INFO] [stdout]    |
[INFO] [stdout] 47 |     pub fn new(file_name: &'a str, modified_at: &'a str, sha: &'a str) -> Document<'a> {
[INFO] [stdout]    |            ^^^
[INFO] [stdout]    |
[INFO] [stdout]    = note: `#[warn(dead_code)]` on by default
[INFO] [stdout] 
[INFO] [stdout] 
[INFO] [stdout] warning: struct is never constructed: `ListState`
[INFO] [stdout]   --> src/ui.rs:56:12
[INFO] [stdout]    |
[INFO] [stdout] 56 | pub struct ListState<I> {
[INFO] [stdout]    |            ^^^^^^^^^
[INFO] [stdout] 
[INFO] [stdout] 
[INFO] [stdout] warning: associated function is never used: `demo`
[INFO] [stdout]   --> src/ui.rs:71:12
[INFO] [stdout]    |
[INFO] [stdout] 71 |     pub fn demo() -> App<'a> {
[INFO] [stdout]    |            ^^^^
[INFO] [stdout] 
[INFO] [stdout] 
[INFO] [stdout] warning: associated function is never used: `on_key`
[INFO] [stdout]    --> src/ui.rs:116:12
[INFO] [stdout]     |
[INFO] [stdout] 116 |     pub fn on_key(&mut self, key: char) {
[INFO] [stdout]     |            ^^^^^^
[INFO] [stdout] 
[INFO] [stdout] 
[INFO] [stdout] warning: function is never used: `write_html`
[INFO] [stdout]    --> src/shell.rs:774:8
[INFO] [stdout]     |
[INFO] [stdout] 774 | pub fn write_html<'a, I, W>(writer: W, iter: I) -> io::Result<()>
[INFO] [stdout]     |        ^^^^^^^^^^
[INFO] [stdout] 
[INFO] [stdout] 
[INFO] [stdout] warning: constant is never used: `SHELL_LOGGER_FILE_NAME`
[INFO] [stdout]   --> src/corg_file.rs:17:1
[INFO] [stdout]    |
[INFO] [stdout] 17 | const SHELL_LOGGER_FILE_NAME: &'static str = "corg-logger.sh";
[INFO] [stdout]    | ^^^^^^^^^^^^^^^^^^^^^^^^^^^^^^^^^^^^^^^^^^^^^^^^^^^^^^^^^^^^^^
[INFO] [stdout] 
[INFO] [stdout] 
[INFO] [stdout] warning: constant is never used: `CORG_LOGGER_SHELL_SCRIPT`
[INFO] [stdout]   --> src/corg_file.rs:18:1
[INFO] [stdout]    |
[INFO] [stdout] 18 | const CORG_LOGGER_SHELL_SCRIPT: &'static [u8] = include_bytes!("../static/scripts/corg-logger.sh");
[INFO] [stdout]    | ^^^^^^^^^^^^^^^^^^^^^^^^^^^^^^^^^^^^^^^^^^^^^^^^^^^^^^^^^^^^^^^^^^^^^^^^^^^^^^^^^^^^^^^^^^^^^^^^^^^
[INFO] [stdout] 
[INFO] [stdout] 
[INFO] [stdout] warning: associated function is never used: `new`
[INFO] [stdout]   --> src/corg_doc.rs:18:12
[INFO] [stdout]    |
[INFO] [stdout] 18 |     pub fn new(file_name: &str) -> CorgDoc {
[INFO] [stdout]    |            ^^^
[INFO] [stdout] 
[INFO] [stdout] 
[INFO] [stdout] warning: associated function is never used: `read_file`
[INFO] [stdout]   --> src/corg_doc.rs:30:8
[INFO] [stdout]    |
[INFO] [stdout] 30 |     fn read_file(&mut self, file_name: &str) {
[INFO] [stdout]    |        ^^^^^^^^^
[INFO] [stdout] 
[INFO] [stdout] 
[INFO] [stdout] warning: associated function is never used: `find_document`
[INFO] [stdout]   --> src/corg_doc.rs:50:8
[INFO] [stdout]    |
[INFO] [stdout] 50 |     fn find_document(name: &str) -> Option<PathBuf> {
[INFO] [stdout]    |        ^^^^^^^^^^^^^
[INFO] [stdout] 
[INFO] [stdout] 
[INFO] [stdout] warning: function is never used: `is_hidden`
[INFO] [stdout]   --> src/corg_doc.rs:80:4
[INFO] [stdout]    |
[INFO] [stdout] 80 | fn is_hidden(entry: &DirEntry) -> bool {
[INFO] [stdout]    |    ^^^^^^^^^
[INFO] [stdout] 
[INFO] [stdout] 
[INFO] [stdout] warning: variant is never constructed: `Markdown`
[INFO] [stdout]   --> src/corg_doc.rs:90:5
[INFO] [stdout]    |
[INFO] [stdout] 90 |     Markdown,
[INFO] [stdout]    |     ^^^^^^^^
[INFO] [stdout] 
[INFO] [stdout] 
[INFO] [stdout] warning: variant is never constructed: `ShellScript`
[INFO] [stdout]   --> src/corg_doc.rs:91:5
[INFO] [stdout]    |
[INFO] [stdout] 91 |     ShellScript
[INFO] [stdout]    |     ^^^^^^^^^^^
[INFO] [stdout] 
[INFO] [stdout] 
[INFO] [stdout] warning: associated function is never used: `to_string`
[INFO] [stdout]   --> src/corg_doc.rs:95:12
[INFO] [stdout]    |
[INFO] [stdout] 95 |     pub fn to_string(&self) -> String {
[INFO] [stdout]    |            ^^^^^^^^^
[INFO] [stdout] 
[INFO] [stdout] 
[INFO] [stdout] warning: associated function is never used: `is_file_type`
[INFO] [stdout]    --> src/corg_doc.rs:102:12
[INFO] [stdout]     |
[INFO] [stdout] 102 |     pub fn is_file_type(&self, entry: &DirEntry) -> bool {
[INFO] [stdout]     |            ^^^^^^^^^^^^
[INFO] [stdout] 
[INFO] [stdout] 
[INFO] [stdout] warning: associated function is never used: `is_matching_file`
[INFO] [stdout]    --> src/corg_doc.rs:119:8
[INFO] [stdout]     |
[INFO] [stdout] 119 |     fn is_matching_file(&self, entry: &DirEntry, file_name: &str) -> bool {
[INFO] [stdout]     |        ^^^^^^^^^^^^^^^^
[INFO] [stdout] 
[INFO] [stdout] 
[INFO] [stdout] warning: function is never used: `find_file`
[INFO] [stdout]    --> src/corg_doc.rs:131:4
[INFO] [stdout]     |
[INFO] [stdout] 131 | fn find_file(file_name: &str, file_type: CorgFileType) -> Option<PathBuf> {
[INFO] [stdout]     |    ^^^^^^^^^
[INFO] [stdout] 
[INFO] [stdout] 
[INFO] [stdout] warning: struct is never constructed: `CorgRunner`
[INFO] [stdout]    --> src/corg_doc.rs:153:12
[INFO] [stdout]     |
[INFO] [stdout] 153 | pub struct CorgRunner {
[INFO] [stdout]     |            ^^^^^^^^^^
[INFO] [stdout] 
[INFO] [stdout] 
[INFO] [stdout] warning: associated function is never used: `exec`
[INFO] [stdout]    --> src/corg_doc.rs:160:8
[INFO] [stdout]     |
[INFO] [stdout] 160 |     fn exec(script_name: &str, args: Vec<String>) -> Result<Child, Error> {
[INFO] [stdout]     |        ^^^^
[INFO] [stdout] 
[INFO] [stdout] 
[INFO] [stdout] warning: variant is never constructed: `Debug`
[INFO] [stdout]  --> src/clogger.rs:9:5
[INFO] [stdout]   |
[INFO] [stdout] 9 |     Debug,
[INFO] [stdout]   |     ^^^^^
[INFO] [stdout] 
[INFO] [stdout] 
[INFO] [stdout] warning: variant is never constructed: `Warning`
[INFO] [stdout]   --> src/clogger.rs:12:5
[INFO] [stdout]    |
[INFO] [stdout] 12 |     Warning,
[INFO] [stdout]    |     ^^^^^^^
[INFO] [stdout] 
[INFO] [stdout] 
[INFO] [stdout] warning: variant is never constructed: `Trace`
[INFO] [stdout]   --> src/clogger.rs:14:5
[INFO] [stdout]    |
[INFO] [stdout] 14 |     Trace,
[INFO] [stdout]    |     ^^^^^
[INFO] [stdout] 
[INFO] [stdout] 
[INFO] [stdout] warning: variant is never constructed: `Announce`
[INFO] [stdout]   --> src/clogger.rs:15:5
[INFO] [stdout]    |
[INFO] [stdout] 15 |     Announce,
[INFO] [stdout]    |     ^^^^^^^^
[INFO] [stdout] 
[INFO] [stdout] 
[INFO] [stdout] warning: associated function is never used: `debug`
[INFO] [stdout]   --> src/clogger.rs:86:12
[INFO] [stdout]    |
[INFO] [stdout] 86 |     pub fn debug(&mut self, message: &str) {
[INFO] [stdout]    |            ^^^^^
[INFO] [stdout] 
[INFO] [stdout] 
[INFO] [stdout] warning: associated function is never used: `warning`
[INFO] [stdout]   --> src/clogger.rs:98:12
[INFO] [stdout]    |
[INFO] [stdout] 98 |     pub fn warning(&mut self, message: &str) {
[INFO] [stdout]    |            ^^^^^^^
[INFO] [stdout] 
[INFO] [stdout] 
[INFO] [stdout] warning: associated function is never used: `trace`
[INFO] [stdout]    --> src/clogger.rs:106:12
[INFO] [stdout]     |
[INFO] [stdout] 106 |     pub fn trace(&mut self, message: &str) {
[INFO] [stdout]     |            ^^^^^
[INFO] [stdout] 
[INFO] [stdout] 
[INFO] [stdout] warning: associated function is never used: `announce`
[INFO] [stdout]    --> src/clogger.rs:110:12
[INFO] [stdout]     |
[INFO] [stdout] 110 |     pub fn announce(&mut self, message: &str) {
[INFO] [stdout]     |            ^^^^^^^^
[INFO] [stdout] 
[INFO] [stdout] 
[INFO] [stdout] warning: field is never read: `input_handle`
[INFO] [stdout]   --> src/util/event.rs:20:5
[INFO] [stdout]    |
[INFO] [stdout] 20 |     input_handle: thread::JoinHandle<()>,
[INFO] [stdout]    |     ^^^^^^^^^^^^^^^^^^^^^^^^^^^^^^^^^^^^
[INFO] [stdout] 
[INFO] [stdout] 
[INFO] [stdout] warning: field is never read: `tick_handle`
[INFO] [stdout]   --> src/util/event.rs:21:5
[INFO] [stdout]    |
[INFO] [stdout] 21 |     tick_handle: thread::JoinHandle<()>,
[INFO] [stdout]    |     ^^^^^^^^^^^^^^^^^^^^^^^^^^^^^^^^^^^
[INFO] [stdout] 
[INFO] [stdout] 
[INFO] [stdout] warning: function is never used: `is_hidden`
[INFO] [stdout]  --> src/util/mod.rs:8:4
[INFO] [stdout]   |
[INFO] [stdout] 8 | fn is_hidden(entry: &DirEntry) -> bool {
[INFO] [stdout]   |    ^^^^^^^^^
[INFO] [stdout] 
[INFO] [stdout] 
[INFO] [stdout] warning: function is never used: `is_file_type`
[INFO] [stdout]   --> src/util/mod.rs:16:4
[INFO] [stdout]    |
[INFO] [stdout] 16 | fn is_file_type(entry: &DirEntry, extension: &str) -> bool {
[INFO] [stdout]    |    ^^^^^^^^^^^^
[INFO] [stdout] 
[INFO] [stdout] 
[INFO] [stdout] warning: function is never used: `is_matching_file`
[INFO] [stdout]   --> src/util/mod.rs:26:4
[INFO] [stdout]    |
[INFO] [stdout] 26 | fn is_matching_file(entry: &DirEntry, file_name: &str, file_ext: &str) -> bool {
[INFO] [stdout]    |    ^^^^^^^^^^^^^^^^
[INFO] [stdout] 
[INFO] [stdout] 
[INFO] [stdout] warning: type alias is never used: `Walker`
[INFO] [stdout]   --> src/util/mod.rs:37:1
[INFO] [stdout]    |
[INFO] [stdout] 37 | pub type Walker = FilterMap<FilterEntry<IntoIter, fn(&DirEntry) -> bool>, fn(Result<DirEntry, Error>) -> Option<DirEntry>>;
[INFO] [stdout]    | ^^^^^^^^^^^^^^^^^^^^^^^^^^^^^^^^^^^^^^^^^^^^^^^^^^^^^^^^^^^^^^^^^^^^^^^^^^^^^^^^^^^^^^^^^^^^^^^^^^^^^^^^^^^^^^^^^^^^^^^^^^^
[INFO] [stdout] 
[INFO] [stdout] 
[INFO] [stdout] warning: function is never used: `find_file`
[INFO] [stdout]   --> src/util/mod.rs:39:8
[INFO] [stdout]    |
[INFO] [stdout] 39 | pub fn find_file(file_name: &str, file_type: &str, walker: Walker) -> Option<PathBuf> {
[INFO] [stdout]    |        ^^^^^^^^^
[INFO] [stdout] 
[INFO] [stdout] 
[INFO] [stdout] warning: function is never used: `find_files_by_type`
[INFO] [stdout]   --> src/util/mod.rs:55:8
[INFO] [stdout]    |
[INFO] [stdout] 55 | pub fn find_files_by_type(file_type: &str, walker: Walker) -> Vec<String> {
[INFO] [stdout]    |        ^^^^^^^^^^^^^^^^^^
[INFO] [stdout] 
[INFO] [stdout] 
[INFO] [stdout] warning: function is never used: `find`
[INFO] [stdout]   --> src/util/mod.rs:72:4
[INFO] [stdout]    |
[INFO] [stdout] 72 | fn find(file_name: &str, file_type: &str) -> Option<PathBuf> {
[INFO] [stdout]    |    ^^^^
[INFO] [stdout] 
[INFO] [stdout] 
[INFO] [stdout] warning: this method call resolves to `<&[T; N] as IntoIterator>::into_iter` (due to backwards compatibility), but will resolve to <[T; N] as IntoIterator>::into_iter in Rust 2021.
[INFO] [stdout]    --> src/ui.rs:157:23
[INFO] [stdout]     |
[INFO] [stdout] 157 |     Table::new(header.into_iter(), rows)
[INFO] [stdout]     |                       ^^^^^^^^^
[INFO] [stdout]     |
[INFO] [stdout]     = note: `#[warn(array_into_iter)]` on by default
[INFO] [stdout]     = warning: this changes meaning in Rust 2021
[INFO] [stdout]     = note: for more information, see issue #66145 <https://github.com/rust-lang/rust/issues/66145>
[INFO] [stdout] help: use `.iter()` instead of `.into_iter()` to avoid ambiguity
[INFO] [stdout]     |
[INFO] [stdout] 157 |     Table::new(header.iter(), rows)
[INFO] [stdout]     |                       ^^^^
[INFO] [stdout] help: or use `IntoIterator::into_iter(..)` instead of `.into_iter()` to explicitly iterate by value
[INFO] [stdout]     |
[INFO] [stdout] 157 |     Table::new(IntoIterator::into_iter(header), rows)
[INFO] [stdout]     |                ^^^^^^^^^^^^^^^^^^^^^^^^      ^
[INFO] [stdout] 
[INFO] [stdout] 
[INFO] [stdout] warning: unused `Result` that must be used
[INFO] [stdout]   --> src/main.rs:77:9
[INFO] [stdout]    |
[INFO] [stdout] 77 |         ui::draw(&mut terminal, &app);
[INFO] [stdout]    |         ^^^^^^^^^^^^^^^^^^^^^^^^^^^^^^
[INFO] [stdout]    |
[INFO] [stdout]    = note: `#[warn(unused_must_use)]` on by default
[INFO] [stdout]    = note: this `Result` may be an `Err` variant, which should be handled
[INFO] [stdout] 
[INFO] [stdout] 
[INFO] [stdout] warning: 59 warnings emitted
[INFO] [stdout] 
[INFO] [stdout] 
[INFO] [stderr]     Finished dev [unoptimized + debuginfo] target(s) in 17.74s
[INFO] running `Command { std: "docker" "inspect" "8e74caf33b0744a0a5ad1253f611574efb9528a88aa2b523a244b832cc57a5dc", kill_on_drop: false }`
[INFO] running `Command { std: "docker" "rm" "-f" "8e74caf33b0744a0a5ad1253f611574efb9528a88aa2b523a244b832cc57a5dc", kill_on_drop: false }`
[INFO] [stdout] 8e74caf33b0744a0a5ad1253f611574efb9528a88aa2b523a244b832cc57a5dc
[INFO] running `Command { std: "docker" "create" "-v" "/var/lib/crater-agent-workspace/builds/worker-7/target:/opt/rustwide/target:rw,Z" "-v" "/var/lib/crater-agent-workspace/builds/worker-7/source:/opt/rustwide/workdir:ro,Z" "-v" "/var/lib/crater-agent-workspace/cargo-home:/opt/rustwide/cargo-home:ro,Z" "-v" "/var/lib/crater-agent-workspace/rustup-home:/opt/rustwide/rustup-home:ro,Z" "-e" "SOURCE_DIR=/opt/rustwide/workdir" "-e" "CARGO_TARGET_DIR=/opt/rustwide/target" "-e" "CARGO_INCREMENTAL=0" "-e" "RUST_BACKTRACE=full" "-e" "RUSTFLAGS=--cap-lints=warn" "-e" "CARGO_HOME=/opt/rustwide/cargo-home" "-e" "RUSTUP_HOME=/opt/rustwide/rustup-home" "-w" "/opt/rustwide/workdir" "-m" "1610612736" "--user" "0:0" "--network" "none" "ghcr.io/rust-lang/crates-build-env/linux@sha256:34b6a614d2c27851fe6cbf88fbd1137609cefab8b10d0615aaeb6fd47975d74e" "/opt/rustwide/cargo-home/bin/cargo" "+beta-2021-08-01" "test" "--frozen" "--no-run" "--message-format=json", kill_on_drop: false }`
[INFO] [stdout] 0eb3c4331cfcd8bebeb5cbaae3bb9fd5edaf3b742b64e283e42dafc4a03ecd99
[INFO] [stderr] WARNING: Your kernel does not support swap limit capabilities or the cgroup is not mounted. Memory limited without swap.
[INFO] running `Command { std: "docker" "start" "-a" "0eb3c4331cfcd8bebeb5cbaae3bb9fd5edaf3b742b64e283e42dafc4a03ecd99", kill_on_drop: false }`
[INFO] [stderr] warning: unused manifest key: dependencies.pulldown-cmark.feature
[INFO] [stderr]    Compiling kintoun v0.1.0 (/opt/rustwide/workdir)
[INFO] [stdout] warning: unused import: `std::fs`
[INFO] [stdout]  --> src/main.rs:1:5
[INFO] [stdout]   |
[INFO] [stdout] 1 | use std::fs;
[INFO] [stdout]   |     ^^^^^^^
[INFO] [stdout]   |
[INFO] [stdout]   = note: `#[warn(unused_imports)]` on by default
[INFO] [stdout] 
[INFO] [stdout] 
[INFO] [stdout] warning: unused import: `once_cell::sync::OnceCell`
[INFO] [stdout]  --> src/main.rs:5:5
[INFO] [stdout]   |
[INFO] [stdout] 5 | use once_cell::sync::OnceCell;
[INFO] [stdout]   |     ^^^^^^^^^^^^^^^^^^^^^^^^^
[INFO] [stdout] 
[INFO] [stdout] 
[INFO] [stdout] warning: unused imports: `Event`, `Options`, `Parser`, `Tag`
[INFO] [stdout]  --> src/main.rs:6:22
[INFO] [stdout]   |
[INFO] [stdout] 6 | use pulldown_cmark::{Event, Options, Parser, Tag};
[INFO] [stdout]   |                      ^^^^^  ^^^^^^^  ^^^^^^  ^^^
[INFO] [stdout] 
[INFO] [stdout] 
[INFO] [stdout] warning: unused imports: `ColorSpec`, `Color`, `WriteColor`
[INFO] [stdout]   --> src/main.rs:10:17
[INFO] [stdout]    |
[INFO] [stdout] 10 | use termcolor::{Color, ColorChoice, ColorSpec, StandardStream, WriteColor};
[INFO] [stdout]    |                 ^^^^^               ^^^^^^^^^                  ^^^^^^^^^^
[INFO] [stdout] 
[INFO] [stdout] 
[INFO] [stdout] warning: unused imports: `Block`, `Borders`, `Widget`
[INFO] [stdout]   --> src/main.rs:15:20
[INFO] [stdout]    |
[INFO] [stdout] 15 | use tui::widgets::{Widget, Block, Borders};
[INFO] [stdout]    |                    ^^^^^^  ^^^^^  ^^^^^^^
[INFO] [stdout] 
[INFO] [stdout] 
[INFO] [stdout] warning: unused imports: `Constraint`, `Direction`, `Layout`
[INFO] [stdout]   --> src/main.rs:16:19
[INFO] [stdout]    |
[INFO] [stdout] 16 | use tui::layout::{Layout, Constraint, Direction};
[INFO] [stdout]    |                   ^^^^^^  ^^^^^^^^^^  ^^^^^^^^^
[INFO] [stdout] 
[INFO] [stdout] 
[INFO] [stdout] warning: unused imports: `Canvas`, `Line`, `MapResolution`, `Map`, `Rectangle`
[INFO] [stdout]  --> src/ui.rs:5:28
[INFO] [stdout]   |
[INFO] [stdout] 5 | use tui::widgets::canvas::{Canvas, Line, Map, MapResolution, Rectangle};
[INFO] [stdout]   |                            ^^^^^^  ^^^^  ^^^  ^^^^^^^^^^^^^  ^^^^^^^^^
[INFO] [stdout] 
[INFO] [stdout] 
[INFO] [stdout] warning: unused import: `Error`
[INFO] [stdout]  --> src/corg_file.rs:7:15
[INFO] [stdout]   |
[INFO] [stdout] 7 | use std::io::{Error, Write};
[INFO] [stdout]   |               ^^^^^
[INFO] [stdout] 
[INFO] [stdout] 
[INFO] [stdout] warning: unused import: `std::path::Path`
[INFO] [stdout]  --> src/corg_file.rs:8:5
[INFO] [stdout]   |
[INFO] [stdout] 8 | use std::path::Path;
[INFO] [stdout]   |     ^^^^^^^^^^^^^^^
[INFO] [stdout] 
[INFO] [stdout] 
[INFO] [stdout] warning: unused imports: `Child`, `Command`
[INFO] [stdout]  --> src/corg_file.rs:9:20
[INFO] [stdout]   |
[INFO] [stdout] 9 | use std::process::{Child, Command};
[INFO] [stdout]   |                    ^^^^^  ^^^^^^^
[INFO] [stdout] 
[INFO] [stdout] 
[INFO] [stdout] warning: unused import: `crate::corg_file::CorgFile`
[INFO] [stdout]  --> src/corg_doc.rs:1:5
[INFO] [stdout]   |
[INFO] [stdout] 1 | use crate::corg_file::CorgFile;
[INFO] [stdout]   |     ^^^^^^^^^^^^^^^^^^^^^^^^^^
[INFO] [stdout] 
[INFO] [stdout] 
[INFO] [stdout] warning: unused import: `once_cell::sync::OnceCell`
[INFO] [stdout]  --> src/clogger.rs:1:5
[INFO] [stdout]   |
[INFO] [stdout] 1 | use once_cell::sync::OnceCell;
[INFO] [stdout]   |     ^^^^^^^^^^^^^^^^^^^^^^^^^
[INFO] [stdout] 
[INFO] [stdout] 
[INFO] [stdout] warning: unused import: `ColorChoice`
[INFO] [stdout]  --> src/clogger.rs:3:24
[INFO] [stdout]   |
[INFO] [stdout] 3 | use termcolor::{Color, ColorChoice, ColorSpec, StandardStream, WriteColor};
[INFO] [stdout]   |                        ^^^^^^^^^^^
[INFO] [stdout] 
[INFO] [stdout] 
[INFO] [stdout] warning: unused imports: `fmt`, `mem`
[INFO] [stdout]  --> src/clogger.rs:4:11
[INFO] [stdout]   |
[INFO] [stdout] 4 | use std::{fmt, mem};
[INFO] [stdout]   |           ^^^  ^^^
[INFO] [stdout] 
[INFO] [stdout] 
[INFO] [stdout] warning: unused import: `std::sync::Once`
[INFO] [stdout]  --> src/clogger.rs:5:5
[INFO] [stdout]   |
[INFO] [stdout] 5 | use std::sync::Once;
[INFO] [stdout]   |     ^^^^^^^^^^^^^^^
[INFO] [stdout] 
[INFO] [stdout] 
[INFO] [stdout] warning: unused import: `super::*`
[INFO] [stdout]    --> src/clogger.rs:172:9
[INFO] [stdout]     |
[INFO] [stdout] 172 |     use super::*;
[INFO] [stdout]     |         ^^^^^^^^
[INFO] [stdout] 
[INFO] [stdout] 
[INFO] [stdout] warning: unused import: `fs`
[INFO] [stdout]  --> src/util/mod.rs:2:16
[INFO] [stdout]   |
[INFO] [stdout] 2 | use std::{env, fs};
[INFO] [stdout]   |                ^^
[INFO] [stdout] 
[INFO] [stdout] 
[INFO] [stdout] warning: unused doc comment
[INFO] [stdout]   --> src/main.rs:68:5
[INFO] [stdout]    |
[INFO] [stdout] 68 | /     /// Note: AlternateScreen
[INFO] [stdout] 69 | |     /// Causes the terminal to show a new empty screen for drawing. This is good
[INFO] [stdout] 70 | |     /// unless you wanna shit on-top of whats already been printed to stdout.
[INFO] [stdout]    | |_____________________________________________________________________________^
[INFO] [stdout] 71 |       let stdout = AlternateScreen::from(stdout);
[INFO] [stdout]    |       ------------------------------------------- rustdoc does not generate documentation for statements
[INFO] [stdout]    |
[INFO] [stdout]    = note: `#[warn(unused_doc_comments)]` on by default
[INFO] [stdout]    = help: use `//` for a plain comment
[INFO] [stdout] 
[INFO] [stdout] 
[INFO] [stdout] warning: unreachable pattern
[INFO] [stdout]   --> src/clogger.rs:53:13
[INFO] [stdout]    |
[INFO] [stdout] 53 |             (Self::Warning, Self::Success) => false,
[INFO] [stdout]    |             ^^^^^^^^^^^^^^^^^^^^^^^^^^^^^^
[INFO] [stdout]    |
[INFO] [stdout]    = note: `#[warn(unreachable_patterns)]` on by default
[INFO] [stdout] 
[INFO] [stdout] 
[INFO] [stdout] warning: unreachable pattern
[INFO] [stdout]   --> src/clogger.rs:57:13
[INFO] [stdout]    |
[INFO] [stdout] 57 |             (Self::Error, Self::Success) => false,
[INFO] [stdout]    |             ^^^^^^^^^^^^^^^^^^^^^^^^^^^^
[INFO] [stdout] 
[INFO] [stdout] 
[INFO] [stdout] warning: unused variable: `clogger`
[INFO] [stdout]   --> src/main.rs:65:26
[INFO] [stdout]    |
[INFO] [stdout] 65 | fn play(file_name: &str, clogger: &mut Clog) {
[INFO] [stdout]    |                          ^^^^^^^ help: if this is intentional, prefix it with an underscore: `_clogger`
[INFO] [stdout]    |
[INFO] [stdout]    = note: `#[warn(unused_variables)]` on by default
[INFO] [stdout] 
[INFO] [stdout] 
[INFO] [stdout] warning: unused variable: `file`
[INFO] [stdout]    --> src/main.rs:191:24
[INFO] [stdout]     |
[INFO] [stdout] 191 |     } else if let Some(file) = matches.subcommand_matches("run") {
[INFO] [stdout]     |                        ^^^^ help: if this is intentional, prefix it with an underscore: `_file`
[INFO] [stdout] 
[INFO] [stdout] 
[INFO] [stdout] warning: unused variable: `example_doc`
[INFO] [stdout]    --> src/corg_doc.rs:183:13
[INFO] [stdout]     |
[INFO] [stdout] 183 |         let example_doc = "faye";
[INFO] [stdout]     |             ^^^^^^^^^^^ help: if this is intentional, prefix it with an underscore: `_example_doc`
[INFO] [stdout] 
[INFO] [stdout] 
[INFO] [stdout] warning: unused variable: `corg_file_type`
[INFO] [stdout]    --> src/corg_doc.rs:191:13
[INFO] [stdout]     |
[INFO] [stdout] 191 |         let corg_file_type = CorgFileType::Markdown;
[INFO] [stdout]     |             ^^^^^^^^^^^^^^ help: if this is intentional, prefix it with an underscore: `_corg_file_type`
[INFO] [stdout] 
[INFO] [stdout] 
[INFO] [stdout] warning: unused variable: `path_buf`
[INFO] [stdout]    --> src/corg_doc.rs:192:13
[INFO] [stdout]     |
[INFO] [stdout] 192 |         let path_buf = PathBuf::from("/Users/seve/code/Projects/corg/examples/faye.md");
[INFO] [stdout]     |             ^^^^^^^^ help: if this is intentional, prefix it with an underscore: `_path_buf`
[INFO] [stdout] 
[INFO] [stdout] 
[INFO] [stdout] warning: associated function is never used: `new`
[INFO] [stdout]   --> src/ui.rs:47:12
[INFO] [stdout]    |
[INFO] [stdout] 47 |     pub fn new(file_name: &'a str, modified_at: &'a str, sha: &'a str) -> Document<'a> {
[INFO] [stdout]    |            ^^^
[INFO] [stdout]    |
[INFO] [stdout]    = note: `#[warn(dead_code)]` on by default
[INFO] [stdout] 
[INFO] [stdout] 
[INFO] [stdout] warning: struct is never constructed: `ListState`
[INFO] [stdout]   --> src/ui.rs:56:12
[INFO] [stdout]    |
[INFO] [stdout] 56 | pub struct ListState<I> {
[INFO] [stdout]    |            ^^^^^^^^^
[INFO] [stdout] 
[INFO] [stdout] 
[INFO] [stdout] warning: associated function is never used: `demo`
[INFO] [stdout]   --> src/ui.rs:71:12
[INFO] [stdout]    |
[INFO] [stdout] 71 |     pub fn demo() -> App<'a> {
[INFO] [stdout]    |            ^^^^
[INFO] [stdout] 
[INFO] [stdout] 
[INFO] [stdout] warning: associated function is never used: `on_key`
[INFO] [stdout]    --> src/ui.rs:116:12
[INFO] [stdout]     |
[INFO] [stdout] 116 |     pub fn on_key(&mut self, key: char) {
[INFO] [stdout]     |            ^^^^^^
[INFO] [stdout] 
[INFO] [stdout] 
[INFO] [stdout] warning: function is never used: `write_html`
[INFO] [stdout]    --> src/shell.rs:774:8
[INFO] [stdout]     |
[INFO] [stdout] 774 | pub fn write_html<'a, I, W>(writer: W, iter: I) -> io::Result<()>
[INFO] [stdout]     |        ^^^^^^^^^^
[INFO] [stdout] 
[INFO] [stdout] 
[INFO] [stdout] warning: constant is never used: `SHELL_LOGGER_FILE_NAME`
[INFO] [stdout]   --> src/corg_file.rs:17:1
[INFO] [stdout]    |
[INFO] [stdout] 17 | const SHELL_LOGGER_FILE_NAME: &'static str = "corg-logger.sh";
[INFO] [stdout]    | ^^^^^^^^^^^^^^^^^^^^^^^^^^^^^^^^^^^^^^^^^^^^^^^^^^^^^^^^^^^^^^
[INFO] [stdout] 
[INFO] [stdout] 
[INFO] [stdout] warning: constant is never used: `CORG_LOGGER_SHELL_SCRIPT`
[INFO] [stdout]   --> src/corg_file.rs:18:1
[INFO] [stdout]    |
[INFO] [stdout] 18 | const CORG_LOGGER_SHELL_SCRIPT: &'static [u8] = include_bytes!("../static/scripts/corg-logger.sh");
[INFO] [stdout]    | ^^^^^^^^^^^^^^^^^^^^^^^^^^^^^^^^^^^^^^^^^^^^^^^^^^^^^^^^^^^^^^^^^^^^^^^^^^^^^^^^^^^^^^^^^^^^^^^^^^^
[INFO] [stdout] 
[INFO] [stdout] 
[INFO] [stdout] warning: variant is never constructed: `ShellScript`
[INFO] [stdout]   --> src/corg_doc.rs:91:5
[INFO] [stdout]    |
[INFO] [stdout] 91 |     ShellScript
[INFO] [stdout]    |     ^^^^^^^^^^^
[INFO] [stdout] 
[INFO] [stdout] 
[INFO] [stdout] warning: associated function is never used: `is_file_type`
[INFO] [stdout]    --> src/corg_doc.rs:102:12
[INFO] [stdout]     |
[INFO] [stdout] 102 |     pub fn is_file_type(&self, entry: &DirEntry) -> bool {
[INFO] [stdout]     |            ^^^^^^^^^^^^
[INFO] [stdout] 
[INFO] [stdout] 
[INFO] [stdout] warning: struct is never constructed: `CorgRunner`
[INFO] [stdout]    --> src/corg_doc.rs:153:12
[INFO] [stdout]     |
[INFO] [stdout] 153 | pub struct CorgRunner {
[INFO] [stdout]     |            ^^^^^^^^^^
[INFO] [stdout] 
[INFO] [stdout] 
[INFO] [stdout] warning: associated function is never used: `exec`
[INFO] [stdout]    --> src/corg_doc.rs:160:8
[INFO] [stdout]     |
[INFO] [stdout] 160 |     fn exec(script_name: &str, args: Vec<String>) -> Result<Child, Error> {
[INFO] [stdout]     |        ^^^^
[INFO] [stdout] 
[INFO] [stdout] 
[INFO] [stdout] warning: variant is never constructed: `Debug`
[INFO] [stdout]  --> src/clogger.rs:9:5
[INFO] [stdout]   |
[INFO] [stdout] 9 |     Debug,
[INFO] [stdout]   |     ^^^^^
[INFO] [stdout] 
[INFO] [stdout] 
[INFO] [stdout] warning: variant is never constructed: `Warning`
[INFO] [stdout]   --> src/clogger.rs:12:5
[INFO] [stdout]    |
[INFO] [stdout] 12 |     Warning,
[INFO] [stdout]    |     ^^^^^^^
[INFO] [stdout] 
[INFO] [stdout] 
[INFO] [stdout] warning: variant is never constructed: `Trace`
[INFO] [stdout]   --> src/clogger.rs:14:5
[INFO] [stdout]    |
[INFO] [stdout] 14 |     Trace,
[INFO] [stdout]    |     ^^^^^
[INFO] [stdout] 
[INFO] [stdout] 
[INFO] [stdout] warning: variant is never constructed: `Announce`
[INFO] [stdout]   --> src/clogger.rs:15:5
[INFO] [stdout]    |
[INFO] [stdout] 15 |     Announce,
[INFO] [stdout]    |     ^^^^^^^^
[INFO] [stdout] 
[INFO] [stdout] 
[INFO] [stdout] warning: associated function is never used: `debug`
[INFO] [stdout]   --> src/clogger.rs:86:12
[INFO] [stdout]    |
[INFO] [stdout] 86 |     pub fn debug(&mut self, message: &str) {
[INFO] [stdout]    |            ^^^^^
[INFO] [stdout] 
[INFO] [stdout] 
[INFO] [stdout] warning: associated function is never used: `warning`
[INFO] [stdout]   --> src/clogger.rs:98:12
[INFO] [stdout]    |
[INFO] [stdout] 98 |     pub fn warning(&mut self, message: &str) {
[INFO] [stdout]    |            ^^^^^^^
[INFO] [stdout] 
[INFO] [stdout] 
[INFO] [stdout] warning: associated function is never used: `trace`
[INFO] [stdout]    --> src/clogger.rs:106:12
[INFO] [stdout]     |
[INFO] [stdout] 106 |     pub fn trace(&mut self, message: &str) {
[INFO] [stdout]     |            ^^^^^
[INFO] [stdout] 
[INFO] [stdout] 
[INFO] [stdout] warning: associated function is never used: `announce`
[INFO] [stdout]    --> src/clogger.rs:110:12
[INFO] [stdout]     |
[INFO] [stdout] 110 |     pub fn announce(&mut self, message: &str) {
[INFO] [stdout]     |            ^^^^^^^^
[INFO] [stdout] 
[INFO] [stdout] 
[INFO] [stdout] warning: field is never read: `input_handle`
[INFO] [stdout]   --> src/util/event.rs:20:5
[INFO] [stdout]    |
[INFO] [stdout] 20 |     input_handle: thread::JoinHandle<()>,
[INFO] [stdout]    |     ^^^^^^^^^^^^^^^^^^^^^^^^^^^^^^^^^^^^
[INFO] [stdout] 
[INFO] [stdout] 
[INFO] [stdout] warning: field is never read: `tick_handle`
[INFO] [stdout]   --> src/util/event.rs:21:5
[INFO] [stdout]    |
[INFO] [stdout] 21 |     tick_handle: thread::JoinHandle<()>,
[INFO] [stdout]    |     ^^^^^^^^^^^^^^^^^^^^^^^^^^^^^^^^^^^
[INFO] [stdout] 
[INFO] [stdout] 
[INFO] [stdout] warning: function is never used: `is_hidden`
[INFO] [stdout]  --> src/util/mod.rs:8:4
[INFO] [stdout]   |
[INFO] [stdout] 8 | fn is_hidden(entry: &DirEntry) -> bool {
[INFO] [stdout]   |    ^^^^^^^^^
[INFO] [stdout] 
[INFO] [stdout] 
[INFO] [stdout] warning: function is never used: `is_file_type`
[INFO] [stdout]   --> src/util/mod.rs:16:4
[INFO] [stdout]    |
[INFO] [stdout] 16 | fn is_file_type(entry: &DirEntry, extension: &str) -> bool {
[INFO] [stdout]    |    ^^^^^^^^^^^^
[INFO] [stdout] 
[INFO] [stdout] 
[INFO] [stdout] warning: function is never used: `is_matching_file`
[INFO] [stdout]   --> src/util/mod.rs:26:4
[INFO] [stdout]    |
[INFO] [stdout] 26 | fn is_matching_file(entry: &DirEntry, file_name: &str, file_ext: &str) -> bool {
[INFO] [stdout]    |    ^^^^^^^^^^^^^^^^
[INFO] [stdout] 
[INFO] [stdout] 
[INFO] [stdout] warning: type alias is never used: `Walker`
[INFO] [stdout]   --> src/util/mod.rs:37:1
[INFO] [stdout]    |
[INFO] [stdout] 37 | pub type Walker = FilterMap<FilterEntry<IntoIter, fn(&DirEntry) -> bool>, fn(Result<DirEntry, Error>) -> Option<DirEntry>>;
[INFO] [stdout]    | ^^^^^^^^^^^^^^^^^^^^^^^^^^^^^^^^^^^^^^^^^^^^^^^^^^^^^^^^^^^^^^^^^^^^^^^^^^^^^^^^^^^^^^^^^^^^^^^^^^^^^^^^^^^^^^^^^^^^^^^^^^^
[INFO] [stdout] 
[INFO] [stdout] 
[INFO] [stdout] warning: function is never used: `find_file`
[INFO] [stdout]   --> src/util/mod.rs:39:8
[INFO] [stdout]    |
[INFO] [stdout] 39 | pub fn find_file(file_name: &str, file_type: &str, walker: Walker) -> Option<PathBuf> {
[INFO] [stdout]    |        ^^^^^^^^^
[INFO] [stdout] 
[INFO] [stdout] 
[INFO] [stdout] warning: function is never used: `find_files_by_type`
[INFO] [stdout]   --> src/util/mod.rs:55:8
[INFO] [stdout]    |
[INFO] [stdout] 55 | pub fn find_files_by_type(file_type: &str, walker: Walker) -> Vec<String> {
[INFO] [stdout]    |        ^^^^^^^^^^^^^^^^^^
[INFO] [stdout] 
[INFO] [stdout] 
[INFO] [stdout] warning: function is never used: `find`
[INFO] [stdout]   --> src/util/mod.rs:72:4
[INFO] [stdout]    |
[INFO] [stdout] 72 | fn find(file_name: &str, file_type: &str) -> Option<PathBuf> {
[INFO] [stdout]    |    ^^^^
[INFO] [stdout] 
[INFO] [stdout] 
[INFO] [stdout] warning: this method call resolves to `<&[T; N] as IntoIterator>::into_iter` (due to backwards compatibility), but will resolve to <[T; N] as IntoIterator>::into_iter in Rust 2021.
[INFO] [stdout]    --> src/ui.rs:157:23
[INFO] [stdout]     |
[INFO] [stdout] 157 |     Table::new(header.into_iter(), rows)
[INFO] [stdout]     |                       ^^^^^^^^^
[INFO] [stdout]     |
[INFO] [stdout]     = note: `#[warn(array_into_iter)]` on by default
[INFO] [stdout]     = warning: this changes meaning in Rust 2021
[INFO] [stdout]     = note: for more information, see issue #66145 <https://github.com/rust-lang/rust/issues/66145>
[INFO] [stdout] help: use `.iter()` instead of `.into_iter()` to avoid ambiguity
[INFO] [stdout]     |
[INFO] [stdout] 157 |     Table::new(header.iter(), rows)
[INFO] [stdout]     |                       ^^^^
[INFO] [stdout] help: or use `IntoIterator::into_iter(..)` instead of `.into_iter()` to explicitly iterate by value
[INFO] [stdout]     |
[INFO] [stdout] 157 |     Table::new(IntoIterator::into_iter(header), rows)
[INFO] [stdout]     |                ^^^^^^^^^^^^^^^^^^^^^^^^      ^
[INFO] [stdout] 
[INFO] [stdout] 
[INFO] [stdout] warning: unused `Result` that must be used
[INFO] [stdout]   --> src/main.rs:77:9
[INFO] [stdout]    |
[INFO] [stdout] 77 |         ui::draw(&mut terminal, &app);
[INFO] [stdout]    |         ^^^^^^^^^^^^^^^^^^^^^^^^^^^^^^
[INFO] [stdout]    |
[INFO] [stdout]    = note: `#[warn(unused_must_use)]` on by default
[INFO] [stdout]    = note: this `Result` may be an `Err` variant, which should be handled
[INFO] [stdout] 
[INFO] [stdout] 
[INFO] [stdout] warning: 55 warnings emitted
[INFO] [stdout] 
[INFO] [stdout] 
[INFO] [stderr]     Finished test [unoptimized + debuginfo] target(s) in 2.23s
[INFO] running `Command { std: "docker" "inspect" "0eb3c4331cfcd8bebeb5cbaae3bb9fd5edaf3b742b64e283e42dafc4a03ecd99", kill_on_drop: false }`
[INFO] running `Command { std: "docker" "rm" "-f" "0eb3c4331cfcd8bebeb5cbaae3bb9fd5edaf3b742b64e283e42dafc4a03ecd99", kill_on_drop: false }`
[INFO] [stdout] 0eb3c4331cfcd8bebeb5cbaae3bb9fd5edaf3b742b64e283e42dafc4a03ecd99
[INFO] running `Command { std: "docker" "create" "-v" "/var/lib/crater-agent-workspace/builds/worker-7/target:/opt/rustwide/target:rw,Z" "-v" "/var/lib/crater-agent-workspace/builds/worker-7/source:/opt/rustwide/workdir:ro,Z" "-v" "/var/lib/crater-agent-workspace/cargo-home:/opt/rustwide/cargo-home:ro,Z" "-v" "/var/lib/crater-agent-workspace/rustup-home:/opt/rustwide/rustup-home:ro,Z" "-e" "SOURCE_DIR=/opt/rustwide/workdir" "-e" "CARGO_TARGET_DIR=/opt/rustwide/target" "-e" "CARGO_INCREMENTAL=0" "-e" "RUST_BACKTRACE=full" "-e" "RUSTFLAGS=--cap-lints=warn" "-e" "CARGO_HOME=/opt/rustwide/cargo-home" "-e" "RUSTUP_HOME=/opt/rustwide/rustup-home" "-w" "/opt/rustwide/workdir" "-m" "1610612736" "--user" "0:0" "--network" "none" "ghcr.io/rust-lang/crates-build-env/linux@sha256:34b6a614d2c27851fe6cbf88fbd1137609cefab8b10d0615aaeb6fd47975d74e" "/opt/rustwide/cargo-home/bin/cargo" "+beta-2021-08-01" "test" "--frozen", kill_on_drop: false }`
[INFO] [stderr] WARNING: Your kernel does not support swap limit capabilities or the cgroup is not mounted. Memory limited without swap.
[INFO] [stdout] 992c8dc408575e5931855a0188571d2f383a08c43ffd9502f234806efc0ed194
[INFO] running `Command { std: "docker" "start" "-a" "992c8dc408575e5931855a0188571d2f383a08c43ffd9502f234806efc0ed194", kill_on_drop: false }`
[INFO] [stderr] warning: unused manifest key: dependencies.pulldown-cmark.feature
[INFO] [stderr] warning: unused import: `std::fs`
[INFO] [stderr]  --> src/main.rs:1:5
[INFO] [stderr]   |
[INFO] [stderr] 1 | use std::fs;
[INFO] [stderr]   |     ^^^^^^^
[INFO] [stderr]   |
[INFO] [stderr]   = note: `#[warn(unused_imports)]` on by default
[INFO] [stderr] 
[INFO] [stderr] warning: unused import: `once_cell::sync::OnceCell`
[INFO] [stderr]  --> src/main.rs:5:5
[INFO] [stderr]   |
[INFO] [stderr] 5 | use once_cell::sync::OnceCell;
[INFO] [stderr]   |     ^^^^^^^^^^^^^^^^^^^^^^^^^
[INFO] [stderr] 
[INFO] [stderr] warning: unused imports: `Event`, `Options`, `Parser`, `Tag`
[INFO] [stderr]  --> src/main.rs:6:22
[INFO] [stderr]   |
[INFO] [stderr] 6 | use pulldown_cmark::{Event, Options, Parser, Tag};
[INFO] [stderr]   |                      ^^^^^  ^^^^^^^  ^^^^^^  ^^^
[INFO] [stderr] 
[INFO] [stderr] warning: unused imports: `ColorSpec`, `Color`, `WriteColor`
[INFO] [stderr]   --> src/main.rs:10:17
[INFO] [stderr]    |
[INFO] [stderr] 10 | use termcolor::{Color, ColorChoice, ColorSpec, StandardStream, WriteColor};
[INFO] [stderr]    |                 ^^^^^               ^^^^^^^^^                  ^^^^^^^^^^
[INFO] [stderr] 
[INFO] [stderr] warning: unused imports: `Block`, `Borders`, `Widget`
[INFO] [stderr]   --> src/main.rs:15:20
[INFO] [stderr]    |
[INFO] [stderr] 15 | use tui::widgets::{Widget, Block, Borders};
[INFO] [stderr]    |                    ^^^^^^  ^^^^^  ^^^^^^^
[INFO] [stderr] 
[INFO] [stderr] warning: unused imports: `Constraint`, `Direction`, `Layout`
[INFO] [stderr]   --> src/main.rs:16:19
[INFO] [stderr]    |
[INFO] [stderr] 16 | use tui::layout::{Layout, Constraint, Direction};
[INFO] [stderr]    |                   ^^^^^^  ^^^^^^^^^^  ^^^^^^^^^
[INFO] [stderr] 
[INFO] [stderr] warning: unused imports: `Canvas`, `Line`, `MapResolution`, `Map`, `Rectangle`
[INFO] [stderr]  --> src/ui.rs:5:28
[INFO] [stderr]   |
[INFO] [stderr] 5 | use tui::widgets::canvas::{Canvas, Line, Map, MapResolution, Rectangle};
[INFO] [stderr]   |                            ^^^^^^  ^^^^  ^^^  ^^^^^^^^^^^^^  ^^^^^^^^^
[INFO] [stderr] 
[INFO] [stderr] warning: unused import: `Error`
[INFO] [stderr]  --> src/corg_file.rs:7:15
[INFO] [stderr]   |
[INFO] [stderr] 7 | use std::io::{Error, Write};
[INFO] [stderr]   |               ^^^^^
[INFO] [stderr] 
[INFO] [stderr] warning: unused import: `std::path::Path`
[INFO] [stderr]  --> src/corg_file.rs:8:5
[INFO] [stderr]   |
[INFO] [stderr] 8 | use std::path::Path;
[INFO] [stderr]   |     ^^^^^^^^^^^^^^^
[INFO] [stderr] 
[INFO] [stderr] warning: unused imports: `Child`, `Command`
[INFO] [stderr]  --> src/corg_file.rs:9:20
[INFO] [stderr]   |
[INFO] [stderr] 9 | use std::process::{Child, Command};
[INFO] [stderr]   |                    ^^^^^  ^^^^^^^
[INFO] [stderr] 
[INFO] [stderr] warning: unused import: `crate::corg_file::CorgFile`
[INFO] [stderr]  --> src/corg_doc.rs:1:5
[INFO] [stderr]   |
[INFO] [stderr] 1 | use crate::corg_file::CorgFile;
[INFO] [stderr]   |     ^^^^^^^^^^^^^^^^^^^^^^^^^^
[INFO] [stderr] 
[INFO] [stderr] warning: unused import: `once_cell::sync::OnceCell`
[INFO] [stderr]  --> src/clogger.rs:1:5
[INFO] [stderr]   |
[INFO] [stderr] 1 | use once_cell::sync::OnceCell;
[INFO] [stderr]   |     ^^^^^^^^^^^^^^^^^^^^^^^^^
[INFO] [stderr] 
[INFO] [stderr] warning: unused import: `ColorChoice`
[INFO] [stderr]  --> src/clogger.rs:3:24
[INFO] [stderr]   |
[INFO] [stderr] 3 | use termcolor::{Color, ColorChoice, ColorSpec, StandardStream, WriteColor};
[INFO] [stderr]   |                        ^^^^^^^^^^^
[INFO] [stderr] 
[INFO] [stderr] warning: unused imports: `fmt`, `mem`
[INFO] [stderr]  --> src/clogger.rs:4:11
[INFO] [stderr]   |
[INFO] [stderr] 4 | use std::{fmt, mem};
[INFO] [stderr]   |           ^^^  ^^^
[INFO] [stderr] 
[INFO] [stderr] warning: unused import: `std::sync::Once`
[INFO] [stderr]  --> src/clogger.rs:5:5
[INFO] [stderr]   |
[INFO] [stderr] 5 | use std::sync::Once;
[INFO] [stderr]   |     ^^^^^^^^^^^^^^^
[INFO] [stderr] 
[INFO] [stderr] warning: unused import: `super::*`
[INFO] [stderr]    --> src/clogger.rs:172:9
[INFO] [stderr]     |
[INFO] [stderr] 172 |     use super::*;
[INFO] [stderr]     |         ^^^^^^^^
[INFO] [stderr] 
[INFO] [stderr] warning: unused import: `fs`
[INFO] [stderr]  --> src/util/mod.rs:2:16
[INFO] [stderr]   |
[INFO] [stderr] 2 | use std::{env, fs};
[INFO] [stderr]   |                ^^
[INFO] [stderr] 
[INFO] [stderr] warning: unused doc comment
[INFO] [stderr]   --> src/main.rs:68:5
[INFO] [stderr]    |
[INFO] [stderr] 68 | /     /// Note: AlternateScreen
[INFO] [stderr] 69 | |     /// Causes the terminal to show a new empty screen for drawing. This is good
[INFO] [stderr] 70 | |     /// unless you wanna shit on-top of whats already been printed to stdout.
[INFO] [stderr]    | |_____________________________________________________________________________^
[INFO] [stderr] 71 |       let stdout = AlternateScreen::from(stdout);
[INFO] [stderr]    |       ------------------------------------------- rustdoc does not generate documentation for statements
[INFO] [stderr]    |
[INFO] [stderr]    = note: `#[warn(unused_doc_comments)]` on by default
[INFO] [stderr]    = help: use `//` for a plain comment
[INFO] [stderr] 
[INFO] [stderr] warning: unreachable pattern
[INFO] [stderr]   --> src/clogger.rs:53:13
[INFO] [stderr]    |
[INFO] [stderr] 53 |             (Self::Warning, Self::Success) => false,
[INFO] [stderr]    |             ^^^^^^^^^^^^^^^^^^^^^^^^^^^^^^
[INFO] [stderr]    |
[INFO] [stderr]    = note: `#[warn(unreachable_patterns)]` on by default
[INFO] [stderr] 
[INFO] [stderr] warning: unreachable pattern
[INFO] [stderr]   --> src/clogger.rs:57:13
[INFO] [stderr]    |
[INFO] [stderr] 57 |             (Self::Error, Self::Success) => false,
[INFO] [stderr]    |             ^^^^^^^^^^^^^^^^^^^^^^^^^^^^
[INFO] [stderr] 
[INFO] [stderr] warning: unused variable: `clogger`
[INFO] [stderr]   --> src/main.rs:65:26
[INFO] [stderr]    |
[INFO] [stderr] 65 | fn play(file_name: &str, clogger: &mut Clog) {
[INFO] [stderr]    |                          ^^^^^^^ help: if this is intentional, prefix it with an underscore: `_clogger`
[INFO] [stderr]    |
[INFO] [stderr]    = note: `#[warn(unused_variables)]` on by default
[INFO] [stderr] 
[INFO] [stderr] warning: unused variable: `file`
[INFO] [stderr]    --> src/main.rs:191:24
[INFO] [stderr]     |
[INFO] [stderr] 191 |     } else if let Some(file) = matches.subcommand_matches("run") {
[INFO] [stderr]     |                        ^^^^ help: if this is intentional, prefix it with an underscore: `_file`
[INFO] [stderr] 
[INFO] [stderr] warning: unused variable: `example_doc`
[INFO] [stderr]    --> src/corg_doc.rs:183:13
[INFO] [stderr]     |
[INFO] [stderr] 183 |         let example_doc = "faye";
[INFO] [stderr]     |             ^^^^^^^^^^^ help: if this is intentional, prefix it with an underscore: `_example_doc`
[INFO] [stderr] 
[INFO] [stderr] warning: unused variable: `corg_file_type`
[INFO] [stderr]    --> src/corg_doc.rs:191:13
[INFO] [stderr]     |
[INFO] [stderr] 191 |         let corg_file_type = CorgFileType::Markdown;
[INFO] [stderr]     |             ^^^^^^^^^^^^^^ help: if this is intentional, prefix it with an underscore: `_corg_file_type`
[INFO] [stderr] 
[INFO] [stderr] warning: unused variable: `path_buf`
[INFO] [stderr]    --> src/corg_doc.rs:192:13
[INFO] [stderr]     |
[INFO] [stderr] 192 |         let path_buf = PathBuf::from("/Users/seve/code/Projects/corg/examples/faye.md");
[INFO] [stderr]     |             ^^^^^^^^ help: if this is intentional, prefix it with an underscore: `_path_buf`
[INFO] [stderr] 
[INFO] [stderr] warning: associated function is never used: `new`
[INFO] [stderr]   --> src/ui.rs:47:12
[INFO] [stderr]    |
[INFO] [stderr] 47 |     pub fn new(file_name: &'a str, modified_at: &'a str, sha: &'a str) -> Document<'a> {
[INFO] [stderr]    |            ^^^
[INFO] [stderr]    |
[INFO] [stderr]    = note: `#[warn(dead_code)]` on by default
[INFO] [stderr] 
[INFO] [stderr] warning: struct is never constructed: `ListState`
[INFO] [stderr]   --> src/ui.rs:56:12
[INFO] [stderr]    |
[INFO] [stderr] 56 | pub struct ListState<I> {
[INFO] [stderr]    |            ^^^^^^^^^
[INFO] [stderr] 
[INFO] [stderr] warning: associated function is never used: `demo`
[INFO] [stderr]   --> src/ui.rs:71:12
[INFO] [stderr]    |
[INFO] [stderr] 71 |     pub fn demo() -> App<'a> {
[INFO] [stderr]    |            ^^^^
[INFO] [stderr] 
[INFO] [stderr] warning: associated function is never used: `on_key`
[INFO] [stderr]    --> src/ui.rs:116:12
[INFO] [stderr]     |
[INFO] [stderr] 116 |     pub fn on_key(&mut self, key: char) {
[INFO] [stderr]     |            ^^^^^^
[INFO] [stderr] 
[INFO] [stderr] warning: function is never used: `write_html`
[INFO] [stderr]    --> src/shell.rs:774:8
[INFO] [stderr]     |
[INFO] [stderr] 774 | pub fn write_html<'a, I, W>(writer: W, iter: I) -> io::Result<()>
[INFO] [stderr]     |        ^^^^^^^^^^
[INFO] [stderr] 
[INFO] [stderr] warning: constant is never used: `SHELL_LOGGER_FILE_NAME`
[INFO] [stderr]   --> src/corg_file.rs:17:1
[INFO] [stderr]    |
[INFO] [stderr] 17 | const SHELL_LOGGER_FILE_NAME: &'static str = "corg-logger.sh";
[INFO] [stderr]    | ^^^^^^^^^^^^^^^^^^^^^^^^^^^^^^^^^^^^^^^^^^^^^^^^^^^^^^^^^^^^^^
[INFO] [stderr] 
[INFO] [stderr] warning: constant is never used: `CORG_LOGGER_SHELL_SCRIPT`
[INFO] [stderr]   --> src/corg_file.rs:18:1
[INFO] [stderr]    |
[INFO] [stderr] 18 | const CORG_LOGGER_SHELL_SCRIPT: &'static [u8] = include_bytes!("../static/scripts/corg-logger.sh");
[INFO] [stderr]    | ^^^^^^^^^^^^^^^^^^^^^^^^^^^^^^^^^^^^^^^^^^^^^^^^^^^^^^^^^^^^^^^^^^^^^^^^^^^^^^^^^^^^^^^^^^^^^^^^^^^
[INFO] [stderr] 
[INFO] [stderr] warning: variant is never constructed: `ShellScript`
[INFO] [stderr]   --> src/corg_doc.rs:91:5
[INFO] [stderr]    |
[INFO] [stderr] 91 |     ShellScript
[INFO] [stderr]    |     ^^^^^^^^^^^
[INFO] [stderr] 
[INFO] [stderr] warning: associated function is never used: `is_file_type`
[INFO] [stderr]    --> src/corg_doc.rs:102:12
[INFO] [stderr]     |
[INFO] [stderr] 102 |     pub fn is_file_type(&self, entry: &DirEntry) -> bool {
[INFO] [stderr]     |            ^^^^^^^^^^^^
[INFO] [stderr] 
[INFO] [stderr] warning: struct is never constructed: `CorgRunner`
[INFO] [stderr]    --> src/corg_doc.rs:153:12
[INFO] [stderr]     |
[INFO] [stderr] 153 | pub struct CorgRunner {
[INFO] [stderr]     |            ^^^^^^^^^^
[INFO] [stderr] 
[INFO] [stderr] warning: associated function is never used: `exec`
[INFO] [stderr]    --> src/corg_doc.rs:160:8
[INFO] [stderr]     |
[INFO] [stderr] 160 |     fn exec(script_name: &str, args: Vec<String>) -> Result<Child, Error> {
[INFO] [stderr]     |        ^^^^
[INFO] [stderr] 
[INFO] [stderr] warning: variant is never constructed: `Debug`
[INFO] [stderr]  --> src/clogger.rs:9:5
[INFO] [stderr]   |
[INFO] [stderr] 9 |     Debug,
[INFO] [stderr]   |     ^^^^^
[INFO] [stderr] 
[INFO] [stderr] warning: variant is never constructed: `Warning`
[INFO] [stderr]   --> src/clogger.rs:12:5
[INFO] [stderr]    |
[INFO] [stderr] 12 |     Warning,
[INFO] [stderr]    |     ^^^^^^^
[INFO] [stderr] 
[INFO] [stderr] warning: variant is never constructed: `Trace`
[INFO] [stderr]   --> src/clogger.rs:14:5
[INFO] [stderr]    |
[INFO] [stderr] 14 |     Trace,
[INFO] [stderr]    |     ^^^^^
[INFO] [stderr] 
[INFO] [stderr] warning: variant is never constructed: `Announce`
[INFO] [stderr]   --> src/clogger.rs:15:5
[INFO] [stderr]    |
[INFO] [stderr] 15 |     Announce,
[INFO] [stderr]    |     ^^^^^^^^
[INFO] [stderr] 
[INFO] [stderr] warning: associated function is never used: `debug`
[INFO] [stderr]   --> src/clogger.rs:86:12
[INFO] [stderr]    |
[INFO] [stderr] 86 |     pub fn debug(&mut self, message: &str) {
[INFO] [stderr]    |            ^^^^^
[INFO] [stderr] 
[INFO] [stderr] warning: associated function is never used: `warning`
[INFO] [stderr]   --> src/clogger.rs:98:12
[INFO] [stderr]    |
[INFO] [stderr] 98 |     pub fn warning(&mut self, message: &str) {
[INFO] [stderr]    |            ^^^^^^^
[INFO] [stderr] 
[INFO] [stderr] warning: associated function is never used: `trace`
[INFO] [stderr]    --> src/clogger.rs:106:12
[INFO] [stderr]     |
[INFO] [stderr] 106 |     pub fn trace(&mut self, message: &str) {
[INFO] [stderr]     |            ^^^^^
[INFO] [stderr] 
[INFO] [stderr] warning: associated function is never used: `announce`
[INFO] [stderr]    --> src/clogger.rs:110:12
[INFO] [stderr]     |
[INFO] [stderr] 110 |     pub fn announce(&mut self, message: &str) {
[INFO] [stderr]     |            ^^^^^^^^
[INFO] [stderr] 
[INFO] [stderr] warning: field is never read: `input_handle`
[INFO] [stderr]   --> src/util/event.rs:20:5
[INFO] [stderr]    |
[INFO] [stderr] 20 |     input_handle: thread::JoinHandle<()>,
[INFO] [stderr]    |     ^^^^^^^^^^^^^^^^^^^^^^^^^^^^^^^^^^^^
[INFO] [stderr] 
[INFO] [stderr] warning: field is never read: `tick_handle`
[INFO] [stderr]   --> src/util/event.rs:21:5
[INFO] [stderr]    |
[INFO] [stderr] 21 |     tick_handle: thread::JoinHandle<()>,
[INFO] [stderr]    |     ^^^^^^^^^^^^^^^^^^^^^^^^^^^^^^^^^^^
[INFO] [stderr] 
[INFO] [stderr] warning: function is never used: `is_hidden`
[INFO] [stderr]  --> src/util/mod.rs:8:4
[INFO] [stderr]   |
[INFO] [stderr] 8 | fn is_hidden(entry: &DirEntry) -> bool {
[INFO] [stderr]   |    ^^^^^^^^^
[INFO] [stderr] 
[INFO] [stderr] warning: function is never used: `is_file_type`
[INFO] [stderr]   --> src/util/mod.rs:16:4
[INFO] [stderr]    |
[INFO] [stderr] 16 | fn is_file_type(entry: &DirEntry, extension: &str) -> bool {
[INFO] [stderr]    |    ^^^^^^^^^^^^
[INFO] [stderr] 
[INFO] [stderr] warning: function is never used: `is_matching_file`
[INFO] [stderr]   --> src/util/mod.rs:26:4
[INFO] [stderr]    |
[INFO] [stderr] 26 | fn is_matching_file(entry: &DirEntry, file_name: &str, file_ext: &str) -> bool {
[INFO] [stderr]    |    ^^^^^^^^^^^^^^^^
[INFO] [stderr] 
[INFO] [stderr] warning: type alias is never used: `Walker`
[INFO] [stderr]   --> src/util/mod.rs:37:1
[INFO] [stderr]    |
[INFO] [stderr] 37 | pub type Walker = FilterMap<FilterEntry<IntoIter, fn(&DirEntry) -> bool>, fn(Result<DirEntry, Error>) -> Option<DirEntry>>;
[INFO] [stderr]    | ^^^^^^^^^^^^^^^^^^^^^^^^^^^^^^^^^^^^^^^^^^^^^^^^^^^^^^^^^^^^^^^^^^^^^^^^^^^^^^^^^^^^^^^^^^^^^^^^^^^^^^^^^^^^^^^^^^^^^^^^^^^
[INFO] [stderr] 
[INFO] [stderr] warning: function is never used: `find_file`
[INFO] [stderr]   --> src/util/mod.rs:39:8
[INFO] [stderr]    |
[INFO] [stderr] 39 | pub fn find_file(file_name: &str, file_type: &str, walker: Walker) -> Option<PathBuf> {
[INFO] [stderr]    |        ^^^^^^^^^
[INFO] [stderr] 
[INFO] [stderr] warning: function is never used: `find_files_by_type`
[INFO] [stderr]   --> src/util/mod.rs:55:8
[INFO] [stderr]    |
[INFO] [stderr] 55 | pub fn find_files_by_type(file_type: &str, walker: Walker) -> Vec<String> {
[INFO] [stderr]    |        ^^^^^^^^^^^^^^^^^^
[INFO] [stderr] 
[INFO] [stderr] warning: function is never used: `find`
[INFO] [stderr]   --> src/util/mod.rs:72:4
[INFO] [stderr]    |
[INFO] [stderr] 72 | fn find(file_name: &str, file_type: &str) -> Option<PathBuf> {
[INFO] [stderr]    |    ^^^^
[INFO] [stderr] 
[INFO] [stderr] warning: this method call resolves to `<&[T; N] as IntoIterator>::into_iter` (due to backwards compatibility), but will resolve to <[T; N] as IntoIterator>::into_iter in Rust 2021.
[INFO] [stderr]    --> src/ui.rs:157:23
[INFO] [stderr]     |
[INFO] [stderr] 157 |     Table::new(header.into_iter(), rows)
[INFO] [stderr]     |                       ^^^^^^^^^
[INFO] [stderr]     |
[INFO] [stderr]     = note: `#[warn(array_into_iter)]` on by default
[INFO] [stderr]     = warning: this changes meaning in Rust 2021
[INFO] [stderr]     = note: for more information, see issue #66145 <https://github.com/rust-lang/rust/issues/66145>
[INFO] [stderr] help: use `.iter()` instead of `.into_iter()` to avoid ambiguity
[INFO] [stderr]     |
[INFO] [stderr] 157 |     Table::new(header.iter(), rows)
[INFO] [stderr]     |                       ^^^^
[INFO] [stderr] help: or use `IntoIterator::into_iter(..)` instead of `.into_iter()` to explicitly iterate by value
[INFO] [stderr]     |
[INFO] [stderr] 157 |     Table::new(IntoIterator::into_iter(header), rows)
[INFO] [stderr]     |                ^^^^^^^^^^^^^^^^^^^^^^^^      ^
[INFO] [stderr] 
[INFO] [stderr] warning: unused `Result` that must be used
[INFO] [stderr]   --> src/main.rs:77:9
[INFO] [stderr]    |
[INFO] [stderr] 77 |         ui::draw(&mut terminal, &app);
[INFO] [stderr]    |         ^^^^^^^^^^^^^^^^^^^^^^^^^^^^^^
[INFO] [stderr]    |
[INFO] [stderr]    = note: `#[warn(unused_must_use)]` on by default
[INFO] [stderr]    = note: this `Result` may be an `Err` variant, which should be handled
[INFO] [stderr] 
[INFO] [stderr] warning: `kintoun` (bin "kintoun" test) generated 55 warnings
[INFO] [stderr]     Finished test [unoptimized + debuginfo] target(s) in 0.04s
[INFO] [stderr]      Running unittests (/opt/rustwide/target/debug/deps/kintoun-7025f67315b4f3cf)
[INFO] [stdout] 
[INFO] [stdout] running 9 tests
[INFO] [stdout] test corg_doc::tests::test_is_file_type ... ok
[INFO] [stdout] test corg_file::tests::test_new ... ok
[INFO] [stdout] test shell::tests::test_corg_new ... ok
[INFO] [stdout] test shell::tests::test_corg_push_function_name ... ok
[INFO] [stdout] test shell::tests::test_corg_needs_to_push_function_name ... ok
[INFO] [stdout] test shell::tests::test_corg_header_function_slug ... ok
[INFO] [stdout] test corg_doc::tests::test_new ... FAILED
[INFO] [stdout] test corg_doc::tests::test_find_document ... FAILED
[INFO] [stdout] test corg_doc::tests::test_find_file ... FAILED
[INFO] [stdout] 
[INFO] [stdout] failures:
[INFO] [stdout] 
[INFO] [stdout] ---- corg_doc::tests::test_new stdout ----
[INFO] [stdout] Unable to find file matching examples/faye.md
[INFO] [stdout] thread 'corg_doc::tests::test_new' panicked at 'assertion failed: `(left != right)`
[INFO] [stdout]   left: `None`,
[INFO] [stdout]  right: `None`', src/corg_doc.rs:178:9
[INFO] [stdout] stack backtrace:
[INFO] [stdout]    0:     0x56423cd39360 - std::backtrace_rs::backtrace::libunwind::trace::hff4d1766e93f64f1
[INFO] [stdout]                                at /rustc/53fd98ca776cb875bc9e5514f56b52eb74f9e7a9/library/std/src/../../backtrace/src/backtrace/libunwind.rs:90:5
[INFO] [stdout]    1:     0x56423cd39360 - std::backtrace_rs::backtrace::trace_unsynchronized::h56bbc8eb78770bcb
[INFO] [stdout]                                at /rustc/53fd98ca776cb875bc9e5514f56b52eb74f9e7a9/library/std/src/../../backtrace/src/backtrace/mod.rs:66:5
[INFO] [stdout]    2:     0x56423cd39360 - std::sys_common::backtrace::_print_fmt::h5c8e75464faca780
[INFO] [stdout]                                at /rustc/53fd98ca776cb875bc9e5514f56b52eb74f9e7a9/library/std/src/sys_common/backtrace.rs:67:5
[INFO] [stdout]    3:     0x56423cd39360 - <std::sys_common::backtrace::_print::DisplayBacktrace as core::fmt::Display>::fmt::h48b88277def8b362
[INFO] [stdout]                                at /rustc/53fd98ca776cb875bc9e5514f56b52eb74f9e7a9/library/std/src/sys_common/backtrace.rs:46:22
[INFO] [stdout]    4:     0x56423cd5c71c - core::fmt::write::h3381b3176fe2b3d3
[INFO] [stdout]                                at /rustc/53fd98ca776cb875bc9e5514f56b52eb74f9e7a9/library/core/src/fmt/mod.rs:1115:17
[INFO] [stdout]    5:     0x56423cd35f55 - std::io::Write::write_fmt::h5f34a676f60246b5
[INFO] [stdout]                                at /rustc/53fd98ca776cb875bc9e5514f56b52eb74f9e7a9/library/std/src/io/mod.rs:1665:15
[INFO] [stdout]    6:     0x56423cd3b4db - std::sys_common::backtrace::_print::ha537687d6c17dd0d
[INFO] [stdout]                                at /rustc/53fd98ca776cb875bc9e5514f56b52eb74f9e7a9/library/std/src/sys_common/backtrace.rs:49:5
[INFO] [stdout]    7:     0x56423cd3b4db - std::sys_common::backtrace::print::h61376ae57d131d72
[INFO] [stdout]                                at /rustc/53fd98ca776cb875bc9e5514f56b52eb74f9e7a9/library/std/src/sys_common/backtrace.rs:36:9
[INFO] [stdout]    8:     0x56423cd3b4db - std::panicking::default_hook::{{closure}}::h0f7208c0b9644a54
[INFO] [stdout]                                at /rustc/53fd98ca776cb875bc9e5514f56b52eb74f9e7a9/library/std/src/panicking.rs:208:50
[INFO] [stdout]    9:     0x56423cd3afec - std::panicking::default_hook::hdac7fc06578c14ce
[INFO] [stdout]                                at /rustc/53fd98ca776cb875bc9e5514f56b52eb74f9e7a9/library/std/src/panicking.rs:222:9
[INFO] [stdout]   10:     0x56423cd3bba4 - std::panicking::rust_panic_with_hook::h72b21c283da3d1ef
[INFO] [stdout]                                at /rustc/53fd98ca776cb875bc9e5514f56b52eb74f9e7a9/library/std/src/panicking.rs:622:17
[INFO] [stdout]   11:     0x56423cd3b687 - std::panicking::begin_panic_handler::{{closure}}::he5778f1729cff84a
[INFO] [stdout]                                at /rustc/53fd98ca776cb875bc9e5514f56b52eb74f9e7a9/library/std/src/panicking.rs:519:13
[INFO] [stdout]   12:     0x56423cd3983c - std::sys_common::backtrace::__rust_end_short_backtrace::h2d11ca8b453b4b1d
[INFO] [stdout]                                at /rustc/53fd98ca776cb875bc9e5514f56b52eb74f9e7a9/library/std/src/sys_common/backtrace.rs:141:18
[INFO] [stdout]   13:     0x56423cd3b5e9 - rust_begin_unwind
[INFO] [stdout]                                at /rustc/53fd98ca776cb875bc9e5514f56b52eb74f9e7a9/library/std/src/panicking.rs:515:5
[INFO] [stdout]   14:     0x56423cc9f441 - core::panicking::panic_fmt::hf9de31d4acbce4db
[INFO] [stdout]                                at /rustc/53fd98ca776cb875bc9e5514f56b52eb74f9e7a9/library/core/src/panicking.rs:92:14
[INFO] [stdout]   15:     0x56423cd5b038 - core::panicking::assert_failed_inner::h62e8cb2847a6e7ec
[INFO] [stdout]   16:     0x56423ccb146a - core::panicking::assert_failed::h66e8323733416148
[INFO] [stdout]                                at /rustc/53fd98ca776cb875bc9e5514f56b52eb74f9e7a9/library/core/src/panicking.rs:117:5
[INFO] [stdout]   17:     0x56423ccb1c9e - kintoun::corg_doc::tests::test_new::h06ab348f4cd6154c
[INFO] [stdout]                                at /opt/rustwide/workdir/src/corg_doc.rs:178:9
[INFO] [stdout]   18:     0x56423ccb1bba - kintoun::corg_doc::tests::test_new::{{closure}}::h54ea3ae0dcc432b5
[INFO] [stdout]                                at /opt/rustwide/workdir/src/corg_doc.rs:176:5
[INFO] [stdout]   19:     0x56423cca5ece - core::ops::function::FnOnce::call_once::h311c65d6fa2b40dc
[INFO] [stdout]                                at /rustc/53fd98ca776cb875bc9e5514f56b52eb74f9e7a9/library/core/src/ops/function.rs:227:5
[INFO] [stdout]   20:     0x56423cce51c3 - core::ops::function::FnOnce::call_once::hbb52c4519d3137b0
[INFO] [stdout]                                at /rustc/53fd98ca776cb875bc9e5514f56b52eb74f9e7a9/library/core/src/ops/function.rs:227:5
[INFO] [stdout]   21:     0x56423cce51c3 - test::__rust_begin_short_backtrace::h86fe3a2a5a5121af
[INFO] [stdout]                                at /rustc/53fd98ca776cb875bc9e5514f56b52eb74f9e7a9/library/test/src/lib.rs:578:5
[INFO] [stdout]   22:     0x56423cce3c78 - <alloc::boxed::Box<F,A> as core::ops::function::FnOnce<Args>>::call_once::hfd956bc3d57399be
[INFO] [stdout]                                at /rustc/53fd98ca776cb875bc9e5514f56b52eb74f9e7a9/library/alloc/src/boxed.rs:1572:9
[INFO] [stdout]   23:     0x56423cce3c78 - <std::panic::AssertUnwindSafe<F> as core::ops::function::FnOnce<()>>::call_once::h40dc93e0ddb5938a
[INFO] [stdout]                                at /rustc/53fd98ca776cb875bc9e5514f56b52eb74f9e7a9/library/std/src/panic.rs:347:9
[INFO] [stdout]   24:     0x56423cce3c78 - std::panicking::try::do_call::h90d07750cb47c562
[INFO] [stdout]                                at /rustc/53fd98ca776cb875bc9e5514f56b52eb74f9e7a9/library/std/src/panicking.rs:401:40
[INFO] [stdout]   25:     0x56423cce3c78 - std::panicking::try::h063c84733ad2a629
[INFO] [stdout]                                at /rustc/53fd98ca776cb875bc9e5514f56b52eb74f9e7a9/library/std/src/panicking.rs:365:19
[INFO] [stdout]   26:     0x56423cce3c78 - std::panic::catch_unwind::h0c464836a84e7c08
[INFO] [stdout]                                at /rustc/53fd98ca776cb875bc9e5514f56b52eb74f9e7a9/library/std/src/panic.rs:434:14
[INFO] [stdout]   27:     0x56423cce3c78 - test::run_test_in_process::h5cb06ef620b157fc
[INFO] [stdout]                                at /rustc/53fd98ca776cb875bc9e5514f56b52eb74f9e7a9/library/test/src/lib.rs:601:18
[INFO] [stdout]   28:     0x56423cce3c78 - test::run_test::run_test_inner::{{closure}}::h76f677f4b93f9828
[INFO] [stdout]                                at /rustc/53fd98ca776cb875bc9e5514f56b52eb74f9e7a9/library/test/src/lib.rs:493:39
[INFO] [stdout]   29:     0x56423ccb240d - test::run_test::run_test_inner::{{closure}}::h366d01fe04f4d67a
[INFO] [stdout]                                at /rustc/53fd98ca776cb875bc9e5514f56b52eb74f9e7a9/library/test/src/lib.rs:520:37
[INFO] [stdout]   30:     0x56423ccb240d - std::sys_common::backtrace::__rust_begin_short_backtrace::h7dfa0de4eb395af2
[INFO] [stdout]                                at /rustc/53fd98ca776cb875bc9e5514f56b52eb74f9e7a9/library/std/src/sys_common/backtrace.rs:125:18
[INFO] [stdout]   31:     0x56423ccb6bd8 - std::thread::Builder::spawn_unchecked::{{closure}}::{{closure}}::hf0a74bb58798037f
[INFO] [stdout]                                at /rustc/53fd98ca776cb875bc9e5514f56b52eb74f9e7a9/library/std/src/thread/mod.rs:476:17
[INFO] [stdout]   32:     0x56423ccb6bd8 - <std::panic::AssertUnwindSafe<F> as core::ops::function::FnOnce<()>>::call_once::hb024e854818586ac
[INFO] [stdout]                                at /rustc/53fd98ca776cb875bc9e5514f56b52eb74f9e7a9/library/std/src/panic.rs:347:9
[INFO] [stdout]   33:     0x56423ccb6bd8 - std::panicking::try::do_call::hb2dd9f1d0d48e41d
[INFO] [stdout]                                at /rustc/53fd98ca776cb875bc9e5514f56b52eb74f9e7a9/library/std/src/panicking.rs:401:40
[INFO] [stdout]   34:     0x56423ccb6bd8 - std::panicking::try::h4717ae7bac8b2bf3
[INFO] [stdout]                                at /rustc/53fd98ca776cb875bc9e5514f56b52eb74f9e7a9/library/std/src/panicking.rs:365:19
[INFO] [stdout]   35:     0x56423ccb6bd8 - std::panic::catch_unwind::h0dc8a061326ce8d8
[INFO] [stdout]                                at /rustc/53fd98ca776cb875bc9e5514f56b52eb74f9e7a9/library/std/src/panic.rs:434:14
[INFO] [stdout]   36:     0x56423ccb6bd8 - std::thread::Builder::spawn_unchecked::{{closure}}::haa369e2d6fd00aa1
[INFO] [stdout]                                at /rustc/53fd98ca776cb875bc9e5514f56b52eb74f9e7a9/library/std/src/thread/mod.rs:475:30
[INFO] [stdout]   37:     0x56423ccb6bd8 - core::ops::function::FnOnce::call_once{{vtable.shim}}::h36dcf3de8b056f17
[INFO] [stdout]                                at /rustc/53fd98ca776cb875bc9e5514f56b52eb74f9e7a9/library/core/src/ops/function.rs:227:5
[INFO] [stdout]   38:     0x56423cd40d97 - <alloc::boxed::Box<F,A> as core::ops::function::FnOnce<Args>>::call_once::h65c29e4642be2358
[INFO] [stdout]                                at /rustc/53fd98ca776cb875bc9e5514f56b52eb74f9e7a9/library/alloc/src/boxed.rs:1572:9
[INFO] [stdout]   39:     0x56423cd40d97 - <alloc::boxed::Box<F,A> as core::ops::function::FnOnce<Args>>::call_once::hd0f8f7fbbd9fffbf
[INFO] [stdout]                                at /rustc/53fd98ca776cb875bc9e5514f56b52eb74f9e7a9/library/alloc/src/boxed.rs:1572:9
[INFO] [stdout]   40:     0x56423cd40d97 - std::sys::unix::thread::Thread::new::thread_start::h2fd22fee3ca77b65
[INFO] [stdout]                                at /rustc/53fd98ca776cb875bc9e5514f56b52eb74f9e7a9/library/std/src/sys/unix/thread.rs:74:17
[INFO] [stdout]   41:     0x7fa376c20609 - start_thread
[INFO] [stdout]   42:     0x7fa3769f2293 - clone
[INFO] [stdout]   43:                0x0 - <unknown>
[INFO] [stdout] 
[INFO] [stdout] ---- corg_doc::tests::test_find_document stdout ----
[INFO] [stdout] thread 'corg_doc::tests::test_find_document' panicked at 'assertion failed: `(left == right)`
[INFO] [stdout]   left: `None`,
[INFO] [stdout]  right: `Some("/Users/seve/Code/Projects/corg/faye.md")`', src/corg_doc.rs:186:9
[INFO] [stdout] stack backtrace:
[INFO] [stdout]    0:     0x56423cd39360 - std::backtrace_rs::backtrace::libunwind::trace::hff4d1766e93f64f1
[INFO] [stdout]                                at /rustc/53fd98ca776cb875bc9e5514f56b52eb74f9e7a9/library/std/src/../../backtrace/src/backtrace/libunwind.rs:90:5
[INFO] [stdout]    1:     0x56423cd39360 - std::backtrace_rs::backtrace::trace_unsynchronized::h56bbc8eb78770bcb
[INFO] [stdout]                                at /rustc/53fd98ca776cb875bc9e5514f56b52eb74f9e7a9/library/std/src/../../backtrace/src/backtrace/mod.rs:66:5
[INFO] [stdout]    2:     0x56423cd39360 - std::sys_common::backtrace::_print_fmt::h5c8e75464faca780
[INFO] [stdout]                                at /rustc/53fd98ca776cb875bc9e5514f56b52eb74f9e7a9/library/std/src/sys_common/backtrace.rs:67:5
[INFO] [stdout]    3:     0x56423cd39360 - <std::sys_common::backtrace::_print::DisplayBacktrace as core::fmt::Display>::fmt::h48b88277def8b362
[INFO] [stdout]                                at /rustc/53fd98ca776cb875bc9e5514f56b52eb74f9e7a9/library/std/src/sys_common/backtrace.rs:46:22
[INFO] [stdout]    4:     0x56423cd5c71c - core::fmt::write::h3381b3176fe2b3d3
[INFO] [stdout]                                at /rustc/53fd98ca776cb875bc9e5514f56b52eb74f9e7a9/library/core/src/fmt/mod.rs:1115:17
[INFO] [stdout]    5:     0x56423cd35f55 - std::io::Write::write_fmt::h5f34a676f60246b5
[INFO] [stdout]                                at /rustc/53fd98ca776cb875bc9e5514f56b52eb74f9e7a9/library/std/src/io/mod.rs:1665:15
[INFO] [stdout]    6:     0x56423cd3b4db - std::sys_common::backtrace::_print::ha537687d6c17dd0d
[INFO] [stdout]                                at /rustc/53fd98ca776cb875bc9e5514f56b52eb74f9e7a9/library/std/src/sys_common/backtrace.rs:49:5
[INFO] [stdout]    7:     0x56423cd3b4db - std::sys_common::backtrace::print::h61376ae57d131d72
[INFO] [stdout]                                at /rustc/53fd98ca776cb875bc9e5514f56b52eb74f9e7a9/library/std/src/sys_common/backtrace.rs:36:9
[INFO] [stdout]    8:     0x56423cd3b4db - std::panicking::default_hook::{{closure}}::h0f7208c0b9644a54
[INFO] [stdout]                                at /rustc/53fd98ca776cb875bc9e5514f56b52eb74f9e7a9/library/std/src/panicking.rs:208:50
[INFO] [stdout]    9:     0x56423cd3afec - std::panicking::default_hook::hdac7fc06578c14ce
[INFO] [stdout]                                at /rustc/53fd98ca776cb875bc9e5514f56b52eb74f9e7a9/library/std/src/panicking.rs:222:9
[INFO] [stdout]   10:     0x56423cd3bba4 - std::panicking::rust_panic_with_hook::h72b21c283da3d1ef
[INFO] [stdout]                                at /rustc/53fd98ca776cb875bc9e5514f56b52eb74f9e7a9/library/std/src/panicking.rs:622:17
[INFO] [stdout]   11:     0x56423cd3b687 - std::panicking::begin_panic_handler::{{closure}}::he5778f1729cff84a
[INFO] [stdout]                                at /rustc/53fd98ca776cb875bc9e5514f56b52eb74f9e7a9/library/std/src/panicking.rs:519:13
[INFO] [stdout]   12:     0x56423cd3983c - std::sys_common::backtrace::__rust_end_short_backtrace::h2d11ca8b453b4b1d
[INFO] [stdout]                                at /rustc/53fd98ca776cb875bc9e5514f56b52eb74f9e7a9/library/std/src/sys_common/backtrace.rs:141:18
[INFO] [stdout]   13:     0x56423cd3b5e9 - rust_begin_unwind
[INFO] [stdout]                                at /rustc/53fd98ca776cb875bc9e5514f56b52eb74f9e7a9/library/std/src/panicking.rs:515:5
[INFO] [stdout]   14:     0x56423cc9f441 - core::panicking::panic_fmt::hf9de31d4acbce4db
[INFO] [stdout]                                at /rustc/53fd98ca776cb875bc9e5514f56b52eb74f9e7a9/library/core/src/panicking.rs:92:14
[INFO] [stdout]   15:     0x56423cd5b038 - core::panicking::assert_failed_inner::h62e8cb2847a6e7ec
[INFO] [stdout]   16:     0x56423ccb14ca - core::panicking::assert_failed::he313aa1c7f609912
[INFO] [stdout]                                at /rustc/53fd98ca776cb875bc9e5514f56b52eb74f9e7a9/library/core/src/panicking.rs:117:5
[INFO] [stdout]   17:     0x56423ccb1e22 - kintoun::corg_doc::tests::test_find_document::hf91948950d676e25
[INFO] [stdout]                                at /opt/rustwide/workdir/src/corg_doc.rs:186:9
[INFO] [stdout]   18:     0x56423ccb1cca - kintoun::corg_doc::tests::test_find_document::{{closure}}::h4997ba61ef5ccd9e
[INFO] [stdout]                                at /opt/rustwide/workdir/src/corg_doc.rs:182:5
[INFO] [stdout]   19:     0x56423cca5e4e - core::ops::function::FnOnce::call_once::h088219cb3760cca2
[INFO] [stdout]                                at /rustc/53fd98ca776cb875bc9e5514f56b52eb74f9e7a9/library/core/src/ops/function.rs:227:5
[INFO] [stdout]   20:     0x56423cce51c3 - core::ops::function::FnOnce::call_once::hbb52c4519d3137b0
[INFO] [stdout]                                at /rustc/53fd98ca776cb875bc9e5514f56b52eb74f9e7a9/library/core/src/ops/function.rs:227:5
[INFO] [stdout]   21:     0x56423cce51c3 - test::__rust_begin_short_backtrace::h86fe3a2a5a5121af
[INFO] [stdout]                                at /rustc/53fd98ca776cb875bc9e5514f56b52eb74f9e7a9/library/test/src/lib.rs:578:5
[INFO] [stdout]   22:     0x56423cce3c78 - <alloc::boxed::Box<F,A> as core::ops::function::FnOnce<Args>>::call_once::hfd956bc3d57399be
[INFO] [stdout]                                at /rustc/53fd98ca776cb875bc9e5514f56b52eb74f9e7a9/library/alloc/src/boxed.rs:1572:9
[INFO] [stdout]   23:     0x56423cce3c78 - <std::panic::AssertUnwindSafe<F> as core::ops::function::FnOnce<()>>::call_once::h40dc93e0ddb5938a
[INFO] [stdout]                                at /rustc/53fd98ca776cb875bc9e5514f56b52eb74f9e7a9/library/std/src/panic.rs:347:9
[INFO] [stdout]   24:     0x56423cce3c78 - std::panicking::try::do_call::h90d07750cb47c562
[INFO] [stdout]                                at /rustc/53fd98ca776cb875bc9e5514f56b52eb74f9e7a9/library/std/src/panicking.rs:401:40
[INFO] [stdout]   25:     0x56423cce3c78 - std::panicking::try::h063c84733ad2a629
[INFO] [stdout]                                at /rustc/53fd98ca776cb875bc9e5514f56b52eb74f9e7a9/library/std/src/panicking.rs:365:19
[INFO] [stdout]   26:     0x56423cce3c78 - std::panic::catch_unwind::h0c464836a84e7c08
[INFO] [stdout]                                at /rustc/53fd98ca776cb875bc9e5514f56b52eb74f9e7a9/library/std/src/panic.rs:434:14
[INFO] [stdout]   27:     0x56423cce3c78 - test::run_test_in_process::h5cb06ef620b157fc
[INFO] [stdout]                                at /rustc/53fd98ca776cb875bc9e5514f56b52eb74f9e7a9/library/test/src/lib.rs:601:18
[INFO] [stdout]   28:     0x56423cce3c78 - test::run_test::run_test_inner::{{closure}}::h76f677f4b93f9828
[INFO] [stdout]                                at /rustc/53fd98ca776cb875bc9e5514f56b52eb74f9e7a9/library/test/src/lib.rs:493:39
[INFO] [stdout]   29:     0x56423ccb240d - test::run_test::run_test_inner::{{closure}}::h366d01fe04f4d67a
[INFO] [stdout]                                at /rustc/53fd98ca776cb875bc9e5514f56b52eb74f9e7a9/library/test/src/lib.rs:520:37
[INFO] [stdout]   30:     0x56423ccb240d - std::sys_common::backtrace::__rust_begin_short_backtrace::h7dfa0de4eb395af2
[INFO] [stdout]                                at /rustc/53fd98ca776cb875bc9e5514f56b52eb74f9e7a9/library/std/src/sys_common/backtrace.rs:125:18
[INFO] [stdout]   31:     0x56423ccb6bd8 - std::thread::Builder::spawn_unchecked::{{closure}}::{{closure}}::hf0a74bb58798037f
[INFO] [stdout]                                at /rustc/53fd98ca776cb875bc9e5514f56b52eb74f9e7a9/library/std/src/thread/mod.rs:476:17
[INFO] [stdout]   32:     0x56423ccb6bd8 - <std::panic::AssertUnwindSafe<F> as core::ops::function::FnOnce<()>>::call_once::hb024e854818586ac
[INFO] [stdout]                                at /rustc/53fd98ca776cb875bc9e5514f56b52eb74f9e7a9/library/std/src/panic.rs:347:9
[INFO] [stdout]   33:     0x56423ccb6bd8 - std::panicking::try::do_call::hb2dd9f1d0d48e41d
[INFO] [stdout]                                at /rustc/53fd98ca776cb875bc9e5514f56b52eb74f9e7a9/library/std/src/panicking.rs:401:40
[INFO] [stdout]   34:     0x56423ccb6bd8 - std::panicking::try::h4717ae7bac8b2bf3
[INFO] [stdout]                                at /rustc/53fd98ca776cb875bc9e5514f56b52eb74f9e7a9/library/std/src/panicking.rs:365:19
[INFO] [stdout]   35:     0x56423ccb6bd8 - std::panic::catch_unwind::h0dc8a061326ce8d8
[INFO] [stdout]                                at /rustc/53fd98ca776cb875bc9e5514f56b52eb74f9e7a9/library/std/src/panic.rs:434:14
[INFO] [stdout]   36:     0x56423ccb6bd8 - std::thread::Builder::spawn_unchecked::{{closure}}::haa369e2d6fd00aa1
[INFO] [stdout]                                at /rustc/53fd98ca776cb875bc9e5514f56b52eb74f9e7a9/library/std/src/thread/mod.rs:475:30
[INFO] [stdout]   37:     0x56423ccb6bd8 - core::ops::function::FnOnce::call_once{{vtable.shim}}::h36dcf3de8b056f17
[INFO] [stdout]                                at /rustc/53fd98ca776cb875bc9e5514f56b52eb74f9e7a9/library/core/src/ops/function.rs:227:5
[INFO] [stdout]   38:     0x56423cd40d97 - <alloc::boxed::Box<F,A> as core::ops::function::FnOnce<Args>>::call_once::h65c29e4642be2358
[INFO] [stdout]                                at /rustc/53fd98ca776cb875bc9e5514f56b52eb74f9e7a9/library/alloc/src/boxed.rs:1572:9
[INFO] [stdout]   39:     0x56423cd40d97 - <alloc::boxed::Box<F,A> as core::ops::function::FnOnce<Args>>::call_once::hd0f8f7fbbd9fffbf
[INFO] [stdout]                                at /rustc/53fd98ca776cb875bc9e5514f56b52eb74f9e7a9/library/alloc/src/boxed.rs:1572:9
[INFO] [stdout]   40:     0x56423cd40d97 - std::sys::unix::thread::Thread::new::thread_start::h2fd22fee3ca77b65
[INFO] [stdout]                                at /rustc/53fd98ca776cb875bc9e5514f56b52eb74f9e7a9/library/std/src/sys/unix/thread.rs:74:17
[INFO] [stdout]   41:     0x7fa376c20609 - start_thread
[INFO] [stdout]   42:     0x7fa3769f2293 - clone
[INFO] [stdout]   43:                0x0 - <unknown>
[INFO] [stdout] 
[INFO] [stdout] ---- corg_doc::tests::test_find_file stdout ----
[INFO] [stdout] thread 'corg_doc::tests::test_find_file' panicked at 'assertion failed: `(left == right)`
[INFO] [stdout]   left: `None`,
[INFO] [stdout]  right: `Some("/Users/seve/Code/Projects/corg/examples/faye.md")`', src/corg_doc.rs:200:9
[INFO] [stdout] stack backtrace:
[INFO] [stdout]    0:     0x56423cd39360 - std::backtrace_rs::backtrace::libunwind::trace::hff4d1766e93f64f1
[INFO] [stdout]                                at /rustc/53fd98ca776cb875bc9e5514f56b52eb74f9e7a9/library/std/src/../../backtrace/src/backtrace/libunwind.rs:90:5
[INFO] [stdout]    1:     0x56423cd39360 - std::backtrace_rs::backtrace::trace_unsynchronized::h56bbc8eb78770bcb
[INFO] [stdout]                                at /rustc/53fd98ca776cb875bc9e5514f56b52eb74f9e7a9/library/std/src/../../backtrace/src/backtrace/mod.rs:66:5
[INFO] [stdout]    2:     0x56423cd39360 - std::sys_common::backtrace::_print_fmt::h5c8e75464faca780
[INFO] [stdout]                                at /rustc/53fd98ca776cb875bc9e5514f56b52eb74f9e7a9/library/std/src/sys_common/backtrace.rs:67:5
[INFO] [stdout]    3:     0x56423cd39360 - <std::sys_common::backtrace::_print::DisplayBacktrace as core::fmt::Display>::fmt::h48b88277def8b362
[INFO] [stdout]                                at /rustc/53fd98ca776cb875bc9e5514f56b52eb74f9e7a9/library/std/src/sys_common/backtrace.rs:46:22
[INFO] [stdout]    4:     0x56423cd5c71c - core::fmt::write::h3381b3176fe2b3d3
[INFO] [stdout]                                at /rustc/53fd98ca776cb875bc9e5514f56b52eb74f9e7a9/library/core/src/fmt/mod.rs:1115:17
[INFO] [stdout]    5:     0x56423cd35f55 - std::io::Write::write_fmt::h5f34a676f60246b5
[INFO] [stdout]                                at /rustc/53fd98ca776cb875bc9e5514f56b52eb74f9e7a9/library/std/src/io/mod.rs:1665:15
[INFO] [stdout]    6:     0x56423cd3b4db - std::sys_common::backtrace::_print::ha537687d6c17dd0d
[INFO] [stdout]                                at /rustc/53fd98ca776cb875bc9e5514f56b52eb74f9e7a9/library/std/src/sys_common/backtrace.rs:49:5
[INFO] [stdout]    7:     0x56423cd3b4db - std::sys_common::backtrace::print::h61376ae57d131d72
[INFO] [stdout]                                at /rustc/53fd98ca776cb875bc9e5514f56b52eb74f9e7a9/library/std/src/sys_common/backtrace.rs:36:9
[INFO] [stdout]    8:     0x56423cd3b4db - std::panicking::default_hook::{{closure}}::h0f7208c0b9644a54
[INFO] [stdout]                                at /rustc/53fd98ca776cb875bc9e5514f56b52eb74f9e7a9/library/std/src/panicking.rs:208:50
[INFO] [stdout]    9:     0x56423cd3afec - std::panicking::default_hook::hdac7fc06578c14ce
[INFO] [stdout]                                at /rustc/53fd98ca776cb875bc9e5514f56b52eb74f9e7a9/library/std/src/panicking.rs:222:9
[INFO] [stdout]   10:     0x56423cd3bba4 - std::panicking::rust_panic_with_hook::h72b21c283da3d1ef
[INFO] [stdout]                                at /rustc/53fd98ca776cb875bc9e5514f56b52eb74f9e7a9/library/std/src/panicking.rs:622:17
[INFO] [stdout]   11:     0x56423cd3b687 - std::panicking::begin_panic_handler::{{closure}}::he5778f1729cff84a
[INFO] [stdout]                                at /rustc/53fd98ca776cb875bc9e5514f56b52eb74f9e7a9/library/std/src/panicking.rs:519:13
[INFO] [stdout]   12:     0x56423cd3983c - std::sys_common::backtrace::__rust_end_short_backtrace::h2d11ca8b453b4b1d
[INFO] [stdout]                                at /rustc/53fd98ca776cb875bc9e5514f56b52eb74f9e7a9/library/std/src/sys_common/backtrace.rs:141:18
[INFO] [stdout]   13:     0x56423cd3b5e9 - rust_begin_unwind
[INFO] [stdout]                                at /rustc/53fd98ca776cb875bc9e5514f56b52eb74f9e7a9/library/std/src/panicking.rs:515:5
[INFO] [stdout]   14:     0x56423cc9f441 - core::panicking::panic_fmt::hf9de31d4acbce4db
[INFO] [stdout]                                at /rustc/53fd98ca776cb875bc9e5514f56b52eb74f9e7a9/library/core/src/panicking.rs:92:14
[INFO] [stdout]   15:     0x56423cd5b038 - core::panicking::assert_failed_inner::h62e8cb2847a6e7ec
[INFO] [stdout]   16:     0x56423ccb14ca - core::panicking::assert_failed::he313aa1c7f609912
[INFO] [stdout]                                at /rustc/53fd98ca776cb875bc9e5514f56b52eb74f9e7a9/library/core/src/panicking.rs:117:5
[INFO] [stdout]   17:     0x56423ccb2010 - kintoun::corg_doc::tests::test_find_file::hd80b3d08e139b2c5
[INFO] [stdout]                                at /opt/rustwide/workdir/src/corg_doc.rs:200:9
[INFO] [stdout]   18:     0x56423ccb1eaa - kintoun::corg_doc::tests::test_find_file::{{closure}}::hc3f5d3e4749498dc
[INFO] [stdout]                                at /opt/rustwide/workdir/src/corg_doc.rs:196:5
[INFO] [stdout]   19:     0x56423cca5f6e - core::ops::function::FnOnce::call_once::h51c4d23a0289de2d
[INFO] [stdout]                                at /rustc/53fd98ca776cb875bc9e5514f56b52eb74f9e7a9/library/core/src/ops/function.rs:227:5
[INFO] [stdout]   20:     0x56423cce51c3 - core::ops::function::FnOnce::call_once::hbb52c4519d3137b0
[INFO] [stdout]                                at /rustc/53fd98ca776cb875bc9e5514f56b52eb74f9e7a9/library/core/src/ops/function.rs:227:5
[INFO] [stdout]   21:     0x56423cce51c3 - test::__rust_begin_short_backtrace::h86fe3a2a5a5121af
[INFO] [stdout]                                at /rustc/53fd98ca776cb875bc9e5514f56b52eb74f9e7a9/library/test/src/lib.rs:578:5
[INFO] [stdout]   22:     0x56423cce3c78 - <alloc::boxed::Box<F,A> as core::ops::function::FnOnce<Args>>::call_once::hfd956bc3d57399be
[INFO] [stdout]                                at /rustc/53fd98ca776cb875bc9e5514f56b52eb74f9e7a9/library/alloc/src/boxed.rs:1572:9
[INFO] [stdout]   23:     0x56423cce3c78 - <std::panic::AssertUnwindSafe<F> as core::ops::function::FnOnce<()>>::call_once::h40dc93e0ddb5938a
[INFO] [stdout]                                at /rustc/53fd98ca776cb875bc9e5514f56b52eb74f9e7a9/library/std/src/panic.rs:347:9
[INFO] [stdout]   24:     0x56423cce3c78 - std::panicking::try::do_call::h90d07750cb47c562
[INFO] [stderr] error: test failed, to rerun pass '--bin kintoun'
[INFO] [stdout]                                at /rustc/53fd98ca776cb875bc9e5514f56b52eb74f9e7a9/library/std/src/panicking.rs:401:40
[INFO] [stdout]   25:     0x56423cce3c78 - std::panicking::try::h063c84733ad2a629
[INFO] [stdout]                                at /rustc/53fd98ca776cb875bc9e5514f56b52eb74f9e7a9/library/std/src/panicking.rs:365:19
[INFO] [stdout]   26:     0x56423cce3c78 - std::panic::catch_unwind::h0c464836a84e7c08
[INFO] [stdout]                                at /rustc/53fd98ca776cb875bc9e5514f56b52eb74f9e7a9/library/std/src/panic.rs:434:14
[INFO] [stdout]   27:     0x56423cce3c78 - test::run_test_in_process::h5cb06ef620b157fc
[INFO] [stdout]                                at /rustc/53fd98ca776cb875bc9e5514f56b52eb74f9e7a9/library/test/src/lib.rs:601:18
[INFO] [stdout]   28:     0x56423cce3c78 - test::run_test::run_test_inner::{{closure}}::h76f677f4b93f9828
[INFO] [stdout]                                at /rustc/53fd98ca776cb875bc9e5514f56b52eb74f9e7a9/library/test/src/lib.rs:493:39
[INFO] [stdout]   29:     0x56423ccb240d - test::run_test::run_test_inner::{{closure}}::h366d01fe04f4d67a
[INFO] [stdout]                                at /rustc/53fd98ca776cb875bc9e5514f56b52eb74f9e7a9/library/test/src/lib.rs:520:37
[INFO] [stdout]   30:     0x56423ccb240d - std::sys_common::backtrace::__rust_begin_short_backtrace::h7dfa0de4eb395af2
[INFO] [stdout]                                at /rustc/53fd98ca776cb875bc9e5514f56b52eb74f9e7a9/library/std/src/sys_common/backtrace.rs:125:18
[INFO] [stdout]   31:     0x56423ccb6bd8 - std::thread::Builder::spawn_unchecked::{{closure}}::{{closure}}::hf0a74bb58798037f
[INFO] [stdout]                                at /rustc/53fd98ca776cb875bc9e5514f56b52eb74f9e7a9/library/std/src/thread/mod.rs:476:17
[INFO] [stdout]   32:     0x56423ccb6bd8 - <std::panic::AssertUnwindSafe<F> as core::ops::function::FnOnce<()>>::call_once::hb024e854818586ac
[INFO] [stdout]                                at /rustc/53fd98ca776cb875bc9e5514f56b52eb74f9e7a9/library/std/src/panic.rs:347:9
[INFO] [stdout]   33:     0x56423ccb6bd8 - std::panicking::try::do_call::hb2dd9f1d0d48e41d
[INFO] [stdout]                                at /rustc/53fd98ca776cb875bc9e5514f56b52eb74f9e7a9/library/std/src/panicking.rs:401:40
[INFO] [stdout]   34:     0x56423ccb6bd8 - std::panicking::try::h4717ae7bac8b2bf3
[INFO] [stdout]                                at /rustc/53fd98ca776cb875bc9e5514f56b52eb74f9e7a9/library/std/src/panicking.rs:365:19
[INFO] [stdout]   35:     0x56423ccb6bd8 - std::panic::catch_unwind::h0dc8a061326ce8d8
[INFO] [stdout]                                at /rustc/53fd98ca776cb875bc9e5514f56b52eb74f9e7a9/library/std/src/panic.rs:434:14
[INFO] [stdout]   36:     0x56423ccb6bd8 - std::thread::Builder::spawn_unchecked::{{closure}}::haa369e2d6fd00aa1
[INFO] [stdout]                                at /rustc/53fd98ca776cb875bc9e5514f56b52eb74f9e7a9/library/std/src/thread/mod.rs:475:30
[INFO] [stdout]   37:     0x56423ccb6bd8 - core::ops::function::FnOnce::call_once{{vtable.shim}}::h36dcf3de8b056f17
[INFO] [stdout]                                at /rustc/53fd98ca776cb875bc9e5514f56b52eb74f9e7a9/library/core/src/ops/function.rs:227:5
[INFO] [stdout]   38:     0x56423cd40d97 - <alloc::boxed::Box<F,A> as core::ops::function::FnOnce<Args>>::call_once::h65c29e4642be2358
[INFO] [stdout]                                at /rustc/53fd98ca776cb875bc9e5514f56b52eb74f9e7a9/library/alloc/src/boxed.rs:1572:9
[INFO] [stdout]   39:     0x56423cd40d97 - <alloc::boxed::Box<F,A> as core::ops::function::FnOnce<Args>>::call_once::hd0f8f7fbbd9fffbf
[INFO] [stdout]                                at /rustc/53fd98ca776cb875bc9e5514f56b52eb74f9e7a9/library/alloc/src/boxed.rs:1572:9
[INFO] [stdout]   40:     0x56423cd40d97 - std::sys::unix::thread::Thread::new::thread_start::h2fd22fee3ca77b65
[INFO] [stdout]                                at /rustc/53fd98ca776cb875bc9e5514f56b52eb74f9e7a9/library/std/src/sys/unix/thread.rs:74:17
[INFO] [stdout]   41:     0x7fa376c20609 - start_thread
[INFO] [stdout]   42:     0x7fa3769f2293 - clone
[INFO] [stdout]   43:                0x0 - <unknown>
[INFO] [stdout] 
[INFO] [stdout] 
[INFO] [stdout] failures:
[INFO] [stdout]     corg_doc::tests::test_find_document
[INFO] [stdout]     corg_doc::tests::test_find_file
[INFO] [stdout]     corg_doc::tests::test_new
[INFO] [stdout] 
[INFO] [stdout] test result: FAILED. 6 passed; 3 failed; 0 ignored; 0 measured; 0 filtered out; finished in 0.03s
[INFO] [stdout] 
[INFO] running `Command { std: "docker" "inspect" "992c8dc408575e5931855a0188571d2f383a08c43ffd9502f234806efc0ed194", kill_on_drop: false }`
[INFO] running `Command { std: "docker" "rm" "-f" "992c8dc408575e5931855a0188571d2f383a08c43ffd9502f234806efc0ed194", kill_on_drop: false }`
[INFO] [stdout] 992c8dc408575e5931855a0188571d2f383a08c43ffd9502f234806efc0ed194
