[INFO] cloning repository https://github.com/teddywing/pdf-urls
[INFO] running `Command { std: "git" "-c" "credential.helper=" "-c" "credential.helper=/workspace/cargo-home/bin/git-credential-null" "clone" "--bare" "https://github.com/teddywing/pdf-urls" "/workspace/cache/git-repos/https%3A%2F%2Fgithub.com%2Fteddywing%2Fpdf-urls", kill_on_drop: false }`
[INFO] [stderr] Cloning into bare repository '/workspace/cache/git-repos/https%3A%2F%2Fgithub.com%2Fteddywing%2Fpdf-urls'...
[INFO] running `Command { std: "git" "rev-parse" "HEAD", kill_on_drop: false }`
[INFO] [stdout] a45cad75f0f092d57068f30d12b3c06b8f7ef7c3
[INFO] testing teddywing/pdf-urls against beta-2021-08-01 for beta-1.55-1
[INFO] running `Command { std: "git" "clone" "/workspace/cache/git-repos/https%3A%2F%2Fgithub.com%2Fteddywing%2Fpdf-urls" "/workspace/builds/worker-6/source", kill_on_drop: false }`
[INFO] [stderr] Cloning into '/workspace/builds/worker-6/source'...
[INFO] [stderr] done.
[INFO] validating manifest of git repo https://github.com/teddywing/pdf-urls on toolchain beta-2021-08-01
[INFO] running `Command { std: "/workspace/cargo-home/bin/cargo" "+beta-2021-08-01" "metadata" "--manifest-path" "Cargo.toml" "--no-deps", kill_on_drop: false }`
[INFO] started tweaking git repo https://github.com/teddywing/pdf-urls
[INFO] finished tweaking git repo https://github.com/teddywing/pdf-urls
[INFO] tweaked toml for git repo https://github.com/teddywing/pdf-urls written to /workspace/builds/worker-6/source/Cargo.toml
[INFO] crate git repo https://github.com/teddywing/pdf-urls already has a lockfile, it will not be regenerated
[INFO] running `Command { std: "/workspace/cargo-home/bin/cargo" "+beta-2021-08-01" "fetch" "--manifest-path" "Cargo.toml", kill_on_drop: false }`
[INFO] [stderr]  Downloading crates ...
[INFO] [stderr]   Downloaded lopdf v0.23.0
[INFO] [stderr]   Downloaded pom v3.0.2
[INFO] running `Command { std: "docker" "create" "-v" "/var/lib/crater-agent-workspace/builds/worker-6/target:/opt/rustwide/target:rw,Z" "-v" "/var/lib/crater-agent-workspace/builds/worker-6/source:/opt/rustwide/workdir:ro,Z" "-v" "/var/lib/crater-agent-workspace/cargo-home:/opt/rustwide/cargo-home:ro,Z" "-v" "/var/lib/crater-agent-workspace/rustup-home:/opt/rustwide/rustup-home:ro,Z" "-e" "SOURCE_DIR=/opt/rustwide/workdir" "-e" "CARGO_TARGET_DIR=/opt/rustwide/target" "-e" "CARGO_HOME=/opt/rustwide/cargo-home" "-e" "RUSTUP_HOME=/opt/rustwide/rustup-home" "-w" "/opt/rustwide/workdir" "-m" "1610612736" "--user" "0:0" "--network" "none" "ghcr.io/rust-lang/crates-build-env/linux@sha256:34b6a614d2c27851fe6cbf88fbd1137609cefab8b10d0615aaeb6fd47975d74e" "/opt/rustwide/cargo-home/bin/cargo" "+beta-2021-08-01" "metadata" "--no-deps" "--format-version=1", kill_on_drop: false }`
[INFO] [stderr] WARNING: Your kernel does not support swap limit capabilities or the cgroup is not mounted. Memory limited without swap.
[INFO] [stdout] a825f05ddb0aacbdf3433ee8484b46961aaa5d1b71d9fdb17f50e25e3097d8c1
[INFO] running `Command { std: "docker" "start" "-a" "a825f05ddb0aacbdf3433ee8484b46961aaa5d1b71d9fdb17f50e25e3097d8c1", kill_on_drop: false }`
[INFO] running `Command { std: "docker" "inspect" "a825f05ddb0aacbdf3433ee8484b46961aaa5d1b71d9fdb17f50e25e3097d8c1", kill_on_drop: false }`
[INFO] running `Command { std: "docker" "rm" "-f" "a825f05ddb0aacbdf3433ee8484b46961aaa5d1b71d9fdb17f50e25e3097d8c1", kill_on_drop: false }`
[INFO] [stdout] a825f05ddb0aacbdf3433ee8484b46961aaa5d1b71d9fdb17f50e25e3097d8c1
[INFO] running `Command { std: "docker" "create" "-v" "/var/lib/crater-agent-workspace/builds/worker-6/target:/opt/rustwide/target:rw,Z" "-v" "/var/lib/crater-agent-workspace/builds/worker-6/source:/opt/rustwide/workdir:ro,Z" "-v" "/var/lib/crater-agent-workspace/cargo-home:/opt/rustwide/cargo-home:ro,Z" "-v" "/var/lib/crater-agent-workspace/rustup-home:/opt/rustwide/rustup-home:ro,Z" "-e" "SOURCE_DIR=/opt/rustwide/workdir" "-e" "CARGO_TARGET_DIR=/opt/rustwide/target" "-e" "CARGO_INCREMENTAL=0" "-e" "RUST_BACKTRACE=full" "-e" "RUSTFLAGS=--cap-lints=warn" "-e" "CARGO_HOME=/opt/rustwide/cargo-home" "-e" "RUSTUP_HOME=/opt/rustwide/rustup-home" "-w" "/opt/rustwide/workdir" "-m" "1610612736" "--user" "0:0" "--network" "none" "ghcr.io/rust-lang/crates-build-env/linux@sha256:34b6a614d2c27851fe6cbf88fbd1137609cefab8b10d0615aaeb6fd47975d74e" "/opt/rustwide/cargo-home/bin/cargo" "+beta-2021-08-01" "build" "--frozen" "--message-format=json", kill_on_drop: false }`
[INFO] [stdout] 6d1dcd499afc45ee4e2365952f79b82ccfd297187dcda8850961c9ac7a99276e
[INFO] [stderr] WARNING: Your kernel does not support swap limit capabilities or the cgroup is not mounted. Memory limited without swap.
[INFO] running `Command { std: "docker" "start" "-a" "6d1dcd499afc45ee4e2365952f79b82ccfd297187dcda8850961c9ac7a99276e", kill_on_drop: false }`
[INFO] [stderr]     Blocking waiting for file lock on package cache
[INFO] [stderr]    Compiling linked-hash-map v0.3.0
[INFO] [stderr]    Compiling pom v3.0.2
[INFO] [stderr]    Compiling exitcode v1.1.2
[INFO] [stderr]    Compiling num-traits v0.2.8
[INFO] [stderr]    Compiling num-integer v0.1.41
[INFO] [stderr]    Compiling rayon-core v1.6.0
[INFO] [stderr]    Compiling num_cpus v1.10.1
[INFO] [stderr]    Compiling flate2 v1.0.12
[INFO] [stderr]    Compiling crossbeam-epoch v0.7.2
[INFO] [stderr]    Compiling crossbeam-deque v0.7.1
[INFO] [stderr]    Compiling rayon v1.2.0
[INFO] [stderr]    Compiling num-iter v0.1.39
[INFO] [stderr]    Compiling num v0.1.42
[INFO] [stderr]    Compiling chrono v0.3.0
[INFO] [stderr]    Compiling lopdf v0.23.0
[INFO] [stderr]    Compiling pdf-urls v0.0.1 (/opt/rustwide/workdir)
[INFO] [stderr]     Finished dev [unoptimized + debuginfo] target(s) in 14.12s
[INFO] running `Command { std: "docker" "inspect" "6d1dcd499afc45ee4e2365952f79b82ccfd297187dcda8850961c9ac7a99276e", kill_on_drop: false }`
[INFO] running `Command { std: "docker" "rm" "-f" "6d1dcd499afc45ee4e2365952f79b82ccfd297187dcda8850961c9ac7a99276e", kill_on_drop: false }`
[INFO] [stdout] 6d1dcd499afc45ee4e2365952f79b82ccfd297187dcda8850961c9ac7a99276e
[INFO] running `Command { std: "docker" "create" "-v" "/var/lib/crater-agent-workspace/builds/worker-6/target:/opt/rustwide/target:rw,Z" "-v" "/var/lib/crater-agent-workspace/builds/worker-6/source:/opt/rustwide/workdir:ro,Z" "-v" "/var/lib/crater-agent-workspace/cargo-home:/opt/rustwide/cargo-home:ro,Z" "-v" "/var/lib/crater-agent-workspace/rustup-home:/opt/rustwide/rustup-home:ro,Z" "-e" "SOURCE_DIR=/opt/rustwide/workdir" "-e" "CARGO_TARGET_DIR=/opt/rustwide/target" "-e" "CARGO_INCREMENTAL=0" "-e" "RUST_BACKTRACE=full" "-e" "RUSTFLAGS=--cap-lints=warn" "-e" "CARGO_HOME=/opt/rustwide/cargo-home" "-e" "RUSTUP_HOME=/opt/rustwide/rustup-home" "-w" "/opt/rustwide/workdir" "-m" "1610612736" "--user" "0:0" "--network" "none" "ghcr.io/rust-lang/crates-build-env/linux@sha256:34b6a614d2c27851fe6cbf88fbd1137609cefab8b10d0615aaeb6fd47975d74e" "/opt/rustwide/cargo-home/bin/cargo" "+beta-2021-08-01" "test" "--frozen" "--no-run" "--message-format=json", kill_on_drop: false }`
[INFO] [stdout] 18b0626044653c44ea3971c9f666fb0ea446e2c8d281b289aedc301d63cecd01
[INFO] [stderr] WARNING: Your kernel does not support swap limit capabilities or the cgroup is not mounted. Memory limited without swap.
[INFO] running `Command { std: "docker" "start" "-a" "18b0626044653c44ea3971c9f666fb0ea446e2c8d281b289aedc301d63cecd01", kill_on_drop: false }`
[INFO] [stderr]    Compiling pdf-urls v0.0.1 (/opt/rustwide/workdir)
[INFO] [stderr]     Finished test [unoptimized + debuginfo] target(s) in 2.19s
[INFO] running `Command { std: "docker" "inspect" "18b0626044653c44ea3971c9f666fb0ea446e2c8d281b289aedc301d63cecd01", kill_on_drop: false }`
[INFO] running `Command { std: "docker" "rm" "-f" "18b0626044653c44ea3971c9f666fb0ea446e2c8d281b289aedc301d63cecd01", kill_on_drop: false }`
[INFO] [stdout] 18b0626044653c44ea3971c9f666fb0ea446e2c8d281b289aedc301d63cecd01
[INFO] running `Command { std: "docker" "create" "-v" "/var/lib/crater-agent-workspace/builds/worker-6/target:/opt/rustwide/target:rw,Z" "-v" "/var/lib/crater-agent-workspace/builds/worker-6/source:/opt/rustwide/workdir:ro,Z" "-v" "/var/lib/crater-agent-workspace/cargo-home:/opt/rustwide/cargo-home:ro,Z" "-v" "/var/lib/crater-agent-workspace/rustup-home:/opt/rustwide/rustup-home:ro,Z" "-e" "SOURCE_DIR=/opt/rustwide/workdir" "-e" "CARGO_TARGET_DIR=/opt/rustwide/target" "-e" "CARGO_INCREMENTAL=0" "-e" "RUST_BACKTRACE=full" "-e" "RUSTFLAGS=--cap-lints=warn" "-e" "CARGO_HOME=/opt/rustwide/cargo-home" "-e" "RUSTUP_HOME=/opt/rustwide/rustup-home" "-w" "/opt/rustwide/workdir" "-m" "1610612736" "--user" "0:0" "--network" "none" "ghcr.io/rust-lang/crates-build-env/linux@sha256:34b6a614d2c27851fe6cbf88fbd1137609cefab8b10d0615aaeb6fd47975d74e" "/opt/rustwide/cargo-home/bin/cargo" "+beta-2021-08-01" "test" "--frozen", kill_on_drop: false }`
[INFO] [stdout] 92477f92087e2950811258b11b64491060e35b3debfe70cbcd93c9b819ae489b
[INFO] [stderr] WARNING: Your kernel does not support swap limit capabilities or the cgroup is not mounted. Memory limited without swap.
[INFO] running `Command { std: "docker" "start" "-a" "92477f92087e2950811258b11b64491060e35b3debfe70cbcd93c9b819ae489b", kill_on_drop: false }`
[INFO] [stderr]     Finished test [unoptimized + debuginfo] target(s) in 0.05s
[INFO] [stderr]      Running unittests (/opt/rustwide/target/debug/deps/pdf_urls-87c48baf7e9263c2)
[INFO] [stdout] 
[INFO] [stdout] running 1 test
[INFO] [stderr] error: test failed, to rerun pass '--lib'
[INFO] [stdout] test tests::get_urls_from_pdf_extracts_urls_from_pdf ... FAILED
[INFO] [stdout] 
[INFO] [stdout] failures:
[INFO] [stdout] 
[INFO] [stdout] ---- tests::get_urls_from_pdf_extracts_urls_from_pdf stdout ----
[INFO] [stdout] thread 'tests::get_urls_from_pdf_extracts_urls_from_pdf' panicked at 'attempted to leave type `linked_hash_map::Node<std::vec::Vec<u8>, object::Object>` uninitialized, which is invalid', /rustc/53fd98ca776cb875bc9e5514f56b52eb74f9e7a9/library/core/src/mem/mod.rs:663:9
[INFO] [stdout] stack backtrace:
[INFO] [stdout]    0:     0x564978568c20 - std::backtrace_rs::backtrace::libunwind::trace::hff4d1766e93f64f1
[INFO] [stdout]                                at /rustc/53fd98ca776cb875bc9e5514f56b52eb74f9e7a9/library/std/src/../../backtrace/src/backtrace/libunwind.rs:90:5
[INFO] [stdout]    1:     0x564978568c20 - std::backtrace_rs::backtrace::trace_unsynchronized::h56bbc8eb78770bcb
[INFO] [stdout]                                at /rustc/53fd98ca776cb875bc9e5514f56b52eb74f9e7a9/library/std/src/../../backtrace/src/backtrace/mod.rs:66:5
[INFO] [stdout]    2:     0x564978568c20 - std::sys_common::backtrace::_print_fmt::h5c8e75464faca780
[INFO] [stdout]                                at /rustc/53fd98ca776cb875bc9e5514f56b52eb74f9e7a9/library/std/src/sys_common/backtrace.rs:67:5
[INFO] [stdout]    3:     0x564978568c20 - <std::sys_common::backtrace::_print::DisplayBacktrace as core::fmt::Display>::fmt::h48b88277def8b362
[INFO] [stdout]                                at /rustc/53fd98ca776cb875bc9e5514f56b52eb74f9e7a9/library/std/src/sys_common/backtrace.rs:46:22
[INFO] [stdout]    4:     0x56497858c6dc - core::fmt::write::h3381b3176fe2b3d3
[INFO] [stdout]                                at /rustc/53fd98ca776cb875bc9e5514f56b52eb74f9e7a9/library/core/src/fmt/mod.rs:1115:17
[INFO] [stdout]    5:     0x564978565a05 - std::io::Write::write_fmt::h5f34a676f60246b5
[INFO] [stdout]                                at /rustc/53fd98ca776cb875bc9e5514f56b52eb74f9e7a9/library/std/src/io/mod.rs:1665:15
[INFO] [stdout]    6:     0x56497856adeb - std::sys_common::backtrace::_print::ha537687d6c17dd0d
[INFO] [stdout]                                at /rustc/53fd98ca776cb875bc9e5514f56b52eb74f9e7a9/library/std/src/sys_common/backtrace.rs:49:5
[INFO] [stdout]    7:     0x56497856adeb - std::sys_common::backtrace::print::h61376ae57d131d72
[INFO] [stdout]                                at /rustc/53fd98ca776cb875bc9e5514f56b52eb74f9e7a9/library/std/src/sys_common/backtrace.rs:36:9
[INFO] [stdout]    8:     0x56497856adeb - std::panicking::default_hook::{{closure}}::h0f7208c0b9644a54
[INFO] [stdout]                                at /rustc/53fd98ca776cb875bc9e5514f56b52eb74f9e7a9/library/std/src/panicking.rs:208:50
[INFO] [stdout]    9:     0x56497856a8fc - std::panicking::default_hook::hdac7fc06578c14ce
[INFO] [stdout]                                at /rustc/53fd98ca776cb875bc9e5514f56b52eb74f9e7a9/library/std/src/panicking.rs:222:9
[INFO] [stdout]   10:     0x56497856b4b4 - std::panicking::rust_panic_with_hook::h72b21c283da3d1ef
[INFO] [stdout]                                at /rustc/53fd98ca776cb875bc9e5514f56b52eb74f9e7a9/library/std/src/panicking.rs:622:17
[INFO] [stdout]   11:     0x56497856af67 - std::panicking::begin_panic_handler::{{closure}}::he5778f1729cff84a
[INFO] [stdout]                                at /rustc/53fd98ca776cb875bc9e5514f56b52eb74f9e7a9/library/std/src/panicking.rs:517:13
[INFO] [stdout]   12:     0x5649785690fc - std::sys_common::backtrace::__rust_end_short_backtrace::h2d11ca8b453b4b1d
[INFO] [stdout]                                at /rustc/53fd98ca776cb875bc9e5514f56b52eb74f9e7a9/library/std/src/sys_common/backtrace.rs:141:18
[INFO] [stdout]   13:     0x56497856aef9 - rust_begin_unwind
[INFO] [stdout]                                at /rustc/53fd98ca776cb875bc9e5514f56b52eb74f9e7a9/library/std/src/panicking.rs:515:5
[INFO] [stdout]   14:     0x56497840a3b1 - core::panicking::panic_fmt::hf9de31d4acbce4db
[INFO] [stdout]                                at /rustc/53fd98ca776cb875bc9e5514f56b52eb74f9e7a9/library/core/src/panicking.rs:92:14
[INFO] [stdout]   15:     0x56497840a2fd - core::panicking::panic::h8a6bc58a21c6c095
[INFO] [stdout]                                at /rustc/53fd98ca776cb875bc9e5514f56b52eb74f9e7a9/library/core/src/panicking.rs:50:5
[INFO] [stdout]   16:     0x564978477cbd - core::mem::uninitialized::h22eae39ff8cbe14b
[INFO] [stdout]                                at /rustc/53fd98ca776cb875bc9e5514f56b52eb74f9e7a9/library/core/src/mem/mod.rs:663:9
[INFO] [stdout]   17:     0x564978477cbd - linked_hash_map::LinkedHashMap<K,V,S>::insert::h7f12227b70a03886
[INFO] [stdout]                                at /opt/rustwide/cargo-home/registry/src/github.com-1ecc6299db9ec823/linked-hash-map-0.3.0/src/lib.rs:203:52
[INFO] [stdout]   18:     0x564978458098 - lopdf::object::Dictionary::set::hbc8a458d48f4d8d2
[INFO] [stdout]                                at /opt/rustwide/cargo-home/registry/src/github.com-1ecc6299db9ec823/lopdf-0.23.0/src/object.rs:284:3
[INFO] [stdout]   19:     0x5649784bcbf9 - lopdf::parser::dictionary::{{closure}}::{{closure}}::hb204e79ace4009cf
[INFO] [stdout]                                at /opt/rustwide/cargo-home/registry/src/github.com-1ecc6299db9ec823/lopdf-0.23.0/src/parser.rs:99:4
[INFO] [stdout]   20:     0x56497845682d - core::iter::traits::iterator::Iterator::fold::hf2065d9a64ad2056
[INFO] [stdout]                                at /rustc/53fd98ca776cb875bc9e5514f56b52eb74f9e7a9/library/core/src/iter/traits/iterator.rs:2174:21
[INFO] [stdout]   21:     0x5649784bccf1 - lopdf::parser::dictionary::{{closure}}::h08cccade6263a406
[INFO] [stdout]                                at /opt/rustwide/cargo-home/registry/src/github.com-1ecc6299db9ec823/lopdf-0.23.0/src/parser.rs:98:3
[INFO] [stdout]   22:     0x5649784cd697 - pom::parser::Parser<I,O>::map::{{closure}}::{{closure}}::hd455e62cf921a9e2
[INFO] [stdout]                                at /opt/rustwide/cargo-home/registry/src/github.com-1ecc6299db9ec823/pom-3.0.2/src/parser.rs:45:50
[INFO] [stdout]   23:     0x564978481a5f - core::result::Result<T,E>::map::h1d41bc07f333c454
[INFO] [stdout]                                at /rustc/53fd98ca776cb875bc9e5514f56b52eb74f9e7a9/library/core/src/result.rs:748:25
[INFO] [stdout]   24:     0x5649784cb59b - pom::parser::Parser<I,O>::map::{{closure}}::h47dd2136248e8971
[INFO] [stdout]                                at /opt/rustwide/cargo-home/registry/src/github.com-1ecc6299db9ec823/pom-3.0.2/src/parser.rs:45:4
[INFO] [stdout]   25:     0x5649784969ed - <alloc::boxed::Box<F,A> as core::ops::function::Fn<Args>>::call::h6b390f35b3c36729
[INFO] [stdout]                                at /rustc/53fd98ca776cb875bc9e5514f56b52eb74f9e7a9/library/alloc/src/boxed.rs:1586:9
[INFO] [stdout]   26:     0x5649784c51c1 - <pom::parser::Parser<I,O> as core::ops::arith::Mul<pom::parser::Parser<I,U>>>::mul::{{closure}}::{{closure}}::h6c17b80e1849673b
[INFO] [stdout]                                at /opt/rustwide/cargo-home/registry/src/github.com-1ecc6299db9ec823/pom-3.0.2/src/parser.rs:506:27
[INFO] [stdout]   27:     0x56497848e856 - core::result::Result<T,E>::and_then::hcb61829cb7317080
[INFO] [stdout]                                at /rustc/53fd98ca776cb875bc9e5514f56b52eb74f9e7a9/library/core/src/result.rs:948:22
[INFO] [stdout]   28:     0x5649784c4c39 - <pom::parser::Parser<I,O> as core::ops::arith::Mul<pom::parser::Parser<I,U>>>::mul::{{closure}}::hfe068a678c68b7e7
[INFO] [stdout]                                at /opt/rustwide/cargo-home/registry/src/github.com-1ecc6299db9ec823/pom-3.0.2/src/parser.rs:505:4
[INFO] [stdout]   29:     0x5649784969ed - <alloc::boxed::Box<F,A> as core::ops::function::Fn<Args>>::call::h6b390f35b3c36729
[INFO] [stdout]                                at /rustc/53fd98ca776cb875bc9e5514f56b52eb74f9e7a9/library/alloc/src/boxed.rs:1586:9
[INFO] [stdout]   30:     0x5649784c6485 - <pom::parser::Parser<I,O> as core::ops::arith::Sub<pom::parser::Parser<I,U>>>::sub::{{closure}}::h0928247cc632eaed
[INFO] [stdout]                                at /opt/rustwide/cargo-home/registry/src/github.com-1ecc6299db9ec823/pom-3.0.2/src/parser.rs:493:4
[INFO] [stdout]   31:     0x5649784969ed - <alloc::boxed::Box<F,A> as core::ops::function::Fn<Args>>::call::h6b390f35b3c36729
[INFO] [stdout]                                at /rustc/53fd98ca776cb875bc9e5514f56b52eb74f9e7a9/library/alloc/src/boxed.rs:1586:9
[INFO] [stdout]   32:     0x5649784c3683 - <pom::parser::Parser<I,O> as core::ops::arith::Add<pom::parser::Parser<I,U>>>::add::{{closure}}::{{closure}}::he956b5121cd630b1
[INFO] [stdout]                                at /opt/rustwide/cargo-home/registry/src/github.com-1ecc6299db9ec823/pom-3.0.2/src/parser.rs:481:5
[INFO] [stdout]   33:     0x56497848f3ce - core::result::Result<T,E>::and_then::hec2e8becd1bddad7
[INFO] [stdout]                                at /rustc/53fd98ca776cb875bc9e5514f56b52eb74f9e7a9/library/core/src/result.rs:948:22
[INFO] [stdout]   34:     0x5649784c2c49 - <pom::parser::Parser<I,O> as core::ops::arith::Add<pom::parser::Parser<I,U>>>::add::{{closure}}::hf308c420b9c735cd
[INFO] [stdout]                                at /opt/rustwide/cargo-home/registry/src/github.com-1ecc6299db9ec823/pom-3.0.2/src/parser.rs:480:4
[INFO] [stdout]   35:     0x564978496e4d - <alloc::boxed::Box<F,A> as core::ops::function::Fn<Args>>::call::hc1cf3fdaa5b0caee
[INFO] [stdout]                                at /rustc/53fd98ca776cb875bc9e5514f56b52eb74f9e7a9/library/alloc/src/boxed.rs:1586:9
[INFO] [stdout]   36:     0x5649784d7173 - pom::parser::Parser<I,O>::convert::{{closure}}::h73a909c1ab8036ea
[INFO] [stdout]                                at /opt/rustwide/cargo-home/registry/src/github.com-1ecc6299db9ec823/pom-3.0.2/src/parser.rs:59:4
[INFO] [stdout]   37:     0x564978496e4d - <alloc::boxed::Box<F,A> as core::ops::function::Fn<Args>>::call::hc1cf3fdaa5b0caee
[INFO] [stdout]                                at /rustc/53fd98ca776cb875bc9e5514f56b52eb74f9e7a9/library/alloc/src/boxed.rs:1586:9
[INFO] [stdout]   38:     0x5649784dc2d7 - <pom::parser::Parser<I,O> as core::ops::bit::BitOr>::bitor::{{closure}}::hbdea83e503361b83
[INFO] [stdout]                                at /opt/rustwide/cargo-home/registry/src/github.com-1ecc6299db9ec823/pom-3.0.2/src/parser.rs:528:46
[INFO] [stdout]   39:     0x564978496e4d - <alloc::boxed::Box<F,A> as core::ops::function::Fn<Args>>::call::hc1cf3fdaa5b0caee
[INFO] [stdout]                                at /rustc/53fd98ca776cb875bc9e5514f56b52eb74f9e7a9/library/alloc/src/boxed.rs:1586:9
[INFO] [stdout]   40:     0x5649784d21d8 - pom::parser::Parser<I,O>::parse::h03cf9a534c4d092e
[INFO] [stdout]                                at /opt/rustwide/cargo-home/registry/src/github.com-1ecc6299db9ec823/pom-3.0.2/src/parser.rs:28:3
[INFO] [stdout]   41:     0x5649784c18b4 - lopdf::parser::xref_and_trailer::hf99edd7a46e1ee6a
[INFO] [stdout]                                at /opt/rustwide/cargo-home/registry/src/github.com-1ecc6299db9ec823/lopdf-0.23.0/src/parser.rs:198:2
[INFO] [stdout]   42:     0x56497846610a - lopdf::reader::Reader::read::h24919d9b3fa4ee55
[INFO] [stdout]                                at /opt/rustwide/cargo-home/registry/src/github.com-1ecc6299db9ec823/lopdf-0.23.0/src/reader.rs:77:33
[INFO] [stdout]   43:     0x56497840ca7f - lopdf::reader::<impl lopdf::document::Document>::load_internal::hd51e920bbdba2974
[INFO] [stdout]                                at /opt/rustwide/cargo-home/registry/src/github.com-1ecc6299db9ec823/lopdf-0.23.0/src/reader.rs:37:3
[INFO] [stdout]   44:     0x56497840ccd9 - lopdf::reader::<impl lopdf::document::Document>::load::h9bcf2d5509be3f21
[INFO] [stdout]                                at /opt/rustwide/cargo-home/registry/src/github.com-1ecc6299db9ec823/lopdf-0.23.0/src/reader.rs:24:3
[INFO] [stdout]   45:     0x56497840d6cc - pdf_urls::get_urls_from_pdf::h754d18c385c0ce8a
[INFO] [stdout]                                at /opt/rustwide/workdir/src/lib.rs:33:15
[INFO] [stdout]   46:     0x56497840f199 - pdf_urls::tests::get_urls_from_pdf_extracts_urls_from_pdf::h16417b7931be59d7
[INFO] [stdout]                                at /opt/rustwide/workdir/src/lib.rs:88:20
[INFO] [stdout]   47:     0x56497840f0fa - pdf_urls::tests::get_urls_from_pdf_extracts_urls_from_pdf::{{closure}}::hc5b207bedcbca07a
[INFO] [stdout]                                at /opt/rustwide/workdir/src/lib.rs:81:5
[INFO] [stdout]   48:     0x56497840e49e - core::ops::function::FnOnce::call_once::hfd5d0b6db1b1f062
[INFO] [stdout]                                at /rustc/53fd98ca776cb875bc9e5514f56b52eb74f9e7a9/library/core/src/ops/function.rs:227:5
[INFO] [stdout]   49:     0x564978442873 - core::ops::function::FnOnce::call_once::hbb52c4519d3137b0
[INFO] [stdout]                                at /rustc/53fd98ca776cb875bc9e5514f56b52eb74f9e7a9/library/core/src/ops/function.rs:227:5
[INFO] [stdout]   50:     0x564978442873 - test::__rust_begin_short_backtrace::h86fe3a2a5a5121af
[INFO] [stdout]                                at /rustc/53fd98ca776cb875bc9e5514f56b52eb74f9e7a9/library/test/src/lib.rs:578:5
[INFO] [stdout]   51:     0x564978441328 - <alloc::boxed::Box<F,A> as core::ops::function::FnOnce<Args>>::call_once::hfd956bc3d57399be
[INFO] [stdout]                                at /rustc/53fd98ca776cb875bc9e5514f56b52eb74f9e7a9/library/alloc/src/boxed.rs:1572:9
[INFO] [stdout]   52:     0x564978441328 - <std::panic::AssertUnwindSafe<F> as core::ops::function::FnOnce<()>>::call_once::h40dc93e0ddb5938a
[INFO] [stdout]                                at /rustc/53fd98ca776cb875bc9e5514f56b52eb74f9e7a9/library/std/src/panic.rs:347:9
[INFO] [stdout]   53:     0x564978441328 - std::panicking::try::do_call::h90d07750cb47c562
[INFO] [stdout]                                at /rustc/53fd98ca776cb875bc9e5514f56b52eb74f9e7a9/library/std/src/panicking.rs:401:40
[INFO] [stdout]   54:     0x564978441328 - std::panicking::try::h063c84733ad2a629
[INFO] [stdout]                                at /rustc/53fd98ca776cb875bc9e5514f56b52eb74f9e7a9/library/std/src/panicking.rs:365:19
[INFO] [stdout]   55:     0x564978441328 - std::panic::catch_unwind::h0c464836a84e7c08
[INFO] [stdout]                                at /rustc/53fd98ca776cb875bc9e5514f56b52eb74f9e7a9/library/std/src/panic.rs:434:14
[INFO] [stdout]   56:     0x564978441328 - test::run_test_in_process::h5cb06ef620b157fc
[INFO] [stdout]                                at /rustc/53fd98ca776cb875bc9e5514f56b52eb74f9e7a9/library/test/src/lib.rs:601:18
[INFO] [stdout]   57:     0x564978441328 - test::run_test::run_test_inner::{{closure}}::h76f677f4b93f9828
[INFO] [stdout]                                at /rustc/53fd98ca776cb875bc9e5514f56b52eb74f9e7a9/library/test/src/lib.rs:493:39
[INFO] [stdout]   58:     0x56497840fabd - test::run_test::run_test_inner::{{closure}}::h366d01fe04f4d67a
[INFO] [stdout]                                at /rustc/53fd98ca776cb875bc9e5514f56b52eb74f9e7a9/library/test/src/lib.rs:520:37
[INFO] [stdout]   59:     0x56497840fabd - std::sys_common::backtrace::__rust_begin_short_backtrace::h7dfa0de4eb395af2
[INFO] [stdout]                                at /rustc/53fd98ca776cb875bc9e5514f56b52eb74f9e7a9/library/std/src/sys_common/backtrace.rs:125:18
[INFO] [stdout]   60:     0x564978414288 - std::thread::Builder::spawn_unchecked::{{closure}}::{{closure}}::hf0a74bb58798037f
[INFO] [stdout]                                at /rustc/53fd98ca776cb875bc9e5514f56b52eb74f9e7a9/library/std/src/thread/mod.rs:476:17
[INFO] [stdout]   61:     0x564978414288 - <std::panic::AssertUnwindSafe<F> as core::ops::function::FnOnce<()>>::call_once::hb024e854818586ac
[INFO] [stdout]                                at /rustc/53fd98ca776cb875bc9e5514f56b52eb74f9e7a9/library/std/src/panic.rs:347:9
[INFO] [stdout]   62:     0x564978414288 - std::panicking::try::do_call::hb2dd9f1d0d48e41d
[INFO] [stdout]                                at /rustc/53fd98ca776cb875bc9e5514f56b52eb74f9e7a9/library/std/src/panicking.rs:401:40
[INFO] [stdout]   63:     0x564978414288 - std::panicking::try::h4717ae7bac8b2bf3
[INFO] [stdout]                                at /rustc/53fd98ca776cb875bc9e5514f56b52eb74f9e7a9/library/std/src/panicking.rs:365:19
[INFO] [stdout]   64:     0x564978414288 - std::panic::catch_unwind::h0dc8a061326ce8d8
[INFO] [stdout]                                at /rustc/53fd98ca776cb875bc9e5514f56b52eb74f9e7a9/library/std/src/panic.rs:434:14
[INFO] [stdout]   65:     0x564978414288 - std::thread::Builder::spawn_unchecked::{{closure}}::haa369e2d6fd00aa1
[INFO] [stdout]                                at /rustc/53fd98ca776cb875bc9e5514f56b52eb74f9e7a9/library/std/src/thread/mod.rs:475:30
[INFO] [stdout]   66:     0x564978414288 - core::ops::function::FnOnce::call_once{{vtable.shim}}::h36dcf3de8b056f17
[INFO] [stdout]                                at /rustc/53fd98ca776cb875bc9e5514f56b52eb74f9e7a9/library/core/src/ops/function.rs:227:5
[INFO] [stdout]   67:     0x564978570127 - <alloc::boxed::Box<F,A> as core::ops::function::FnOnce<Args>>::call_once::h65c29e4642be2358
[INFO] [stdout]                                at /rustc/53fd98ca776cb875bc9e5514f56b52eb74f9e7a9/library/alloc/src/boxed.rs:1572:9
[INFO] [stdout]   68:     0x564978570127 - <alloc::boxed::Box<F,A> as core::ops::function::FnOnce<Args>>::call_once::hd0f8f7fbbd9fffbf
[INFO] [stdout]                                at /rustc/53fd98ca776cb875bc9e5514f56b52eb74f9e7a9/library/alloc/src/boxed.rs:1572:9
[INFO] [stdout]   69:     0x564978570127 - std::sys::unix::thread::Thread::new::thread_start::h2fd22fee3ca77b65
[INFO] [stdout]                                at /rustc/53fd98ca776cb875bc9e5514f56b52eb74f9e7a9/library/std/src/sys/unix/thread.rs:74:17
[INFO] [stdout]   70:     0x7f309786e609 - start_thread
[INFO] [stdout]   71:     0x7f3097640293 - clone
[INFO] [stdout]   72:                0x0 - <unknown>
[INFO] [stdout] 
[INFO] [stdout] 
[INFO] [stdout] failures:
[INFO] [stdout]     tests::get_urls_from_pdf_extracts_urls_from_pdf
[INFO] [stdout] 
[INFO] [stdout] test result: FAILED. 0 passed; 1 failed; 0 ignored; 0 measured; 0 filtered out; finished in 0.04s
[INFO] [stdout] 
[INFO] running `Command { std: "docker" "inspect" "92477f92087e2950811258b11b64491060e35b3debfe70cbcd93c9b819ae489b", kill_on_drop: false }`
[INFO] running `Command { std: "docker" "rm" "-f" "92477f92087e2950811258b11b64491060e35b3debfe70cbcd93c9b819ae489b", kill_on_drop: false }`
[INFO] [stdout] 92477f92087e2950811258b11b64491060e35b3debfe70cbcd93c9b819ae489b
