[INFO] cloning repository https://github.com/teddywing/mutt-alias-auto-add
[INFO] running `Command { std: "git" "-c" "credential.helper=" "-c" "credential.helper=/workspace/cargo-home/bin/git-credential-null" "clone" "--bare" "https://github.com/teddywing/mutt-alias-auto-add" "/workspace/cache/git-repos/https%3A%2F%2Fgithub.com%2Fteddywing%2Fmutt-alias-auto-add", kill_on_drop: false }`
[INFO] [stderr] Cloning into bare repository '/workspace/cache/git-repos/https%3A%2F%2Fgithub.com%2Fteddywing%2Fmutt-alias-auto-add'...
[INFO] running `Command { std: "git" "rev-parse" "HEAD", kill_on_drop: false }`
[INFO] [stdout] 3193e4dd20ea0c01f1ab8195548280914d84c4bd
[INFO] testing teddywing/mutt-alias-auto-add against 1.54.0 for beta-1.55-1
[INFO] running `Command { std: "git" "clone" "/workspace/cache/git-repos/https%3A%2F%2Fgithub.com%2Fteddywing%2Fmutt-alias-auto-add" "/workspace/builds/worker-3/source", kill_on_drop: false }`
[INFO] [stderr] Cloning into '/workspace/builds/worker-3/source'...
[INFO] [stderr] done.
[INFO] validating manifest of git repo https://github.com/teddywing/mutt-alias-auto-add on toolchain 1.54.0
[INFO] running `Command { std: "/workspace/cargo-home/bin/cargo" "+1.54.0" "metadata" "--manifest-path" "Cargo.toml" "--no-deps", kill_on_drop: false }`
[INFO] removed /workspace/builds/worker-3/source/.cargo/config
[INFO] started tweaking git repo https://github.com/teddywing/mutt-alias-auto-add
[INFO] finished tweaking git repo https://github.com/teddywing/mutt-alias-auto-add
[INFO] tweaked toml for git repo https://github.com/teddywing/mutt-alias-auto-add written to /workspace/builds/worker-3/source/Cargo.toml
[INFO] crate git repo https://github.com/teddywing/mutt-alias-auto-add already has a lockfile, it will not be regenerated
[INFO] running `Command { std: "/workspace/cargo-home/bin/cargo" "+1.54.0" "fetch" "--manifest-path" "Cargo.toml", kill_on_drop: false }`
[INFO] running `Command { std: "docker" "create" "-v" "/var/lib/crater-agent-workspace/builds/worker-3/target:/opt/rustwide/target:rw,Z" "-v" "/var/lib/crater-agent-workspace/builds/worker-3/source:/opt/rustwide/workdir:ro,Z" "-v" "/var/lib/crater-agent-workspace/cargo-home:/opt/rustwide/cargo-home:ro,Z" "-v" "/var/lib/crater-agent-workspace/rustup-home:/opt/rustwide/rustup-home:ro,Z" "-e" "SOURCE_DIR=/opt/rustwide/workdir" "-e" "CARGO_TARGET_DIR=/opt/rustwide/target" "-e" "CARGO_HOME=/opt/rustwide/cargo-home" "-e" "RUSTUP_HOME=/opt/rustwide/rustup-home" "-w" "/opt/rustwide/workdir" "-m" "1610612736" "--user" "0:0" "--network" "none" "ghcr.io/rust-lang/crates-build-env/linux@sha256:34b6a614d2c27851fe6cbf88fbd1137609cefab8b10d0615aaeb6fd47975d74e" "/opt/rustwide/cargo-home/bin/cargo" "+1.54.0" "metadata" "--no-deps" "--format-version=1", kill_on_drop: false }`
[INFO] [stdout] 762e1b06402f1cb4d9854dad8760653b3602ffb582904ef652464e057a5f4725
[INFO] [stderr] WARNING: Your kernel does not support swap limit capabilities or the cgroup is not mounted. Memory limited without swap.
[INFO] running `Command { std: "docker" "start" "-a" "762e1b06402f1cb4d9854dad8760653b3602ffb582904ef652464e057a5f4725", kill_on_drop: false }`
[INFO] running `Command { std: "docker" "inspect" "762e1b06402f1cb4d9854dad8760653b3602ffb582904ef652464e057a5f4725", kill_on_drop: false }`
[INFO] running `Command { std: "docker" "rm" "-f" "762e1b06402f1cb4d9854dad8760653b3602ffb582904ef652464e057a5f4725", kill_on_drop: false }`
[INFO] [stdout] 762e1b06402f1cb4d9854dad8760653b3602ffb582904ef652464e057a5f4725
[INFO] running `Command { std: "docker" "create" "-v" "/var/lib/crater-agent-workspace/builds/worker-3/target:/opt/rustwide/target:rw,Z" "-v" "/var/lib/crater-agent-workspace/builds/worker-3/source:/opt/rustwide/workdir:ro,Z" "-v" "/var/lib/crater-agent-workspace/cargo-home:/opt/rustwide/cargo-home:ro,Z" "-v" "/var/lib/crater-agent-workspace/rustup-home:/opt/rustwide/rustup-home:ro,Z" "-e" "SOURCE_DIR=/opt/rustwide/workdir" "-e" "CARGO_TARGET_DIR=/opt/rustwide/target" "-e" "CARGO_INCREMENTAL=0" "-e" "RUST_BACKTRACE=full" "-e" "RUSTFLAGS=--cap-lints=warn" "-e" "CARGO_HOME=/opt/rustwide/cargo-home" "-e" "RUSTUP_HOME=/opt/rustwide/rustup-home" "-w" "/opt/rustwide/workdir" "-m" "1610612736" "--user" "0:0" "--network" "none" "ghcr.io/rust-lang/crates-build-env/linux@sha256:34b6a614d2c27851fe6cbf88fbd1137609cefab8b10d0615aaeb6fd47975d74e" "/opt/rustwide/cargo-home/bin/cargo" "+1.54.0" "build" "--frozen" "--message-format=json", kill_on_drop: false }`
[INFO] [stdout] b687155dd801431de3939b3eb086d9ad667d02cdb355a318b265814acd85d931
[INFO] [stderr] WARNING: Your kernel does not support swap limit capabilities or the cgroup is not mounted. Memory limited without swap.
[INFO] running `Command { std: "docker" "start" "-a" "b687155dd801431de3939b3eb086d9ad667d02cdb355a318b265814acd85d931", kill_on_drop: false }`
[INFO] [stderr]    Compiling alias-auto-add v0.0.2 (/opt/rustwide/workdir)
[INFO] [stdout] warning: use of deprecated macro `try`: use the `?` operator instead
[INFO] [stdout]   --> src/alias.rs:55:17
[INFO] [stdout]    |
[INFO] [stdout] 55 |         let f = try!(File::open(file));
[INFO] [stdout]    |                 ^^^
[INFO] [stdout]    |
[INFO] [stdout]    = note: `#[warn(deprecated)]` on by default
[INFO] [stdout] 
[INFO] [stdout] 
[INFO] [stdout] warning: use of deprecated macro `try`: use the `?` operator instead
[INFO] [stdout]   --> src/alias.rs:58:24
[INFO] [stdout]    |
[INFO] [stdout] 58 |             let line = try!(line);
[INFO] [stdout]    |                        ^^^
[INFO] [stdout] 
[INFO] [stdout] 
[INFO] [stdout] warning: use of deprecated macro `try`: use the `?` operator instead
[INFO] [stdout]   --> src/alias.rs:85:21
[INFO] [stdout]    |
[INFO] [stdout] 85 |         let mut f = try!(OpenOptions::new().append(true).open(file));
[INFO] [stdout]    |                     ^^^
[INFO] [stdout] 
[INFO] [stdout] 
[INFO] [stdout] warning: use of deprecated macro `try`: use the `?` operator instead
[INFO] [stdout]   --> src/alias.rs:86:9
[INFO] [stdout]    |
[INFO] [stdout] 86 |         try!(f.write_all(format!("{}\n", self.to_string()).as_bytes()));
[INFO] [stdout]    |         ^^^
[INFO] [stdout] 
[INFO] [stdout] 
[INFO] [stdout] warning: trait objects without an explicit `dyn` are deprecated
[INFO] [stdout]    --> src/alias.rs:128:32
[INFO] [stdout]     |
[INFO] [stdout] 128 |     fn cause(&self) -> Option<&error::Error> {
[INFO] [stdout]     |                                ^^^^^^^^^^^^ help: use `dyn`: `dyn error::Error`
[INFO] [stdout]     |
[INFO] [stdout]     = note: `#[warn(bare_trait_objects)]` on by default
[INFO] [stdout]     = warning: this was previously accepted by the compiler but is being phased out; it will become a hard error in the 2021 edition!
[INFO] [stdout]     = note: for more information, see issue #80165 <https://github.com/rust-lang/rust/issues/80165>
[INFO] [stdout] 
[INFO] [stdout] 
[INFO] [stdout] warning: use of deprecated associated function `std::error::Error::description`: use the Display impl or to_string()
[INFO] [stdout]    --> src/alias.rs:112:66
[INFO] [stdout]     |
[INFO] [stdout] 112 |             AliasSearchError::NotFound => writeln!(f, "{}", self.description()),
[INFO] [stdout]     |                                                                  ^^^^^^^^^^^
[INFO] [stdout] 
[INFO] [stdout] 
[INFO] [stdout] warning: use of deprecated associated function `std::error::Error::description`: use the Display impl or to_string()
[INFO] [stdout]    --> src/alias.rs:113:69
[INFO] [stdout]     |
[INFO] [stdout] 113 |             AliasSearchError::EmailExists => writeln!(f, "{}", self.description()),
[INFO] [stdout]     |                                                                     ^^^^^^^^^^^
[INFO] [stdout] 
[INFO] [stdout] 
[INFO] [stdout] warning: use of deprecated associated function `std::error::Error::description`: use the Display impl or to_string()
[INFO] [stdout]    --> src/alias.rs:124:50
[INFO] [stdout]     |
[INFO] [stdout] 124 |             AliasSearchError::Io(ref err) => err.description(),
[INFO] [stdout]     |                                                  ^^^^^^^^^^^
[INFO] [stdout] 
[INFO] [stdout] 
[INFO] [stdout] warning: 8 warnings emitted
[INFO] [stdout] 
[INFO] [stdout] 
[INFO] [stderr]     Finished dev [unoptimized + debuginfo] target(s) in 0.81s
[INFO] running `Command { std: "docker" "inspect" "b687155dd801431de3939b3eb086d9ad667d02cdb355a318b265814acd85d931", kill_on_drop: false }`
[INFO] running `Command { std: "docker" "rm" "-f" "b687155dd801431de3939b3eb086d9ad667d02cdb355a318b265814acd85d931", kill_on_drop: false }`
[INFO] [stdout] b687155dd801431de3939b3eb086d9ad667d02cdb355a318b265814acd85d931
[INFO] running `Command { std: "docker" "create" "-v" "/var/lib/crater-agent-workspace/builds/worker-3/target:/opt/rustwide/target:rw,Z" "-v" "/var/lib/crater-agent-workspace/builds/worker-3/source:/opt/rustwide/workdir:ro,Z" "-v" "/var/lib/crater-agent-workspace/cargo-home:/opt/rustwide/cargo-home:ro,Z" "-v" "/var/lib/crater-agent-workspace/rustup-home:/opt/rustwide/rustup-home:ro,Z" "-e" "SOURCE_DIR=/opt/rustwide/workdir" "-e" "CARGO_TARGET_DIR=/opt/rustwide/target" "-e" "CARGO_INCREMENTAL=0" "-e" "RUST_BACKTRACE=full" "-e" "RUSTFLAGS=--cap-lints=warn" "-e" "CARGO_HOME=/opt/rustwide/cargo-home" "-e" "RUSTUP_HOME=/opt/rustwide/rustup-home" "-w" "/opt/rustwide/workdir" "-m" "1610612736" "--user" "0:0" "--network" "none" "ghcr.io/rust-lang/crates-build-env/linux@sha256:34b6a614d2c27851fe6cbf88fbd1137609cefab8b10d0615aaeb6fd47975d74e" "/opt/rustwide/cargo-home/bin/cargo" "+1.54.0" "test" "--frozen" "--no-run" "--message-format=json", kill_on_drop: false }`
[INFO] [stdout] 386a24f934afde9023a077e5e3a43fa9873b4dac0141460e7afbb754527b62b9
[INFO] [stderr] WARNING: Your kernel does not support swap limit capabilities or the cgroup is not mounted. Memory limited without swap.
[INFO] running `Command { std: "docker" "start" "-a" "386a24f934afde9023a077e5e3a43fa9873b4dac0141460e7afbb754527b62b9", kill_on_drop: false }`
[INFO] [stderr]    Compiling alias-auto-add v0.0.2 (/opt/rustwide/workdir)
[INFO] [stdout] warning: use of deprecated macro `try`: use the `?` operator instead
[INFO] [stdout]   --> src/alias.rs:55:17
[INFO] [stdout]    |
[INFO] [stdout] 55 |         let f = try!(File::open(file));
[INFO] [stdout]    |                 ^^^
[INFO] [stdout]    |
[INFO] [stdout]    = note: `#[warn(deprecated)]` on by default
[INFO] [stdout] 
[INFO] [stdout] 
[INFO] [stdout] warning: use of deprecated macro `try`: use the `?` operator instead
[INFO] [stdout]   --> src/alias.rs:58:24
[INFO] [stdout]    |
[INFO] [stdout] 58 |             let line = try!(line);
[INFO] [stdout]    |                        ^^^
[INFO] [stdout] 
[INFO] [stdout] 
[INFO] [stdout] warning: use of deprecated macro `try`: use the `?` operator instead
[INFO] [stdout]   --> src/alias.rs:85:21
[INFO] [stdout]    |
[INFO] [stdout] 85 |         let mut f = try!(OpenOptions::new().append(true).open(file));
[INFO] [stdout]    |                     ^^^
[INFO] [stdout] 
[INFO] [stdout] 
[INFO] [stdout] warning: use of deprecated macro `try`: use the `?` operator instead
[INFO] [stdout]   --> src/alias.rs:86:9
[INFO] [stdout]    |
[INFO] [stdout] 86 |         try!(f.write_all(format!("{}\n", self.to_string()).as_bytes()));
[INFO] [stdout]    |         ^^^
[INFO] [stdout] 
[INFO] [stdout] 
[INFO] [stdout] warning: trait objects without an explicit `dyn` are deprecated
[INFO] [stdout]    --> src/alias.rs:128:32
[INFO] [stdout]     |
[INFO] [stdout] 128 |     fn cause(&self) -> Option<&error::Error> {
[INFO] [stdout]     |                                ^^^^^^^^^^^^ help: use `dyn`: `dyn error::Error`
[INFO] [stdout]     |
[INFO] [stdout]     = note: `#[warn(bare_trait_objects)]` on by default
[INFO] [stdout]     = warning: this was previously accepted by the compiler but is being phased out; it will become a hard error in the 2021 edition!
[INFO] [stdout]     = note: for more information, see issue #80165 <https://github.com/rust-lang/rust/issues/80165>
[INFO] [stdout] 
[INFO] [stdout] 
[INFO] [stdout] warning: use of deprecated associated function `std::error::Error::description`: use the Display impl or to_string()
[INFO] [stdout]    --> src/alias.rs:112:66
[INFO] [stdout]     |
[INFO] [stdout] 112 |             AliasSearchError::NotFound => writeln!(f, "{}", self.description()),
[INFO] [stdout]     |                                                                  ^^^^^^^^^^^
[INFO] [stdout] 
[INFO] [stdout] 
[INFO] [stdout] warning: use of deprecated associated function `std::error::Error::description`: use the Display impl or to_string()
[INFO] [stdout]    --> src/alias.rs:113:69
[INFO] [stdout]     |
[INFO] [stdout] 113 |             AliasSearchError::EmailExists => writeln!(f, "{}", self.description()),
[INFO] [stdout]     |                                                                     ^^^^^^^^^^^
[INFO] [stdout] 
[INFO] [stdout] 
[INFO] [stdout] warning: use of deprecated associated function `std::error::Error::description`: use the Display impl or to_string()
[INFO] [stdout]    --> src/alias.rs:124:50
[INFO] [stdout]     |
[INFO] [stdout] 124 |             AliasSearchError::Io(ref err) => err.description(),
[INFO] [stdout]     |                                                  ^^^^^^^^^^^
[INFO] [stdout] 
[INFO] [stdout] 
[INFO] [stdout] warning: 8 warnings emitted
[INFO] [stdout] 
[INFO] [stdout] 
[INFO] [stderr]     Finished test [unoptimized + debuginfo] target(s) in 0.78s
[INFO] running `Command { std: "docker" "inspect" "386a24f934afde9023a077e5e3a43fa9873b4dac0141460e7afbb754527b62b9", kill_on_drop: false }`
[INFO] running `Command { std: "docker" "rm" "-f" "386a24f934afde9023a077e5e3a43fa9873b4dac0141460e7afbb754527b62b9", kill_on_drop: false }`
[INFO] [stdout] 386a24f934afde9023a077e5e3a43fa9873b4dac0141460e7afbb754527b62b9
[INFO] running `Command { std: "docker" "create" "-v" "/var/lib/crater-agent-workspace/builds/worker-3/target:/opt/rustwide/target:rw,Z" "-v" "/var/lib/crater-agent-workspace/builds/worker-3/source:/opt/rustwide/workdir:ro,Z" "-v" "/var/lib/crater-agent-workspace/cargo-home:/opt/rustwide/cargo-home:ro,Z" "-v" "/var/lib/crater-agent-workspace/rustup-home:/opt/rustwide/rustup-home:ro,Z" "-e" "SOURCE_DIR=/opt/rustwide/workdir" "-e" "CARGO_TARGET_DIR=/opt/rustwide/target" "-e" "CARGO_INCREMENTAL=0" "-e" "RUST_BACKTRACE=full" "-e" "RUSTFLAGS=--cap-lints=warn" "-e" "CARGO_HOME=/opt/rustwide/cargo-home" "-e" "RUSTUP_HOME=/opt/rustwide/rustup-home" "-w" "/opt/rustwide/workdir" "-m" "1610612736" "--user" "0:0" "--network" "none" "ghcr.io/rust-lang/crates-build-env/linux@sha256:34b6a614d2c27851fe6cbf88fbd1137609cefab8b10d0615aaeb6fd47975d74e" "/opt/rustwide/cargo-home/bin/cargo" "+1.54.0" "test" "--frozen", kill_on_drop: false }`
[INFO] [stdout] fd0278e299c65cbc2a6ddd74dd7b63a978870ae367703129095e8b855db75039
[INFO] [stderr] WARNING: Your kernel does not support swap limit capabilities or the cgroup is not mounted. Memory limited without swap.
[INFO] running `Command { std: "docker" "start" "-a" "fd0278e299c65cbc2a6ddd74dd7b63a978870ae367703129095e8b855db75039", kill_on_drop: false }`
[INFO] [stderr] warning: use of deprecated macro `try`: use the `?` operator instead
[INFO] [stderr]   --> src/alias.rs:55:17
[INFO] [stderr]    |
[INFO] [stderr] 55 |         let f = try!(File::open(file));
[INFO] [stderr]    |                 ^^^
[INFO] [stderr]    |
[INFO] [stderr]    = note: `#[warn(deprecated)]` on by default
[INFO] [stderr] 
[INFO] [stderr] warning: use of deprecated macro `try`: use the `?` operator instead
[INFO] [stderr]   --> src/alias.rs:58:24
[INFO] [stderr]    |
[INFO] [stderr] 58 |             let line = try!(line);
[INFO] [stderr]    |                        ^^^
[INFO] [stderr] 
[INFO] [stderr] warning: use of deprecated macro `try`: use the `?` operator instead
[INFO] [stderr]   --> src/alias.rs:85:21
[INFO] [stderr]    |
[INFO] [stderr] 85 |         let mut f = try!(OpenOptions::new().append(true).open(file));
[INFO] [stderr]    |                     ^^^
[INFO] [stderr] 
[INFO] [stderr] warning: use of deprecated macro `try`: use the `?` operator instead
[INFO] [stderr]   --> src/alias.rs:86:9
[INFO] [stderr]    |
[INFO] [stderr] 86 |         try!(f.write_all(format!("{}\n", self.to_string()).as_bytes()));
[INFO] [stderr]    |         ^^^
[INFO] [stderr] 
[INFO] [stderr] warning: trait objects without an explicit `dyn` are deprecated
[INFO] [stderr]    --> src/alias.rs:128:32
[INFO] [stderr]     |
[INFO] [stderr] 128 |     fn cause(&self) -> Option<&error::Error> {
[INFO] [stderr]     |                                ^^^^^^^^^^^^ help: use `dyn`: `dyn error::Error`
[INFO] [stderr]     |
[INFO] [stderr]     = note: `#[warn(bare_trait_objects)]` on by default
[INFO] [stderr]     = warning: this was previously accepted by the compiler but is being phased out; it will become a hard error in the 2021 edition!
[INFO] [stderr]     = note: for more information, see issue #80165 <https://github.com/rust-lang/rust/issues/80165>
[INFO] [stderr] 
[INFO] [stderr] warning: use of deprecated associated function `std::error::Error::description`: use the Display impl or to_string()
[INFO] [stderr]    --> src/alias.rs:112:66
[INFO] [stderr]     |
[INFO] [stderr] 112 |             AliasSearchError::NotFound => writeln!(f, "{}", self.description()),
[INFO] [stderr]     |                                                                  ^^^^^^^^^^^
[INFO] [stderr] 
[INFO] [stderr] warning: use of deprecated associated function `std::error::Error::description`: use the Display impl or to_string()
[INFO] [stderr]    --> src/alias.rs:113:69
[INFO] [stderr]     |
[INFO] [stderr] 113 |             AliasSearchError::EmailExists => writeln!(f, "{}", self.description()),
[INFO] [stderr]     |                                                                     ^^^^^^^^^^^
[INFO] [stderr] 
[INFO] [stderr] warning: use of deprecated associated function `std::error::Error::description`: use the Display impl or to_string()
[INFO] [stderr]    --> src/alias.rs:124:50
[INFO] [stderr]     |
[INFO] [stderr] 124 |             AliasSearchError::Io(ref err) => err.description(),
[INFO] [stderr]     |                                                  ^^^^^^^^^^^
[INFO] [stderr] 
[INFO] [stderr] warning: 8 warnings emitted
[INFO] [stderr] 
[INFO] [stderr]     Finished test [unoptimized + debuginfo] target(s) in 0.01s
[INFO] [stderr]      Running unittests (/opt/rustwide/target/debug/deps/alias_auto_add-c7817b5d6d9585bc)
[INFO] [stdout] 
[INFO] [stdout] running 12 tests
[INFO] [stdout] test tests::alias_find_in_file_email_already_exists ... ok
[INFO] [stdout] test tests::alias_find_in_file_alias_is_new ... ok
[INFO] [stdout] test tests::alias_find_in_file_finds_a_match ... ok
[INFO] [stdout] test tests::new_alias_with_2_names ... ok
[INFO] [stdout] test tests::new_alias_with_1_name ... ok
[INFO] [stdout] test tests::new_alias_with_3_names ... ok
[INFO] [stdout] test tests::new_alias_with_only_email ... ok
[INFO] [stdout] test tests::new_alias_with_special_characters ... ok
[INFO] [stdout] test tests::update_alias_id_does_nothing_given_an_empty_vector ... ok
[INFO] [stdout] test tests::update_alias_id_increments_alias ... ok
[INFO] [stdout] test tests::alias_write_to_file_must_write_given_alias_to_file ... FAILED
[INFO] [stdout] test tests::alias_write_to_file_must_write_unique_alias_to_file_if_one_already_exists ... FAILED
[INFO] [stdout] 
[INFO] [stdout] failures:
[INFO] [stdout] 
[INFO] [stdout] ---- tests::alias_write_to_file_must_write_given_alias_to_file stdout ----
[INFO] [stdout] thread 'tests::alias_write_to_file_must_write_given_alias_to_file' panicked at 'Alias file copy failed: Os { code: 30, kind: Other, message: "Read-only file system" }', src/tests.rs:129:48
[INFO] [stdout] stack backtrace:
[INFO] [stdout]    0:     0x55b822709f40 - std::backtrace_rs::backtrace::libunwind::trace::h34055254b57d8e79
[INFO] [stdout]                                at /rustc/a178d0322ce20e33eac124758e837cbd80a6f633/library/std/src/../../backtrace/src/backtrace/libunwind.rs:90:5
[INFO] [stdout]    1:     0x55b822709f40 - std::backtrace_rs::backtrace::trace_unsynchronized::h8f1e3fbd9afff6ec
[INFO] [stdout]                                at /rustc/a178d0322ce20e33eac124758e837cbd80a6f633/library/std/src/../../backtrace/src/backtrace/mod.rs:66:5
[INFO] [stdout]    2:     0x55b822709f40 - std::sys_common::backtrace::_print_fmt::h3a99a796b770c360
[INFO] [stdout]                                at /rustc/a178d0322ce20e33eac124758e837cbd80a6f633/library/std/src/sys_common/backtrace.rs:67:5
[INFO] [stdout]    3:     0x55b822709f40 - <std::sys_common::backtrace::_print::DisplayBacktrace as core::fmt::Display>::fmt::h32d1f94a80615d18
[INFO] [stdout]                                at /rustc/a178d0322ce20e33eac124758e837cbd80a6f633/library/std/src/sys_common/backtrace.rs:46:22
[INFO] [stdout]    4:     0x55b82272d5dc - core::fmt::write::h306731c068f7162c
[INFO] [stdout]                                at /rustc/a178d0322ce20e33eac124758e837cbd80a6f633/library/core/src/fmt/mod.rs:1110:17
[INFO] [stdout]    5:     0x55b822706e65 - std::io::Write::write_fmt::h87f19b0a2cd190bc
[INFO] [stdout]                                at /rustc/a178d0322ce20e33eac124758e837cbd80a6f633/library/std/src/io/mod.rs:1588:15
[INFO] [stdout]    6:     0x55b82270c0ab - std::sys_common::backtrace::_print::h5abaa2601a852287
[INFO] [stdout]                                at /rustc/a178d0322ce20e33eac124758e837cbd80a6f633/library/std/src/sys_common/backtrace.rs:49:5
[INFO] [stdout]    7:     0x55b82270c0ab - std::sys_common::backtrace::print::h8d81445442bb638f
[INFO] [stdout]                                at /rustc/a178d0322ce20e33eac124758e837cbd80a6f633/library/std/src/sys_common/backtrace.rs:36:9
[INFO] [stdout]    8:     0x55b82270c0ab - std::panicking::default_hook::{{closure}}::hcfe804496a9fa747
[INFO] [stdout]                                at /rustc/a178d0322ce20e33eac124758e837cbd80a6f633/library/std/src/panicking.rs:208:50
[INFO] [stdout]    9:     0x55b82270bbbc - std::panicking::default_hook::hbea8e3ccf2ba8901
[INFO] [stdout]                                at /rustc/a178d0322ce20e33eac124758e837cbd80a6f633/library/std/src/panicking.rs:222:9
[INFO] [stdout]   10:     0x55b82270c774 - std::panicking::rust_panic_with_hook::h7ee9e1a2d0f8975a
[INFO] [stdout]                                at /rustc/a178d0322ce20e33eac124758e837cbd80a6f633/library/std/src/panicking.rs:622:17
[INFO] [stdout]   11:     0x55b82270c257 - std::panicking::begin_panic_handler::{{closure}}::h8ab3b4491718b2c7
[INFO] [stdout]                                at /rustc/a178d0322ce20e33eac124758e837cbd80a6f633/library/std/src/panicking.rs:519:13
[INFO] [stdout]   12:     0x55b82270a43c - std::sys_common::backtrace::__rust_end_short_backtrace::hd489062ffa586a9f
[INFO] [stdout]                                at /rustc/a178d0322ce20e33eac124758e837cbd80a6f633/library/std/src/sys_common/backtrace.rs:141:18
[INFO] [stdout]   13:     0x55b82270c1b9 - rust_begin_unwind
[INFO] [stdout]                                at /rustc/a178d0322ce20e33eac124758e837cbd80a6f633/library/std/src/panicking.rs:515:5
[INFO] [stdout]   14:     0x55b82269c7a1 - core::panicking::panic_fmt::hca6330e3e14086b4
[INFO] [stdout]                                at /rustc/a178d0322ce20e33eac124758e837cbd80a6f633/library/core/src/panicking.rs:92:14
[INFO] [stdout]   15:     0x55b82269c893 - core::result::unwrap_failed::h6160d2b4bfbb0e87
[INFO] [stdout]                                at /rustc/a178d0322ce20e33eac124758e837cbd80a6f633/library/core/src/result.rs:1355:5
[INFO] [stdout]   16:     0x55b8226a7563 - core::result::Result<T,E>::expect::hbfe71a08967ea931
[INFO] [stdout]                                at /rustc/a178d0322ce20e33eac124758e837cbd80a6f633/library/core/src/result.rs:997:23
[INFO] [stdout]   17:     0x55b8226b088c - alias_auto_add::tests::alias_write_to_file_helper::h5b07682644031be9
[INFO] [stdout]                                at /opt/rustwide/workdir/src/tests.rs:129:5
[INFO] [stdout]   18:     0x55b8226b243c - alias_auto_add::tests::alias_write_to_file_must_write_given_alias_to_file::hf5febee888756189
[INFO] [stdout]                                at /opt/rustwide/workdir/src/tests.rs:170:22
[INFO] [stdout]   19:     0x55b8226b23fa - alias_auto_add::tests::alias_write_to_file_must_write_given_alias_to_file::{{closure}}::hcf1da2256dd46d74
[INFO] [stdout]                                at /opt/rustwide/workdir/src/tests.rs:168:1
[INFO] [stdout]   20:     0x55b8226b6a5e - core::ops::function::FnOnce::call_once::ha450f2b5d6e9796c
[INFO] [stdout]                                at /rustc/a178d0322ce20e33eac124758e837cbd80a6f633/library/core/src/ops/function.rs:227:5
[INFO] [stdout]   21:     0x55b8226e1373 - core::ops::function::FnOnce::call_once::h152e7e439ff59e19
[INFO] [stdout]                                at /rustc/a178d0322ce20e33eac124758e837cbd80a6f633/library/core/src/ops/function.rs:227:5
[INFO] [stdout]   22:     0x55b8226e1373 - test::__rust_begin_short_backtrace::h0908f3b1fdbb72ab
[INFO] [stdout]                                at /rustc/a178d0322ce20e33eac124758e837cbd80a6f633/library/test/src/lib.rs:577:5
[INFO] [stdout]   23:     0x55b8226dfe30 - <alloc::boxed::Box<F,A> as core::ops::function::FnOnce<Args>>::call_once::hf6d2a51e5587546c
[INFO] [stdout]                                at /rustc/a178d0322ce20e33eac124758e837cbd80a6f633/library/alloc/src/boxed.rs:1575:9
[INFO] [stdout]   24:     0x55b8226dfe30 - <std::panic::AssertUnwindSafe<F> as core::ops::function::FnOnce<()>>::call_once::h8af660f3a89ef593
[INFO] [stdout]                                at /rustc/a178d0322ce20e33eac124758e837cbd80a6f633/library/std/src/panic.rs:347:9
[INFO] [stdout]   25:     0x55b8226dfe30 - std::panicking::try::do_call::hd36aef60f84b6d36
[INFO] [stdout]                                at /rustc/a178d0322ce20e33eac124758e837cbd80a6f633/library/std/src/panicking.rs:401:40
[INFO] [stdout]   26:     0x55b8226dfe30 - std::panicking::try::h9932b4480e69817c
[INFO] [stdout]                                at /rustc/a178d0322ce20e33eac124758e837cbd80a6f633/library/std/src/panicking.rs:365:19
[INFO] [stdout]   27:     0x55b8226dfe30 - std::panic::catch_unwind::h6aa177099cfff5f8
[INFO] [stdout]                                at /rustc/a178d0322ce20e33eac124758e837cbd80a6f633/library/std/src/panic.rs:434:14
[INFO] [stdout]   28:     0x55b8226dfe30 - test::run_test_in_process::h5884d6f2d99e20c3
[INFO] [stdout]                                at /rustc/a178d0322ce20e33eac124758e837cbd80a6f633/library/test/src/lib.rs:600:18
[INFO] [stdout]   29:     0x55b8226dfe30 - test::run_test::run_test_inner::{{closure}}::h6fdc58c6d5f5b6e3
[INFO] [stdout]                                at /rustc/a178d0322ce20e33eac124758e837cbd80a6f633/library/test/src/lib.rs:492:39
[INFO] [stdout]   30:     0x55b8226b94e2 - test::run_test::run_test_inner::{{closure}}::h408365d67a78ade8
[INFO] [stdout]                                at /rustc/a178d0322ce20e33eac124758e837cbd80a6f633/library/test/src/lib.rs:519:37
[INFO] [stdout]   31:     0x55b8226b94e2 - std::sys_common::backtrace::__rust_begin_short_backtrace::hb560b77c4f701523
[INFO] [stdout]                                at /rustc/a178d0322ce20e33eac124758e837cbd80a6f633/library/std/src/sys_common/backtrace.rs:125:18
[INFO] [stdout]   32:     0x55b8226bd098 - std::thread::Builder::spawn_unchecked::{{closure}}::{{closure}}::hf2e7831dad93c597
[INFO] [stdout]                                at /rustc/a178d0322ce20e33eac124758e837cbd80a6f633/library/std/src/thread/mod.rs:481:17
[INFO] [stdout]   33:     0x55b8226bd098 - <std::panic::AssertUnwindSafe<F> as core::ops::function::FnOnce<()>>::call_once::hd2e08783d8be4d02
[INFO] [stdout]                                at /rustc/a178d0322ce20e33eac124758e837cbd80a6f633/library/std/src/panic.rs:347:9
[INFO] [stdout]   34:     0x55b8226bd098 - std::panicking::try::do_call::h062597b7acfd6b82
[INFO] [stdout]                                at /rustc/a178d0322ce20e33eac124758e837cbd80a6f633/library/std/src/panicking.rs:401:40
[INFO] [stdout]   35:     0x55b8226bd098 - std::panicking::try::h0d7b79db04c14552
[INFO] [stdout]                                at /rustc/a178d0322ce20e33eac124758e837cbd80a6f633/library/std/src/panicking.rs:365:19
[INFO] [stdout]   36:     0x55b8226bd098 - std::panic::catch_unwind::hb01a0b5e7c8cd43b
[INFO] [stdout]                                at /rustc/a178d0322ce20e33eac124758e837cbd80a6f633/library/std/src/panic.rs:434:14
[INFO] [stdout]   37:     0x55b8226bd098 - std::thread::Builder::spawn_unchecked::{{closure}}::h5bde48cc887e0d1e
[INFO] [stdout]                                at /rustc/a178d0322ce20e33eac124758e837cbd80a6f633/library/std/src/thread/mod.rs:480:30
[INFO] [stdout]   38:     0x55b8226bd098 - core::ops::function::FnOnce::call_once{{vtable.shim}}::h745ea30807a29e55
[INFO] [stdout]                                at /rustc/a178d0322ce20e33eac124758e837cbd80a6f633/library/core/src/ops/function.rs:227:5
[INFO] [stdout]   39:     0x55b822711bc7 - <alloc::boxed::Box<F,A> as core::ops::function::FnOnce<Args>>::call_once::h7ece6cfefaff1005
[INFO] [stdout]                                at /rustc/a178d0322ce20e33eac124758e837cbd80a6f633/library/alloc/src/boxed.rs:1575:9
[INFO] [stdout]   40:     0x55b822711bc7 - <alloc::boxed::Box<F,A> as core::ops::function::FnOnce<Args>>::call_once::hb8b48e55c21f193e
[INFO] [stdout]                                at /rustc/a178d0322ce20e33eac124758e837cbd80a6f633/library/alloc/src/boxed.rs:1575:9
[INFO] [stdout]   41:     0x55b822711bc7 - std::sys::unix::thread::Thread::new::thread_start::h8c7c4450dba62914
[INFO] [stdout]                                at /rustc/a178d0322ce20e33eac124758e837cbd80a6f633/library/std/src/sys/unix/thread.rs:71:17
[INFO] [stdout]   42:     0x7f6b8febb609 - start_thread
[INFO] [stdout]   43:     0x7f6b8fc8d293 - clone
[INFO] [stdout]   44:                0x0 - <unknown>
[INFO] [stdout] 
[INFO] [stdout] ---- tests::alias_write_to_file_must_write_unique_alias_to_file_if_one_already_exists stdout ----
[INFO] [stdout] thread 'tests::alias_write_to_file_must_write_unique_alias_to_file_if_one_already_exists' panicked at 'Alias file copy failed: Os { code: 30, kind: Other, message: "Read-only file system" }', src/tests.rs:129:48
[INFO] [stdout] stack backtrace:
[INFO] [stdout]    0:     0x55b822709f40 - std::backtrace_rs::backtrace::libunwind::trace::h34055254b57d8e79
[INFO] [stdout]                                at /rustc/a178d0322ce20e33eac124758e837cbd80a6f633/library/std/src/../../backtrace/src/backtrace/libunwind.rs:90:5
[INFO] [stdout]    1:     0x55b822709f40 - std::backtrace_rs::backtrace::trace_unsynchronized::h8f1e3fbd9afff6ec
[INFO] [stdout]                                at /rustc/a178d0322ce20e33eac124758e837cbd80a6f633/library/std/src/../../backtrace/src/backtrace/mod.rs:66:5
[INFO] [stdout]    2:     0x55b822709f40 - std::sys_common::backtrace::_print_fmt::h3a99a796b770c360
[INFO] [stdout]                                at /rustc/a178d0322ce20e33eac124758e837cbd80a6f633/library/std/src/sys_common/backtrace.rs:67:5
[INFO] [stdout]    3:     0x55b822709f40 - <std::sys_common::backtrace::_print::DisplayBacktrace as core::fmt::Display>::fmt::h32d1f94a80615d18
[INFO] [stdout]                                at /rustc/a178d0322ce20e33eac124758e837cbd80a6f633/library/std/src/sys_common/backtrace.rs:46:22
[INFO] [stdout]    4:     0x55b82272d5dc - core::fmt::write::h306731c068f7162c
[INFO] [stdout]                                at /rustc/a178d0322ce20e33eac124758e837cbd80a6f633/library/core/src/fmt/mod.rs:1110:17
[INFO] [stdout]    5:     0x55b822706e65 - std::io::Write::write_fmt::h87f19b0a2cd190bc
[INFO] [stdout]                                at /rustc/a178d0322ce20e33eac124758e837cbd80a6f633/library/std/src/io/mod.rs:1588:15
[INFO] [stdout]    6:     0x55b82270c0ab - std::sys_common::backtrace::_print::h5abaa2601a852287
[INFO] [stdout]                                at /rustc/a178d0322ce20e33eac124758e837cbd80a6f633/library/std/src/sys_common/backtrace.rs:49:5
[INFO] [stdout]    7:     0x55b82270c0ab - std::sys_common::backtrace::print::h8d81445442bb638f
[INFO] [stdout]                                at /rustc/a178d0322ce20e33eac124758e837cbd80a6f633/library/std/src/sys_common/backtrace.rs:36:9
[INFO] [stdout]    8:     0x55b82270c0ab - std::panicking::default_hook::{{closure}}::hcfe804496a9fa747
[INFO] [stdout]                                at /rustc/a178d0322ce20e33eac124758e837cbd80a6f633/library/std/src/panicking.rs:208:50
[INFO] [stdout]    9:     0x55b82270bbbc - std::panicking::default_hook::hbea8e3ccf2ba8901
[INFO] [stdout]                                at /rustc/a178d0322ce20e33eac124758e837cbd80a6f633/library/std/src/panicking.rs:222:9
[INFO] [stdout]   10:     0x55b82270c774 - std::panicking::rust_panic_with_hook::h7ee9e1a2d0f8975a
[INFO] [stdout]                                at /rustc/a178d0322ce20e33eac124758e837cbd80a6f633/library/std/src/panicking.rs:622:17
[INFO] [stdout]   11:     0x55b82270c257 - std::panicking::begin_panic_handler::{{closure}}::h8ab3b4491718b2c7
[INFO] [stdout]                                at /rustc/a178d0322ce20e33eac124758e837cbd80a6f633/library/std/src/panicking.rs:519:13
[INFO] [stdout]   12:     0x55b82270a43c - std::sys_common::backtrace::__rust_end_short_backtrace::hd489062ffa586a9f
[INFO] [stdout]                                at /rustc/a178d0322ce20e33eac124758e837cbd80a6f633/library/std/src/sys_common/backtrace.rs:141:18
[INFO] [stdout]   13:     0x55b82270c1b9 - rust_begin_unwind
[INFO] [stdout]                                at /rustc/a178d0322ce20e33eac124758e837cbd80a6f633/library/std/src/panicking.rs:515:5
[INFO] [stdout]   14:     0x55b82269c7a1 - core::panicking::panic_fmt::hca6330e3e14086b4
[INFO] [stdout]                                at /rustc/a178d0322ce20e33eac124758e837cbd80a6f633/library/core/src/panicking.rs:92:14
[INFO] [stdout]   15:     0x55b82269c893 - core::result::unwrap_failed::h6160d2b4bfbb0e87
[INFO] [stdout]                                at /rustc/a178d0322ce20e33eac124758e837cbd80a6f633/library/core/src/result.rs:1355:5
[INFO] [stdout]   16:     0x55b8226a7563 - core::result::Result<T,E>::expect::hbfe71a08967ea931
[INFO] [stdout]                                at /rustc/a178d0322ce20e33eac124758e837cbd80a6f633/library/core/src/result.rs:997:23
[INFO] [stdout]   17:     0x55b8226b037c - alias_auto_add::tests::alias_write_to_file_helper::h01c369db46dec00c
[INFO] [stdout]                                at /opt/rustwide/workdir/src/tests.rs:129:5
[INFO] [stdout]   18:     0x55b8226b1f2c - alias_auto_add::tests::alias_write_to_file_must_write_unique_alias_to_file_if_one_already_exists::h2e78003fa1cb907e
[INFO] [stdout]                                at /opt/rustwide/workdir/src/tests.rs:149:22
[INFO] [stdout]   19:     0x55b8226b1eea - alias_auto_add::tests::alias_write_to_file_must_write_unique_alias_to_file_if_one_already_exists::{{closure}}::h57004d0ffe6f662a
[INFO] [stdout]                                at /opt/rustwide/workdir/src/tests.rs:147:1
[INFO] [stdout]   20:     0x55b8226b6bde - core::ops::function::FnOnce::call_once::hf22cf8cfa6f23968
[INFO] [stdout]                                at /rustc/a178d0322ce20e33eac124758e837cbd80a6f633/library/core/src/ops/function.rs:227:5
[INFO] [stdout]   21:     0x55b8226e1373 - core::ops::function::FnOnce::call_once::h152e7e439ff59e19
[INFO] [stdout]                                at /rustc/a178d0322ce20e33eac124758e837cbd80a6f633/library/core/src/ops/function.rs:227:5
[INFO] [stdout]   22:     0x55b8226e1373 - test::__rust_begin_short_backtrace::h0908f3b1fdbb72ab
[INFO] [stdout]                                at /rustc/a178d0322ce20e33eac124758e837cbd80a6f633/library/test/src/lib.rs:577:5
[INFO] [stdout]   23:     0x55b8226dfe30 - <alloc::boxed::Box<F,A> as core::ops::function::FnOnce<Args>>::call_once::hf6d2a51e5587546c
[INFO] [stdout]                                at /rustc/a178d0322ce20e33eac124758e837cbd80a6f633/library/alloc/src/boxed.rs:1575:9
[INFO] [stdout]   24:     0x55b8226dfe30 - <std::panic::AssertUnwindSafe<F> as core::ops::function::FnOnce<()>>::call_once::h8af660f3a89ef593
[INFO] [stdout]                                at /rustc/a178d0322ce20e33eac124758e837cbd80a6f633/library/std/src/panic.rs:347:9
[INFO] [stdout]   25:     0x55b8226dfe30 - std::panicking::try::do_call::hd36aef60f84b6d36
[INFO] [stdout]                                at /rustc/a178d0322ce20e33eac124758e837cbd80a6f633/library/std/src/panicking.rs:401:40
[INFO] [stdout]   26:     0x55b8226dfe30 - std::panicking::try::h9932b4480e69817c
[INFO] [stdout]                                at /rustc/a178d0322ce20e33eac124758e837cbd80a6f633/library/std/src/panicking.rs:365:19
[INFO] [stdout]   27:     0x55b8226dfe30 - std::panic::catch_unwind::h6aa177099cfff5f8
[INFO] [stdout]                                at /rustc/a178d0322ce20e33eac124758e837cbd80a6f633/library/std/src/panic.rs:434:14
[INFO] [stdout]   28:     0x55b8226dfe30 - test::run_test_in_process::h5884d6f2d99e20c3
[INFO] [stdout]                                at /rustc/a178d0322ce20e33eac124758e837cbd80a6f633/library/test/src/lib.rs:600:18
[INFO] [stdout]   29:     0x55b8226dfe30 - test::run_test::run_test_inner::{{closure}}::h6fdc58c6d5f5b6e3
[INFO] [stdout]                                at /rustc/a178d0322ce20e33eac124758e837cbd80a6f633/library/test/src/lib.rs:492:39
[INFO] [stdout]   30:     0x55b8226b94e2 - test::run_test::run_test_inner::{{closure}}::h408365d67a78ade8
[INFO] [stdout]                                at /rustc/a178d0322ce20e33eac124758e837cbd80a6f633/library/test/src/lib.rs:519:37
[INFO] [stdout]   31:     0x55b8226b94e2 - std::sys_common::backtrace::__rust_begin_short_backtrace::hb560b77c4f701523
[INFO] [stdout]                                at /rustc/a178d0322ce20e33eac124758e837cbd80a6f633/library/std/src/sys_common/backtrace.rs:125:18
[INFO] [stdout]   32:     0x55b8226bd098 - std::thread::Builder::spawn_unchecked::{{closure}}::{{closure}}::hf2e7831dad93c597
[INFO] [stdout]                                at /rustc/a178d0322ce20e33eac124758e837cbd80a6f633/library/std/src/thread/mod.rs:481:17
[INFO] [stdout]   33:     0x55b8226bd098 - <std::panic::AssertUnwindSafe<F> as core::ops::function::FnOnce<()>>::call_once::hd2e08783d8be4d02
[INFO] [stdout]                                at /rustc/a178d0322ce20e33eac124758e837cbd80a6f633/library/std/src/panic.rs:347:9
[INFO] [stdout]   34:     0x55b8226bd098 - std::panicking::try::do_call::h062597b7acfd6b82
[INFO] [stdout]                                at /rustc/a178d0322ce20e33eac124758e837cbd80a6f633/library/std/src/panicking.rs:401:40
[INFO] [stdout]   35:     0x55b8226bd098 - std::panicking::try::h0d7b79db04c14552
[INFO] [stdout]                                at /rustc/a178d0322ce20e33eac124758e837cbd80a6f633/library/std/src/panicking.rs:365:19
[INFO] [stdout]   36:     0x55b8226bd098 - std::panic::catch_unwind::hb01a0b5e7c8cd43b
[INFO] [stdout]                                at /rustc/a178d0322ce20e33eac124758e837cbd80a6f633/library/std/src/panic.rs:434:14
[INFO] [stdout]   37:     0x55b8226bd098 - std::thread::Builder::spawn_unchecked::{{closure}}::h5bde48cc887e0d1e
[INFO] [stdout]                                at /rustc/a178d0322ce20e33eac124758e837cbd80a6f633/library/std/src/thread/mod.rs:480:30
[INFO] [stdout]   38:     0x55b8226bd098 - core::ops::function::FnOnce::call_once{{vtable.shim}}::h745ea30807a29e55
[INFO] [stdout]                                at /rustc/a178d0322ce20e33eac124758e837cbd80a6f633/library/core/src/ops/function.rs:227:5
[INFO] [stdout]   39:     0x55b822711bc7 - <alloc::boxed::Box<F,A> as core::ops::function::FnOnce<Args>>::call_once::h7ece6cfefaff1005
[INFO] [stdout]                                at /rustc/a178d0322ce20e33eac124758e837cbd80a6f633/library/alloc/src/boxed.rs:1575:9
[INFO] [stdout]   40:     0x55b822711bc7 - <alloc::boxed::Box<F,A> as core::ops::function::FnOnce<Args>>::call_once::hb8b48e55c21f193e
[INFO] [stdout]                                at /rustc/a178d0322ce20e33eac124758e837cbd80a6f633/library/alloc/src/boxed.rs:1575:9
[INFO] [stdout]   41:     0x55b822711bc7 - std::sys::unix::thread::Thread::new::thread_start::h8c7c4450dba62914
[INFO] [stdout]                                at /rustc/a178d0322ce20e33eac124758e837cbd80a6f633/library/std/src/sys/unix/thread.rs:71:17
[INFO] [stdout]   42:     0x7f6b8febb609 - start_thread
[INFO] [stdout]   43:     0x7f6b8fc8d293 - clone
[INFO] [stdout]   44:                0x0 - <unknown>
[INFO] [stdout] 
[INFO] [stdout] 
[INFO] [stdout] failures:
[INFO] [stdout]     tests::alias_write_to_file_must_write_given_alias_to_file
[INFO] [stdout]     tests::alias_write_to_file_must_write_unique_alias_to_file_if_one_already_exists
[INFO] [stdout] 
[INFO] [stdout] test result: FAILED. 10 passed; 2 failed; 0 ignored; 0 measured; 0 filtered out; finished in 0.01s
[INFO] [stdout] 
[INFO] [stderr] error: test failed, to rerun pass '--bin alias-auto-add'
[INFO] running `Command { std: "docker" "inspect" "fd0278e299c65cbc2a6ddd74dd7b63a978870ae367703129095e8b855db75039", kill_on_drop: false }`
[INFO] running `Command { std: "docker" "rm" "-f" "fd0278e299c65cbc2a6ddd74dd7b63a978870ae367703129095e8b855db75039", kill_on_drop: false }`
[INFO] [stdout] fd0278e299c65cbc2a6ddd74dd7b63a978870ae367703129095e8b855db75039
