[INFO] cloning repository https://github.com/swapsCAPS/hexapod
[INFO] running `Command { std: "git" "-c" "credential.helper=" "-c" "credential.helper=/workspace/cargo-home/bin/git-credential-null" "clone" "--bare" "https://github.com/swapsCAPS/hexapod" "/workspace/cache/git-repos/https%3A%2F%2Fgithub.com%2FswapsCAPS%2Fhexapod", kill_on_drop: false }`
[INFO] [stderr] Cloning into bare repository '/workspace/cache/git-repos/https%3A%2F%2Fgithub.com%2FswapsCAPS%2Fhexapod'...
[INFO] running `Command { std: "git" "rev-parse" "HEAD", kill_on_drop: false }`
[INFO] [stdout] 13d9e452f9ca34b94b5533db44f4b727466169d0
[INFO] testing swapsCAPS/hexapod against 1.54.0 for beta-1.55-1
[INFO] running `Command { std: "git" "clone" "/workspace/cache/git-repos/https%3A%2F%2Fgithub.com%2FswapsCAPS%2Fhexapod" "/workspace/builds/worker-11/source", kill_on_drop: false }`
[INFO] [stderr] Cloning into '/workspace/builds/worker-11/source'...
[INFO] [stderr] done.
[INFO] validating manifest of git repo https://github.com/swapsCAPS/hexapod on toolchain 1.54.0
[INFO] running `Command { std: "/workspace/cargo-home/bin/cargo" "+1.54.0" "metadata" "--manifest-path" "Cargo.toml" "--no-deps", kill_on_drop: false }`
[INFO] started tweaking git repo https://github.com/swapsCAPS/hexapod
[INFO] finished tweaking git repo https://github.com/swapsCAPS/hexapod
[INFO] tweaked toml for git repo https://github.com/swapsCAPS/hexapod written to /workspace/builds/worker-11/source/Cargo.toml
[INFO] crate git repo https://github.com/swapsCAPS/hexapod already has a lockfile, it will not be regenerated
[INFO] running `Command { std: "/workspace/cargo-home/bin/cargo" "+1.54.0" "fetch" "--manifest-path" "Cargo.toml", kill_on_drop: false }`
[INFO] running `Command { std: "docker" "create" "-v" "/var/lib/crater-agent-workspace/builds/worker-11/target:/opt/rustwide/target:rw,Z" "-v" "/var/lib/crater-agent-workspace/builds/worker-11/source:/opt/rustwide/workdir:ro,Z" "-v" "/var/lib/crater-agent-workspace/cargo-home:/opt/rustwide/cargo-home:ro,Z" "-v" "/var/lib/crater-agent-workspace/rustup-home:/opt/rustwide/rustup-home:ro,Z" "-e" "SOURCE_DIR=/opt/rustwide/workdir" "-e" "CARGO_TARGET_DIR=/opt/rustwide/target" "-e" "CARGO_HOME=/opt/rustwide/cargo-home" "-e" "RUSTUP_HOME=/opt/rustwide/rustup-home" "-w" "/opt/rustwide/workdir" "-m" "1610612736" "--user" "0:0" "--network" "none" "ghcr.io/rust-lang/crates-build-env/linux@sha256:34b6a614d2c27851fe6cbf88fbd1137609cefab8b10d0615aaeb6fd47975d74e" "/opt/rustwide/cargo-home/bin/cargo" "+1.54.0" "metadata" "--no-deps" "--format-version=1", kill_on_drop: false }`
[INFO] [stdout] 892008a8ebef665505ce936f1d7788b72caacc85bc3c54411f4ea0db085a7640
[INFO] [stderr] WARNING: Your kernel does not support swap limit capabilities or the cgroup is not mounted. Memory limited without swap.
[INFO] running `Command { std: "docker" "start" "-a" "892008a8ebef665505ce936f1d7788b72caacc85bc3c54411f4ea0db085a7640", kill_on_drop: false }`
[INFO] running `Command { std: "docker" "inspect" "892008a8ebef665505ce936f1d7788b72caacc85bc3c54411f4ea0db085a7640", kill_on_drop: false }`
[INFO] running `Command { std: "docker" "rm" "-f" "892008a8ebef665505ce936f1d7788b72caacc85bc3c54411f4ea0db085a7640", kill_on_drop: false }`
[INFO] [stdout] 892008a8ebef665505ce936f1d7788b72caacc85bc3c54411f4ea0db085a7640
[INFO] running `Command { std: "docker" "create" "-v" "/var/lib/crater-agent-workspace/builds/worker-11/target:/opt/rustwide/target:rw,Z" "-v" "/var/lib/crater-agent-workspace/builds/worker-11/source:/opt/rustwide/workdir:ro,Z" "-v" "/var/lib/crater-agent-workspace/cargo-home:/opt/rustwide/cargo-home:ro,Z" "-v" "/var/lib/crater-agent-workspace/rustup-home:/opt/rustwide/rustup-home:ro,Z" "-e" "SOURCE_DIR=/opt/rustwide/workdir" "-e" "CARGO_TARGET_DIR=/opt/rustwide/target" "-e" "CARGO_INCREMENTAL=0" "-e" "RUST_BACKTRACE=full" "-e" "RUSTFLAGS=--cap-lints=warn" "-e" "CARGO_HOME=/opt/rustwide/cargo-home" "-e" "RUSTUP_HOME=/opt/rustwide/rustup-home" "-w" "/opt/rustwide/workdir" "-m" "1610612736" "--user" "0:0" "--network" "none" "ghcr.io/rust-lang/crates-build-env/linux@sha256:34b6a614d2c27851fe6cbf88fbd1137609cefab8b10d0615aaeb6fd47975d74e" "/opt/rustwide/cargo-home/bin/cargo" "+1.54.0" "build" "--frozen" "--message-format=json", kill_on_drop: false }`
[INFO] [stdout] 85d8db0434d0db85ec221b79909a866e30fe01ff70cba96c1bdc3537a3f33bc5
[INFO] [stderr] WARNING: Your kernel does not support swap limit capabilities or the cgroup is not mounted. Memory limited without swap.
[INFO] running `Command { std: "docker" "start" "-a" "85d8db0434d0db85ec221b79909a866e30fe01ff70cba96c1bdc3537a3f33bc5", kill_on_drop: false }`
[INFO] [stderr]    Compiling nix v0.10.0
[INFO] [stderr]    Compiling backtrace-sys v0.1.28
[INFO] [stderr]    Compiling backtrace v0.3.15
[INFO] [stderr]    Compiling pulldown-cmark v0.2.0
[INFO] [stderr]    Compiling rand v0.4.6
[INFO] [stderr]    Compiling semver v0.9.0
[INFO] [stderr]    Compiling tempdir v0.3.7
[INFO] [stderr]    Compiling error-chain v0.12.0
[INFO] [stderr]    Compiling cargo_metadata v0.6.4
[INFO] [stderr]    Compiling skeptic v0.13.4
[INFO] [stderr]    Compiling i2cdev v0.3.2
[INFO] [stderr]    Compiling i2c-pca9685 v0.1.9-pre (https://github.com/querry43/i2c-pca9685?branch=master#4b0ddf24)
[INFO] [stderr]    Compiling hexapod v0.1.0 (/opt/rustwide/workdir)
[INFO] [stdout] warning: unreachable pattern
[INFO] [stdout]    --> src/main.rs:102:11
[INFO] [stdout]     |
[INFO] [stdout] 102 |           _ => {
[INFO] [stdout]     |           ^
[INFO] [stdout]     |
[INFO] [stdout]     = note: `#[warn(unreachable_patterns)]` on by default
[INFO] [stdout] 
[INFO] [stdout] 
[INFO] [stdout] warning: unreachable pattern
[INFO] [stdout]    --> src/main.rs:124:11
[INFO] [stdout]     |
[INFO] [stdout] 124 |           _ => {
[INFO] [stdout]     |           ^
[INFO] [stdout] 
[INFO] [stdout] 
[INFO] [stdout] warning: unreachable pattern
[INFO] [stdout]    --> src/main.rs:129:7
[INFO] [stdout]     |
[INFO] [stdout] 129 |       _ => {
[INFO] [stdout]     |       ^
[INFO] [stdout] 
[INFO] [stdout] 
[INFO] [stdout] warning: unreachable pattern
[INFO] [stdout]    --> src/main.rs:156:7
[INFO] [stdout]     |
[INFO] [stdout] 156 |       _ => {
[INFO] [stdout]     |       ^
[INFO] [stdout] 
[INFO] [stdout] 
[INFO] [stdout] warning: unreachable pattern
[INFO] [stdout]    --> src/main.rs:173:7
[INFO] [stdout]     |
[INFO] [stdout] 173 |       _ => {
[INFO] [stdout]     |       ^
[INFO] [stdout] 
[INFO] [stdout] 
[INFO] [stdout] warning: unused variable: `speed`
[INFO] [stdout]    --> src/main.rs:179:33
[INFO] [stdout]     |
[INFO] [stdout] 179 |   fn step(&mut self, _dir: u16, speed: u64) {
[INFO] [stdout]     |                                 ^^^^^ help: if this is intentional, prefix it with an underscore: `_speed`
[INFO] [stdout]     |
[INFO] [stdout]     = note: `#[warn(unused_variables)]` on by default
[INFO] [stdout] 
[INFO] [stdout] 
[INFO] [stdout] warning: unused variable: `dir`
[INFO] [stdout]    --> src/main.rs:245:24
[INFO] [stdout]     |
[INFO] [stdout] 245 |   fn step_a(&mut self, dir: u16, speed: u64) {
[INFO] [stdout]     |                        ^^^ help: if this is intentional, prefix it with an underscore: `_dir`
[INFO] [stdout] 
[INFO] [stdout] 
[INFO] [stdout] warning: unused variable: `speed`
[INFO] [stdout]    --> src/main.rs:245:34
[INFO] [stdout]     |
[INFO] [stdout] 245 |   fn step_a(&mut self, dir: u16, speed: u64) {
[INFO] [stdout]     |                                  ^^^^^ help: if this is intentional, prefix it with an underscore: `_speed`
[INFO] [stdout] 
[INFO] [stdout] 
[INFO] [stdout] warning: unused variable: `dir`
[INFO] [stdout]    --> src/main.rs:275:24
[INFO] [stdout]     |
[INFO] [stdout] 275 |   fn step_b(&mut self, dir: u16, speed: u64) {
[INFO] [stdout]     |                        ^^^ help: if this is intentional, prefix it with an underscore: `_dir`
[INFO] [stdout] 
[INFO] [stdout] 
[INFO] [stdout] warning: unused variable: `speed`
[INFO] [stdout]    --> src/main.rs:275:34
[INFO] [stdout]     |
[INFO] [stdout] 275 |   fn step_b(&mut self, dir: u16, speed: u64) {
[INFO] [stdout]     |                                  ^^^^^ help: if this is intentional, prefix it with an underscore: `_speed`
[INFO] [stdout] 
[INFO] [stdout] 
[INFO] [stdout] warning: struct is never constructed: `ServoWrapper`
[INFO] [stdout]   --> src/main.rs:10:8
[INFO] [stdout]    |
[INFO] [stdout] 10 | struct ServoWrapper {
[INFO] [stdout]    |        ^^^^^^^^^^^^
[INFO] [stdout]    |
[INFO] [stdout]    = note: `#[warn(dead_code)]` on by default
[INFO] [stdout] 
[INFO] [stdout] 
[INFO] [stdout] warning: associated function is never used: `new`
[INFO] [stdout]   --> src/main.rs:14:6
[INFO] [stdout]    |
[INFO] [stdout] 14 |   fn new(address: u16) -> ServoWrapper {
[INFO] [stdout]    |      ^^^
[INFO] [stdout] 
[INFO] [stdout] 
[INFO] [stdout] warning: struct is never constructed: `Joint`
[INFO] [stdout]   --> src/main.rs:22:8
[INFO] [stdout]    |
[INFO] [stdout] 22 | struct Joint<'a> {
[INFO] [stdout]    |        ^^^^^
[INFO] [stdout] 
[INFO] [stdout] 
[INFO] [stdout] warning: associated function is never used: `new`
[INFO] [stdout]   --> src/main.rs:31:6
[INFO] [stdout]    |
[INFO] [stdout] 31 |   fn new(servo_wrapper: &ServoWrapper, pin: u8, min: u16, max: u16) -> Joint {
[INFO] [stdout]    |      ^^^
[INFO] [stdout] 
[INFO] [stdout] 
[INFO] [stdout] warning: associated function is never used: `mv`
[INFO] [stdout]   --> src/main.rs:37:6
[INFO] [stdout]    |
[INFO] [stdout] 37 |   fn mv(&mut self, degrees: u16) {
[INFO] [stdout]    |      ^^
[INFO] [stdout] 
[INFO] [stdout] 
[INFO] [stdout] warning: associated function is never used: `test`
[INFO] [stdout]   --> src/main.rs:44:6
[INFO] [stdout]    |
[INFO] [stdout] 44 |   fn test(&self) {
[INFO] [stdout]    |      ^^^^
[INFO] [stdout] 
[INFO] [stdout] 
[INFO] [stdout] warning: variant is never constructed: `Front`
[INFO] [stdout]   --> src/main.rs:63:16
[INFO] [stdout]    |
[INFO] [stdout] 63 | enum LegType { Front, Middle, Back }
[INFO] [stdout]    |                ^^^^^
[INFO] [stdout] 
[INFO] [stdout] 
[INFO] [stdout] warning: variant is never constructed: `Middle`
[INFO] [stdout]   --> src/main.rs:63:23
[INFO] [stdout]    |
[INFO] [stdout] 63 | enum LegType { Front, Middle, Back }
[INFO] [stdout]    |                       ^^^^^^
[INFO] [stdout] 
[INFO] [stdout] 
[INFO] [stdout] warning: variant is never constructed: `Back`
[INFO] [stdout]   --> src/main.rs:63:31
[INFO] [stdout]    |
[INFO] [stdout] 63 | enum LegType { Front, Middle, Back }
[INFO] [stdout]    |                               ^^^^
[INFO] [stdout] 
[INFO] [stdout] 
[INFO] [stdout] warning: variant is never constructed: `Left`
[INFO] [stdout]   --> src/main.rs:66:13
[INFO] [stdout]    |
[INFO] [stdout] 66 | enum Side { Left, Right }
[INFO] [stdout]    |             ^^^^
[INFO] [stdout] 
[INFO] [stdout] 
[INFO] [stdout] warning: variant is never constructed: `Right`
[INFO] [stdout]   --> src/main.rs:66:19
[INFO] [stdout]    |
[INFO] [stdout] 66 | enum Side { Left, Right }
[INFO] [stdout]    |                   ^^^^^
[INFO] [stdout] 
[INFO] [stdout] 
[INFO] [stdout] warning: struct is never constructed: `Leg`
[INFO] [stdout]   --> src/main.rs:70:8
[INFO] [stdout]    |
[INFO] [stdout] 70 | struct Leg<'a> {
[INFO] [stdout]    |        ^^^
[INFO] [stdout] 
[INFO] [stdout] 
[INFO] [stdout] warning: associated function is never used: `new`
[INFO] [stdout]   --> src/main.rs:79:6
[INFO] [stdout]    |
[INFO] [stdout] 79 |   fn new(side: Side, leg_type: LegType, pelvis: Joint<'a>, knee: Joint<'a>, ankle: Joint<'a>) -> Leg<'a> {
[INFO] [stdout]    |      ^^^
[INFO] [stdout] 
[INFO] [stdout] 
[INFO] [stdout] warning: associated function is never used: `reset`
[INFO] [stdout]   --> src/main.rs:83:6
[INFO] [stdout]    |
[INFO] [stdout] 83 |   fn reset(&mut self) {
[INFO] [stdout]    |      ^^^^^
[INFO] [stdout] 
[INFO] [stdout] 
[INFO] [stdout] warning: associated function is never used: `lower`
[INFO] [stdout]    --> src/main.rs:135:6
[INFO] [stdout]     |
[INFO] [stdout] 135 |   fn lower(&mut self) {
[INFO] [stdout]     |      ^^^^^
[INFO] [stdout] 
[INFO] [stdout] 
[INFO] [stdout] warning: associated function is never used: `raise`
[INFO] [stdout]    --> src/main.rs:140:6
[INFO] [stdout]     |
[INFO] [stdout] 140 |   fn raise(&mut self) {
[INFO] [stdout]     |      ^^^^^
[INFO] [stdout] 
[INFO] [stdout] 
[INFO] [stdout] warning: associated function is never used: `forward`
[INFO] [stdout]    --> src/main.rs:145:6
[INFO] [stdout]     |
[INFO] [stdout] 145 |   fn forward(&mut self) {
[INFO] [stdout]     |      ^^^^^^^
[INFO] [stdout] 
[INFO] [stdout] 
[INFO] [stdout] warning: associated function is never used: `backward`
[INFO] [stdout]    --> src/main.rs:162:6
[INFO] [stdout]     |
[INFO] [stdout] 162 |   fn backward(&mut self) {
[INFO] [stdout]     |      ^^^^^^^^
[INFO] [stdout] 
[INFO] [stdout] 
[INFO] [stdout] warning: associated function is never used: `step`
[INFO] [stdout]    --> src/main.rs:179:6
[INFO] [stdout]     |
[INFO] [stdout] 179 |   fn step(&mut self, _dir: u16, speed: u64) {
[INFO] [stdout]     |      ^^^^
[INFO] [stdout] 
[INFO] [stdout] 
[INFO] [stdout] warning: struct is never constructed: `Brain`
[INFO] [stdout]    --> src/main.rs:187:8
[INFO] [stdout]     |
[INFO] [stdout] 187 | struct Brain<'a> {
[INFO] [stdout]     |        ^^^^^
[INFO] [stdout] 
[INFO] [stdout] 
[INFO] [stdout] warning: associated function is never used: `new`
[INFO] [stdout]    --> src/main.rs:196:6
[INFO] [stdout]     |
[INFO] [stdout] 196 |   fn new(left: &'a ServoWrapper, right: &'a ServoWrapper) -> Brain<'a> {
[INFO] [stdout]     |      ^^^
[INFO] [stdout] 
[INFO] [stdout] 
[INFO] [stdout] warning: associated function is never used: `step_a`
[INFO] [stdout]    --> src/main.rs:245:6
[INFO] [stdout]     |
[INFO] [stdout] 245 |   fn step_a(&mut self, dir: u16, speed: u64) {
[INFO] [stdout]     |      ^^^^^^
[INFO] [stdout] 
[INFO] [stdout] 
[INFO] [stdout] warning: associated function is never used: `step_b`
[INFO] [stdout]    --> src/main.rs:275:6
[INFO] [stdout]     |
[INFO] [stdout] 275 |   fn step_b(&mut self, dir: u16, speed: u64) {
[INFO] [stdout]     |      ^^^^^^
[INFO] [stdout] 
[INFO] [stdout] 
[INFO] [stdout] warning: associated function is never used: `walk`
[INFO] [stdout]    --> src/main.rs:310:6
[INFO] [stdout]     |
[INFO] [stdout] 310 |   fn walk(&mut self, dir: u16, speed: u64) {
[INFO] [stdout]     |      ^^^^
[INFO] [stdout] 
[INFO] [stdout] 
[INFO] [stdout] warning: 34 warnings emitted
[INFO] [stdout] 
[INFO] [stdout] 
[INFO] [stderr]     Finished dev [unoptimized + debuginfo] target(s) in 25.17s
[INFO] running `Command { std: "docker" "inspect" "85d8db0434d0db85ec221b79909a866e30fe01ff70cba96c1bdc3537a3f33bc5", kill_on_drop: false }`
[INFO] running `Command { std: "docker" "rm" "-f" "85d8db0434d0db85ec221b79909a866e30fe01ff70cba96c1bdc3537a3f33bc5", kill_on_drop: false }`
[INFO] [stdout] 85d8db0434d0db85ec221b79909a866e30fe01ff70cba96c1bdc3537a3f33bc5
[INFO] running `Command { std: "docker" "create" "-v" "/var/lib/crater-agent-workspace/builds/worker-11/target:/opt/rustwide/target:rw,Z" "-v" "/var/lib/crater-agent-workspace/builds/worker-11/source:/opt/rustwide/workdir:ro,Z" "-v" "/var/lib/crater-agent-workspace/cargo-home:/opt/rustwide/cargo-home:ro,Z" "-v" "/var/lib/crater-agent-workspace/rustup-home:/opt/rustwide/rustup-home:ro,Z" "-e" "SOURCE_DIR=/opt/rustwide/workdir" "-e" "CARGO_TARGET_DIR=/opt/rustwide/target" "-e" "CARGO_INCREMENTAL=0" "-e" "RUST_BACKTRACE=full" "-e" "RUSTFLAGS=--cap-lints=warn" "-e" "CARGO_HOME=/opt/rustwide/cargo-home" "-e" "RUSTUP_HOME=/opt/rustwide/rustup-home" "-w" "/opt/rustwide/workdir" "-m" "1610612736" "--user" "0:0" "--network" "none" "ghcr.io/rust-lang/crates-build-env/linux@sha256:34b6a614d2c27851fe6cbf88fbd1137609cefab8b10d0615aaeb6fd47975d74e" "/opt/rustwide/cargo-home/bin/cargo" "+1.54.0" "test" "--frozen" "--no-run" "--message-format=json", kill_on_drop: false }`
[INFO] [stdout] 87ee6978ac6dda5a06e8a90f73ad262d839d73f4d43c3db6a603eab5a160e872
[INFO] [stderr] WARNING: Your kernel does not support swap limit capabilities or the cgroup is not mounted. Memory limited without swap.
[INFO] running `Command { std: "docker" "start" "-a" "87ee6978ac6dda5a06e8a90f73ad262d839d73f4d43c3db6a603eab5a160e872", kill_on_drop: false }`
[INFO] [stderr]    Compiling hexapod v0.1.0 (/opt/rustwide/workdir)
[INFO] [stdout] warning: unreachable pattern
[INFO] [stdout]    --> src/main.rs:102:11
[INFO] [stdout]     |
[INFO] [stdout] 102 |           _ => {
[INFO] [stdout]     |           ^
[INFO] [stdout]     |
[INFO] [stdout]     = note: `#[warn(unreachable_patterns)]` on by default
[INFO] [stdout] 
[INFO] [stdout] 
[INFO] [stdout] warning: unreachable pattern
[INFO] [stdout]    --> src/main.rs:124:11
[INFO] [stdout]     |
[INFO] [stdout] 124 |           _ => {
[INFO] [stdout]     |           ^
[INFO] [stdout] 
[INFO] [stdout] 
[INFO] [stdout] warning: unreachable pattern
[INFO] [stdout]    --> src/main.rs:129:7
[INFO] [stdout]     |
[INFO] [stdout] 129 |       _ => {
[INFO] [stdout]     |       ^
[INFO] [stdout] 
[INFO] [stdout] 
[INFO] [stdout] warning: unreachable pattern
[INFO] [stdout]    --> src/main.rs:156:7
[INFO] [stdout]     |
[INFO] [stdout] 156 |       _ => {
[INFO] [stdout]     |       ^
[INFO] [stdout] 
[INFO] [stdout] 
[INFO] [stdout] warning: unreachable pattern
[INFO] [stdout]    --> src/main.rs:173:7
[INFO] [stdout]     |
[INFO] [stdout] 173 |       _ => {
[INFO] [stdout]     |       ^
[INFO] [stdout] 
[INFO] [stdout] 
[INFO] [stdout] warning: unused variable: `speed`
[INFO] [stdout]    --> src/main.rs:179:33
[INFO] [stdout]     |
[INFO] [stdout] 179 |   fn step(&mut self, _dir: u16, speed: u64) {
[INFO] [stdout]     |                                 ^^^^^ help: if this is intentional, prefix it with an underscore: `_speed`
[INFO] [stdout]     |
[INFO] [stdout]     = note: `#[warn(unused_variables)]` on by default
[INFO] [stdout] 
[INFO] [stdout] 
[INFO] [stdout] warning: unused variable: `dir`
[INFO] [stdout]    --> src/main.rs:245:24
[INFO] [stdout]     |
[INFO] [stdout] 245 |   fn step_a(&mut self, dir: u16, speed: u64) {
[INFO] [stdout]     |                        ^^^ help: if this is intentional, prefix it with an underscore: `_dir`
[INFO] [stdout] 
[INFO] [stdout] 
[INFO] [stdout] warning: unused variable: `speed`
[INFO] [stdout]    --> src/main.rs:245:34
[INFO] [stdout]     |
[INFO] [stdout] 245 |   fn step_a(&mut self, dir: u16, speed: u64) {
[INFO] [stdout]     |                                  ^^^^^ help: if this is intentional, prefix it with an underscore: `_speed`
[INFO] [stdout] 
[INFO] [stdout] 
[INFO] [stdout] warning: unused variable: `dir`
[INFO] [stdout]    --> src/main.rs:275:24
[INFO] [stdout]     |
[INFO] [stdout] 275 |   fn step_b(&mut self, dir: u16, speed: u64) {
[INFO] [stdout]     |                        ^^^ help: if this is intentional, prefix it with an underscore: `_dir`
[INFO] [stdout] 
[INFO] [stdout] 
[INFO] [stdout] warning: unused variable: `speed`
[INFO] [stdout]    --> src/main.rs:275:34
[INFO] [stdout]     |
[INFO] [stdout] 275 |   fn step_b(&mut self, dir: u16, speed: u64) {
[INFO] [stdout]     |                                  ^^^^^ help: if this is intentional, prefix it with an underscore: `_speed`
[INFO] [stdout] 
[INFO] [stdout] 
[INFO] [stdout] warning: field is never read: `max`
[INFO] [stdout]   --> src/main.rs:26:3
[INFO] [stdout]    |
[INFO] [stdout] 26 |   max:           u16,
[INFO] [stdout]    |   ^^^^^^^^^^^^^^^^^^
[INFO] [stdout]    |
[INFO] [stdout]    = note: `#[warn(dead_code)]` on by default
[INFO] [stdout] 
[INFO] [stdout] 
[INFO] [stdout] warning: associated function is never used: `test`
[INFO] [stdout]   --> src/main.rs:44:6
[INFO] [stdout]    |
[INFO] [stdout] 44 |   fn test(&self) {
[INFO] [stdout]    |      ^^^^
[INFO] [stdout] 
[INFO] [stdout] 
[INFO] [stdout] warning: associated function is never used: `new`
[INFO] [stdout]   --> src/main.rs:79:6
[INFO] [stdout]    |
[INFO] [stdout] 79 |   fn new(side: Side, leg_type: LegType, pelvis: Joint<'a>, knee: Joint<'a>, ankle: Joint<'a>) -> Leg<'a> {
[INFO] [stdout]    |      ^^^
[INFO] [stdout] 
[INFO] [stdout] 
[INFO] [stdout] warning: associated function is never used: `lower`
[INFO] [stdout]    --> src/main.rs:135:6
[INFO] [stdout]     |
[INFO] [stdout] 135 |   fn lower(&mut self) {
[INFO] [stdout]     |      ^^^^^
[INFO] [stdout] 
[INFO] [stdout] 
[INFO] [stdout] warning: associated function is never used: `raise`
[INFO] [stdout]    --> src/main.rs:140:6
[INFO] [stdout]     |
[INFO] [stdout] 140 |   fn raise(&mut self) {
[INFO] [stdout]     |      ^^^^^
[INFO] [stdout] 
[INFO] [stdout] 
[INFO] [stdout] warning: associated function is never used: `forward`
[INFO] [stdout]    --> src/main.rs:145:6
[INFO] [stdout]     |
[INFO] [stdout] 145 |   fn forward(&mut self) {
[INFO] [stdout]     |      ^^^^^^^
[INFO] [stdout] 
[INFO] [stdout] 
[INFO] [stdout] warning: associated function is never used: `backward`
[INFO] [stdout]    --> src/main.rs:162:6
[INFO] [stdout]     |
[INFO] [stdout] 162 |   fn backward(&mut self) {
[INFO] [stdout]     |      ^^^^^^^^
[INFO] [stdout] 
[INFO] [stdout] 
[INFO] [stdout] warning: associated function is never used: `step`
[INFO] [stdout]    --> src/main.rs:179:6
[INFO] [stdout]     |
[INFO] [stdout] 179 |   fn step(&mut self, _dir: u16, speed: u64) {
[INFO] [stdout]     |      ^^^^
[INFO] [stdout] 
[INFO] [stdout] 
[INFO] [stdout] warning: 18 warnings emitted
[INFO] [stdout] 
[INFO] [stdout] 
[INFO] [stderr]     Finished test [unoptimized + debuginfo] target(s) in 1.34s
[INFO] running `Command { std: "docker" "inspect" "87ee6978ac6dda5a06e8a90f73ad262d839d73f4d43c3db6a603eab5a160e872", kill_on_drop: false }`
[INFO] running `Command { std: "docker" "rm" "-f" "87ee6978ac6dda5a06e8a90f73ad262d839d73f4d43c3db6a603eab5a160e872", kill_on_drop: false }`
[INFO] [stdout] 87ee6978ac6dda5a06e8a90f73ad262d839d73f4d43c3db6a603eab5a160e872
[INFO] running `Command { std: "docker" "create" "-v" "/var/lib/crater-agent-workspace/builds/worker-11/target:/opt/rustwide/target:rw,Z" "-v" "/var/lib/crater-agent-workspace/builds/worker-11/source:/opt/rustwide/workdir:ro,Z" "-v" "/var/lib/crater-agent-workspace/cargo-home:/opt/rustwide/cargo-home:ro,Z" "-v" "/var/lib/crater-agent-workspace/rustup-home:/opt/rustwide/rustup-home:ro,Z" "-e" "SOURCE_DIR=/opt/rustwide/workdir" "-e" "CARGO_TARGET_DIR=/opt/rustwide/target" "-e" "CARGO_INCREMENTAL=0" "-e" "RUST_BACKTRACE=full" "-e" "RUSTFLAGS=--cap-lints=warn" "-e" "CARGO_HOME=/opt/rustwide/cargo-home" "-e" "RUSTUP_HOME=/opt/rustwide/rustup-home" "-w" "/opt/rustwide/workdir" "-m" "1610612736" "--user" "0:0" "--network" "none" "ghcr.io/rust-lang/crates-build-env/linux@sha256:34b6a614d2c27851fe6cbf88fbd1137609cefab8b10d0615aaeb6fd47975d74e" "/opt/rustwide/cargo-home/bin/cargo" "+1.54.0" "test" "--frozen", kill_on_drop: false }`
[INFO] [stdout] 830c1df4967356d9b3b983249855b31b05522c38cc3150de4b03295ebd4d9704
[INFO] [stderr] WARNING: Your kernel does not support swap limit capabilities or the cgroup is not mounted. Memory limited without swap.
[INFO] running `Command { std: "docker" "start" "-a" "830c1df4967356d9b3b983249855b31b05522c38cc3150de4b03295ebd4d9704", kill_on_drop: false }`
[INFO] [stderr] warning: unreachable pattern
[INFO] [stderr]    --> src/main.rs:102:11
[INFO] [stderr]     |
[INFO] [stderr] 102 |           _ => {
[INFO] [stderr]     |           ^
[INFO] [stderr]     |
[INFO] [stderr]     = note: `#[warn(unreachable_patterns)]` on by default
[INFO] [stderr] 
[INFO] [stderr] warning: unreachable pattern
[INFO] [stderr]    --> src/main.rs:124:11
[INFO] [stderr]     |
[INFO] [stderr] 124 |           _ => {
[INFO] [stderr]     |           ^
[INFO] [stderr] 
[INFO] [stderr] warning: unreachable pattern
[INFO] [stderr]    --> src/main.rs:129:7
[INFO] [stderr]     |
[INFO] [stderr] 129 |       _ => {
[INFO] [stderr]     |       ^
[INFO] [stderr] 
[INFO] [stderr] warning: unreachable pattern
[INFO] [stderr]    --> src/main.rs:156:7
[INFO] [stderr]     |
[INFO] [stderr] 156 |       _ => {
[INFO] [stderr]     |       ^
[INFO] [stderr] 
[INFO] [stderr] warning: unreachable pattern
[INFO] [stderr]    --> src/main.rs:173:7
[INFO] [stderr]     |
[INFO] [stderr] 173 |       _ => {
[INFO] [stderr]     |       ^
[INFO] [stderr] 
[INFO] [stderr] warning: unused variable: `speed`
[INFO] [stderr]    --> src/main.rs:179:33
[INFO] [stderr]     |
[INFO] [stderr] 179 |   fn step(&mut self, _dir: u16, speed: u64) {
[INFO] [stderr]     |                                 ^^^^^ help: if this is intentional, prefix it with an underscore: `_speed`
[INFO] [stderr]     |
[INFO] [stderr]     = note: `#[warn(unused_variables)]` on by default
[INFO] [stderr] 
[INFO] [stderr] warning: unused variable: `dir`
[INFO] [stderr]    --> src/main.rs:245:24
[INFO] [stderr]     |
[INFO] [stderr] 245 |   fn step_a(&mut self, dir: u16, speed: u64) {
[INFO] [stderr]     |                        ^^^ help: if this is intentional, prefix it with an underscore: `_dir`
[INFO] [stderr] 
[INFO] [stderr] warning: unused variable: `speed`
[INFO] [stderr]    --> src/main.rs:245:34
[INFO] [stderr]     |
[INFO] [stderr] 245 |   fn step_a(&mut self, dir: u16, speed: u64) {
[INFO] [stderr]     |                                  ^^^^^ help: if this is intentional, prefix it with an underscore: `_speed`
[INFO] [stderr] 
[INFO] [stderr] warning: unused variable: `dir`
[INFO] [stderr]    --> src/main.rs:275:24
[INFO] [stderr]     |
[INFO] [stderr] 275 |   fn step_b(&mut self, dir: u16, speed: u64) {
[INFO] [stderr]     |                        ^^^ help: if this is intentional, prefix it with an underscore: `_dir`
[INFO] [stderr] 
[INFO] [stderr] warning: unused variable: `speed`
[INFO] [stderr]    --> src/main.rs:275:34
[INFO] [stderr]     |
[INFO] [stderr] 275 |   fn step_b(&mut self, dir: u16, speed: u64) {
[INFO] [stderr]     |                                  ^^^^^ help: if this is intentional, prefix it with an underscore: `_speed`
[INFO] [stderr] 
[INFO] [stderr] warning: field is never read: `max`
[INFO] [stderr]   --> src/main.rs:26:3
[INFO] [stderr]    |
[INFO] [stderr] 26 |   max:           u16,
[INFO] [stderr]    |   ^^^^^^^^^^^^^^^^^^
[INFO] [stderr]    |
[INFO] [stderr]    = note: `#[warn(dead_code)]` on by default
[INFO] [stderr] 
[INFO] [stderr] warning: associated function is never used: `test`
[INFO] [stderr]   --> src/main.rs:44:6
[INFO] [stderr]    |
[INFO] [stderr] 44 |   fn test(&self) {
[INFO] [stderr]    |      ^^^^
[INFO] [stderr] 
[INFO] [stderr] warning: associated function is never used: `new`
[INFO] [stderr]   --> src/main.rs:79:6
[INFO] [stderr]    |
[INFO] [stderr] 79 |   fn new(side: Side, leg_type: LegType, pelvis: Joint<'a>, knee: Joint<'a>, ankle: Joint<'a>) -> Leg<'a> {
[INFO] [stderr]    |      ^^^
[INFO] [stderr] 
[INFO] [stderr] warning: associated function is never used: `lower`
[INFO] [stderr]    --> src/main.rs:135:6
[INFO] [stderr]     |
[INFO] [stderr] 135 |   fn lower(&mut self) {
[INFO] [stderr]     |      ^^^^^
[INFO] [stderr] 
[INFO] [stderr] warning: associated function is never used: `raise`
[INFO] [stderr]    --> src/main.rs:140:6
[INFO] [stderr]     |
[INFO] [stderr] 140 |   fn raise(&mut self) {
[INFO] [stderr]     |      ^^^^^
[INFO] [stderr] 
[INFO] [stderr] warning: associated function is never used: `forward`
[INFO] [stderr]    --> src/main.rs:145:6
[INFO] [stderr]     |
[INFO] [stderr] 145 |   fn forward(&mut self) {
[INFO] [stderr]     |      ^^^^^^^
[INFO] [stderr] 
[INFO] [stderr] warning: associated function is never used: `backward`
[INFO] [stderr]    --> src/main.rs:162:6
[INFO] [stderr]     |
[INFO] [stderr] 162 |   fn backward(&mut self) {
[INFO] [stderr]     |      ^^^^^^^^
[INFO] [stderr] 
[INFO] [stderr] warning: associated function is never used: `step`
[INFO] [stderr]    --> src/main.rs:179:6
[INFO] [stderr]     |
[INFO] [stderr] 179 |   fn step(&mut self, _dir: u16, speed: u64) {
[INFO] [stderr]     |      ^^^^
[INFO] [stderr] 
[INFO] [stderr] warning: 18 warnings emitted
[INFO] [stderr] 
[INFO] [stderr]     Finished test [unoptimized + debuginfo] target(s) in 0.04s
[INFO] [stderr]      Running unittests (/opt/rustwide/target/debug/deps/hexapod-4ecad436d8053c43)
[INFO] [stdout] 
[INFO] [stdout] running 1 test
[INFO] [stdout] test tests::test_walk ... FAILED
[INFO] [stdout] 
[INFO] [stdout] failures:
[INFO] [stdout] 
[INFO] [stdout] ---- tests::test_walk stdout ----
[INFO] [stdout] thread 'tests::test_walk' panicked at 'called `Result::unwrap()` on an `Err` value: Io(Os { code: 2, kind: NotFound, message: "No such file or directory" })', src/main.rs:15:64
[INFO] [stdout] stack backtrace:
[INFO] [stdout]    0:     0x55ad240716b0 - std::backtrace_rs::backtrace::libunwind::trace::h34055254b57d8e79
[INFO] [stdout]                                at /rustc/a178d0322ce20e33eac124758e837cbd80a6f633/library/std/src/../../backtrace/src/backtrace/libunwind.rs:90:5
[INFO] [stdout]    1:     0x55ad240716b0 - std::backtrace_rs::backtrace::trace_unsynchronized::h8f1e3fbd9afff6ec
[INFO] [stdout]                                at /rustc/a178d0322ce20e33eac124758e837cbd80a6f633/library/std/src/../../backtrace/src/backtrace/mod.rs:66:5
[INFO] [stdout]    2:     0x55ad240716b0 - std::sys_common::backtrace::_print_fmt::h3a99a796b770c360
[INFO] [stdout]                                at /rustc/a178d0322ce20e33eac124758e837cbd80a6f633/library/std/src/sys_common/backtrace.rs:67:5
[INFO] [stdout]    3:     0x55ad240716b0 - <std::sys_common::backtrace::_print::DisplayBacktrace as core::fmt::Display>::fmt::h32d1f94a80615d18
[INFO] [stdout]                                at /rustc/a178d0322ce20e33eac124758e837cbd80a6f633/library/std/src/sys_common/backtrace.rs:46:22
[INFO] [stdout]    4:     0x55ad24093ebc - core::fmt::write::h306731c068f7162c
[INFO] [stdout]                                at /rustc/a178d0322ce20e33eac124758e837cbd80a6f633/library/core/src/fmt/mod.rs:1110:17
[INFO] [stdout]    5:     0x55ad2406e5c5 - std::io::Write::write_fmt::h87f19b0a2cd190bc
[INFO] [stdout]                                at /rustc/a178d0322ce20e33eac124758e837cbd80a6f633/library/std/src/io/mod.rs:1588:15
[INFO] [stdout]    6:     0x55ad2407381b - std::sys_common::backtrace::_print::h5abaa2601a852287
[INFO] [stdout]                                at /rustc/a178d0322ce20e33eac124758e837cbd80a6f633/library/std/src/sys_common/backtrace.rs:49:5
[INFO] [stdout]    7:     0x55ad2407381b - std::sys_common::backtrace::print::h8d81445442bb638f
[INFO] [stdout]                                at /rustc/a178d0322ce20e33eac124758e837cbd80a6f633/library/std/src/sys_common/backtrace.rs:36:9
[INFO] [stdout]    8:     0x55ad2407381b - std::panicking::default_hook::{{closure}}::hcfe804496a9fa747
[INFO] [stdout]                                at /rustc/a178d0322ce20e33eac124758e837cbd80a6f633/library/std/src/panicking.rs:208:50
[INFO] [stdout]    9:     0x55ad2407332c - std::panicking::default_hook::hbea8e3ccf2ba8901
[INFO] [stdout]                                at /rustc/a178d0322ce20e33eac124758e837cbd80a6f633/library/std/src/panicking.rs:222:9
[INFO] [stdout]   10:     0x55ad24073ee4 - std::panicking::rust_panic_with_hook::h7ee9e1a2d0f8975a
[INFO] [stdout]                                at /rustc/a178d0322ce20e33eac124758e837cbd80a6f633/library/std/src/panicking.rs:622:17
[INFO] [stdout]   11:     0x55ad240739c7 - std::panicking::begin_panic_handler::{{closure}}::h8ab3b4491718b2c7
[INFO] [stdout]                                at /rustc/a178d0322ce20e33eac124758e837cbd80a6f633/library/std/src/panicking.rs:519:13
[INFO] [stdout]   12:     0x55ad24071bac - std::sys_common::backtrace::__rust_end_short_backtrace::hd489062ffa586a9f
[INFO] [stdout]                                at /rustc/a178d0322ce20e33eac124758e837cbd80a6f633/library/std/src/sys_common/backtrace.rs:141:18
[INFO] [stdout]   13:     0x55ad24073929 - rust_begin_unwind
[INFO] [stdout]                                at /rustc/a178d0322ce20e33eac124758e837cbd80a6f633/library/std/src/panicking.rs:515:5
[INFO] [stdout]   14:     0x55ad24018651 - core::panicking::panic_fmt::hca6330e3e14086b4
[INFO] [stdout]                                at /rustc/a178d0322ce20e33eac124758e837cbd80a6f633/library/core/src/panicking.rs:92:14
[INFO] [stdout]   15:     0x55ad24018743 - core::result::unwrap_failed::h6160d2b4bfbb0e87
[INFO] [stdout]                                at /rustc/a178d0322ce20e33eac124758e837cbd80a6f633/library/core/src/result.rs:1355:5
[INFO] [stdout]   16:     0x55ad2401b6d0 - core::result::Result<T,E>::unwrap::h843dea217941cfff
[INFO] [stdout]                                at /rustc/a178d0322ce20e33eac124758e837cbd80a6f633/library/core/src/result.rs:1037:23
[INFO] [stdout]   17:     0x55ad24018f14 - hexapod::ServoWrapper::new::hb65ee0d13b6e0de9
[INFO] [stdout]                                at /opt/rustwide/workdir/src/main.rs:15:21
[INFO] [stdout]   18:     0x55ad2401af01 - hexapod::tests::test_walk::h2895b6a7870bc601
[INFO] [stdout]                                at /opt/rustwide/workdir/src/main.rs:330:16
[INFO] [stdout]   19:     0x55ad2401aeda - hexapod::tests::test_walk::{{closure}}::h6ec3ceb1fd13970d
[INFO] [stdout]                                at /opt/rustwide/workdir/src/main.rs:329:3
[INFO] [stdout]   20:     0x55ad2401b1ce - core::ops::function::FnOnce::call_once::h81ce5076437479ab
[INFO] [stdout]                                at /rustc/a178d0322ce20e33eac124758e837cbd80a6f633/library/core/src/ops/function.rs:227:5
[INFO] [stdout]   21:     0x55ad240442e3 - core::ops::function::FnOnce::call_once::h152e7e439ff59e19
[INFO] [stdout]                                at /rustc/a178d0322ce20e33eac124758e837cbd80a6f633/library/core/src/ops/function.rs:227:5
[INFO] [stdout]   22:     0x55ad240442e3 - test::__rust_begin_short_backtrace::h0908f3b1fdbb72ab
[INFO] [stdout]                                at /rustc/a178d0322ce20e33eac124758e837cbd80a6f633/library/test/src/lib.rs:577:5
[INFO] [stdout]   23:     0x55ad24042da0 - <alloc::boxed::Box<F,A> as core::ops::function::FnOnce<Args>>::call_once::hf6d2a51e5587546c
[INFO] [stdout]                                at /rustc/a178d0322ce20e33eac124758e837cbd80a6f633/library/alloc/src/boxed.rs:1575:9
[INFO] [stdout]   24:     0x55ad24042da0 - <std::panic::AssertUnwindSafe<F> as core::ops::function::FnOnce<()>>::call_once::h8af660f3a89ef593
[INFO] [stdout]                                at /rustc/a178d0322ce20e33eac124758e837cbd80a6f633/library/std/src/panic.rs:347:9
[INFO] [stdout]   25:     0x55ad24042da0 - std::panicking::try::do_call::hd36aef60f84b6d36
[INFO] [stdout]                                at /rustc/a178d0322ce20e33eac124758e837cbd80a6f633/library/std/src/panicking.rs:401:40
[INFO] [stdout]   26:     0x55ad24042da0 - std::panicking::try::h9932b4480e69817c
[INFO] [stdout]                                at /rustc/a178d0322ce20e33eac124758e837cbd80a6f633/library/std/src/panicking.rs:365:19
[INFO] [stdout]   27:     0x55ad24042da0 - std::panic::catch_unwind::h6aa177099cfff5f8
[INFO] [stdout]                                at /rustc/a178d0322ce20e33eac124758e837cbd80a6f633/library/std/src/panic.rs:434:14
[INFO] [stdout]   28:     0x55ad24042da0 - test::run_test_in_process::h5884d6f2d99e20c3
[INFO] [stdout]                                at /rustc/a178d0322ce20e33eac124758e837cbd80a6f633/library/test/src/lib.rs:600:18
[INFO] [stdout]   29:     0x55ad24042da0 - test::run_test::run_test_inner::{{closure}}::h6fdc58c6d5f5b6e3
[INFO] [stdout]                                at /rustc/a178d0322ce20e33eac124758e837cbd80a6f633/library/test/src/lib.rs:492:39
[INFO] [stdout]   30:     0x55ad2401c452 - test::run_test::run_test_inner::{{closure}}::h408365d67a78ade8
[INFO] [stdout]                                at /rustc/a178d0322ce20e33eac124758e837cbd80a6f633/library/test/src/lib.rs:519:37
[INFO] [stdout]   31:     0x55ad2401c452 - std::sys_common::backtrace::__rust_begin_short_backtrace::hb560b77c4f701523
[INFO] [stdout]                                at /rustc/a178d0322ce20e33eac124758e837cbd80a6f633/library/std/src/sys_common/backtrace.rs:125:18
[INFO] [stdout]   32:     0x55ad24020008 - std::thread::Builder::spawn_unchecked::{{closure}}::{{closure}}::hf2e7831dad93c597
[INFO] [stdout]                                at /rustc/a178d0322ce20e33eac124758e837cbd80a6f633/library/std/src/thread/mod.rs:481:17
[INFO] [stdout]   33:     0x55ad24020008 - <std::panic::AssertUnwindSafe<F> as core::ops::function::FnOnce<()>>::call_once::hd2e08783d8be4d02
[INFO] [stdout]                                at /rustc/a178d0322ce20e33eac124758e837cbd80a6f633/library/std/src/panic.rs:347:9
[INFO] [stdout]   34:     0x55ad24020008 - std::panicking::try::do_call::h062597b7acfd6b82
[INFO] [stdout]                                at /rustc/a178d0322ce20e33eac124758e837cbd80a6f633/library/std/src/panicking.rs:401:40
[INFO] [stdout]   35:     0x55ad24020008 - std::panicking::try::h0d7b79db04c14552
[INFO] [stdout]                                at /rustc/a178d0322ce20e33eac124758e837cbd80a6f633/library/std/src/panicking.rs:365:19
[INFO] [stdout]   36:     0x55ad24020008 - std::panic::catch_unwind::hb01a0b5e7c8cd43b
[INFO] [stdout]                                at /rustc/a178d0322ce20e33eac124758e837cbd80a6f633/library/std/src/panic.rs:434:14
[INFO] [stdout]   37:     0x55ad24020008 - std::thread::Builder::spawn_unchecked::{{closure}}::h5bde48cc887e0d1e
[INFO] [stdout]                                at /rustc/a178d0322ce20e33eac124758e837cbd80a6f633/library/std/src/thread/mod.rs:480:30
[INFO] [stdout]   38:     0x55ad24020008 - core::ops::function::FnOnce::call_once{{vtable.shim}}::h745ea30807a29e55
[INFO] [stdout]                                at /rustc/a178d0322ce20e33eac124758e837cbd80a6f633/library/core/src/ops/function.rs:227:5
[INFO] [stdout]   39:     0x55ad240789b7 - <alloc::boxed::Box<F,A> as core::ops::function::FnOnce<Args>>::call_once::h7ece6cfefaff1005
[INFO] [stdout]                                at /rustc/a178d0322ce20e33eac124758e837cbd80a6f633/library/alloc/src/boxed.rs:1575:9
[INFO] [stdout]   40:     0x55ad240789b7 - <alloc::boxed::Box<F,A> as core::ops::function::FnOnce<Args>>::call_once::hb8b48e55c21f193e
[INFO] [stdout]                                at /rustc/a178d0322ce20e33eac124758e837cbd80a6f633/library/alloc/src/boxed.rs:1575:9
[INFO] [stdout]   41:     0x55ad240789b7 - std::sys::unix::thread::Thread::new::thread_start::h8c7c4450dba62914
[INFO] [stdout]                                at /rustc/a178d0322ce20e33eac124758e837cbd80a6f633/library/std/src/sys/unix/thread.rs:71:17
[INFO] [stdout]   42:     0x7f50a887b609 - start_thread
[INFO] [stdout]   43:     0x7f50a864b293 - clone
[INFO] [stdout]   44:                0x0 - <unknown>
[INFO] [stdout] 
[INFO] [stdout] 
[INFO] [stdout] failures:
[INFO] [stdout]     tests::test_walk
[INFO] [stdout] 
[INFO] [stdout] test result: FAILED. 0 passed; 1 failed; 0 ignored; 0 measured; 0 filtered out; finished in 0.02s
[INFO] [stdout] 
[INFO] [stderr] error: test failed, to rerun pass '--bin hexapod'
[INFO] running `Command { std: "docker" "inspect" "830c1df4967356d9b3b983249855b31b05522c38cc3150de4b03295ebd4d9704", kill_on_drop: false }`
[INFO] running `Command { std: "docker" "rm" "-f" "830c1df4967356d9b3b983249855b31b05522c38cc3150de4b03295ebd4d9704", kill_on_drop: false }`
[INFO] [stdout] 830c1df4967356d9b3b983249855b31b05522c38cc3150de4b03295ebd4d9704
