[INFO] cloning repository https://github.com/svernidub/sexpr
[INFO] running `Command { std: "git" "-c" "credential.helper=" "-c" "credential.helper=/workspace/cargo-home/bin/git-credential-null" "clone" "--bare" "https://github.com/svernidub/sexpr" "/workspace/cache/git-repos/https%3A%2F%2Fgithub.com%2Fsvernidub%2Fsexpr", kill_on_drop: false }`
[INFO] [stderr] Cloning into bare repository '/workspace/cache/git-repos/https%3A%2F%2Fgithub.com%2Fsvernidub%2Fsexpr'...
[INFO] running `Command { std: "git" "rev-parse" "HEAD", kill_on_drop: false }`
[INFO] [stdout] 85f61aba81fe03e102b5916653f37fabd195ee1c
[INFO] testing svernidub/sexpr against beta-2021-08-01 for beta-1.55-1
[INFO] running `Command { std: "git" "clone" "/workspace/cache/git-repos/https%3A%2F%2Fgithub.com%2Fsvernidub%2Fsexpr" "/workspace/builds/worker-0/source", kill_on_drop: false }`
[INFO] [stderr] Cloning into '/workspace/builds/worker-0/source'...
[INFO] [stderr] done.
[INFO] validating manifest of git repo https://github.com/svernidub/sexpr on toolchain beta-2021-08-01
[INFO] running `Command { std: "/workspace/cargo-home/bin/cargo" "+beta-2021-08-01" "metadata" "--manifest-path" "Cargo.toml" "--no-deps", kill_on_drop: false }`
[INFO] started tweaking git repo https://github.com/svernidub/sexpr
[INFO] finished tweaking git repo https://github.com/svernidub/sexpr
[INFO] tweaked toml for git repo https://github.com/svernidub/sexpr written to /workspace/builds/worker-0/source/Cargo.toml
[INFO] crate git repo https://github.com/svernidub/sexpr already has a lockfile, it will not be regenerated
[INFO] running `Command { std: "/workspace/cargo-home/bin/cargo" "+beta-2021-08-01" "fetch" "--manifest-path" "Cargo.toml", kill_on_drop: false }`
[INFO] running `Command { std: "docker" "create" "-v" "/var/lib/crater-agent-workspace/builds/worker-0/target:/opt/rustwide/target:rw,Z" "-v" "/var/lib/crater-agent-workspace/builds/worker-0/source:/opt/rustwide/workdir:ro,Z" "-v" "/var/lib/crater-agent-workspace/cargo-home:/opt/rustwide/cargo-home:ro,Z" "-v" "/var/lib/crater-agent-workspace/rustup-home:/opt/rustwide/rustup-home:ro,Z" "-e" "SOURCE_DIR=/opt/rustwide/workdir" "-e" "CARGO_TARGET_DIR=/opt/rustwide/target" "-e" "CARGO_HOME=/opt/rustwide/cargo-home" "-e" "RUSTUP_HOME=/opt/rustwide/rustup-home" "-w" "/opt/rustwide/workdir" "-m" "1610612736" "--user" "0:0" "--network" "none" "ghcr.io/rust-lang/crates-build-env/linux@sha256:34b6a614d2c27851fe6cbf88fbd1137609cefab8b10d0615aaeb6fd47975d74e" "/opt/rustwide/cargo-home/bin/cargo" "+beta-2021-08-01" "metadata" "--no-deps" "--format-version=1", kill_on_drop: false }`
[INFO] [stdout] b1103a33ac3f6af9a51c4a18d22d28001a8ef22edb45a94845428d62303f0f1f
[INFO] [stderr] WARNING: Your kernel does not support swap limit capabilities or the cgroup is not mounted. Memory limited without swap.
[INFO] running `Command { std: "docker" "start" "-a" "b1103a33ac3f6af9a51c4a18d22d28001a8ef22edb45a94845428d62303f0f1f", kill_on_drop: false }`
[INFO] running `Command { std: "docker" "inspect" "b1103a33ac3f6af9a51c4a18d22d28001a8ef22edb45a94845428d62303f0f1f", kill_on_drop: false }`
[INFO] running `Command { std: "docker" "rm" "-f" "b1103a33ac3f6af9a51c4a18d22d28001a8ef22edb45a94845428d62303f0f1f", kill_on_drop: false }`
[INFO] [stdout] b1103a33ac3f6af9a51c4a18d22d28001a8ef22edb45a94845428d62303f0f1f
[INFO] running `Command { std: "docker" "create" "-v" "/var/lib/crater-agent-workspace/builds/worker-0/target:/opt/rustwide/target:rw,Z" "-v" "/var/lib/crater-agent-workspace/builds/worker-0/source:/opt/rustwide/workdir:ro,Z" "-v" "/var/lib/crater-agent-workspace/cargo-home:/opt/rustwide/cargo-home:ro,Z" "-v" "/var/lib/crater-agent-workspace/rustup-home:/opt/rustwide/rustup-home:ro,Z" "-e" "SOURCE_DIR=/opt/rustwide/workdir" "-e" "CARGO_TARGET_DIR=/opt/rustwide/target" "-e" "CARGO_INCREMENTAL=0" "-e" "RUST_BACKTRACE=full" "-e" "RUSTFLAGS=--cap-lints=warn" "-e" "CARGO_HOME=/opt/rustwide/cargo-home" "-e" "RUSTUP_HOME=/opt/rustwide/rustup-home" "-w" "/opt/rustwide/workdir" "-m" "1610612736" "--user" "0:0" "--network" "none" "ghcr.io/rust-lang/crates-build-env/linux@sha256:34b6a614d2c27851fe6cbf88fbd1137609cefab8b10d0615aaeb6fd47975d74e" "/opt/rustwide/cargo-home/bin/cargo" "+beta-2021-08-01" "build" "--frozen" "--message-format=json", kill_on_drop: false }`
[INFO] [stderr] WARNING: Your kernel does not support swap limit capabilities or the cgroup is not mounted. Memory limited without swap.
[INFO] [stdout] 85fec9e3b63e804e5e3f36826b8692890cbbe2fa67416c817b9b9d6d2cfb6e07
[INFO] running `Command { std: "docker" "start" "-a" "85fec9e3b63e804e5e3f36826b8692890cbbe2fa67416c817b9b9d6d2cfb6e07", kill_on_drop: false }`
[INFO] [stderr]    Compiling sexpr v0.1.0 (/opt/rustwide/workdir)
[INFO] [stdout] warning: variant is never constructed: `SNumber`
[INFO] [stdout]  --> src/sexpr/expr.rs:6:5
[INFO] [stdout]   |
[INFO] [stdout] 6 |     SNumber(f32),
[INFO] [stdout]   |     ^^^^^^^^^^^^
[INFO] [stdout]   |
[INFO] [stdout]   = note: `#[warn(dead_code)]` on by default
[INFO] [stdout] 
[INFO] [stdout] 
[INFO] [stdout] warning: variant is never constructed: `SString`
[INFO] [stdout]  --> src/sexpr/expr.rs:7:5
[INFO] [stdout]   |
[INFO] [stdout] 7 |     SString(String),
[INFO] [stdout]   |     ^^^^^^^^^^^^^^^
[INFO] [stdout] 
[INFO] [stdout] 
[INFO] [stdout] warning: variant is never constructed: `SFunc`
[INFO] [stdout]  --> src/sexpr/expr.rs:8:5
[INFO] [stdout]   |
[INFO] [stdout] 8 |     SFunc(String, Vec<Rc<SExpr>>),
[INFO] [stdout]   |     ^^^^^^^^^^^^^^^^^^^^^^^^^^^^^
[INFO] [stdout] 
[INFO] [stdout] 
[INFO] [stdout] warning: variant is never constructed: `SList`
[INFO] [stdout]  --> src/sexpr/expr.rs:9:5
[INFO] [stdout]   |
[INFO] [stdout] 9 |     SList(Vec<Rc<SExpr>>),
[INFO] [stdout]   |     ^^^^^^^^^^^^^^^^^^^^^
[INFO] [stdout] 
[INFO] [stdout] 
[INFO] [stdout] warning: variant is never constructed: `SBool`
[INFO] [stdout]   --> src/sexpr/expr.rs:10:5
[INFO] [stdout]    |
[INFO] [stdout] 10 |     SBool(bool)
[INFO] [stdout]    |     ^^^^^^^^^^^
[INFO] [stdout] 
[INFO] [stdout] 
[INFO] [stdout] warning: variant is never constructed: `ElemStartTerminator`
[INFO] [stdout]  --> src/sexpr/sexpr_parser.rs:9:5
[INFO] [stdout]   |
[INFO] [stdout] 9 |     ElemStartTerminator,
[INFO] [stdout]   |     ^^^^^^^^^^^^^^^^^^^
[INFO] [stdout] 
[INFO] [stdout] 
[INFO] [stdout] warning: variant is never constructed: `NumberExpr`
[INFO] [stdout]   --> src/sexpr/sexpr_parser.rs:10:5
[INFO] [stdout]    |
[INFO] [stdout] 10 |     NumberExpr(f32),
[INFO] [stdout]    |     ^^^^^^^^^^^^^^^
[INFO] [stdout] 
[INFO] [stdout] 
[INFO] [stdout] warning: variant is never constructed: `StringExpr`
[INFO] [stdout]   --> src/sexpr/sexpr_parser.rs:11:5
[INFO] [stdout]    |
[INFO] [stdout] 11 |     StringExpr(String),
[INFO] [stdout]    |     ^^^^^^^^^^^^^^^^^^
[INFO] [stdout] 
[INFO] [stdout] 
[INFO] [stdout] warning: variant is never constructed: `FuncExpr`
[INFO] [stdout]   --> src/sexpr/sexpr_parser.rs:12:5
[INFO] [stdout]    |
[INFO] [stdout] 12 |     FuncExpr(String),
[INFO] [stdout]    |     ^^^^^^^^^^^^^^^^
[INFO] [stdout] 
[INFO] [stdout] 
[INFO] [stdout] warning: variant is never constructed: `BoolExpr`
[INFO] [stdout]   --> src/sexpr/sexpr_parser.rs:13:5
[INFO] [stdout]    |
[INFO] [stdout] 13 |     BoolExpr(bool),
[INFO] [stdout]    |     ^^^^^^^^^^^^^^
[INFO] [stdout] 
[INFO] [stdout] 
[INFO] [stdout] warning: variant is never constructed: `AstExpr`
[INFO] [stdout]   --> src/sexpr/sexpr_parser.rs:14:5
[INFO] [stdout]    |
[INFO] [stdout] 14 |     AstExpr(Rc<SExpr>)
[INFO] [stdout]    |     ^^^^^^^^^^^^^^^^^^
[INFO] [stdout] 
[INFO] [stdout] 
[INFO] [stdout] warning: function is never used: `parse`
[INFO] [stdout]   --> src/sexpr/sexpr_parser.rs:17:8
[INFO] [stdout]    |
[INFO] [stdout] 17 | pub fn parse<'a>(sexpr: String) -> Result<SExpr, &'a str> {
[INFO] [stdout]    |        ^^^^^
[INFO] [stdout] 
[INFO] [stdout] 
[INFO] [stdout] warning: function is never used: `is_end_terminator`
[INFO] [stdout]    --> src/sexpr/sexpr_parser.rs:103:4
[INFO] [stdout]     |
[INFO] [stdout] 103 | fn is_end_terminator(token: char) -> bool {
[INFO] [stdout]     |    ^^^^^^^^^^^^^^^^^
[INFO] [stdout] 
[INFO] [stdout] 
[INFO] [stdout] warning: function is never used: `is_start_terminator`
[INFO] [stdout]    --> src/sexpr/sexpr_parser.rs:107:4
[INFO] [stdout]     |
[INFO] [stdout] 107 | fn is_start_terminator(token: char) -> bool {
[INFO] [stdout]     |    ^^^^^^^^^^^^^^^^^^^
[INFO] [stdout] 
[INFO] [stdout] 
[INFO] [stdout] warning: function is never used: `is_list_end_terminator`
[INFO] [stdout]    --> src/sexpr/sexpr_parser.rs:111:4
[INFO] [stdout]     |
[INFO] [stdout] 111 | fn is_list_end_terminator(token: char) -> bool {
[INFO] [stdout]     |    ^^^^^^^^^^^^^^^^^^^^^^
[INFO] [stdout] 
[INFO] [stdout] 
[INFO] [stdout] warning: function is never used: `is_list_start_terminator`
[INFO] [stdout]    --> src/sexpr/sexpr_parser.rs:115:4
[INFO] [stdout]     |
[INFO] [stdout] 115 | fn is_list_start_terminator(token: char) -> bool {
[INFO] [stdout]     |    ^^^^^^^^^^^^^^^^^^^^^^^^
[INFO] [stdout] 
[INFO] [stdout] 
[INFO] [stdout] warning: function is never used: `parse_expr`
[INFO] [stdout]  --> src/sexpr/expr_parser.rs:6:8
[INFO] [stdout]   |
[INFO] [stdout] 6 | pub fn parse_expr<'a>(sexpr: String) -> Result<Expr, &'a str> {
[INFO] [stdout]   |        ^^^^^^^^^^
[INFO] [stdout] 
[INFO] [stdout] 
[INFO] [stdout] warning: function is never used: `parse`
[INFO] [stdout]  --> src/sexpr/parse_to_ast.rs:6:8
[INFO] [stdout]   |
[INFO] [stdout] 6 | pub fn parse<'a>(expressions: Vec<Expr>) -> Result<SExpr, &'a str> {
[INFO] [stdout]   |        ^^^^^
[INFO] [stdout] 
[INFO] [stdout] 
[INFO] [stdout] warning: function is never used: `transform_expressions`
[INFO] [stdout]   --> src/sexpr/parse_to_ast.rs:19:4
[INFO] [stdout]    |
[INFO] [stdout] 19 | fn transform_expressions<'a>(expressions: Vec<Expr>) -> Result<Vec<Rc<SExpr>>, &'a str> {
[INFO] [stdout]    |    ^^^^^^^^^^^^^^^^^^^^^
[INFO] [stdout] 
[INFO] [stdout] 
[INFO] [stdout] warning: 19 warnings emitted
[INFO] [stdout] 
[INFO] [stdout] 
[INFO] [stderr]     Finished dev [unoptimized + debuginfo] target(s) in 2.60s
[INFO] running `Command { std: "docker" "inspect" "85fec9e3b63e804e5e3f36826b8692890cbbe2fa67416c817b9b9d6d2cfb6e07", kill_on_drop: false }`
[INFO] running `Command { std: "docker" "rm" "-f" "85fec9e3b63e804e5e3f36826b8692890cbbe2fa67416c817b9b9d6d2cfb6e07", kill_on_drop: false }`
[INFO] [stdout] 85fec9e3b63e804e5e3f36826b8692890cbbe2fa67416c817b9b9d6d2cfb6e07
[INFO] running `Command { std: "docker" "create" "-v" "/var/lib/crater-agent-workspace/builds/worker-0/target:/opt/rustwide/target:rw,Z" "-v" "/var/lib/crater-agent-workspace/builds/worker-0/source:/opt/rustwide/workdir:ro,Z" "-v" "/var/lib/crater-agent-workspace/cargo-home:/opt/rustwide/cargo-home:ro,Z" "-v" "/var/lib/crater-agent-workspace/rustup-home:/opt/rustwide/rustup-home:ro,Z" "-e" "SOURCE_DIR=/opt/rustwide/workdir" "-e" "CARGO_TARGET_DIR=/opt/rustwide/target" "-e" "CARGO_INCREMENTAL=0" "-e" "RUST_BACKTRACE=full" "-e" "RUSTFLAGS=--cap-lints=warn" "-e" "CARGO_HOME=/opt/rustwide/cargo-home" "-e" "RUSTUP_HOME=/opt/rustwide/rustup-home" "-w" "/opt/rustwide/workdir" "-m" "1610612736" "--user" "0:0" "--network" "none" "ghcr.io/rust-lang/crates-build-env/linux@sha256:34b6a614d2c27851fe6cbf88fbd1137609cefab8b10d0615aaeb6fd47975d74e" "/opt/rustwide/cargo-home/bin/cargo" "+beta-2021-08-01" "test" "--frozen" "--no-run" "--message-format=json", kill_on_drop: false }`
[INFO] [stdout] 185834fd9aa027d77c505f0a508c05945fa87f4d464c0e49cfa5245ceee44425
[INFO] [stderr] WARNING: Your kernel does not support swap limit capabilities or the cgroup is not mounted. Memory limited without swap.
[INFO] running `Command { std: "docker" "start" "-a" "185834fd9aa027d77c505f0a508c05945fa87f4d464c0e49cfa5245ceee44425", kill_on_drop: false }`
[INFO] [stderr]    Compiling sexpr v0.1.0 (/opt/rustwide/workdir)
[INFO] [stderr]     Finished test [unoptimized + debuginfo] target(s) in 2.41s
[INFO] running `Command { std: "docker" "inspect" "185834fd9aa027d77c505f0a508c05945fa87f4d464c0e49cfa5245ceee44425", kill_on_drop: false }`
[INFO] running `Command { std: "docker" "rm" "-f" "185834fd9aa027d77c505f0a508c05945fa87f4d464c0e49cfa5245ceee44425", kill_on_drop: false }`
[INFO] [stdout] 185834fd9aa027d77c505f0a508c05945fa87f4d464c0e49cfa5245ceee44425
[INFO] running `Command { std: "docker" "create" "-v" "/var/lib/crater-agent-workspace/builds/worker-0/target:/opt/rustwide/target:rw,Z" "-v" "/var/lib/crater-agent-workspace/builds/worker-0/source:/opt/rustwide/workdir:ro,Z" "-v" "/var/lib/crater-agent-workspace/cargo-home:/opt/rustwide/cargo-home:ro,Z" "-v" "/var/lib/crater-agent-workspace/rustup-home:/opt/rustwide/rustup-home:ro,Z" "-e" "SOURCE_DIR=/opt/rustwide/workdir" "-e" "CARGO_TARGET_DIR=/opt/rustwide/target" "-e" "CARGO_INCREMENTAL=0" "-e" "RUST_BACKTRACE=full" "-e" "RUSTFLAGS=--cap-lints=warn" "-e" "CARGO_HOME=/opt/rustwide/cargo-home" "-e" "RUSTUP_HOME=/opt/rustwide/rustup-home" "-w" "/opt/rustwide/workdir" "-m" "1610612736" "--user" "0:0" "--network" "none" "ghcr.io/rust-lang/crates-build-env/linux@sha256:34b6a614d2c27851fe6cbf88fbd1137609cefab8b10d0615aaeb6fd47975d74e" "/opt/rustwide/cargo-home/bin/cargo" "+beta-2021-08-01" "test" "--frozen", kill_on_drop: false }`
[INFO] [stdout] 564f967c5c9d6231cea5102d227fa79c6b39de24799946f328200cba5fbd6d3b
[INFO] [stderr] WARNING: Your kernel does not support swap limit capabilities or the cgroup is not mounted. Memory limited without swap.
[INFO] running `Command { std: "docker" "start" "-a" "564f967c5c9d6231cea5102d227fa79c6b39de24799946f328200cba5fbd6d3b", kill_on_drop: false }`
[INFO] [stdout] 
[INFO] [stderr]     Finished test [unoptimized + debuginfo] target(s) in 0.02s
[INFO] [stdout] running 25 tests
[INFO] [stderr]      Running unittests (/opt/rustwide/target/debug/deps/sexpr-3602273955d59d3e)
[INFO] [stdout] test sexpr::expr::test::test_debug_empty ... ok
[INFO] [stdout] test sexpr::parse_to_ast::test::test_list ... ok
[INFO] [stdout] test sexpr::parse_to_ast::test::test_string_function_call ... ok
[INFO] [stdout] test sexpr::expr::test::test_debug ... ok
[INFO] [stdout] test sexpr::expr::test::test_debug_with_floats ... ok
[INFO] [stdout] test sexpr::expr::test::test_boolean ... ok
[INFO] [stdout] test sexpr::expr_parser::test::test_parse_true ... ok
[INFO] [stdout] test sexpr::expr_parser::test::test_parse_string_with_escaped_quote ... ok
[INFO] [stdout] test sexpr::expr_parser::test::test_parse_int ... ok
[INFO] [stdout] test sexpr::expr_parser::test::test_parse_string ... ok
[INFO] [stdout] test sexpr::parse_to_ast::test::test_int_function_call ... ok
[INFO] [stdout] test sexpr::parse_to_ast::test::test_float_function_call ... ok
[INFO] [stdout] test sexpr::expr_parser::test::test_parse_float ... ok
[INFO] [stdout] test sexpr::expr::test::test_list ... ok
[INFO] [stdout] test sexpr::expr_parser::test::test_parse_func ... ok
[INFO] [stdout] test sexpr::expr_parser::test::test_parse_false ... ok
[INFO] [stdout] test sexpr::sexpr_parser::test::test_boolean_func ... ok
[INFO] [stdout] test sexpr::sexpr_parser::test::test_empty_list ... ok
[INFO] [stdout] test sexpr::sexpr_parser::test::test_func_with_whitespace_arg ... ok
[INFO] [stdout] test sexpr::sexpr_parser::test::test_numeric_func_with_floats ... ok
[INFO] [stdout] test sexpr::sexpr_parser::test::test_string_func ... ok
[INFO] [stdout] test sexpr::sexpr_parser::test::test_numeric_func_with_ints ... ok
[INFO] [stdout] test sexpr::expr::test::test_debug_with_strings ... ok
[INFO] [stderr] error: test failed, to rerun pass '--bin sexpr'
[INFO] [stdout] test sexpr::sexpr_parser::test::test_complex_program ... FAILED
[INFO] [stdout] test sexpr::sexpr_parser::test::test_func_with_escaped_quote_arg ... FAILED
[INFO] [stdout] 
[INFO] [stdout] failures:
[INFO] [stdout] 
[INFO] [stdout] ---- sexpr::sexpr_parser::test::test_complex_program stdout ----
[INFO] [stdout] Full expr: ""
[INFO] [stdout] FuncExpr(
[INFO] [stdout]     "",
[INFO] [stdout] )
[INFO] [stdout] Full expr: ""
[INFO] [stdout] FuncExpr(
[INFO] [stdout]     "",
[INFO] [stdout] )
[INFO] [stdout] Full expr: ""
[INFO] [stdout] FuncExpr(
[INFO] [stdout]     "",
[INFO] [stdout] )
[INFO] [stdout] Full expr: ""
[INFO] [stdout] FuncExpr(
[INFO] [stdout]     "",
[INFO] [stdout] )
[INFO] [stdout] Full expr: ""
[INFO] [stdout] FuncExpr(
[INFO] [stdout]     "",
[INFO] [stdout] )
[INFO] [stdout] Full expr: ""
[INFO] [stdout] FuncExpr(
[INFO] [stdout]     "",
[INFO] [stdout] )
[INFO] [stdout] Full expr: ""
[INFO] [stdout] FuncExpr(
[INFO] [stdout]     "",
[INFO] [stdout] )
[INFO] [stdout] Full expr: ""
[INFO] [stdout] FuncExpr(
[INFO] [stdout]     "",
[INFO] [stdout] )
[INFO] [stdout] Full expr: ""
[INFO] [stdout] FuncExpr(
[INFO] [stdout]     "",
[INFO] [stdout] )
[INFO] [stdout] Full expr: ""
[INFO] [stdout] FuncExpr(
[INFO] [stdout]     "",
[INFO] [stdout] )
[INFO] [stdout] Full expr: ""
[INFO] [stdout] FuncExpr(
[INFO] [stdout]     "",
[INFO] [stdout] )
[INFO] [stdout] Full expr: ""
[INFO] [stdout] FuncExpr(
[INFO] [stdout]     "",
[INFO] [stdout] )
[INFO] [stdout] Full expr: ""
[INFO] [stdout] FuncExpr(
[INFO] [stdout]     "",
[INFO] [stdout] )
[INFO] [stdout] Full expr: "if"
[INFO] [stdout] FuncExpr(
[INFO] [stdout]     "if",
[INFO] [stdout] )
[INFO] [stdout] Full expr: ">"
[INFO] [stdout] FuncExpr(
[INFO] [stdout]     ">",
[INFO] [stdout] )
[INFO] [stdout] Full expr: "7"
[INFO] [stdout] NumberExpr(
[INFO] [stdout]     7.0,
[INFO] [stdout] )
[INFO] [stdout] Full expr: "3"
[INFO] [stdout] NumberExpr(
[INFO] [stdout]     3.0,
[INFO] [stdout] )
[INFO] [stdout] Full expr: ""
[INFO] [stdout] FuncExpr(
[INFO] [stdout]     "",
[INFO] [stdout] )
[INFO] [stdout] Full expr: ""
[INFO] [stdout] FuncExpr(
[INFO] [stdout]     "",
[INFO] [stdout] )
[INFO] [stdout] Full expr: ""
[INFO] [stdout] FuncExpr(
[INFO] [stdout]     "",
[INFO] [stdout] )
[INFO] [stdout] Full expr: ""
[INFO] [stdout] FuncExpr(
[INFO] [stdout]     "",
[INFO] [stdout] )
[INFO] [stdout] Full expr: ""
[INFO] [stdout] FuncExpr(
[INFO] [stdout]     "",
[INFO] [stdout] )
[INFO] [stdout] Full expr: ""
[INFO] [stdout] FuncExpr(
[INFO] [stdout]     "",
[INFO] [stdout] )
[INFO] [stdout] Full expr: ""
[INFO] [stdout] FuncExpr(
[INFO] [stdout]     "",
[INFO] [stdout] )
[INFO] [stdout] Full expr: ""
[INFO] [stdout] FuncExpr(
[INFO] [stdout]     "",
[INFO] [stdout] )
[INFO] [stdout] Full expr: ""
[INFO] [stdout] FuncExpr(
[INFO] [stdout]     "",
[INFO] [stdout] )
[INFO] [stdout] Full expr: ""
[INFO] [stdout] FuncExpr(
[INFO] [stdout]     "",
[INFO] [stdout] )
[INFO] [stdout] Full expr: ""
[INFO] [stdout] FuncExpr(
[INFO] [stdout]     "",
[INFO] [stdout] )
[INFO] [stdout] Full expr: ""
[INFO] [stdout] FuncExpr(
[INFO] [stdout]     "",
[INFO] [stdout] )
[INFO] [stdout] Full expr: ""
[INFO] [stdout] FuncExpr(
[INFO] [stdout]     "",
[INFO] [stdout] )
[INFO] [stdout] Full expr: ""
[INFO] [stdout] FuncExpr(
[INFO] [stdout]     "",
[INFO] [stdout] )
[INFO] [stdout] Full expr: ""
[INFO] [stdout] FuncExpr(
[INFO] [stdout]     "",
[INFO] [stdout] )
[INFO] [stdout] Full expr: ""
[INFO] [stdout] FuncExpr(
[INFO] [stdout]     "",
[INFO] [stdout] )
[INFO] [stdout] Full expr: ""
[INFO] [stdout] FuncExpr(
[INFO] [stdout]     "",
[INFO] [stdout] )
[INFO] [stdout] Full expr: "concat"
[INFO] [stdout] FuncExpr(
[INFO] [stdout]     "concat",
[INFO] [stdout] )
[INFO] [stdout] Full expr: "\"hello\""
[INFO] [stdout] StringExpr(
[INFO] [stdout]     "hello",
[INFO] [stdout] )
[INFO] [stdout] Full expr: "\" \""
[INFO] [stdout] StringExpr(
[INFO] [stdout]     " ",
[INFO] [stdout] )
[INFO] [stdout] Full expr: "\"world\""
[INFO] [stdout] StringExpr(
[INFO] [stdout]     "world",
[INFO] [stdout] )
[INFO] [stdout] Full expr: ""
[INFO] [stdout] FuncExpr(
[INFO] [stdout]     "",
[INFO] [stdout] )
[INFO] [stdout] Full expr: ""
[INFO] [stdout] FuncExpr(
[INFO] [stdout]     "",
[INFO] [stdout] )
[INFO] [stdout] Full expr: ""
[INFO] [stdout] FuncExpr(
[INFO] [stdout]     "",
[INFO] [stdout] )
[INFO] [stdout] Full expr: ""
[INFO] [stdout] FuncExpr(
[INFO] [stdout]     "",
[INFO] [stdout] )
[INFO] [stdout] Full expr: ""
[INFO] [stdout] FuncExpr(
[INFO] [stdout]     "",
[INFO] [stdout] )
[INFO] [stdout] Full expr: ""
[INFO] [stdout] FuncExpr(
[INFO] [stdout]     "",
[INFO] [stdout] )
[INFO] [stdout] Full expr: ""
[INFO] [stdout] FuncExpr(
[INFO] [stdout]     "",
[INFO] [stdout] )
[INFO] [stdout] Full expr: ""
[INFO] [stdout] FuncExpr(
[INFO] [stdout]     "",
[INFO] [stdout] )
[INFO] [stdout] Full expr: ""
[INFO] [stdout] FuncExpr(
[INFO] [stdout]     "",
[INFO] [stdout] )
[INFO] [stdout] Full expr: ""
[INFO] [stdout] FuncExpr(
[INFO] [stdout]     "",
[INFO] [stdout] )
[INFO] [stdout] Full expr: ""
[INFO] [stdout] FuncExpr(
[INFO] [stdout]     "",
[INFO] [stdout] )
[INFO] [stdout] Full expr: ""
[INFO] [stdout] FuncExpr(
[INFO] [stdout]     "",
[INFO] [stdout] )
[INFO] [stdout] Full expr: ""
[INFO] [stdout] FuncExpr(
[INFO] [stdout]     "",
[INFO] [stdout] )
[INFO] [stdout] Full expr: ""
[INFO] [stdout] FuncExpr(
[INFO] [stdout]     "",
[INFO] [stdout] )
[INFO] [stdout] Full expr: ""
[INFO] [stdout] FuncExpr(
[INFO] [stdout]     "",
[INFO] [stdout] )
[INFO] [stdout] Full expr: ""
[INFO] [stdout] FuncExpr(
[INFO] [stdout]     "",
[INFO] [stdout] )
[INFO] [stdout] Full expr: ""
[INFO] [stdout] FuncExpr(
[INFO] [stdout]     "",
[INFO] [stdout] )
[INFO] [stdout] Full expr: "add"
[INFO] [stdout] FuncExpr(
[INFO] [stdout]     "add",
[INFO] [stdout] )
[INFO] [stdout] Full expr: "5"
[INFO] [stdout] NumberExpr(
[INFO] [stdout]     5.0,
[INFO] [stdout] )
[INFO] [stdout] Full expr: "3"
[INFO] [stdout] NumberExpr(
[INFO] [stdout]     3.0,
[INFO] [stdout] )
[INFO] [stdout] Full expr: ""
[INFO] [stdout] FuncExpr(
[INFO] [stdout]     "",
[INFO] [stdout] )
[INFO] [stdout] Full expr: ""
[INFO] [stdout] FuncExpr(
[INFO] [stdout]     "",
[INFO] [stdout] )
[INFO] [stdout] Full expr: ""
[INFO] [stdout] FuncExpr(
[INFO] [stdout]     "",
[INFO] [stdout] )
[INFO] [stdout] Full expr: ""
[INFO] [stdout] FuncExpr(
[INFO] [stdout]     "",
[INFO] [stdout] )
[INFO] [stdout] Full expr: ""
[INFO] [stdout] FuncExpr(
[INFO] [stdout]     "",
[INFO] [stdout] )
[INFO] [stdout] Full expr: ""
[INFO] [stdout] FuncExpr(
[INFO] [stdout]     "",
[INFO] [stdout] )
[INFO] [stdout] Full expr: ""
[INFO] [stdout] FuncExpr(
[INFO] [stdout]     "",
[INFO] [stdout] )
[INFO] [stdout] Full expr: ""
[INFO] [stdout] FuncExpr(
[INFO] [stdout]     "",
[INFO] [stdout] )
[INFO] [stdout] Full expr: ""
[INFO] [stdout] FuncExpr(
[INFO] [stdout]     "",
[INFO] [stdout] )
[INFO] [stdout] Full expr: ""
[INFO] [stdout] FuncExpr(
[INFO] [stdout]     "",
[INFO] [stdout] )
[INFO] [stdout] Full expr: ""
[INFO] [stdout] FuncExpr(
[INFO] [stdout]     "",
[INFO] [stdout] )
[INFO] [stdout] Full expr: ""
[INFO] [stdout] FuncExpr(
[INFO] [stdout]     "",
[INFO] [stdout] )
[INFO] [stdout] Full expr: ""
[INFO] [stdout] FuncExpr(
[INFO] [stdout]     "",
[INFO] [stdout] )
[INFO] [stdout] Full expr: ""
[INFO] [stdout] FuncExpr(
[INFO] [stdout]     "",
[INFO] [stdout] )
[INFO] [stdout] Full expr: ""
[INFO] [stdout] FuncExpr(
[INFO] [stdout]     "",
[INFO] [stdout] )
[INFO] [stdout] Full expr: ""
[INFO] [stdout] FuncExpr(
[INFO] [stdout]     "",
[INFO] [stdout] )
[INFO] [stdout] Full expr: ""
[INFO] [stdout] FuncExpr(
[INFO] [stdout]     "",
[INFO] [stdout] )
[INFO] [stdout] Full expr: ""
[INFO] [stdout] FuncExpr(
[INFO] [stdout]     "",
[INFO] [stdout] )
[INFO] [stdout] Full expr: ""
[INFO] [stdout] FuncExpr(
[INFO] [stdout]     "",
[INFO] [stdout] )
[INFO] [stdout] Full expr: ""
[INFO] [stdout] FuncExpr(
[INFO] [stdout]     "",
[INFO] [stdout] )
[INFO] [stdout] Full expr: ""
[INFO] [stdout] FuncExpr(
[INFO] [stdout]     "",
[INFO] [stdout] )
[INFO] [stdout] Full expr: ""
[INFO] [stdout] FuncExpr(
[INFO] [stdout]     "",
[INFO] [stdout] )
[INFO] [stdout] Full expr: ""
[INFO] [stdout] FuncExpr(
[INFO] [stdout]     "",
[INFO] [stdout] )
[INFO] [stdout] Full expr: ""
[INFO] [stdout] FuncExpr(
[INFO] [stdout]     "",
[INFO] [stdout] )
[INFO] [stdout] Full expr: ""
[INFO] [stdout] FuncExpr(
[INFO] [stdout]     "",
[INFO] [stdout] )
[INFO] [stdout] Full expr: ""
[INFO] [stdout] FuncExpr(
[INFO] [stdout]     "",
[INFO] [stdout] )
[INFO] [stdout] Full expr: ""
[INFO] [stdout] FuncExpr(
[INFO] [stdout]     "",
[INFO] [stdout] )
[INFO] [stdout] Full expr: ""
[INFO] [stdout] FuncExpr(
[INFO] [stdout]     "",
[INFO] [stdout] )
[INFO] [stdout] Full expr: "div"
[INFO] [stdout] FuncExpr(
[INFO] [stdout]     "div",
[INFO] [stdout] )
[INFO] [stdout] Full expr: "6.3"
[INFO] [stdout] NumberExpr(
[INFO] [stdout]     6.3,
[INFO] [stdout] )
[INFO] [stdout] Full expr: "2.7"
[INFO] [stdout] NumberExpr(
[INFO] [stdout]     2.7,
[INFO] [stdout] )
[INFO] [stdout] Full expr: ""
[INFO] [stdout] FuncExpr(
[INFO] [stdout]     "",
[INFO] [stdout] )
[INFO] [stdout] Full expr: ""
[INFO] [stdout] FuncExpr(
[INFO] [stdout]     "",
[INFO] [stdout] )
[INFO] [stdout] Full expr: ""
[INFO] [stdout] FuncExpr(
[INFO] [stdout]     "",
[INFO] [stdout] )
[INFO] [stdout] Full expr: ""
[INFO] [stdout] FuncExpr(
[INFO] [stdout]     "",
[INFO] [stdout] )
[INFO] [stdout] Full expr: ""
[INFO] [stdout] FuncExpr(
[INFO] [stdout]     "",
[INFO] [stdout] )
[INFO] [stdout] Full expr: ""
[INFO] [stdout] FuncExpr(
[INFO] [stdout]     "",
[INFO] [stdout] )
[INFO] [stdout] Full expr: ""
[INFO] [stdout] FuncExpr(
[INFO] [stdout]     "",
[INFO] [stdout] )
[INFO] [stdout] Full expr: ""
[INFO] [stdout] FuncExpr(
[INFO] [stdout]     "",
[INFO] [stdout] )
[INFO] [stdout] Full expr: ""
[INFO] [stdout] FuncExpr(
[INFO] [stdout]     "",
[INFO] [stdout] )
[INFO] [stdout] Full expr: ""
[INFO] [stdout] FuncExpr(
[INFO] [stdout]     "",
[INFO] [stdout] )
[INFO] [stdout] thread 'sexpr::sexpr_parser::test::test_complex_program' panicked at 'assertion failed: `(left == right)`
[INFO] [stdout]   left: `"(((((( () () () () () () () () () () () () (if) (>) 7 3) () () () () () () () () () () () () () () () () () (concat) \"hello\" \" \" \"world\") () () () () () () () () () () () () () () () () () (add) 5 3) () () () () () () () () () () () () () ()) () () () () () () () () () () () () () () (div) 6.3 2.7) () () () () () () () () () ())"`,
[INFO] [stdout]  right: `"((if (concat \"hello\" \" \" \"world\") (add 5 3)) (div 6.3 2.7))"`', src/sexpr/sexpr_parser.rs:258:9
[INFO] [stdout] stack backtrace:
[INFO] [stdout]    0:     0x563e810c1af0 - std::backtrace_rs::backtrace::libunwind::trace::hff4d1766e93f64f1
[INFO] [stdout]                                at /rustc/53fd98ca776cb875bc9e5514f56b52eb74f9e7a9/library/std/src/../../backtrace/src/backtrace/libunwind.rs:90:5
[INFO] [stdout]    1:     0x563e810c1af0 - std::backtrace_rs::backtrace::trace_unsynchronized::h56bbc8eb78770bcb
[INFO] [stdout]                                at /rustc/53fd98ca776cb875bc9e5514f56b52eb74f9e7a9/library/std/src/../../backtrace/src/backtrace/mod.rs:66:5
[INFO] [stdout]    2:     0x563e810c1af0 - std::sys_common::backtrace::_print_fmt::h5c8e75464faca780
[INFO] [stdout]                                at /rustc/53fd98ca776cb875bc9e5514f56b52eb74f9e7a9/library/std/src/sys_common/backtrace.rs:67:5
[INFO] [stdout]    3:     0x563e810c1af0 - <std::sys_common::backtrace::_print::DisplayBacktrace as core::fmt::Display>::fmt::h48b88277def8b362
[INFO] [stdout]                                at /rustc/53fd98ca776cb875bc9e5514f56b52eb74f9e7a9/library/std/src/sys_common/backtrace.rs:46:22
[INFO] [stdout]    4:     0x563e810e5adc - core::fmt::write::h3381b3176fe2b3d3
[INFO] [stdout]                                at /rustc/53fd98ca776cb875bc9e5514f56b52eb74f9e7a9/library/core/src/fmt/mod.rs:1115:17
[INFO] [stdout]    5:     0x563e810bea55 - std::io::Write::write_fmt::h5f34a676f60246b5
[INFO] [stdout]                                at /rustc/53fd98ca776cb875bc9e5514f56b52eb74f9e7a9/library/std/src/io/mod.rs:1665:15
[INFO] [stdout]    6:     0x563e810c3c6b - std::sys_common::backtrace::_print::ha537687d6c17dd0d
[INFO] [stdout]                                at /rustc/53fd98ca776cb875bc9e5514f56b52eb74f9e7a9/library/std/src/sys_common/backtrace.rs:49:5
[INFO] [stdout]    7:     0x563e810c3c6b - std::sys_common::backtrace::print::h61376ae57d131d72
[INFO] [stdout]                                at /rustc/53fd98ca776cb875bc9e5514f56b52eb74f9e7a9/library/std/src/sys_common/backtrace.rs:36:9
[INFO] [stdout]    8:     0x563e810c3c6b - std::panicking::default_hook::{{closure}}::h0f7208c0b9644a54
[INFO] [stdout]                                at /rustc/53fd98ca776cb875bc9e5514f56b52eb74f9e7a9/library/std/src/panicking.rs:208:50
[INFO] [stdout]    9:     0x563e810c377c - std::panicking::default_hook::hdac7fc06578c14ce
[INFO] [stdout]                                at /rustc/53fd98ca776cb875bc9e5514f56b52eb74f9e7a9/library/std/src/panicking.rs:222:9
[INFO] [stdout]   10:     0x563e810c4334 - std::panicking::rust_panic_with_hook::h72b21c283da3d1ef
[INFO] [stdout]                                at /rustc/53fd98ca776cb875bc9e5514f56b52eb74f9e7a9/library/std/src/panicking.rs:622:17
[INFO] [stdout]   11:     0x563e810c3e17 - std::panicking::begin_panic_handler::{{closure}}::he5778f1729cff84a
[INFO] [stdout]                                at /rustc/53fd98ca776cb875bc9e5514f56b52eb74f9e7a9/library/std/src/panicking.rs:519:13
[INFO] [stdout]   12:     0x563e810c1fcc - std::sys_common::backtrace::__rust_end_short_backtrace::h2d11ca8b453b4b1d
[INFO] [stdout]                                at /rustc/53fd98ca776cb875bc9e5514f56b52eb74f9e7a9/library/std/src/sys_common/backtrace.rs:141:18
[INFO] [stdout]   13:     0x563e810c3d79 - rust_begin_unwind
[INFO] [stdout]                                at /rustc/53fd98ca776cb875bc9e5514f56b52eb74f9e7a9/library/std/src/panicking.rs:515:5
[INFO] [stdout]   14:     0x563e80ec78c1 - core::panicking::panic_fmt::hf9de31d4acbce4db
[INFO] [stdout]                                at /rustc/53fd98ca776cb875bc9e5514f56b52eb74f9e7a9/library/core/src/panicking.rs:92:14
[INFO] [stdout]   15:     0x563e810e3b98 - core::panicking::assert_failed_inner::h62e8cb2847a6e7ec
[INFO] [stdout]   16:     0x563e80eccdda - core::panicking::assert_failed::he7aaa2ce8b54cc1a
[INFO] [stdout]                                at /rustc/53fd98ca776cb875bc9e5514f56b52eb74f9e7a9/library/core/src/panicking.rs:117:5
[INFO] [stdout]   17:     0x563e80edae58 - sexpr::sexpr::sexpr_parser::test::test_complex_program::hb57efe86a24f39fb
[INFO] [stdout]                                at /opt/rustwide/workdir/src/sexpr/sexpr_parser.rs:258:9
[INFO] [stdout]   18:     0x563e80eda23a - sexpr::sexpr::sexpr_parser::test::test_complex_program::{{closure}}::h63440f470e43a1d9
[INFO] [stdout]                                at /opt/rustwide/workdir/src/sexpr/sexpr_parser.rs:226:5
[INFO] [stdout]   19:     0x563e80edf18e - core::ops::function::FnOnce::call_once::h5ff01ed1beff5631
[INFO] [stdout]                                at /rustc/53fd98ca776cb875bc9e5514f56b52eb74f9e7a9/library/core/src/ops/function.rs:227:5
[INFO] [stdout]   20:     0x563e80f147a3 - core::ops::function::FnOnce::call_once::hbb52c4519d3137b0
[INFO] [stdout]                                at /rustc/53fd98ca776cb875bc9e5514f56b52eb74f9e7a9/library/core/src/ops/function.rs:227:5
[INFO] [stdout]   21:     0x563e80f147a3 - test::__rust_begin_short_backtrace::h86fe3a2a5a5121af
[INFO] [stdout]                                at /rustc/53fd98ca776cb875bc9e5514f56b52eb74f9e7a9/library/test/src/lib.rs:578:5
[INFO] [stdout]   22:     0x563e80f13258 - <alloc::boxed::Box<F,A> as core::ops::function::FnOnce<Args>>::call_once::hfd956bc3d57399be
[INFO] [stdout]                                at /rustc/53fd98ca776cb875bc9e5514f56b52eb74f9e7a9/library/alloc/src/boxed.rs:1572:9
[INFO] [stdout]   23:     0x563e80f13258 - <std::panic::AssertUnwindSafe<F> as core::ops::function::FnOnce<()>>::call_once::h40dc93e0ddb5938a
[INFO] [stdout]                                at /rustc/53fd98ca776cb875bc9e5514f56b52eb74f9e7a9/library/std/src/panic.rs:347:9
[INFO] [stdout]   24:     0x563e80f13258 - std::panicking::try::do_call::h90d07750cb47c562
[INFO] [stdout]                                at /rustc/53fd98ca776cb875bc9e5514f56b52eb74f9e7a9/library/std/src/panicking.rs:401:40
[INFO] [stdout]   25:     0x563e80f13258 - std::panicking::try::h063c84733ad2a629
[INFO] [stdout]                                at /rustc/53fd98ca776cb875bc9e5514f56b52eb74f9e7a9/library/std/src/panicking.rs:365:19
[INFO] [stdout]   26:     0x563e80f13258 - std::panic::catch_unwind::h0c464836a84e7c08
[INFO] [stdout]                                at /rustc/53fd98ca776cb875bc9e5514f56b52eb74f9e7a9/library/std/src/panic.rs:434:14
[INFO] [stdout]   27:     0x563e80f13258 - test::run_test_in_process::h5cb06ef620b157fc
[INFO] [stdout]                                at /rustc/53fd98ca776cb875bc9e5514f56b52eb74f9e7a9/library/test/src/lib.rs:601:18
[INFO] [stdout]   28:     0x563e80f13258 - test::run_test::run_test_inner::{{closure}}::h76f677f4b93f9828
[INFO] [stdout]                                at /rustc/53fd98ca776cb875bc9e5514f56b52eb74f9e7a9/library/test/src/lib.rs:493:39
[INFO] [stdout]   29:     0x563e80ee19ed - test::run_test::run_test_inner::{{closure}}::h366d01fe04f4d67a
[INFO] [stdout]                                at /rustc/53fd98ca776cb875bc9e5514f56b52eb74f9e7a9/library/test/src/lib.rs:520:37
[INFO] [stdout]   30:     0x563e80ee19ed - std::sys_common::backtrace::__rust_begin_short_backtrace::h7dfa0de4eb395af2
[INFO] [stdout]                                at /rustc/53fd98ca776cb875bc9e5514f56b52eb74f9e7a9/library/std/src/sys_common/backtrace.rs:125:18
[INFO] [stdout]   31:     0x563e80ee61b8 - std::thread::Builder::spawn_unchecked::{{closure}}::{{closure}}::hf0a74bb58798037f
[INFO] [stdout]                                at /rustc/53fd98ca776cb875bc9e5514f56b52eb74f9e7a9/library/std/src/thread/mod.rs:476:17
[INFO] [stdout]   32:     0x563e80ee61b8 - <std::panic::AssertUnwindSafe<F> as core::ops::function::FnOnce<()>>::call_once::hb024e854818586ac
[INFO] [stdout]                                at /rustc/53fd98ca776cb875bc9e5514f56b52eb74f9e7a9/library/std/src/panic.rs:347:9
[INFO] [stdout]   33:     0x563e80ee61b8 - std::panicking::try::do_call::hb2dd9f1d0d48e41d
[INFO] [stdout]                                at /rustc/53fd98ca776cb875bc9e5514f56b52eb74f9e7a9/library/std/src/panicking.rs:401:40
[INFO] [stdout]   34:     0x563e80ee61b8 - std::panicking::try::h4717ae7bac8b2bf3
[INFO] [stdout]                                at /rustc/53fd98ca776cb875bc9e5514f56b52eb74f9e7a9/library/std/src/panicking.rs:365:19
[INFO] [stdout]   35:     0x563e80ee61b8 - std::panic::catch_unwind::h0dc8a061326ce8d8
[INFO] [stdout]                                at /rustc/53fd98ca776cb875bc9e5514f56b52eb74f9e7a9/library/std/src/panic.rs:434:14
[INFO] [stdout]   36:     0x563e80ee61b8 - std::thread::Builder::spawn_unchecked::{{closure}}::haa369e2d6fd00aa1
[INFO] [stdout]                                at /rustc/53fd98ca776cb875bc9e5514f56b52eb74f9e7a9/library/std/src/thread/mod.rs:475:30
[INFO] [stdout]   37:     0x563e80ee61b8 - core::ops::function::FnOnce::call_once{{vtable.shim}}::h36dcf3de8b056f17
[INFO] [stdout]                                at /rustc/53fd98ca776cb875bc9e5514f56b52eb74f9e7a9/library/core/src/ops/function.rs:227:5
[INFO] [stdout]   38:     0x563e810c8ea7 - <alloc::boxed::Box<F,A> as core::ops::function::FnOnce<Args>>::call_once::h65c29e4642be2358
[INFO] [stdout]                                at /rustc/53fd98ca776cb875bc9e5514f56b52eb74f9e7a9/library/alloc/src/boxed.rs:1572:9
[INFO] [stdout]   39:     0x563e810c8ea7 - <alloc::boxed::Box<F,A> as core::ops::function::FnOnce<Args>>::call_once::hd0f8f7fbbd9fffbf
[INFO] [stdout]                                at /rustc/53fd98ca776cb875bc9e5514f56b52eb74f9e7a9/library/alloc/src/boxed.rs:1572:9
[INFO] [stdout]   40:     0x563e810c8ea7 - std::sys::unix::thread::Thread::new::thread_start::h2fd22fee3ca77b65
[INFO] [stdout]                                at /rustc/53fd98ca776cb875bc9e5514f56b52eb74f9e7a9/library/std/src/sys/unix/thread.rs:74:17
[INFO] [stdout]   41:     0x7ff7d1af0609 - start_thread
[INFO] [stdout]   42:     0x7ff7d18c2293 - clone
[INFO] [stdout]   43:                0x0 - <unknown>
[INFO] [stdout] 
[INFO] [stdout] ---- sexpr::sexpr_parser::test::test_func_with_escaped_quote_arg stdout ----
[INFO] [stdout] Full expr: "concat"
[INFO] [stdout] FuncExpr(
[INFO] [stdout]     "concat",
[INFO] [stdout] )
[INFO] [stdout] Full expr: "\"hello\""
[INFO] [stdout] StringExpr(
[INFO] [stdout]     "hello",
[INFO] [stdout] )
[INFO] [stdout] Full expr: "\"\\\"\""
[INFO] [stdout] StringExpr(
[INFO] [stdout]     "\\\"",
[INFO] [stdout] )
[INFO] [stdout] thread 'sexpr::sexpr_parser::test::test_func_with_escaped_quote_arg' panicked at 'called `Result::unwrap()` on an `Err` value: "Closing bracket missing?"', src/sexpr/sexpr_parser.rs:221:55
[INFO] [stdout] stack backtrace:
[INFO] [stdout]    0:     0x563e810c1af0 - std::backtrace_rs::backtrace::libunwind::trace::hff4d1766e93f64f1
[INFO] [stdout]                                at /rustc/53fd98ca776cb875bc9e5514f56b52eb74f9e7a9/library/std/src/../../backtrace/src/backtrace/libunwind.rs:90:5
[INFO] [stdout]    1:     0x563e810c1af0 - std::backtrace_rs::backtrace::trace_unsynchronized::h56bbc8eb78770bcb
[INFO] [stdout]                                at /rustc/53fd98ca776cb875bc9e5514f56b52eb74f9e7a9/library/std/src/../../backtrace/src/backtrace/mod.rs:66:5
[INFO] [stdout]    2:     0x563e810c1af0 - std::sys_common::backtrace::_print_fmt::h5c8e75464faca780
[INFO] [stdout]                                at /rustc/53fd98ca776cb875bc9e5514f56b52eb74f9e7a9/library/std/src/sys_common/backtrace.rs:67:5
[INFO] [stdout]    3:     0x563e810c1af0 - <std::sys_common::backtrace::_print::DisplayBacktrace as core::fmt::Display>::fmt::h48b88277def8b362
[INFO] [stdout]                                at /rustc/53fd98ca776cb875bc9e5514f56b52eb74f9e7a9/library/std/src/sys_common/backtrace.rs:46:22
[INFO] [stdout]    4:     0x563e810e5adc - core::fmt::write::h3381b3176fe2b3d3
[INFO] [stdout]                                at /rustc/53fd98ca776cb875bc9e5514f56b52eb74f9e7a9/library/core/src/fmt/mod.rs:1115:17
[INFO] [stdout]    5:     0x563e810bea55 - std::io::Write::write_fmt::h5f34a676f60246b5
[INFO] [stdout]                                at /rustc/53fd98ca776cb875bc9e5514f56b52eb74f9e7a9/library/std/src/io/mod.rs:1665:15
[INFO] [stdout]    6:     0x563e810c3c6b - std::sys_common::backtrace::_print::ha537687d6c17dd0d
[INFO] [stdout]                                at /rustc/53fd98ca776cb875bc9e5514f56b52eb74f9e7a9/library/std/src/sys_common/backtrace.rs:49:5
[INFO] [stdout]    7:     0x563e810c3c6b - std::sys_common::backtrace::print::h61376ae57d131d72
[INFO] [stdout]                                at /rustc/53fd98ca776cb875bc9e5514f56b52eb74f9e7a9/library/std/src/sys_common/backtrace.rs:36:9
[INFO] [stdout]    8:     0x563e810c3c6b - std::panicking::default_hook::{{closure}}::h0f7208c0b9644a54
[INFO] [stdout]                                at /rustc/53fd98ca776cb875bc9e5514f56b52eb74f9e7a9/library/std/src/panicking.rs:208:50
[INFO] [stdout]    9:     0x563e810c377c - std::panicking::default_hook::hdac7fc06578c14ce
[INFO] [stdout]                                at /rustc/53fd98ca776cb875bc9e5514f56b52eb74f9e7a9/library/std/src/panicking.rs:222:9
[INFO] [stdout]   10:     0x563e810c4334 - std::panicking::rust_panic_with_hook::h72b21c283da3d1ef
[INFO] [stdout]                                at /rustc/53fd98ca776cb875bc9e5514f56b52eb74f9e7a9/library/std/src/panicking.rs:622:17
[INFO] [stdout]   11:     0x563e810c3e17 - std::panicking::begin_panic_handler::{{closure}}::he5778f1729cff84a
[INFO] [stdout]                                at /rustc/53fd98ca776cb875bc9e5514f56b52eb74f9e7a9/library/std/src/panicking.rs:519:13
[INFO] [stdout]   12:     0x563e810c1fcc - std::sys_common::backtrace::__rust_end_short_backtrace::h2d11ca8b453b4b1d
[INFO] [stdout]                                at /rustc/53fd98ca776cb875bc9e5514f56b52eb74f9e7a9/library/std/src/sys_common/backtrace.rs:141:18
[INFO] [stdout]   13:     0x563e810c3d79 - rust_begin_unwind
[INFO] [stdout]                                at /rustc/53fd98ca776cb875bc9e5514f56b52eb74f9e7a9/library/std/src/panicking.rs:515:5
[INFO] [stdout]   14:     0x563e80ec78c1 - core::panicking::panic_fmt::hf9de31d4acbce4db
[INFO] [stdout]                                at /rustc/53fd98ca776cb875bc9e5514f56b52eb74f9e7a9/library/core/src/panicking.rs:92:14
[INFO] [stdout]   15:     0x563e80ec79b3 - core::result::unwrap_failed::ha0c84e81219e5878
[INFO] [stdout]                                at /rustc/53fd98ca776cb875bc9e5514f56b52eb74f9e7a9/library/core/src/result.rs:1599:5
[INFO] [stdout]   16:     0x563e80ee03e6 - core::result::Result<T,E>::unwrap::hd540c87b0b76adea
[INFO] [stdout]                                at /rustc/53fd98ca776cb875bc9e5514f56b52eb74f9e7a9/library/core/src/result.rs:1281:23
[INFO] [stdout]   17:     0x563e80ed9fc2 - sexpr::sexpr::sexpr_parser::test::test_func_with_escaped_quote_arg::h962731f4e3d9f846
[INFO] [stdout]                                at /opt/rustwide/workdir/src/sexpr/sexpr_parser.rs:221:42
[INFO] [stdout]   18:     0x563e80ed9b5a - sexpr::sexpr::sexpr_parser::test::test_func_with_escaped_quote_arg::{{closure}}::h3dc79433fc7252e4
[INFO] [stdout]                                at /opt/rustwide/workdir/src/sexpr/sexpr_parser.rs:209:5
[INFO] [stdout]   19:     0x563e80eded3e - core::ops::function::FnOnce::call_once::h062929536a191d8a
[INFO] [stdout]                                at /rustc/53fd98ca776cb875bc9e5514f56b52eb74f9e7a9/library/core/src/ops/function.rs:227:5
[INFO] [stdout]   20:     0x563e80f147a3 - core::ops::function::FnOnce::call_once::hbb52c4519d3137b0
[INFO] [stdout]                                at /rustc/53fd98ca776cb875bc9e5514f56b52eb74f9e7a9/library/core/src/ops/function.rs:227:5
[INFO] [stdout]   21:     0x563e80f147a3 - test::__rust_begin_short_backtrace::h86fe3a2a5a5121af
[INFO] [stdout]                                at /rustc/53fd98ca776cb875bc9e5514f56b52eb74f9e7a9/library/test/src/lib.rs:578:5
[INFO] [stdout]   22:     0x563e80f13258 - <alloc::boxed::Box<F,A> as core::ops::function::FnOnce<Args>>::call_once::hfd956bc3d57399be
[INFO] [stdout]                                at /rustc/53fd98ca776cb875bc9e5514f56b52eb74f9e7a9/library/alloc/src/boxed.rs:1572:9
[INFO] [stdout]   23:     0x563e80f13258 - <std::panic::AssertUnwindSafe<F> as core::ops::function::FnOnce<()>>::call_once::h40dc93e0ddb5938a
[INFO] [stdout]                                at /rustc/53fd98ca776cb875bc9e5514f56b52eb74f9e7a9/library/std/src/panic.rs:347:9
[INFO] [stdout]   24:     0x563e80f13258 - std::panicking::try::do_call::h90d07750cb47c562
[INFO] [stdout]                                at /rustc/53fd98ca776cb875bc9e5514f56b52eb74f9e7a9/library/std/src/panicking.rs:401:40
[INFO] [stdout]   25:     0x563e80f13258 - std::panicking::try::h063c84733ad2a629
[INFO] [stdout]                                at /rustc/53fd98ca776cb875bc9e5514f56b52eb74f9e7a9/library/std/src/panicking.rs:365:19
[INFO] [stdout]   26:     0x563e80f13258 - std::panic::catch_unwind::h0c464836a84e7c08
[INFO] [stdout]                                at /rustc/53fd98ca776cb875bc9e5514f56b52eb74f9e7a9/library/std/src/panic.rs:434:14
[INFO] [stdout]   27:     0x563e80f13258 - test::run_test_in_process::h5cb06ef620b157fc
[INFO] [stdout]                                at /rustc/53fd98ca776cb875bc9e5514f56b52eb74f9e7a9/library/test/src/lib.rs:601:18
[INFO] [stdout]   28:     0x563e80f13258 - test::run_test::run_test_inner::{{closure}}::h76f677f4b93f9828
[INFO] [stdout]                                at /rustc/53fd98ca776cb875bc9e5514f56b52eb74f9e7a9/library/test/src/lib.rs:493:39
[INFO] [stdout]   29:     0x563e80ee19ed - test::run_test::run_test_inner::{{closure}}::h366d01fe04f4d67a
[INFO] [stdout]                                at /rustc/53fd98ca776cb875bc9e5514f56b52eb74f9e7a9/library/test/src/lib.rs:520:37
[INFO] [stdout]   30:     0x563e80ee19ed - std::sys_common::backtrace::__rust_begin_short_backtrace::h7dfa0de4eb395af2
[INFO] [stdout]                                at /rustc/53fd98ca776cb875bc9e5514f56b52eb74f9e7a9/library/std/src/sys_common/backtrace.rs:125:18
[INFO] [stdout]   31:     0x563e80ee61b8 - std::thread::Builder::spawn_unchecked::{{closure}}::{{closure}}::hf0a74bb58798037f
[INFO] [stdout]                                at /rustc/53fd98ca776cb875bc9e5514f56b52eb74f9e7a9/library/std/src/thread/mod.rs:476:17
[INFO] [stdout]   32:     0x563e80ee61b8 - <std::panic::AssertUnwindSafe<F> as core::ops::function::FnOnce<()>>::call_once::hb024e854818586ac
[INFO] [stdout]                                at /rustc/53fd98ca776cb875bc9e5514f56b52eb74f9e7a9/library/std/src/panic.rs:347:9
[INFO] [stdout]   33:     0x563e80ee61b8 - std::panicking::try::do_call::hb2dd9f1d0d48e41d
[INFO] [stdout]                                at /rustc/53fd98ca776cb875bc9e5514f56b52eb74f9e7a9/library/std/src/panicking.rs:401:40
[INFO] [stdout]   34:     0x563e80ee61b8 - std::panicking::try::h4717ae7bac8b2bf3
[INFO] [stdout]                                at /rustc/53fd98ca776cb875bc9e5514f56b52eb74f9e7a9/library/std/src/panicking.rs:365:19
[INFO] [stdout]   35:     0x563e80ee61b8 - std::panic::catch_unwind::h0dc8a061326ce8d8
[INFO] [stdout]                                at /rustc/53fd98ca776cb875bc9e5514f56b52eb74f9e7a9/library/std/src/panic.rs:434:14
[INFO] [stdout]   36:     0x563e80ee61b8 - std::thread::Builder::spawn_unchecked::{{closure}}::haa369e2d6fd00aa1
[INFO] [stdout]                                at /rustc/53fd98ca776cb875bc9e5514f56b52eb74f9e7a9/library/std/src/thread/mod.rs:475:30
[INFO] [stdout]   37:     0x563e80ee61b8 - core::ops::function::FnOnce::call_once{{vtable.shim}}::h36dcf3de8b056f17
[INFO] [stdout]                                at /rustc/53fd98ca776cb875bc9e5514f56b52eb74f9e7a9/library/core/src/ops/function.rs:227:5
[INFO] [stdout]   38:     0x563e810c8ea7 - <alloc::boxed::Box<F,A> as core::ops::function::FnOnce<Args>>::call_once::h65c29e4642be2358
[INFO] [stdout]                                at /rustc/53fd98ca776cb875bc9e5514f56b52eb74f9e7a9/library/alloc/src/boxed.rs:1572:9
[INFO] [stdout]   39:     0x563e810c8ea7 - <alloc::boxed::Box<F,A> as core::ops::function::FnOnce<Args>>::call_once::hd0f8f7fbbd9fffbf
[INFO] [stdout]                                at /rustc/53fd98ca776cb875bc9e5514f56b52eb74f9e7a9/library/alloc/src/boxed.rs:1572:9
[INFO] [stdout]   40:     0x563e810c8ea7 - std::sys::unix::thread::Thread::new::thread_start::h2fd22fee3ca77b65
[INFO] [stdout]                                at /rustc/53fd98ca776cb875bc9e5514f56b52eb74f9e7a9/library/std/src/sys/unix/thread.rs:74:17
[INFO] [stdout]   41:     0x7ff7d1af0609 - start_thread
[INFO] [stdout]   42:     0x7ff7d18c2293 - clone
[INFO] [stdout]   43:                0x0 - <unknown>
[INFO] [stdout] 
[INFO] [stdout] 
[INFO] [stdout] failures:
[INFO] [stdout]     sexpr::sexpr_parser::test::test_complex_program
[INFO] [stdout]     sexpr::sexpr_parser::test::test_func_with_escaped_quote_arg
[INFO] [stdout] 
[INFO] [stdout] test result: FAILED. 23 passed; 2 failed; 0 ignored; 0 measured; 0 filtered out; finished in 0.12s
[INFO] [stdout] 
[INFO] running `Command { std: "docker" "inspect" "564f967c5c9d6231cea5102d227fa79c6b39de24799946f328200cba5fbd6d3b", kill_on_drop: false }`
[INFO] running `Command { std: "docker" "rm" "-f" "564f967c5c9d6231cea5102d227fa79c6b39de24799946f328200cba5fbd6d3b", kill_on_drop: false }`
[INFO] [stdout] 564f967c5c9d6231cea5102d227fa79c6b39de24799946f328200cba5fbd6d3b
