[INFO] cloning repository https://github.com/sunrise-choir/ssb-patchql
[INFO] running `Command { std: "git" "-c" "credential.helper=" "-c" "credential.helper=/workspace/cargo-home/bin/git-credential-null" "clone" "--bare" "https://github.com/sunrise-choir/ssb-patchql" "/workspace/cache/git-repos/https%3A%2F%2Fgithub.com%2Fsunrise-choir%2Fssb-patchql", kill_on_drop: false }`
[INFO] [stderr] Cloning into bare repository '/workspace/cache/git-repos/https%3A%2F%2Fgithub.com%2Fsunrise-choir%2Fssb-patchql'...
[INFO] running `Command { std: "git" "rev-parse" "HEAD", kill_on_drop: false }`
[INFO] [stdout] 2769e2ebf5d344923d8baaee8b4b0cc094e953a1
[INFO] testing sunrise-choir/ssb-patchql against 1.54.0 for beta-1.55-1
[INFO] running `Command { std: "git" "clone" "/workspace/cache/git-repos/https%3A%2F%2Fgithub.com%2Fsunrise-choir%2Fssb-patchql" "/workspace/builds/worker-0/source", kill_on_drop: false }`
[INFO] [stderr] Cloning into '/workspace/builds/worker-0/source'...
[INFO] [stderr] done.
[INFO] validating manifest of git repo https://github.com/sunrise-choir/ssb-patchql on toolchain 1.54.0
[INFO] running `Command { std: "/workspace/cargo-home/bin/cargo" "+1.54.0" "metadata" "--manifest-path" "Cargo.toml" "--no-deps", kill_on_drop: false }`
[INFO] started tweaking git repo https://github.com/sunrise-choir/ssb-patchql
[INFO] finished tweaking git repo https://github.com/sunrise-choir/ssb-patchql
[INFO] tweaked toml for git repo https://github.com/sunrise-choir/ssb-patchql written to /workspace/builds/worker-0/source/Cargo.toml
[INFO] crate git repo https://github.com/sunrise-choir/ssb-patchql already has a lockfile, it will not be regenerated
[INFO] running `Command { std: "/workspace/cargo-home/bin/cargo" "+1.54.0" "fetch" "--manifest-path" "Cargo.toml", kill_on_drop: false }`
[INFO] [stderr]     Updating git repository `https://github.com/pietgeursen/logger`
[INFO] [stderr]     Updating git repository `https://github.com/pietgeursen/jsonrpc`
[INFO] [stderr]     Blocking waiting for file lock on package cache
[INFO] [stderr]  Downloading crates ...
[INFO] [stderr]   Downloaded pretty_env_logger v0.3.1
[INFO] [stderr]   Downloaded tokio-stdin-stdout v0.1.5
[INFO] [stderr]   Downloaded rustc-demangle v0.1.17
[INFO] [stderr]   Downloaded mount v0.4.0
[INFO] [stderr]   Downloaded iron-cors v0.8.0
[INFO] [stderr]   Downloaded sequence_trie v0.3.6
[INFO] [stderr]   Downloaded juniper v0.14.2
[INFO] [stderr]   Downloaded zerocopy v0.3.0
[INFO] [stderr]   Downloaded juniper_codegen v0.14.2
[INFO] [stderr]   Downloaded backtrace v0.3.53
[INFO] [stderr]   Downloaded crypto-mac v0.9.1
[INFO] [stderr]   Downloaded staticfile v0.5.0
[INFO] [stderr]   Downloaded juniper_iron v0.6.2
[INFO] [stderr]   Downloaded salsa20 v0.5.2
[INFO] [stderr]   Downloaded iron v0.6.1
[INFO] [stderr]   Downloaded private-box v0.6.0
[INFO] [stderr]   Downloaded daggy v0.6.0
[INFO] [stderr]   Downloaded stream-cipher v0.4.1
[INFO] [stderr]   Downloaded xsalsa20poly1305 v0.4.2
[INFO] [stderr]   Downloaded syn v1.0.44
[INFO] [stderr]   Downloaded hmac v0.9.0
[INFO] [stderr]   Downloaded zerocopy-derive v0.2.0
[INFO] [stderr]   Downloaded ssb-multiformats v0.4.0
[INFO] [stderr]   Downloaded flumedb v0.1.4
[INFO] [stderr]   Downloaded bidir_iter v0.2.1
[INFO] [stderr]   Downloaded object v0.21.1
[INFO] [stderr]   Downloaded ssb-crypto v0.2.1
[INFO] [stderr]   Downloaded serde_cbor v0.10.2
[INFO] [stderr]   Downloaded buffered_offset_reader v0.6.0
[INFO] [stderr]   Downloaded ssb-causal-sort v0.1.1
[INFO] running `Command { std: "docker" "create" "-v" "/var/lib/crater-agent-workspace/builds/worker-0/target:/opt/rustwide/target:rw,Z" "-v" "/var/lib/crater-agent-workspace/builds/worker-0/source:/opt/rustwide/workdir:ro,Z" "-v" "/var/lib/crater-agent-workspace/cargo-home:/opt/rustwide/cargo-home:ro,Z" "-v" "/var/lib/crater-agent-workspace/rustup-home:/opt/rustwide/rustup-home:ro,Z" "-e" "SOURCE_DIR=/opt/rustwide/workdir" "-e" "CARGO_TARGET_DIR=/opt/rustwide/target" "-e" "CARGO_HOME=/opt/rustwide/cargo-home" "-e" "RUSTUP_HOME=/opt/rustwide/rustup-home" "-w" "/opt/rustwide/workdir" "-m" "1610612736" "--user" "0:0" "--network" "none" "ghcr.io/rust-lang/crates-build-env/linux@sha256:34b6a614d2c27851fe6cbf88fbd1137609cefab8b10d0615aaeb6fd47975d74e" "/opt/rustwide/cargo-home/bin/cargo" "+1.54.0" "metadata" "--no-deps" "--format-version=1", kill_on_drop: false }`
[INFO] [stdout] 7d378cedd547a55c19e972d33ccd1fac01f056201996f14522822d4451c3088a
[INFO] [stderr] WARNING: Your kernel does not support swap limit capabilities or the cgroup is not mounted. Memory limited without swap.
[INFO] running `Command { std: "docker" "start" "-a" "7d378cedd547a55c19e972d33ccd1fac01f056201996f14522822d4451c3088a", kill_on_drop: false }`
[INFO] running `Command { std: "docker" "inspect" "7d378cedd547a55c19e972d33ccd1fac01f056201996f14522822d4451c3088a", kill_on_drop: false }`
[INFO] running `Command { std: "docker" "rm" "-f" "7d378cedd547a55c19e972d33ccd1fac01f056201996f14522822d4451c3088a", kill_on_drop: false }`
[INFO] [stdout] 7d378cedd547a55c19e972d33ccd1fac01f056201996f14522822d4451c3088a
[INFO] running `Command { std: "docker" "create" "-v" "/var/lib/crater-agent-workspace/builds/worker-0/target:/opt/rustwide/target:rw,Z" "-v" "/var/lib/crater-agent-workspace/builds/worker-0/source:/opt/rustwide/workdir:ro,Z" "-v" "/var/lib/crater-agent-workspace/cargo-home:/opt/rustwide/cargo-home:ro,Z" "-v" "/var/lib/crater-agent-workspace/rustup-home:/opt/rustwide/rustup-home:ro,Z" "-e" "SOURCE_DIR=/opt/rustwide/workdir" "-e" "CARGO_TARGET_DIR=/opt/rustwide/target" "-e" "CARGO_INCREMENTAL=0" "-e" "RUST_BACKTRACE=full" "-e" "RUSTFLAGS=--cap-lints=warn" "-e" "CARGO_HOME=/opt/rustwide/cargo-home" "-e" "RUSTUP_HOME=/opt/rustwide/rustup-home" "-w" "/opt/rustwide/workdir" "-m" "1610612736" "--user" "0:0" "--network" "none" "ghcr.io/rust-lang/crates-build-env/linux@sha256:34b6a614d2c27851fe6cbf88fbd1137609cefab8b10d0615aaeb6fd47975d74e" "/opt/rustwide/cargo-home/bin/cargo" "+1.54.0" "build" "--frozen" "--message-format=json", kill_on_drop: false }`
[INFO] [stdout] 28e39620b329824bae1c7e0c480c7d15fe0df262ead1a426f0333647ccbc0ef2
[INFO] [stderr] WARNING: Your kernel does not support swap limit capabilities or the cgroup is not mounted. Memory limited without swap.
[INFO] running `Command { std: "docker" "start" "-a" "28e39620b329824bae1c7e0c480c7d15fe0df262ead1a426f0333647ccbc0ef2", kill_on_drop: false }`
[INFO] [stderr]    Compiling syn v1.0.44
[INFO] [stderr]    Compiling futures v0.1.30
[INFO] [stderr]    Compiling subtle v2.3.0
[INFO] [stderr]    Compiling getrandom v0.1.15
[INFO] [stderr]    Compiling ppv-lite86 v0.2.9
[INFO] [stderr]    Compiling signature v1.2.2
[INFO] [stderr]    Compiling base64 v0.12.3
[INFO] [stderr]    Compiling uuid v0.7.4
[INFO] [stderr]    Compiling half v1.6.0
[INFO] [stderr]    Compiling buffered_offset_reader v0.6.0
[INFO] [stderr]    Compiling bidir_iter v0.2.1
[INFO] [stderr]    Compiling sequence_trie v0.3.6
[INFO] [stderr]    Compiling libsqlite3-sys v0.16.0
[INFO] [stderr]    Compiling idna v0.1.5
[INFO] [stderr]    Compiling rand_os v0.1.3
[INFO] [stderr]    Compiling daggy v0.6.0
[INFO] [stderr]    Compiling log v0.3.9
[INFO] [stderr]    Compiling base64 v0.9.3
[INFO] [stderr]    Compiling base64 v0.10.1
[INFO] [stderr]    Compiling bytes v0.4.12
[INFO] [stderr]    Compiling mio v0.6.22
[INFO] [stderr]    Compiling ed25519 v1.0.3
[INFO] [stderr]    Compiling digest v0.9.0
[INFO] [stderr]    Compiling stream-cipher v0.4.1
[INFO] [stderr]    Compiling universal-hash v0.4.0
[INFO] [stderr]    Compiling aead v0.3.2
[INFO] [stderr]    Compiling crypto-mac v0.9.1
[INFO] [stderr]    Compiling rand v0.6.5
[INFO] [stderr]    Compiling mime v0.2.6
[INFO] [stderr]    Compiling chrono v0.4.19
[INFO] [stderr]    Compiling parking_lot_core v0.6.2
[INFO] [stderr]    Compiling env_logger v0.6.2
[INFO] [stderr]    Compiling r2d2 v0.8.9
[INFO] [stderr]    Compiling sha2 v0.9.1
[INFO] [stderr]    Compiling poly1305 v0.6.1
[INFO] [stderr]    Compiling hmac v0.9.0
[INFO] [stderr]    Compiling url v1.7.2
[INFO] [stderr]    Compiling parking_lot v0.9.0
[INFO] [stderr]    Compiling rand_core v0.5.1
[INFO] [stderr]    Compiling mio-uds v0.6.8
[INFO] [stderr]    Compiling rand_chacha v0.2.2
[INFO] [stderr]    Compiling rand v0.7.3
[INFO] [stderr]    Compiling pretty_env_logger v0.3.1
[INFO] [stderr]    Compiling tokio-executor v0.1.10
[INFO] [stderr]    Compiling tokio-io v0.1.13
[INFO] [stderr]    Compiling tokio-sync v0.1.8
[INFO] [stderr]    Compiling phf_generator v0.7.24
[INFO] [stderr]    Compiling hyper v0.10.16
[INFO] [stderr]    Compiling phf_codegen v0.7.24
[INFO] [stderr]    Compiling tokio-threadpool v0.1.18
[INFO] [stderr]    Compiling tokio-timer v0.2.13
[INFO] [stderr]    Compiling tokio-current-thread v0.1.7
[INFO] [stderr]    Compiling mime_guess v1.8.8
[INFO] [stderr]    Compiling tokio-codec v0.1.2
[INFO] [stderr]    Compiling tokio-stdin-stdout v0.1.5
[INFO] [stderr]    Compiling tokio-reactor v0.1.12
[INFO] [stderr]    Compiling tokio-fs v0.1.7
[INFO] [stderr]    Compiling tokio-uds v0.2.7
[INFO] [stderr]    Compiling tokio-tcp v0.1.4
[INFO] [stderr]    Compiling tokio-udp v0.1.6
[INFO] [stderr]    Compiling tokio v0.1.22
[INFO] [stderr]    Compiling iron v0.6.1
[INFO] [stderr]    Compiling persistent v0.4.0
[INFO] [stderr]    Compiling logger v0.4.0 (https://github.com/pietgeursen/logger#91cfbcdb)
[INFO] [stderr]    Compiling mount v0.4.0
[INFO] [stderr]    Compiling iron-cors v0.8.0
[INFO] [stderr]    Compiling staticfile v0.5.0
[INFO] [stderr]    Compiling synstructure v0.12.4
[INFO] [stderr]    Compiling serde_derive v1.0.117
[INFO] [stderr]    Compiling zeroize_derive v1.0.1
[INFO] [stderr]    Compiling zerocopy-derive v0.2.0
[INFO] [stderr]    Compiling diesel_derives v1.4.1
[INFO] [stderr]    Compiling failure_derive v0.1.8
[INFO] [stderr]    Compiling juniper_codegen v0.14.2
[INFO] [stderr]    Compiling zeroize v1.1.1
[INFO] [stderr]    Compiling failure v0.1.8
[INFO] [stderr]    Compiling zerocopy v0.3.0
[INFO] [stderr]    Compiling curve25519-dalek v3.0.0
[INFO] [stderr]    Compiling salsa20 v0.5.2
[INFO] [stderr]    Compiling xsalsa20poly1305 v0.4.2
[INFO] [stderr]    Compiling x25519-dalek v1.1.0
[INFO] [stderr]    Compiling ed25519-dalek v1.0.1
[INFO] [stderr]    Compiling ssb-crypto v0.2.1
[INFO] [stderr]    Compiling private-box v0.6.0
[INFO] [stderr]    Compiling serde v1.0.117
[INFO] [stderr]    Compiling diesel v1.4.5
[INFO] [stderr]    Compiling serde_json v1.0.59
[INFO] [stderr]    Compiling indexmap v1.6.0
[INFO] [stderr]    Compiling ssb-multiformats v0.4.0
[INFO] [stderr]    Compiling serde_cbor v0.10.2
[INFO] [stderr]    Compiling serde_bytes v0.11.5
[INFO] [stderr]    Compiling juniper v0.14.2
[INFO] [stderr]    Compiling bodyparser v0.8.0
[INFO] [stderr]    Compiling ssb-causal-sort v0.1.1
[INFO] [stderr]    Compiling flumedb v0.1.4
[INFO] [stderr]    Compiling jsonrpc-core v12.0.0 (https://github.com/pietgeursen/jsonrpc#380627b1)
[INFO] [stderr]    Compiling urlencoded v0.6.0
[INFO] [stderr]    Compiling jsonrpc-stdio-server v12.0.0 (https://github.com/pietgeursen/jsonrpc#380627b1)
[INFO] [stderr]    Compiling juniper_iron v0.6.2
[INFO] [stderr]    Compiling migrations_internals v1.4.1
[INFO] [stderr]    Compiling migrations_macros v1.4.2
[INFO] [stderr]    Compiling diesel_migrations v1.4.0
[INFO] [stderr]    Compiling ssb-patchql-core v0.1.4 (/opt/rustwide/workdir/core)
[INFO] [stderr]    Compiling ssb-patchql-http v0.1.0 (/opt/rustwide/workdir/http)
[INFO] [stderr]    Compiling ssb-patchql-stdio v0.1.0 (/opt/rustwide/workdir/stdio)
[INFO] [stderr]     Finished dev [unoptimized + debuginfo] target(s) in 2m 54s
[INFO] running `Command { std: "docker" "inspect" "28e39620b329824bae1c7e0c480c7d15fe0df262ead1a426f0333647ccbc0ef2", kill_on_drop: false }`
[INFO] running `Command { std: "docker" "rm" "-f" "28e39620b329824bae1c7e0c480c7d15fe0df262ead1a426f0333647ccbc0ef2", kill_on_drop: false }`
[INFO] [stdout] 28e39620b329824bae1c7e0c480c7d15fe0df262ead1a426f0333647ccbc0ef2
[INFO] running `Command { std: "docker" "create" "-v" "/var/lib/crater-agent-workspace/builds/worker-0/target:/opt/rustwide/target:rw,Z" "-v" "/var/lib/crater-agent-workspace/builds/worker-0/source:/opt/rustwide/workdir:ro,Z" "-v" "/var/lib/crater-agent-workspace/cargo-home:/opt/rustwide/cargo-home:ro,Z" "-v" "/var/lib/crater-agent-workspace/rustup-home:/opt/rustwide/rustup-home:ro,Z" "-e" "SOURCE_DIR=/opt/rustwide/workdir" "-e" "CARGO_TARGET_DIR=/opt/rustwide/target" "-e" "CARGO_INCREMENTAL=0" "-e" "RUST_BACKTRACE=full" "-e" "RUSTFLAGS=--cap-lints=warn" "-e" "CARGO_HOME=/opt/rustwide/cargo-home" "-e" "RUSTUP_HOME=/opt/rustwide/rustup-home" "-w" "/opt/rustwide/workdir" "-m" "1610612736" "--user" "0:0" "--network" "none" "ghcr.io/rust-lang/crates-build-env/linux@sha256:34b6a614d2c27851fe6cbf88fbd1137609cefab8b10d0615aaeb6fd47975d74e" "/opt/rustwide/cargo-home/bin/cargo" "+1.54.0" "test" "--frozen" "--no-run" "--message-format=json", kill_on_drop: false }`
[INFO] [stderr] WARNING: Your kernel does not support swap limit capabilities or the cgroup is not mounted. Memory limited without swap.
[INFO] [stdout] 519c486c36b35e210640eba44c88a1e8a20d72aa95d05490655980c9addf78d7
[INFO] running `Command { std: "docker" "start" "-a" "519c486c36b35e210640eba44c88a1e8a20d72aa95d05490655980c9addf78d7", kill_on_drop: false }`
[INFO] [stderr]     Blocking waiting for file lock on package cache
[INFO] [stderr]    Compiling ssb-patchql-core v0.1.4 (/opt/rustwide/workdir/core)
[INFO] [stderr]    Compiling ssb-patchql-stdio v0.1.0 (/opt/rustwide/workdir/stdio)
[INFO] [stderr]    Compiling ssb-patchql-http v0.1.0 (/opt/rustwide/workdir/http)
[INFO] [stdout] warning: unused variable: `process_response`
[INFO] [stdout]   --> core/tests/threads.rs:12:9
[INFO] [stdout]    |
[INFO] [stdout] 12 |     let process_response = patchql.query(PROCESS).unwrap();
[INFO] [stdout]    |         ^^^^^^^^^^^^^^^^ help: if this is intentional, prefix it with an underscore: `_process_response`
[INFO] [stdout]    |
[INFO] [stdout]    = note: `#[warn(unused_variables)]` on by default
[INFO] [stdout] 
[INFO] [stdout] 
[INFO] [stdout] warning: unused imports: `PostText`, `insert_post`
[INFO] [stdout]    --> core/src/db/models/posts.rs:101:46
[INFO] [stdout]     |
[INFO] [stdout] 101 |     use crate::db::models::posts::{get_text, insert_post, PostText};
[INFO] [stdout]     |                                              ^^^^^^^^^^^  ^^^^^^^^
[INFO] [stdout]     |
[INFO] [stdout]     = note: `#[warn(unused_imports)]` on by default
[INFO] [stdout] 
[INFO] [stdout] 
[INFO] [stdout] warning: unused import: `Value`
[INFO] [stdout]    --> core/src/db/models/posts.rs:106:28
[INFO] [stdout]     |
[INFO] [stdout] 106 |     use serde_json::{json, Value};
[INFO] [stdout]     |                            ^^^^^
[INFO] [stdout] 
[INFO] [stdout] 
[INFO] [stdout] warning: unused variable: `id`
[INFO] [stdout]    --> core/src/db/models/posts.rs:123:17
[INFO] [stdout]     |
[INFO] [stdout] 123 |             let id = insert_message(&connection, &msg, 1, 1, false, 1).unwrap();
[INFO] [stdout]     |                 ^^ help: if this is intentional, prefix it with an underscore: `_id`
[INFO] [stdout]     |
[INFO] [stdout]     = note: `#[warn(unused_variables)]` on by default
[INFO] [stdout] 
[INFO] [stdout] 
[INFO] [stdout] warning: function is never used: `insert_message`
[INFO] [stdout]    --> core/src/db/models/mod.rs:131:8
[INFO] [stdout]     |
[INFO] [stdout] 131 |     fn insert_message() {
[INFO] [stdout]     |        ^^^^^^^^^^^^^^
[INFO] [stdout]     |
[INFO] [stdout]     = note: `#[warn(dead_code)]` on by default
[INFO] [stdout] 
[INFO] [stdout] 
[INFO] [stdout] warning: 1 warning emitted
[INFO] [stdout] 
[INFO] [stdout] 
[INFO] [stdout] warning: 4 warnings emitted
[INFO] [stdout] 
[INFO] [stdout] 
[INFO] [stderr]     Finished test [unoptimized + debuginfo] target(s) in 16.72s
[INFO] running `Command { std: "docker" "inspect" "519c486c36b35e210640eba44c88a1e8a20d72aa95d05490655980c9addf78d7", kill_on_drop: false }`
[INFO] running `Command { std: "docker" "rm" "-f" "519c486c36b35e210640eba44c88a1e8a20d72aa95d05490655980c9addf78d7", kill_on_drop: false }`
[INFO] [stdout] 519c486c36b35e210640eba44c88a1e8a20d72aa95d05490655980c9addf78d7
[INFO] running `Command { std: "docker" "create" "-v" "/var/lib/crater-agent-workspace/builds/worker-0/target:/opt/rustwide/target:rw,Z" "-v" "/var/lib/crater-agent-workspace/builds/worker-0/source:/opt/rustwide/workdir:ro,Z" "-v" "/var/lib/crater-agent-workspace/cargo-home:/opt/rustwide/cargo-home:ro,Z" "-v" "/var/lib/crater-agent-workspace/rustup-home:/opt/rustwide/rustup-home:ro,Z" "-e" "SOURCE_DIR=/opt/rustwide/workdir" "-e" "CARGO_TARGET_DIR=/opt/rustwide/target" "-e" "CARGO_INCREMENTAL=0" "-e" "RUST_BACKTRACE=full" "-e" "RUSTFLAGS=--cap-lints=warn" "-e" "CARGO_HOME=/opt/rustwide/cargo-home" "-e" "RUSTUP_HOME=/opt/rustwide/rustup-home" "-w" "/opt/rustwide/workdir" "-m" "1610612736" "--user" "0:0" "--network" "none" "ghcr.io/rust-lang/crates-build-env/linux@sha256:34b6a614d2c27851fe6cbf88fbd1137609cefab8b10d0615aaeb6fd47975d74e" "/opt/rustwide/cargo-home/bin/cargo" "+1.54.0" "test" "--frozen", kill_on_drop: false }`
[INFO] [stdout] 910317d0c01c4ecbf465bf1bf7a48f5fd0aa5011615b821a61fcd3d2b990fc9f
[INFO] [stderr] WARNING: Your kernel does not support swap limit capabilities or the cgroup is not mounted. Memory limited without swap.
[INFO] running `Command { std: "docker" "start" "-a" "910317d0c01c4ecbf465bf1bf7a48f5fd0aa5011615b821a61fcd3d2b990fc9f", kill_on_drop: false }`
[INFO] [stdout] 
[INFO] [stderr] warning: unused imports: `PostText`, `insert_post`
[INFO] [stdout] running 6 tests
[INFO] [stderr]    --> core/src/db/models/posts.rs:101:46
[INFO] [stdout] test graphql::author::tests::blocks ... ok
[INFO] [stderr]     |
[INFO] [stdout] test graphql::db::tests::it_works ... ok
[INFO] [stderr] 101 |     use crate::db::models::posts::{get_text, insert_post, PostText};
[INFO] [stderr]     |                                              ^^^^^^^^^^^  ^^^^^^^^
[INFO] [stderr]     |
[INFO] [stderr]     = note: `#[warn(unused_imports)]` on by default
[INFO] [stderr] 
[INFO] [stderr] warning: unused import: `Value`
[INFO] [stderr]    --> core/src/db/models/posts.rs:106:28
[INFO] [stderr]     |
[INFO] [stderr] 106 |     use serde_json::{json, Value};
[INFO] [stderr]     |                            ^^^^^
[INFO] [stderr] 
[INFO] [stderr] warning: unused variable: `id`
[INFO] [stderr]    --> core/src/db/models/posts.rs:123:17
[INFO] [stderr]     |
[INFO] [stderr] 123 |             let id = insert_message(&connection, &msg, 1, 1, false, 1).unwrap();
[INFO] [stderr]     |                 ^^ help: if this is intentional, prefix it with an underscore: `_id`
[INFO] [stderr]     |
[INFO] [stderr]     = note: `#[warn(unused_variables)]` on by default
[INFO] [stderr] 
[INFO] [stderr] warning: function is never used: `insert_message`
[INFO] [stderr]    --> core/src/db/models/mod.rs:131:8
[INFO] [stderr]     |
[INFO] [stderr] 131 |     fn insert_message() {
[INFO] [stderr]     |        ^^^^^^^^^^^^^^
[INFO] [stderr]     |
[INFO] [stderr]     = note: `#[warn(dead_code)]` on by default
[INFO] [stderr] 
[INFO] [stderr] warning: 4 warnings emitted
[INFO] [stderr] 
[INFO] [stderr] warning: unused variable: `process_response`
[INFO] [stderr]   --> core/tests/threads.rs:12:9
[INFO] [stderr]    |
[INFO] [stderr] 12 |     let process_response = patchql.query(PROCESS).unwrap();
[INFO] [stderr]    |         ^^^^^^^^^^^^^^^^ help: if this is intentional, prefix it with an underscore: `_process_response`
[INFO] [stderr]    |
[INFO] [stderr]    = note: `#[warn(unused_variables)]` on by default
[INFO] [stderr] 
[INFO] [stderr] warning: 1 warning emitted
[INFO] [stderr] 
[INFO] [stderr]     Finished test [unoptimized + debuginfo] target(s) in 0.22s
[INFO] [stderr]      Running unittests (/opt/rustwide/target/debug/deps/ssb_patchql_core-9321da551a370951)
[INFO] [stdout] test db::tests::it_works ... ok
[INFO] [stdout] test db::models::tests::find_or_create_key_when_key_does_not_exist ... FAILED
[INFO] [stdout] test db::models::tests::find_or_create_key_when_key_exists ... FAILED
[INFO] [stderr] error: test failed, to rerun pass '-p ssb-patchql-core --lib'
[INFO] [stdout] test db::models::posts::tests::get_post_text ... FAILED
[INFO] [stdout] 
[INFO] [stdout] failures:
[INFO] [stdout] 
[INFO] [stdout] ---- db::models::tests::find_or_create_key_when_key_does_not_exist stdout ----
[INFO] [stdout] thread 'db::models::tests::find_or_create_key_when_key_does_not_exist' panicked at 'DATABASE_URL must be set: NotPresent', core/src/utils/mod.rs:10:54
[INFO] [stdout] stack backtrace:
[INFO] [stdout]    0:     0x560c8a016bf0 - std::backtrace_rs::backtrace::libunwind::trace::h34055254b57d8e79
[INFO] [stdout]                                at /rustc/a178d0322ce20e33eac124758e837cbd80a6f633/library/std/src/../../backtrace/src/backtrace/libunwind.rs:90:5
[INFO] [stdout]    1:     0x560c8a016bf0 - std::backtrace_rs::backtrace::trace_unsynchronized::h8f1e3fbd9afff6ec
[INFO] [stdout]                                at /rustc/a178d0322ce20e33eac124758e837cbd80a6f633/library/std/src/../../backtrace/src/backtrace/mod.rs:66:5
[INFO] [stdout]    2:     0x560c8a016bf0 - std::sys_common::backtrace::_print_fmt::h3a99a796b770c360
[INFO] [stdout]                                at /rustc/a178d0322ce20e33eac124758e837cbd80a6f633/library/std/src/sys_common/backtrace.rs:67:5
[INFO] [stdout]    3:     0x560c8a016bf0 - <std::sys_common::backtrace::_print::DisplayBacktrace as core::fmt::Display>::fmt::h32d1f94a80615d18
[INFO] [stdout]                                at /rustc/a178d0322ce20e33eac124758e837cbd80a6f633/library/std/src/sys_common/backtrace.rs:46:22
[INFO] [stdout]    4:     0x560c8a039bfc - core::fmt::write::h306731c068f7162c
[INFO] [stdout]                                at /rustc/a178d0322ce20e33eac124758e837cbd80a6f633/library/core/src/fmt/mod.rs:1110:17
[INFO] [stdout]    5:     0x560c8a013795 - std::io::Write::write_fmt::h87f19b0a2cd190bc
[INFO] [stdout]                                at /rustc/a178d0322ce20e33eac124758e837cbd80a6f633/library/std/src/io/mod.rs:1588:15
[INFO] [stdout]    6:     0x560c8a018e8b - std::sys_common::backtrace::_print::h5abaa2601a852287
[INFO] [stdout]                                at /rustc/a178d0322ce20e33eac124758e837cbd80a6f633/library/std/src/sys_common/backtrace.rs:49:5
[INFO] [stdout]    7:     0x560c8a018e8b - std::sys_common::backtrace::print::h8d81445442bb638f
[INFO] [stdout]                                at /rustc/a178d0322ce20e33eac124758e837cbd80a6f633/library/std/src/sys_common/backtrace.rs:36:9
[INFO] [stdout]    8:     0x560c8a018e8b - std::panicking::default_hook::{{closure}}::hcfe804496a9fa747
[INFO] [stdout]                                at /rustc/a178d0322ce20e33eac124758e837cbd80a6f633/library/std/src/panicking.rs:208:50
[INFO] [stdout]    9:     0x560c8a01899c - std::panicking::default_hook::hbea8e3ccf2ba8901
[INFO] [stdout]                                at /rustc/a178d0322ce20e33eac124758e837cbd80a6f633/library/std/src/panicking.rs:222:9
[INFO] [stdout]   10:     0x560c8a019554 - std::panicking::rust_panic_with_hook::h7ee9e1a2d0f8975a
[INFO] [stdout]                                at /rustc/a178d0322ce20e33eac124758e837cbd80a6f633/library/std/src/panicking.rs:622:17
[INFO] [stdout]   11:     0x560c8a019037 - std::panicking::begin_panic_handler::{{closure}}::h8ab3b4491718b2c7
[INFO] [stdout]                                at /rustc/a178d0322ce20e33eac124758e837cbd80a6f633/library/std/src/panicking.rs:519:13
[INFO] [stdout]   12:     0x560c8a0170ec - std::sys_common::backtrace::__rust_end_short_backtrace::hd489062ffa586a9f
[INFO] [stdout]                                at /rustc/a178d0322ce20e33eac124758e837cbd80a6f633/library/std/src/sys_common/backtrace.rs:141:18
[INFO] [stdout]   13:     0x560c8a018f99 - rust_begin_unwind
[INFO] [stdout]                                at /rustc/a178d0322ce20e33eac124758e837cbd80a6f633/library/std/src/panicking.rs:515:5
[INFO] [stdout]   14:     0x560c89c99d01 - core::panicking::panic_fmt::hca6330e3e14086b4
[INFO] [stdout]                                at /rustc/a178d0322ce20e33eac124758e837cbd80a6f633/library/core/src/panicking.rs:92:14
[INFO] [stdout]   15:     0x560c89c99df3 - core::result::unwrap_failed::h6160d2b4bfbb0e87
[INFO] [stdout]                                at /rustc/a178d0322ce20e33eac124758e837cbd80a6f633/library/core/src/result.rs:1355:5
[INFO] [stdout]   16:     0x560c89ceba9f - core::result::Result<T,E>::expect::hfd26a0c850928f3e
[INFO] [stdout]                                at /rustc/a178d0322ce20e33eac124758e837cbd80a6f633/library/core/src/result.rs:997:23
[INFO] [stdout]   17:     0x560c89cd43c0 - ssb_patchql_core::utils::establish_connection::h1abd131cae15be09
[INFO] [stdout]                                at /opt/rustwide/workdir/core/src/utils/mod.rs:10:24
[INFO] [stdout]   18:     0x560c89cd4aae - ssb_patchql_core::db::models::tests::find_or_create_key_when_key_does_not_exist::h005a83698dab9383
[INFO] [stdout]                                at /opt/rustwide/workdir/core/src/db/models/mod.rs:160:26
[INFO] [stdout]   19:     0x560c89cd4a8a - ssb_patchql_core::db::models::tests::find_or_create_key_when_key_does_not_exist::{{closure}}::hae6c1fe734cd948d
[INFO] [stdout]                                at /opt/rustwide/workdir/core/src/db/models/mod.rs:159:5
[INFO] [stdout]   20:     0x560c89cc86de - core::ops::function::FnOnce::call_once::h317857baba7411b2
[INFO] [stdout]                                at /rustc/a178d0322ce20e33eac124758e837cbd80a6f633/library/core/src/ops/function.rs:227:5
[INFO] [stdout]   21:     0x560c89d15363 - core::ops::function::FnOnce::call_once::h152e7e439ff59e19
[INFO] [stdout]                                at /rustc/a178d0322ce20e33eac124758e837cbd80a6f633/library/core/src/ops/function.rs:227:5
[INFO] [stdout]   22:     0x560c89d15363 - test::__rust_begin_short_backtrace::h0908f3b1fdbb72ab
[INFO] [stdout]                                at /rustc/a178d0322ce20e33eac124758e837cbd80a6f633/library/test/src/lib.rs:577:5
[INFO] [stdout]   23:     0x560c89d13e20 - <alloc::boxed::Box<F,A> as core::ops::function::FnOnce<Args>>::call_once::hf6d2a51e5587546c
[INFO] [stdout]                                at /rustc/a178d0322ce20e33eac124758e837cbd80a6f633/library/alloc/src/boxed.rs:1575:9
[INFO] [stdout]   24:     0x560c89d13e20 - <std::panic::AssertUnwindSafe<F> as core::ops::function::FnOnce<()>>::call_once::h8af660f3a89ef593
[INFO] [stdout]                                at /rustc/a178d0322ce20e33eac124758e837cbd80a6f633/library/std/src/panic.rs:347:9
[INFO] [stdout]   25:     0x560c89d13e20 - std::panicking::try::do_call::hd36aef60f84b6d36
[INFO] [stdout]                                at /rustc/a178d0322ce20e33eac124758e837cbd80a6f633/library/std/src/panicking.rs:401:40
[INFO] [stdout]   26:     0x560c89d13e20 - std::panicking::try::h9932b4480e69817c
[INFO] [stdout]                                at /rustc/a178d0322ce20e33eac124758e837cbd80a6f633/library/std/src/panicking.rs:365:19
[INFO] [stdout]   27:     0x560c89d13e20 - std::panic::catch_unwind::h6aa177099cfff5f8
[INFO] [stdout]                                at /rustc/a178d0322ce20e33eac124758e837cbd80a6f633/library/std/src/panic.rs:434:14
[INFO] [stdout]   28:     0x560c89d13e20 - test::run_test_in_process::h5884d6f2d99e20c3
[INFO] [stdout]                                at /rustc/a178d0322ce20e33eac124758e837cbd80a6f633/library/test/src/lib.rs:600:18
[INFO] [stdout]   29:     0x560c89d13e20 - test::run_test::run_test_inner::{{closure}}::h6fdc58c6d5f5b6e3
[INFO] [stdout]                                at /rustc/a178d0322ce20e33eac124758e837cbd80a6f633/library/test/src/lib.rs:492:39
[INFO] [stdout]   30:     0x560c89ced4d2 - test::run_test::run_test_inner::{{closure}}::h408365d67a78ade8
[INFO] [stdout]                                at /rustc/a178d0322ce20e33eac124758e837cbd80a6f633/library/test/src/lib.rs:519:37
[INFO] [stdout]   31:     0x560c89ced4d2 - std::sys_common::backtrace::__rust_begin_short_backtrace::hb560b77c4f701523
[INFO] [stdout]                                at /rustc/a178d0322ce20e33eac124758e837cbd80a6f633/library/std/src/sys_common/backtrace.rs:125:18
[INFO] [stdout]   32:     0x560c89cf1088 - std::thread::Builder::spawn_unchecked::{{closure}}::{{closure}}::hf2e7831dad93c597
[INFO] [stdout]                                at /rustc/a178d0322ce20e33eac124758e837cbd80a6f633/library/std/src/thread/mod.rs:481:17
[INFO] [stdout]   33:     0x560c89cf1088 - <std::panic::AssertUnwindSafe<F> as core::ops::function::FnOnce<()>>::call_once::hd2e08783d8be4d02
[INFO] [stdout]                                at /rustc/a178d0322ce20e33eac124758e837cbd80a6f633/library/std/src/panic.rs:347:9
[INFO] [stdout]   34:     0x560c89cf1088 - std::panicking::try::do_call::h062597b7acfd6b82
[INFO] [stdout]                                at /rustc/a178d0322ce20e33eac124758e837cbd80a6f633/library/std/src/panicking.rs:401:40
[INFO] [stdout]   35:     0x560c89cf1088 - std::panicking::try::h0d7b79db04c14552
[INFO] [stdout]                                at /rustc/a178d0322ce20e33eac124758e837cbd80a6f633/library/std/src/panicking.rs:365:19
[INFO] [stdout]   36:     0x560c89cf1088 - std::panic::catch_unwind::hb01a0b5e7c8cd43b
[INFO] [stdout]                                at /rustc/a178d0322ce20e33eac124758e837cbd80a6f633/library/std/src/panic.rs:434:14
[INFO] [stdout]   37:     0x560c89cf1088 - std::thread::Builder::spawn_unchecked::{{closure}}::h5bde48cc887e0d1e
[INFO] [stdout]                                at /rustc/a178d0322ce20e33eac124758e837cbd80a6f633/library/std/src/thread/mod.rs:480:30
[INFO] [stdout]   38:     0x560c89cf1088 - core::ops::function::FnOnce::call_once{{vtable.shim}}::h745ea30807a29e55
[INFO] [stdout]                                at /rustc/a178d0322ce20e33eac124758e837cbd80a6f633/library/core/src/ops/function.rs:227:5
[INFO] [stdout]   39:     0x560c8a01e697 - <alloc::boxed::Box<F,A> as core::ops::function::FnOnce<Args>>::call_once::h7ece6cfefaff1005
[INFO] [stdout]                                at /rustc/a178d0322ce20e33eac124758e837cbd80a6f633/library/alloc/src/boxed.rs:1575:9
[INFO] [stdout]   40:     0x560c8a01e697 - <alloc::boxed::Box<F,A> as core::ops::function::FnOnce<Args>>::call_once::hb8b48e55c21f193e
[INFO] [stdout]                                at /rustc/a178d0322ce20e33eac124758e837cbd80a6f633/library/alloc/src/boxed.rs:1575:9
[INFO] [stdout]   41:     0x560c8a01e697 - std::sys::unix::thread::Thread::new::thread_start::h8c7c4450dba62914
[INFO] [stdout]                                at /rustc/a178d0322ce20e33eac124758e837cbd80a6f633/library/std/src/sys/unix/thread.rs:71:17
[INFO] [stdout]   42:     0x7fd285bd0609 - start_thread
[INFO] [stdout]   43:     0x7fd2859a2293 - clone
[INFO] [stdout]   44:                0x0 - <unknown>
[INFO] [stdout] 
[INFO] [stdout] ---- db::models::tests::find_or_create_key_when_key_exists stdout ----
[INFO] [stdout] thread 'db::models::tests::find_or_create_key_when_key_exists' panicked at 'DATABASE_URL must be set: NotPresent', core/src/utils/mod.rs:10:54
[INFO] [stdout] stack backtrace:
[INFO] [stdout]    0:     0x560c8a016bf0 - std::backtrace_rs::backtrace::libunwind::trace::h34055254b57d8e79
[INFO] [stdout]                                at /rustc/a178d0322ce20e33eac124758e837cbd80a6f633/library/std/src/../../backtrace/src/backtrace/libunwind.rs:90:5
[INFO] [stdout]    1:     0x560c8a016bf0 - std::backtrace_rs::backtrace::trace_unsynchronized::h8f1e3fbd9afff6ec
[INFO] [stdout]                                at /rustc/a178d0322ce20e33eac124758e837cbd80a6f633/library/std/src/../../backtrace/src/backtrace/mod.rs:66:5
[INFO] [stdout]    2:     0x560c8a016bf0 - std::sys_common::backtrace::_print_fmt::h3a99a796b770c360
[INFO] [stdout]                                at /rustc/a178d0322ce20e33eac124758e837cbd80a6f633/library/std/src/sys_common/backtrace.rs:67:5
[INFO] [stdout]    3:     0x560c8a016bf0 - <std::sys_common::backtrace::_print::DisplayBacktrace as core::fmt::Display>::fmt::h32d1f94a80615d18
[INFO] [stdout]                                at /rustc/a178d0322ce20e33eac124758e837cbd80a6f633/library/std/src/sys_common/backtrace.rs:46:22
[INFO] [stdout]    4:     0x560c8a039bfc - core::fmt::write::h306731c068f7162c
[INFO] [stdout]                                at /rustc/a178d0322ce20e33eac124758e837cbd80a6f633/library/core/src/fmt/mod.rs:1110:17
[INFO] [stdout]    5:     0x560c8a013795 - std::io::Write::write_fmt::h87f19b0a2cd190bc
[INFO] [stdout]                                at /rustc/a178d0322ce20e33eac124758e837cbd80a6f633/library/std/src/io/mod.rs:1588:15
[INFO] [stdout]    6:     0x560c8a018e8b - std::sys_common::backtrace::_print::h5abaa2601a852287
[INFO] [stdout]                                at /rustc/a178d0322ce20e33eac124758e837cbd80a6f633/library/std/src/sys_common/backtrace.rs:49:5
[INFO] [stdout]    7:     0x560c8a018e8b - std::sys_common::backtrace::print::h8d81445442bb638f
[INFO] [stdout]                                at /rustc/a178d0322ce20e33eac124758e837cbd80a6f633/library/std/src/sys_common/backtrace.rs:36:9
[INFO] [stdout]    8:     0x560c8a018e8b - std::panicking::default_hook::{{closure}}::hcfe804496a9fa747
[INFO] [stdout]                                at /rustc/a178d0322ce20e33eac124758e837cbd80a6f633/library/std/src/panicking.rs:208:50
[INFO] [stdout]    9:     0x560c8a01899c - std::panicking::default_hook::hbea8e3ccf2ba8901
[INFO] [stdout]                                at /rustc/a178d0322ce20e33eac124758e837cbd80a6f633/library/std/src/panicking.rs:222:9
[INFO] [stdout]   10:     0x560c8a019554 - std::panicking::rust_panic_with_hook::h7ee9e1a2d0f8975a
[INFO] [stdout]                                at /rustc/a178d0322ce20e33eac124758e837cbd80a6f633/library/std/src/panicking.rs:622:17
[INFO] [stdout]   11:     0x560c8a019037 - std::panicking::begin_panic_handler::{{closure}}::h8ab3b4491718b2c7
[INFO] [stdout]                                at /rustc/a178d0322ce20e33eac124758e837cbd80a6f633/library/std/src/panicking.rs:519:13
[INFO] [stdout]   12:     0x560c8a0170ec - std::sys_common::backtrace::__rust_end_short_backtrace::hd489062ffa586a9f
[INFO] [stdout]                                at /rustc/a178d0322ce20e33eac124758e837cbd80a6f633/library/std/src/sys_common/backtrace.rs:141:18
[INFO] [stdout]   13:     0x560c8a018f99 - rust_begin_unwind
[INFO] [stdout]                                at /rustc/a178d0322ce20e33eac124758e837cbd80a6f633/library/std/src/panicking.rs:515:5
[INFO] [stdout]   14:     0x560c89c99d01 - core::panicking::panic_fmt::hca6330e3e14086b4
[INFO] [stdout]                                at /rustc/a178d0322ce20e33eac124758e837cbd80a6f633/library/core/src/panicking.rs:92:14
[INFO] [stdout]   15:     0x560c89c99df3 - core::result::unwrap_failed::h6160d2b4bfbb0e87
[INFO] [stdout]                                at /rustc/a178d0322ce20e33eac124758e837cbd80a6f633/library/core/src/result.rs:1355:5
[INFO] [stdout]   16:     0x560c89ceba9f - core::result::Result<T,E>::expect::hfd26a0c850928f3e
[INFO] [stdout]                                at /rustc/a178d0322ce20e33eac124758e837cbd80a6f633/library/core/src/result.rs:997:23
[INFO] [stdout]   17:     0x560c89cd43c0 - ssb_patchql_core::utils::establish_connection::h1abd131cae15be09
[INFO] [stdout]                                at /opt/rustwide/workdir/core/src/utils/mod.rs:10:24
[INFO] [stdout]   18:     0x560c89cd4a2c - ssb_patchql_core::db::models::tests::find_or_create_key_when_key_exists::hc1df9a7fd81a9785
[INFO] [stdout]                                at /opt/rustwide/workdir/core/src/db/models/mod.rs:153:26
[INFO] [stdout]   19:     0x560c89cd4a0a - ssb_patchql_core::db::models::tests::find_or_create_key_when_key_exists::{{closure}}::hc18fb5e9c83635bd
[INFO] [stdout]                                at /opt/rustwide/workdir/core/src/db/models/mod.rs:152:5
[INFO] [stdout]   20:     0x560c89cc875e - core::ops::function::FnOnce::call_once::h41131f2837e4bea9
[INFO] [stdout]                                at /rustc/a178d0322ce20e33eac124758e837cbd80a6f633/library/core/src/ops/function.rs:227:5
[INFO] [stdout]   21:     0x560c89d15363 - core::ops::function::FnOnce::call_once::h152e7e439ff59e19
[INFO] [stdout]                                at /rustc/a178d0322ce20e33eac124758e837cbd80a6f633/library/core/src/ops/function.rs:227:5
[INFO] [stdout]   22:     0x560c89d15363 - test::__rust_begin_short_backtrace::h0908f3b1fdbb72ab
[INFO] [stdout]                                at /rustc/a178d0322ce20e33eac124758e837cbd80a6f633/library/test/src/lib.rs:577:5
[INFO] [stdout]   23:     0x560c89d13e20 - <alloc::boxed::Box<F,A> as core::ops::function::FnOnce<Args>>::call_once::hf6d2a51e5587546c
[INFO] [stdout]                                at /rustc/a178d0322ce20e33eac124758e837cbd80a6f633/library/alloc/src/boxed.rs:1575:9
[INFO] [stdout]   24:     0x560c89d13e20 - <std::panic::AssertUnwindSafe<F> as core::ops::function::FnOnce<()>>::call_once::h8af660f3a89ef593
[INFO] [stdout]                                at /rustc/a178d0322ce20e33eac124758e837cbd80a6f633/library/std/src/panic.rs:347:9
[INFO] [stdout]   25:     0x560c89d13e20 - std::panicking::try::do_call::hd36aef60f84b6d36
[INFO] [stdout]                                at /rustc/a178d0322ce20e33eac124758e837cbd80a6f633/library/std/src/panicking.rs:401:40
[INFO] [stdout]   26:     0x560c89d13e20 - std::panicking::try::h9932b4480e69817c
[INFO] [stdout]                                at /rustc/a178d0322ce20e33eac124758e837cbd80a6f633/library/std/src/panicking.rs:365:19
[INFO] [stdout]   27:     0x560c89d13e20 - std::panic::catch_unwind::h6aa177099cfff5f8
[INFO] [stdout]                                at /rustc/a178d0322ce20e33eac124758e837cbd80a6f633/library/std/src/panic.rs:434:14
[INFO] [stdout]   28:     0x560c89d13e20 - test::run_test_in_process::h5884d6f2d99e20c3
[INFO] [stdout]                                at /rustc/a178d0322ce20e33eac124758e837cbd80a6f633/library/test/src/lib.rs:600:18
[INFO] [stdout]   29:     0x560c89d13e20 - test::run_test::run_test_inner::{{closure}}::h6fdc58c6d5f5b6e3
[INFO] [stdout]                                at /rustc/a178d0322ce20e33eac124758e837cbd80a6f633/library/test/src/lib.rs:492:39
[INFO] [stdout]   30:     0x560c89ced4d2 - test::run_test::run_test_inner::{{closure}}::h408365d67a78ade8
[INFO] [stdout]                                at /rustc/a178d0322ce20e33eac124758e837cbd80a6f633/library/test/src/lib.rs:519:37
[INFO] [stdout]   31:     0x560c89ced4d2 - std::sys_common::backtrace::__rust_begin_short_backtrace::hb560b77c4f701523
[INFO] [stdout]                                at /rustc/a178d0322ce20e33eac124758e837cbd80a6f633/library/std/src/sys_common/backtrace.rs:125:18
[INFO] [stdout]   32:     0x560c89cf1088 - std::thread::Builder::spawn_unchecked::{{closure}}::{{closure}}::hf2e7831dad93c597
[INFO] [stdout]                                at /rustc/a178d0322ce20e33eac124758e837cbd80a6f633/library/std/src/thread/mod.rs:481:17
[INFO] [stdout]   33:     0x560c89cf1088 - <std::panic::AssertUnwindSafe<F> as core::ops::function::FnOnce<()>>::call_once::hd2e08783d8be4d02
[INFO] [stdout]                                at /rustc/a178d0322ce20e33eac124758e837cbd80a6f633/library/std/src/panic.rs:347:9
[INFO] [stdout]   34:     0x560c89cf1088 - std::panicking::try::do_call::h062597b7acfd6b82
[INFO] [stdout]                                at /rustc/a178d0322ce20e33eac124758e837cbd80a6f633/library/std/src/panicking.rs:401:40
[INFO] [stdout]   35:     0x560c89cf1088 - std::panicking::try::h0d7b79db04c14552
[INFO] [stdout]                                at /rustc/a178d0322ce20e33eac124758e837cbd80a6f633/library/std/src/panicking.rs:365:19
[INFO] [stdout]   36:     0x560c89cf1088 - std::panic::catch_unwind::hb01a0b5e7c8cd43b
[INFO] [stdout]                                at /rustc/a178d0322ce20e33eac124758e837cbd80a6f633/library/std/src/panic.rs:434:14
[INFO] [stdout]   37:     0x560c89cf1088 - std::thread::Builder::spawn_unchecked::{{closure}}::h5bde48cc887e0d1e
[INFO] [stdout]                                at /rustc/a178d0322ce20e33eac124758e837cbd80a6f633/library/std/src/thread/mod.rs:480:30
[INFO] [stdout]   38:     0x560c89cf1088 - core::ops::function::FnOnce::call_once{{vtable.shim}}::h745ea30807a29e55
[INFO] [stdout]                                at /rustc/a178d0322ce20e33eac124758e837cbd80a6f633/library/core/src/ops/function.rs:227:5
[INFO] [stdout]   39:     0x560c8a01e697 - <alloc::boxed::Box<F,A> as core::ops::function::FnOnce<Args>>::call_once::h7ece6cfefaff1005
[INFO] [stdout]                                at /rustc/a178d0322ce20e33eac124758e837cbd80a6f633/library/alloc/src/boxed.rs:1575:9
[INFO] [stdout]   40:     0x560c8a01e697 - <alloc::boxed::Box<F,A> as core::ops::function::FnOnce<Args>>::call_once::hb8b48e55c21f193e
[INFO] [stdout]                                at /rustc/a178d0322ce20e33eac124758e837cbd80a6f633/library/alloc/src/boxed.rs:1575:9
[INFO] [stdout]   41:     0x560c8a01e697 - std::sys::unix::thread::Thread::new::thread_start::h8c7c4450dba62914
[INFO] [stdout]                                at /rustc/a178d0322ce20e33eac124758e837cbd80a6f633/library/std/src/sys/unix/thread.rs:71:17
[INFO] [stdout]   42:     0x7fd285bd0609 - start_thread
[INFO] [stdout]   43:     0x7fd2859a2293 - clone
[INFO] [stdout]   44:                0x0 - <unknown>
[INFO] [stdout] 
[INFO] [stdout] ---- db::models::posts::tests::get_post_text stdout ----
[INFO] [stdout] thread 'db::models::posts::tests::get_post_text' panicked at 'DATABASE_URL must be set: NotPresent', core/src/utils/mod.rs:10:54
[INFO] [stdout] stack backtrace:
[INFO] [stdout]    0:     0x560c8a016bf0 - std::backtrace_rs::backtrace::libunwind::trace::h34055254b57d8e79
[INFO] [stdout]                                at /rustc/a178d0322ce20e33eac124758e837cbd80a6f633/library/std/src/../../backtrace/src/backtrace/libunwind.rs:90:5
[INFO] [stdout]    1:     0x560c8a016bf0 - std::backtrace_rs::backtrace::trace_unsynchronized::h8f1e3fbd9afff6ec
[INFO] [stdout]                                at /rustc/a178d0322ce20e33eac124758e837cbd80a6f633/library/std/src/../../backtrace/src/backtrace/mod.rs:66:5
[INFO] [stdout]    2:     0x560c8a016bf0 - std::sys_common::backtrace::_print_fmt::h3a99a796b770c360
[INFO] [stdout]                                at /rustc/a178d0322ce20e33eac124758e837cbd80a6f633/library/std/src/sys_common/backtrace.rs:67:5
[INFO] [stdout]    3:     0x560c8a016bf0 - <std::sys_common::backtrace::_print::DisplayBacktrace as core::fmt::Display>::fmt::h32d1f94a80615d18
[INFO] [stdout]                                at /rustc/a178d0322ce20e33eac124758e837cbd80a6f633/library/std/src/sys_common/backtrace.rs:46:22
[INFO] [stdout]    4:     0x560c8a039bfc - core::fmt::write::h306731c068f7162c
[INFO] [stdout]                                at /rustc/a178d0322ce20e33eac124758e837cbd80a6f633/library/core/src/fmt/mod.rs:1110:17
[INFO] [stdout]    5:     0x560c8a013795 - std::io::Write::write_fmt::h87f19b0a2cd190bc
[INFO] [stdout]                                at /rustc/a178d0322ce20e33eac124758e837cbd80a6f633/library/std/src/io/mod.rs:1588:15
[INFO] [stdout]    6:     0x560c8a018e8b - std::sys_common::backtrace::_print::h5abaa2601a852287
[INFO] [stdout]                                at /rustc/a178d0322ce20e33eac124758e837cbd80a6f633/library/std/src/sys_common/backtrace.rs:49:5
[INFO] [stdout]    7:     0x560c8a018e8b - std::sys_common::backtrace::print::h8d81445442bb638f
[INFO] [stdout]                                at /rustc/a178d0322ce20e33eac124758e837cbd80a6f633/library/std/src/sys_common/backtrace.rs:36:9
[INFO] [stdout]    8:     0x560c8a018e8b - std::panicking::default_hook::{{closure}}::hcfe804496a9fa747
[INFO] [stdout]                                at /rustc/a178d0322ce20e33eac124758e837cbd80a6f633/library/std/src/panicking.rs:208:50
[INFO] [stdout]    9:     0x560c8a01899c - std::panicking::default_hook::hbea8e3ccf2ba8901
[INFO] [stdout]                                at /rustc/a178d0322ce20e33eac124758e837cbd80a6f633/library/std/src/panicking.rs:222:9
[INFO] [stdout]   10:     0x560c8a019554 - std::panicking::rust_panic_with_hook::h7ee9e1a2d0f8975a
[INFO] [stdout]                                at /rustc/a178d0322ce20e33eac124758e837cbd80a6f633/library/std/src/panicking.rs:622:17
[INFO] [stdout]   11:     0x560c8a019037 - std::panicking::begin_panic_handler::{{closure}}::h8ab3b4491718b2c7
[INFO] [stdout]                                at /rustc/a178d0322ce20e33eac124758e837cbd80a6f633/library/std/src/panicking.rs:519:13
[INFO] [stdout]   12:     0x560c8a0170ec - std::sys_common::backtrace::__rust_end_short_backtrace::hd489062ffa586a9f
[INFO] [stdout]                                at /rustc/a178d0322ce20e33eac124758e837cbd80a6f633/library/std/src/sys_common/backtrace.rs:141:18
[INFO] [stdout]   13:     0x560c8a018f99 - rust_begin_unwind
[INFO] [stdout]                                at /rustc/a178d0322ce20e33eac124758e837cbd80a6f633/library/std/src/panicking.rs:515:5
[INFO] [stdout]   14:     0x560c89c99d01 - core::panicking::panic_fmt::hca6330e3e14086b4
[INFO] [stdout]                                at /rustc/a178d0322ce20e33eac124758e837cbd80a6f633/library/core/src/panicking.rs:92:14
[INFO] [stdout]   15:     0x560c89c99df3 - core::result::unwrap_failed::h6160d2b4bfbb0e87
[INFO] [stdout]                                at /rustc/a178d0322ce20e33eac124758e837cbd80a6f633/library/core/src/result.rs:1355:5
[INFO] [stdout]   16:     0x560c89ceba9f - core::result::Result<T,E>::expect::hfd26a0c850928f3e
[INFO] [stdout]                                at /rustc/a178d0322ce20e33eac124758e837cbd80a6f633/library/core/src/result.rs:997:23
[INFO] [stdout]   17:     0x560c89cd43c0 - ssb_patchql_core::utils::establish_connection::h1abd131cae15be09
[INFO] [stdout]                                at /opt/rustwide/workdir/core/src/utils/mod.rs:10:24
[INFO] [stdout]   18:     0x560c89cbe2ce - ssb_patchql_core::db::models::posts::tests::get_post_text::hf7aca6971c4a9f55
[INFO] [stdout]                                at /opt/rustwide/workdir/core/src/db/models/posts.rs:110:26
[INFO] [stdout]   19:     0x560c89cbe2aa - ssb_patchql_core::db::models::posts::tests::get_post_text::{{closure}}::h4eac864ae4ce4a11
[INFO] [stdout]                                at /opt/rustwide/workdir/core/src/db/models/posts.rs:109:5
[INFO] [stdout]   20:     0x560c89cc871e - core::ops::function::FnOnce::call_once::h3daf45acefd24e5b
[INFO] [stdout]                                at /rustc/a178d0322ce20e33eac124758e837cbd80a6f633/library/core/src/ops/function.rs:227:5
[INFO] [stdout]   21:     0x560c89d15363 - core::ops::function::FnOnce::call_once::h152e7e439ff59e19
[INFO] [stdout]                                at /rustc/a178d0322ce20e33eac124758e837cbd80a6f633/library/core/src/ops/function.rs:227:5
[INFO] [stdout]   22:     0x560c89d15363 - test::__rust_begin_short_backtrace::h0908f3b1fdbb72ab
[INFO] [stdout]                                at /rustc/a178d0322ce20e33eac124758e837cbd80a6f633/library/test/src/lib.rs:577:5
[INFO] [stdout]   23:     0x560c89d13e20 - <alloc::boxed::Box<F,A> as core::ops::function::FnOnce<Args>>::call_once::hf6d2a51e5587546c
[INFO] [stdout]                                at /rustc/a178d0322ce20e33eac124758e837cbd80a6f633/library/alloc/src/boxed.rs:1575:9
[INFO] [stdout]   24:     0x560c89d13e20 - <std::panic::AssertUnwindSafe<F> as core::ops::function::FnOnce<()>>::call_once::h8af660f3a89ef593
[INFO] [stdout]                                at /rustc/a178d0322ce20e33eac124758e837cbd80a6f633/library/std/src/panic.rs:347:9
[INFO] [stdout]   25:     0x560c89d13e20 - std::panicking::try::do_call::hd36aef60f84b6d36
[INFO] [stdout]                                at /rustc/a178d0322ce20e33eac124758e837cbd80a6f633/library/std/src/panicking.rs:401:40
[INFO] [stdout]   26:     0x560c89d13e20 - std::panicking::try::h9932b4480e69817c
[INFO] [stdout]                                at /rustc/a178d0322ce20e33eac124758e837cbd80a6f633/library/std/src/panicking.rs:365:19
[INFO] [stdout]   27:     0x560c89d13e20 - std::panic::catch_unwind::h6aa177099cfff5f8
[INFO] [stdout]                                at /rustc/a178d0322ce20e33eac124758e837cbd80a6f633/library/std/src/panic.rs:434:14
[INFO] [stdout]   28:     0x560c89d13e20 - test::run_test_in_process::h5884d6f2d99e20c3
[INFO] [stdout]                                at /rustc/a178d0322ce20e33eac124758e837cbd80a6f633/library/test/src/lib.rs:600:18
[INFO] [stdout]   29:     0x560c89d13e20 - test::run_test::run_test_inner::{{closure}}::h6fdc58c6d5f5b6e3
[INFO] [stdout]                                at /rustc/a178d0322ce20e33eac124758e837cbd80a6f633/library/test/src/lib.rs:492:39
[INFO] [stdout]   30:     0x560c89ced4d2 - test::run_test::run_test_inner::{{closure}}::h408365d67a78ade8
[INFO] [stdout]                                at /rustc/a178d0322ce20e33eac124758e837cbd80a6f633/library/test/src/lib.rs:519:37
[INFO] [stdout]   31:     0x560c89ced4d2 - std::sys_common::backtrace::__rust_begin_short_backtrace::hb560b77c4f701523
[INFO] [stdout]                                at /rustc/a178d0322ce20e33eac124758e837cbd80a6f633/library/std/src/sys_common/backtrace.rs:125:18
[INFO] [stdout]   32:     0x560c89cf1088 - std::thread::Builder::spawn_unchecked::{{closure}}::{{closure}}::hf2e7831dad93c597
[INFO] [stdout]                                at /rustc/a178d0322ce20e33eac124758e837cbd80a6f633/library/std/src/thread/mod.rs:481:17
[INFO] [stdout]   33:     0x560c89cf1088 - <std::panic::AssertUnwindSafe<F> as core::ops::function::FnOnce<()>>::call_once::hd2e08783d8be4d02
[INFO] [stdout]                                at /rustc/a178d0322ce20e33eac124758e837cbd80a6f633/library/std/src/panic.rs:347:9
[INFO] [stdout]   34:     0x560c89cf1088 - std::panicking::try::do_call::h062597b7acfd6b82
[INFO] [stdout]                                at /rustc/a178d0322ce20e33eac124758e837cbd80a6f633/library/std/src/panicking.rs:401:40
[INFO] [stdout]   35:     0x560c89cf1088 - std::panicking::try::h0d7b79db04c14552
[INFO] [stdout]                                at /rustc/a178d0322ce20e33eac124758e837cbd80a6f633/library/std/src/panicking.rs:365:19
[INFO] [stdout]   36:     0x560c89cf1088 - std::panic::catch_unwind::hb01a0b5e7c8cd43b
[INFO] [stdout]                                at /rustc/a178d0322ce20e33eac124758e837cbd80a6f633/library/std/src/panic.rs:434:14
[INFO] [stdout]   37:     0x560c89cf1088 - std::thread::Builder::spawn_unchecked::{{closure}}::h5bde48cc887e0d1e
[INFO] [stdout]                                at /rustc/a178d0322ce20e33eac124758e837cbd80a6f633/library/std/src/thread/mod.rs:480:30
[INFO] [stdout]   38:     0x560c89cf1088 - core::ops::function::FnOnce::call_once{{vtable.shim}}::h745ea30807a29e55
[INFO] [stdout]                                at /rustc/a178d0322ce20e33eac124758e837cbd80a6f633/library/core/src/ops/function.rs:227:5
[INFO] [stdout]   39:     0x560c8a01e697 - <alloc::boxed::Box<F,A> as core::ops::function::FnOnce<Args>>::call_once::h7ece6cfefaff1005
[INFO] [stdout]                                at /rustc/a178d0322ce20e33eac124758e837cbd80a6f633/library/alloc/src/boxed.rs:1575:9
[INFO] [stdout]   40:     0x560c8a01e697 - <alloc::boxed::Box<F,A> as core::ops::function::FnOnce<Args>>::call_once::hb8b48e55c21f193e
[INFO] [stdout]                                at /rustc/a178d0322ce20e33eac124758e837cbd80a6f633/library/alloc/src/boxed.rs:1575:9
[INFO] [stdout]   41:     0x560c8a01e697 - std::sys::unix::thread::Thread::new::thread_start::h8c7c4450dba62914
[INFO] [stdout]                                at /rustc/a178d0322ce20e33eac124758e837cbd80a6f633/library/std/src/sys/unix/thread.rs:71:17
[INFO] [stdout]   42:     0x7fd285bd0609 - start_thread
[INFO] [stdout]   43:     0x7fd2859a2293 - clone
[INFO] [stdout]   44:                0x0 - <unknown>
[INFO] [stdout] 
[INFO] [stdout] 
[INFO] [stdout] failures:
[INFO] [stdout]     db::models::posts::tests::get_post_text
[INFO] [stdout]     db::models::tests::find_or_create_key_when_key_does_not_exist
[INFO] [stdout]     db::models::tests::find_or_create_key_when_key_exists
[INFO] [stdout] 
[INFO] [stdout] test result: FAILED. 3 passed; 3 failed; 0 ignored; 0 measured; 0 filtered out; finished in 0.14s
[INFO] [stdout] 
[INFO] running `Command { std: "docker" "inspect" "910317d0c01c4ecbf465bf1bf7a48f5fd0aa5011615b821a61fcd3d2b990fc9f", kill_on_drop: false }`
[INFO] running `Command { std: "docker" "rm" "-f" "910317d0c01c4ecbf465bf1bf7a48f5fd0aa5011615b821a61fcd3d2b990fc9f", kill_on_drop: false }`
[INFO] [stdout] 910317d0c01c4ecbf465bf1bf7a48f5fd0aa5011615b821a61fcd3d2b990fc9f
