[INFO] cloning repository https://github.com/sts10/medic
[INFO] running `Command { std: "git" "-c" "credential.helper=" "-c" "credential.helper=/workspace/cargo-home/bin/git-credential-null" "clone" "--bare" "https://github.com/sts10/medic" "/workspace/cache/git-repos/https%3A%2F%2Fgithub.com%2Fsts10%2Fmedic", kill_on_drop: false }`
[INFO] [stderr] Cloning into bare repository '/workspace/cache/git-repos/https%3A%2F%2Fgithub.com%2Fsts10%2Fmedic'...
[INFO] running `Command { std: "git" "rev-parse" "HEAD", kill_on_drop: false }`
[INFO] [stdout] 36457add15c11d6ef87708bb675f889c72173b1f
[INFO] testing sts10/medic against beta-2021-08-01 for beta-1.55-1
[INFO] running `Command { std: "git" "clone" "/workspace/cache/git-repos/https%3A%2F%2Fgithub.com%2Fsts10%2Fmedic" "/workspace/builds/worker-6/source", kill_on_drop: false }`
[INFO] [stderr] Cloning into '/workspace/builds/worker-6/source'...
[INFO] [stderr] done.
[INFO] validating manifest of git repo https://github.com/sts10/medic on toolchain beta-2021-08-01
[INFO] running `Command { std: "/workspace/cargo-home/bin/cargo" "+beta-2021-08-01" "metadata" "--manifest-path" "Cargo.toml" "--no-deps", kill_on_drop: false }`
[INFO] started tweaking git repo https://github.com/sts10/medic
[INFO] finished tweaking git repo https://github.com/sts10/medic
[INFO] tweaked toml for git repo https://github.com/sts10/medic written to /workspace/builds/worker-6/source/Cargo.toml
[INFO] crate git repo https://github.com/sts10/medic already has a lockfile, it will not be regenerated
[INFO] running `Command { std: "/workspace/cargo-home/bin/cargo" "+beta-2021-08-01" "fetch" "--manifest-path" "Cargo.toml", kill_on_drop: false }`
[INFO] [stderr]  Downloading crates ...
[INFO] [stderr]   Downloaded flate2 v1.0.8
[INFO] [stderr]   Downloaded salsa20 v0.4.1
[INFO] [stderr]   Downloaded chacha20 v0.3.4
[INFO] [stderr]   Downloaded secstr v0.4.0
[INFO] [stderr]   Downloaded derive_builder v0.9.0
[INFO] [stderr]   Downloaded fancy-regex v0.3.5
[INFO] [stderr]   Downloaded keepass v0.4.7
[INFO] [stderr]   Downloaded serde_json v1.0.36
[INFO] [stderr]   Downloaded derive_builder_core v0.9.0
[INFO] [stderr]   Downloaded syn v1.0.68
[INFO] [stderr]   Downloaded zxcvbn v2.0.1
[INFO] [stderr]   Downloaded encoding_rs v0.8.14
[INFO] [stderr]   Downloaded proc-macro-hack v0.5.7
[INFO] running `Command { std: "docker" "create" "-v" "/var/lib/crater-agent-workspace/builds/worker-6/target:/opt/rustwide/target:rw,Z" "-v" "/var/lib/crater-agent-workspace/builds/worker-6/source:/opt/rustwide/workdir:ro,Z" "-v" "/var/lib/crater-agent-workspace/cargo-home:/opt/rustwide/cargo-home:ro,Z" "-v" "/var/lib/crater-agent-workspace/rustup-home:/opt/rustwide/rustup-home:ro,Z" "-e" "SOURCE_DIR=/opt/rustwide/workdir" "-e" "CARGO_TARGET_DIR=/opt/rustwide/target" "-e" "CARGO_HOME=/opt/rustwide/cargo-home" "-e" "RUSTUP_HOME=/opt/rustwide/rustup-home" "-w" "/opt/rustwide/workdir" "-m" "1610612736" "--user" "0:0" "--network" "none" "ghcr.io/rust-lang/crates-build-env/linux@sha256:34b6a614d2c27851fe6cbf88fbd1137609cefab8b10d0615aaeb6fd47975d74e" "/opt/rustwide/cargo-home/bin/cargo" "+beta-2021-08-01" "metadata" "--no-deps" "--format-version=1", kill_on_drop: false }`
[INFO] [stdout] 4b94c27ffb0ee2bb8ae7880bacf09b63861db0d7b11523797731c6a807f82118
[INFO] [stderr] WARNING: Your kernel does not support swap limit capabilities or the cgroup is not mounted. Memory limited without swap.
[INFO] running `Command { std: "docker" "start" "-a" "4b94c27ffb0ee2bb8ae7880bacf09b63861db0d7b11523797731c6a807f82118", kill_on_drop: false }`
[INFO] running `Command { std: "docker" "inspect" "4b94c27ffb0ee2bb8ae7880bacf09b63861db0d7b11523797731c6a807f82118", kill_on_drop: false }`
[INFO] running `Command { std: "docker" "rm" "-f" "4b94c27ffb0ee2bb8ae7880bacf09b63861db0d7b11523797731c6a807f82118", kill_on_drop: false }`
[INFO] [stdout] 4b94c27ffb0ee2bb8ae7880bacf09b63861db0d7b11523797731c6a807f82118
[INFO] running `Command { std: "docker" "create" "-v" "/var/lib/crater-agent-workspace/builds/worker-6/target:/opt/rustwide/target:rw,Z" "-v" "/var/lib/crater-agent-workspace/builds/worker-6/source:/opt/rustwide/workdir:ro,Z" "-v" "/var/lib/crater-agent-workspace/cargo-home:/opt/rustwide/cargo-home:ro,Z" "-v" "/var/lib/crater-agent-workspace/rustup-home:/opt/rustwide/rustup-home:ro,Z" "-e" "SOURCE_DIR=/opt/rustwide/workdir" "-e" "CARGO_TARGET_DIR=/opt/rustwide/target" "-e" "CARGO_INCREMENTAL=0" "-e" "RUST_BACKTRACE=full" "-e" "RUSTFLAGS=--cap-lints=warn" "-e" "CARGO_HOME=/opt/rustwide/cargo-home" "-e" "RUSTUP_HOME=/opt/rustwide/rustup-home" "-w" "/opt/rustwide/workdir" "-m" "1610612736" "--user" "0:0" "--network" "none" "ghcr.io/rust-lang/crates-build-env/linux@sha256:34b6a614d2c27851fe6cbf88fbd1137609cefab8b10d0615aaeb6fd47975d74e" "/opt/rustwide/cargo-home/bin/cargo" "+beta-2021-08-01" "build" "--frozen" "--message-format=json", kill_on_drop: false }`
[INFO] [stderr] WARNING: Your kernel does not support swap limit capabilities or the cgroup is not mounted. Memory limited without swap.
[INFO] [stdout] d4c5a0ef4b17ab84ba772d763b4c55145f7d010ffb8b4d0d940204aada92bb11
[INFO] running `Command { std: "docker" "start" "-a" "d4c5a0ef4b17ab84ba772d763b4c55145f7d010ffb8b4d0d940204aada92bb11", kill_on_drop: false }`
[INFO] [stderr]    Compiling syn v1.0.68
[INFO] [stderr]    Compiling cc v1.0.28
[INFO] [stderr]    Compiling syn v0.15.34
[INFO] [stderr]    Compiling crc32fast v1.1.2
[INFO] [stderr]    Compiling bit-vec v0.6.2
[INFO] [stderr]    Compiling encoding_rs v0.8.14
[INFO] [stderr]    Compiling tokio v1.4.0
[INFO] [stderr]    Compiling indexmap v1.6.2
[INFO] [stderr]    Compiling num-traits v0.2.12
[INFO] [stderr]    Compiling num-integer v0.1.43
[INFO] [stderr]    Compiling futures-task v0.3.5
[INFO] [stderr]    Compiling regex-automata v0.1.9
[INFO] [stderr]    Compiling proc-macro2 v0.4.29
[INFO] [stderr]    Compiling http v0.2.1
[INFO] [stderr]    Compiling blake2b_simd v0.5.10
[INFO] [stderr]    Compiling itertools v0.8.2
[INFO] [stderr]    Compiling idna v0.2.0
[INFO] [stderr]    Compiling num_cpus v1.9.0
[INFO] [stderr]    Compiling socket2 v0.4.0
[INFO] [stderr]    Compiling time v0.1.42
[INFO] [stderr]    Compiling atty v0.2.11
[INFO] [stderr]    Compiling terminal_size v0.1.13
[INFO] [stderr]    Compiling termios v0.3.1
[INFO] [stderr]    Compiling secstr v0.4.0
[INFO] [stderr]    Compiling rpassword v4.0.5
[INFO] [stderr]    Compiling quote v1.0.7
[INFO] [stderr]    Compiling mio v0.7.11
[INFO] [stderr]    Compiling want v0.3.0
[INFO] [stderr]    Compiling serde_urlencoded v0.7.0
[INFO] [stderr]    Compiling serde_json v1.0.36
[INFO] [stderr]    Compiling bit-set v0.5.2
[INFO] [stderr]    Compiling bstr v0.2.13
[INFO] [stderr]    Compiling block-cipher-trait v0.6.2
[INFO] [stderr]    Compiling stream-cipher v0.3.2
[INFO] [stderr]    Compiling block-buffer v0.7.3
[INFO] [stderr]    Compiling clap v2.33.0
[INFO] [stderr]    Compiling quote v0.6.12
[INFO] [stderr]    Compiling rust-argon2 v0.8.2
[INFO] [stderr]    Compiling url v2.2.1
[INFO] [stderr]    Compiling console v0.11.3
[INFO] [stderr]    Compiling fancy-regex v0.3.5
[INFO] [stderr]    Compiling proc-macro-error-attr v1.0.4
[INFO] [stderr]    Compiling chacha20 v0.3.4
[INFO] [stderr]    Compiling salsa20 v0.4.1
[INFO] [stderr]    Compiling sha2 v0.8.0
[INFO] [stderr]    Compiling aes-soft v0.3.3
[INFO] [stderr]    Compiling block-modes v0.3.3
[INFO] [stderr]    Compiling twofish v0.2.0
[INFO] [stderr]    Compiling csv v1.1.3
[INFO] [stderr]    Compiling openssl-sys v0.9.61
[INFO] [stderr]    Compiling miniz-sys v0.1.11
[INFO] [stderr]    Compiling indicatif v0.15.0
[INFO] [stderr]    Compiling aes v0.3.2
[INFO] [stderr]    Compiling http-body v0.4.1
[INFO] [stderr]    Compiling chrono v0.4.11
[INFO] [stderr]    Compiling openssl v0.10.33
[INFO] [stderr]    Compiling native-tls v0.2.7
[INFO] [stderr]    Compiling flate2 v1.0.8
[INFO] [stderr]    Compiling proc-macro-hack v0.5.7
[INFO] [stderr]    Compiling tokio-util v0.6.5
[INFO] [stderr]    Compiling hex-literal-impl v0.2.0
[INFO] [stderr]    Compiling darling_core v0.10.2
[INFO] [stderr]    Compiling proc-macro-error v1.0.4
[INFO] [stderr]    Compiling hex-literal v0.2.0
[INFO] [stderr]    Compiling tokio-native-tls v0.3.0
[INFO] [stderr]    Compiling keepass v0.4.7
[INFO] [stderr]    Compiling pin-project-internal v0.4.23
[INFO] [stderr]    Compiling pin-project-internal v1.0.6
[INFO] [stderr]    Compiling structopt-derive v0.4.8
[INFO] [stderr]    Compiling darling_macro v0.10.2
[INFO] [stderr]    Compiling structopt v0.3.15
[INFO] [stderr]    Compiling pin-project v1.0.6
[INFO] [stderr]    Compiling pin-project v0.4.23
[INFO] [stderr]    Compiling darling v0.10.2
[INFO] [stderr]    Compiling futures-util v0.3.5
[INFO] [stderr]    Compiling derive_builder_core v0.9.0
[INFO] [stderr]    Compiling derive_builder v0.9.0
[INFO] [stderr]    Compiling h2 v0.3.2
[INFO] [stderr]    Compiling zxcvbn v2.0.1
[INFO] [stderr]    Compiling hyper v0.14.5
[INFO] [stderr]    Compiling hyper-tls v0.5.0
[INFO] [stderr]    Compiling reqwest v0.11.2
[INFO] [stderr]    Compiling medic v0.3.12 (/opt/rustwide/workdir)
[INFO] [stderr]     Finished dev [unoptimized + debuginfo] target(s) in 2m 39s
[INFO] running `Command { std: "docker" "inspect" "d4c5a0ef4b17ab84ba772d763b4c55145f7d010ffb8b4d0d940204aada92bb11", kill_on_drop: false }`
[INFO] running `Command { std: "docker" "rm" "-f" "d4c5a0ef4b17ab84ba772d763b4c55145f7d010ffb8b4d0d940204aada92bb11", kill_on_drop: false }`
[INFO] [stdout] d4c5a0ef4b17ab84ba772d763b4c55145f7d010ffb8b4d0d940204aada92bb11
[INFO] running `Command { std: "docker" "create" "-v" "/var/lib/crater-agent-workspace/builds/worker-6/target:/opt/rustwide/target:rw,Z" "-v" "/var/lib/crater-agent-workspace/builds/worker-6/source:/opt/rustwide/workdir:ro,Z" "-v" "/var/lib/crater-agent-workspace/cargo-home:/opt/rustwide/cargo-home:ro,Z" "-v" "/var/lib/crater-agent-workspace/rustup-home:/opt/rustwide/rustup-home:ro,Z" "-e" "SOURCE_DIR=/opt/rustwide/workdir" "-e" "CARGO_TARGET_DIR=/opt/rustwide/target" "-e" "CARGO_INCREMENTAL=0" "-e" "RUST_BACKTRACE=full" "-e" "RUSTFLAGS=--cap-lints=warn" "-e" "CARGO_HOME=/opt/rustwide/cargo-home" "-e" "RUSTUP_HOME=/opt/rustwide/rustup-home" "-w" "/opt/rustwide/workdir" "-m" "1610612736" "--user" "0:0" "--network" "none" "ghcr.io/rust-lang/crates-build-env/linux@sha256:34b6a614d2c27851fe6cbf88fbd1137609cefab8b10d0615aaeb6fd47975d74e" "/opt/rustwide/cargo-home/bin/cargo" "+beta-2021-08-01" "test" "--frozen" "--no-run" "--message-format=json", kill_on_drop: false }`
[INFO] [stdout] 1a82bb1e49dcdc1d90008ab2ceaa241795c694341ef352b81c23e118cae91b7a
[INFO] [stderr] WARNING: Your kernel does not support swap limit capabilities or the cgroup is not mounted. Memory limited without swap.
[INFO] running `Command { std: "docker" "start" "-a" "1a82bb1e49dcdc1d90008ab2ceaa241795c694341ef352b81c23e118cae91b7a", kill_on_drop: false }`
[INFO] [stderr]    Compiling medic v0.3.12 (/opt/rustwide/workdir)
[INFO] [stderr]     Finished test [unoptimized + debuginfo] target(s) in 9.11s
[INFO] running `Command { std: "docker" "inspect" "1a82bb1e49dcdc1d90008ab2ceaa241795c694341ef352b81c23e118cae91b7a", kill_on_drop: false }`
[INFO] running `Command { std: "docker" "rm" "-f" "1a82bb1e49dcdc1d90008ab2ceaa241795c694341ef352b81c23e118cae91b7a", kill_on_drop: false }`
[INFO] [stdout] 1a82bb1e49dcdc1d90008ab2ceaa241795c694341ef352b81c23e118cae91b7a
[INFO] running `Command { std: "docker" "create" "-v" "/var/lib/crater-agent-workspace/builds/worker-6/target:/opt/rustwide/target:rw,Z" "-v" "/var/lib/crater-agent-workspace/builds/worker-6/source:/opt/rustwide/workdir:ro,Z" "-v" "/var/lib/crater-agent-workspace/cargo-home:/opt/rustwide/cargo-home:ro,Z" "-v" "/var/lib/crater-agent-workspace/rustup-home:/opt/rustwide/rustup-home:ro,Z" "-e" "SOURCE_DIR=/opt/rustwide/workdir" "-e" "CARGO_TARGET_DIR=/opt/rustwide/target" "-e" "CARGO_INCREMENTAL=0" "-e" "RUST_BACKTRACE=full" "-e" "RUSTFLAGS=--cap-lints=warn" "-e" "CARGO_HOME=/opt/rustwide/cargo-home" "-e" "RUSTUP_HOME=/opt/rustwide/rustup-home" "-w" "/opt/rustwide/workdir" "-m" "1610612736" "--user" "0:0" "--network" "none" "ghcr.io/rust-lang/crates-build-env/linux@sha256:34b6a614d2c27851fe6cbf88fbd1137609cefab8b10d0615aaeb6fd47975d74e" "/opt/rustwide/cargo-home/bin/cargo" "+beta-2021-08-01" "test" "--frozen", kill_on_drop: false }`
[INFO] [stdout] a30d5cd371318287d66c409c3027a5b91662eee14c000f7bed3c76c20af3af5a
[INFO] [stderr] WARNING: Your kernel does not support swap limit capabilities or the cgroup is not mounted. Memory limited without swap.
[INFO] running `Command { std: "docker" "start" "-a" "a30d5cd371318287d66c409c3027a5b91662eee14c000f7bed3c76c20af3af5a", kill_on_drop: false }`
[INFO] [stderr]     Blocking waiting for file lock on package cache
[INFO] [stderr]     Finished test [unoptimized + debuginfo] target(s) in 0.23s
[INFO] [stderr]      Running unittests (/opt/rustwide/target/debug/deps/medic-3f8492eb980f0520)
[INFO] [stderr]      Running unittests (/opt/rustwide/target/debug/deps/medic-37372bb76fabd284)
[INFO] [stdout] 
[INFO] [stderr]      Running tests/integration-tests.rs (/opt/rustwide/target/debug/deps/integration_tests-cd42cc47acd36b9c)
[INFO] [stdout] running 0 tests
[INFO] [stdout] 
[INFO] [stdout] test result: ok. 0 passed; 0 failed; 0 ignored; 0 measured; 0 filtered out; finished in 0.00s
[INFO] [stdout] 
[INFO] [stdout] 
[INFO] [stdout] running 0 tests
[INFO] [stdout] 
[INFO] [stdout] test result: ok. 0 passed; 0 failed; 0 ignored; 0 measured; 0 filtered out; finished in 0.00s
[INFO] [stdout] 
[INFO] [stdout] 
[INFO] [stdout] running 8 tests
[INFO] [stdout] test integration_tests::can_check_csv_export ... FAILED
[INFO] [stdout] test integration_tests::can_check_keepass_db_against_haveibeenpwned_api_online has been running for over 60 seconds
[INFO] [stdout] test integration_tests::can_check_keepass_db_against_offline_list_of_hashes has been running for over 60 seconds
[INFO] [stdout] test integration_tests::can_check_keepass_db_that_does_not_require_a_keyfile_against_haveibeenpwned_api_online has been running for over 60 seconds
[INFO] [stdout] test integration_tests::can_check_keepass_v3_1_db_that_does_not_require_a_keyfile_against_haveibeenpwned_api_online has been running for over 60 seconds
[INFO] [stdout] test integration_tests::can_check_keepass_v3_1_db_that_requires_a_keyfile_against_haveibeenpwned_api_online has been running for over 60 seconds
[INFO] [stdout] test integration_tests::can_make_a_digest_map_from_keepass_database_and_find_duplicate_passwords has been running for over 60 seconds
[INFO] [stdout] test integration_tests::can_make_a_digest_map_from_keepass_database_that_does_not_require_a_keyfile has been running for over 60 seconds
[INFO] [stdout] test integration_tests::can_check_keepass_v3_1_db_that_does_not_require_a_keyfile_against_haveibeenpwned_api_online ... FAILED
[INFO] [stdout] test integration_tests::can_check_keepass_db_against_haveibeenpwned_api_online ... FAILED
[INFO] [stdout] test integration_tests::can_make_a_digest_map_from_keepass_database_and_find_duplicate_passwords ... ok
[INFO] [stdout] test integration_tests::can_check_keepass_db_against_offline_list_of_hashes ... FAILED
[INFO] [stdout] test integration_tests::can_check_keepass_db_that_does_not_require_a_keyfile_against_haveibeenpwned_api_online ... FAILED
[INFO] [stdout] test integration_tests::can_make_a_digest_map_from_keepass_database_that_does_not_require_a_keyfile ... ok
[ERROR] error running command: no output for 300 seconds
[INFO] running `Command { std: "docker" "inspect" "a30d5cd371318287d66c409c3027a5b91662eee14c000f7bed3c76c20af3af5a", kill_on_drop: false }`
[INFO] running `Command { std: "docker" "rm" "-f" "a30d5cd371318287d66c409c3027a5b91662eee14c000f7bed3c76c20af3af5a", kill_on_drop: false }`
[INFO] [stdout] a30d5cd371318287d66c409c3027a5b91662eee14c000f7bed3c76c20af3af5a
