[INFO] cloning repository https://github.com/strymon-system/reconstruction
[INFO] running `Command { std: "git" "-c" "credential.helper=" "-c" "credential.helper=/workspace/cargo-home/bin/git-credential-null" "clone" "--bare" "https://github.com/strymon-system/reconstruction" "/workspace/cache/git-repos/https%3A%2F%2Fgithub.com%2Fstrymon-system%2Freconstruction", kill_on_drop: false }`
[INFO] [stderr] Cloning into bare repository '/workspace/cache/git-repos/https%3A%2F%2Fgithub.com%2Fstrymon-system%2Freconstruction'...
[INFO] running `Command { std: "git" "rev-parse" "HEAD", kill_on_drop: false }`
[INFO] [stdout] cf576a7eeced99fcfebcddd1995207374a11d9b3
[INFO] testing strymon-system/reconstruction against 1.54.0 for beta-1.55-1
[INFO] running `Command { std: "git" "clone" "/workspace/cache/git-repos/https%3A%2F%2Fgithub.com%2Fstrymon-system%2Freconstruction" "/workspace/builds/worker-4/source", kill_on_drop: false }`
[INFO] [stderr] Cloning into '/workspace/builds/worker-4/source'...
[INFO] [stderr] done.
[INFO] validating manifest of git repo https://github.com/strymon-system/reconstruction on toolchain 1.54.0
[INFO] running `Command { std: "/workspace/cargo-home/bin/cargo" "+1.54.0" "metadata" "--manifest-path" "Cargo.toml" "--no-deps", kill_on_drop: false }`
[INFO] started tweaking git repo https://github.com/strymon-system/reconstruction
[INFO] finished tweaking git repo https://github.com/strymon-system/reconstruction
[INFO] tweaked toml for git repo https://github.com/strymon-system/reconstruction written to /workspace/builds/worker-4/source/Cargo.toml
[INFO] crate git repo https://github.com/strymon-system/reconstruction already has a lockfile, it will not be regenerated
[INFO] running `Command { std: "/workspace/cargo-home/bin/cargo" "+1.54.0" "fetch" "--manifest-path" "Cargo.toml", kill_on_drop: false }`
[INFO] [stderr]     Blocking waiting for file lock on package cache
[INFO] running `Command { std: "docker" "create" "-v" "/var/lib/crater-agent-workspace/builds/worker-4/target:/opt/rustwide/target:rw,Z" "-v" "/var/lib/crater-agent-workspace/builds/worker-4/source:/opt/rustwide/workdir:ro,Z" "-v" "/var/lib/crater-agent-workspace/cargo-home:/opt/rustwide/cargo-home:ro,Z" "-v" "/var/lib/crater-agent-workspace/rustup-home:/opt/rustwide/rustup-home:ro,Z" "-e" "SOURCE_DIR=/opt/rustwide/workdir" "-e" "CARGO_TARGET_DIR=/opt/rustwide/target" "-e" "CARGO_HOME=/opt/rustwide/cargo-home" "-e" "RUSTUP_HOME=/opt/rustwide/rustup-home" "-w" "/opt/rustwide/workdir" "-m" "1610612736" "--user" "0:0" "--network" "none" "ghcr.io/rust-lang/crates-build-env/linux@sha256:34b6a614d2c27851fe6cbf88fbd1137609cefab8b10d0615aaeb6fd47975d74e" "/opt/rustwide/cargo-home/bin/cargo" "+1.54.0" "metadata" "--no-deps" "--format-version=1", kill_on_drop: false }`
[INFO] [stdout] 09772cf8f4534700b333c828f00f6621ae43d058500951ce52f5976c8d807e2a
[INFO] [stderr] WARNING: Your kernel does not support swap limit capabilities or the cgroup is not mounted. Memory limited without swap.
[INFO] running `Command { std: "docker" "start" "-a" "09772cf8f4534700b333c828f00f6621ae43d058500951ce52f5976c8d807e2a", kill_on_drop: false }`
[INFO] running `Command { std: "docker" "inspect" "09772cf8f4534700b333c828f00f6621ae43d058500951ce52f5976c8d807e2a", kill_on_drop: false }`
[INFO] running `Command { std: "docker" "rm" "-f" "09772cf8f4534700b333c828f00f6621ae43d058500951ce52f5976c8d807e2a", kill_on_drop: false }`
[INFO] [stdout] 09772cf8f4534700b333c828f00f6621ae43d058500951ce52f5976c8d807e2a
[INFO] running `Command { std: "docker" "create" "-v" "/var/lib/crater-agent-workspace/builds/worker-4/target:/opt/rustwide/target:rw,Z" "-v" "/var/lib/crater-agent-workspace/builds/worker-4/source:/opt/rustwide/workdir:ro,Z" "-v" "/var/lib/crater-agent-workspace/cargo-home:/opt/rustwide/cargo-home:ro,Z" "-v" "/var/lib/crater-agent-workspace/rustup-home:/opt/rustwide/rustup-home:ro,Z" "-e" "SOURCE_DIR=/opt/rustwide/workdir" "-e" "CARGO_TARGET_DIR=/opt/rustwide/target" "-e" "CARGO_INCREMENTAL=0" "-e" "RUST_BACKTRACE=full" "-e" "RUSTFLAGS=--cap-lints=warn" "-e" "CARGO_HOME=/opt/rustwide/cargo-home" "-e" "RUSTUP_HOME=/opt/rustwide/rustup-home" "-w" "/opt/rustwide/workdir" "-m" "1610612736" "--user" "0:0" "--network" "none" "ghcr.io/rust-lang/crates-build-env/linux@sha256:34b6a614d2c27851fe6cbf88fbd1137609cefab8b10d0615aaeb6fd47975d74e" "/opt/rustwide/cargo-home/bin/cargo" "+1.54.0" "build" "--frozen" "--message-format=json", kill_on_drop: false }`
[INFO] [stdout] 4d9f2d34048143465d52d306f978872dc8be12aad3a5edd8cca494b4d64ebe23
[INFO] [stderr] WARNING: Your kernel does not support swap limit capabilities or the cgroup is not mounted. Memory limited without swap.
[INFO] running `Command { std: "docker" "start" "-a" "4d9f2d34048143465d52d306f978872dc8be12aad3a5edd8cca494b4d64ebe23", kill_on_drop: false }`
[INFO] [stderr]    Compiling libc v0.2.36
[INFO] [stderr]    Compiling abomonation v0.5.0
[INFO] [stderr]    Compiling abomonation_derive v0.3.0
[INFO] [stderr]    Compiling time v0.1.39
[INFO] [stderr]    Compiling rand v0.4.2
[INFO] [stderr]    Compiling timely_communication v0.5.0
[INFO] [stderr]    Compiling timely v0.5.0
[INFO] [stderr]    Compiling reconstruction v0.1.0 (/opt/rustwide/workdir)
[INFO] [stderr]     Finished dev [unoptimized + debuginfo] target(s) in 25.72s
[INFO] running `Command { std: "docker" "inspect" "4d9f2d34048143465d52d306f978872dc8be12aad3a5edd8cca494b4d64ebe23", kill_on_drop: false }`
[INFO] running `Command { std: "docker" "rm" "-f" "4d9f2d34048143465d52d306f978872dc8be12aad3a5edd8cca494b4d64ebe23", kill_on_drop: false }`
[INFO] [stdout] 4d9f2d34048143465d52d306f978872dc8be12aad3a5edd8cca494b4d64ebe23
[INFO] running `Command { std: "docker" "create" "-v" "/var/lib/crater-agent-workspace/builds/worker-4/target:/opt/rustwide/target:rw,Z" "-v" "/var/lib/crater-agent-workspace/builds/worker-4/source:/opt/rustwide/workdir:ro,Z" "-v" "/var/lib/crater-agent-workspace/cargo-home:/opt/rustwide/cargo-home:ro,Z" "-v" "/var/lib/crater-agent-workspace/rustup-home:/opt/rustwide/rustup-home:ro,Z" "-e" "SOURCE_DIR=/opt/rustwide/workdir" "-e" "CARGO_TARGET_DIR=/opt/rustwide/target" "-e" "CARGO_INCREMENTAL=0" "-e" "RUST_BACKTRACE=full" "-e" "RUSTFLAGS=--cap-lints=warn" "-e" "CARGO_HOME=/opt/rustwide/cargo-home" "-e" "RUSTUP_HOME=/opt/rustwide/rustup-home" "-w" "/opt/rustwide/workdir" "-m" "1610612736" "--user" "0:0" "--network" "none" "ghcr.io/rust-lang/crates-build-env/linux@sha256:34b6a614d2c27851fe6cbf88fbd1137609cefab8b10d0615aaeb6fd47975d74e" "/opt/rustwide/cargo-home/bin/cargo" "+1.54.0" "test" "--frozen" "--no-run" "--message-format=json", kill_on_drop: false }`
[INFO] [stderr] WARNING: Your kernel does not support swap limit capabilities or the cgroup is not mounted. Memory limited without swap.
[INFO] [stdout] e2df0c6dd491ea43fc0154eeb8287d465ae3e14fb74f61419df12d5d5f0d4240
[INFO] running `Command { std: "docker" "start" "-a" "e2df0c6dd491ea43fc0154eeb8287d465ae3e14fb74f61419df12d5d5f0d4240", kill_on_drop: false }`
[INFO] [stderr]    Compiling reconstruction v0.1.0 (/opt/rustwide/workdir)
[INFO] [stderr]     Finished test [unoptimized + debuginfo] target(s) in 2.44s
[INFO] running `Command { std: "docker" "inspect" "e2df0c6dd491ea43fc0154eeb8287d465ae3e14fb74f61419df12d5d5f0d4240", kill_on_drop: false }`
[INFO] running `Command { std: "docker" "rm" "-f" "e2df0c6dd491ea43fc0154eeb8287d465ae3e14fb74f61419df12d5d5f0d4240", kill_on_drop: false }`
[INFO] [stdout] e2df0c6dd491ea43fc0154eeb8287d465ae3e14fb74f61419df12d5d5f0d4240
[INFO] running `Command { std: "docker" "create" "-v" "/var/lib/crater-agent-workspace/builds/worker-4/target:/opt/rustwide/target:rw,Z" "-v" "/var/lib/crater-agent-workspace/builds/worker-4/source:/opt/rustwide/workdir:ro,Z" "-v" "/var/lib/crater-agent-workspace/cargo-home:/opt/rustwide/cargo-home:ro,Z" "-v" "/var/lib/crater-agent-workspace/rustup-home:/opt/rustwide/rustup-home:ro,Z" "-e" "SOURCE_DIR=/opt/rustwide/workdir" "-e" "CARGO_TARGET_DIR=/opt/rustwide/target" "-e" "CARGO_INCREMENTAL=0" "-e" "RUST_BACKTRACE=full" "-e" "RUSTFLAGS=--cap-lints=warn" "-e" "CARGO_HOME=/opt/rustwide/cargo-home" "-e" "RUSTUP_HOME=/opt/rustwide/rustup-home" "-w" "/opt/rustwide/workdir" "-m" "1610612736" "--user" "0:0" "--network" "none" "ghcr.io/rust-lang/crates-build-env/linux@sha256:34b6a614d2c27851fe6cbf88fbd1137609cefab8b10d0615aaeb6fd47975d74e" "/opt/rustwide/cargo-home/bin/cargo" "+1.54.0" "test" "--frozen", kill_on_drop: false }`
[INFO] [stdout] 199c47e035449af4feae2dd0d0df623eeb55d84475e99f2162fdb6459c677eba
[INFO] [stderr] WARNING: Your kernel does not support swap limit capabilities or the cgroup is not mounted. Memory limited without swap.
[INFO] running `Command { std: "docker" "start" "-a" "199c47e035449af4feae2dd0d0df623eeb55d84475e99f2162fdb6459c677eba", kill_on_drop: false }`
[INFO] [stderr]     Blocking waiting for file lock on package cache
[INFO] [stderr]     Finished test [unoptimized + debuginfo] target(s) in 0.15s
[INFO] [stdout] 
[INFO] [stderr]      Running unittests (/opt/rustwide/target/debug/deps/reconstruction-225cd70a726bace1)
[INFO] [stdout] running 4 tests
[INFO] [stdout] test tests::test_services_calls ... ok
[INFO] [stdout] test tests::test_span_id_ordering ... ok
[INFO] [stdout] test tests::test_span_id_parent ... ok
[INFO] [stdout] test tests::test_tree_shape ... ok
[INFO] [stdout] 
[INFO] [stdout] test result: ok. 4 passed; 0 failed; 0 ignored; 0 measured; 0 filtered out; finished in 0.01s
[INFO] [stdout] 
[INFO] [stderr]      Running unittests (/opt/rustwide/target/debug/deps/main-b297ac08900acb57)
[INFO] [stdout] 
[INFO] [stdout] running 0 tests
[INFO] [stdout] 
[INFO] [stdout] test result: ok. 0 passed; 0 failed; 0 ignored; 0 measured; 0 filtered out; finished in 0.00s
[INFO] [stdout] 
[INFO] [stderr]    Doc-tests reconstruction
[INFO] [stdout] 
[INFO] [stdout] running 3 tests
[INFO] [stdout] test src/operators/stats.rs - operators::stats::SumPerEpoch (line 296) ... FAILED
[INFO] [stdout] test src/operators/stats.rs - operators::stats::Histogram (line 39) ... ok
[INFO] [stdout] test src/operators/stats.rs - operators::stats::TopK (line 124) ... ok
[INFO] [stdout] 
[INFO] [stdout] failures:
[INFO] [stdout] 
[INFO] [stdout] ---- src/operators/stats.rs - operators::stats::SumPerEpoch (line 296) stdout ----
[INFO] [stdout] error[E0425]: cannot find value `stream` in this scope
[INFO] [stdout]  --> src/operators/stats.rs:297:1
[INFO] [stdout]   |
[INFO] [stdout] 3 | stream.accumulate_by_epoch(0, |sum, data| {
[INFO] [stdout]   | ^^^^^^ not found in this scope
[INFO] [stdout] 
[INFO] [stdout] error: aborting due to previous error
[INFO] [stdout] 
[INFO] [stdout] For more information about this error, try `rustc --explain E0425`.
[INFO] [stdout] Couldn't compile the test.
[INFO] [stdout] 
[INFO] [stdout] failures:
[INFO] [stdout]     src/operators/stats.rs - operators::stats::SumPerEpoch (line 296)
[INFO] [stdout] 
[INFO] [stdout] test result: FAILED. 2 passed; 1 failed; 0 ignored; 0 measured; 0 filtered out; finished in 11.83s
[INFO] [stdout] 
[INFO] [stderr] error: test failed, to rerun pass '--doc'
[INFO] running `Command { std: "docker" "inspect" "199c47e035449af4feae2dd0d0df623eeb55d84475e99f2162fdb6459c677eba", kill_on_drop: false }`
[INFO] running `Command { std: "docker" "rm" "-f" "199c47e035449af4feae2dd0d0df623eeb55d84475e99f2162fdb6459c677eba", kill_on_drop: false }`
[INFO] [stdout] 199c47e035449af4feae2dd0d0df623eeb55d84475e99f2162fdb6459c677eba
