[INFO] cloning repository https://github.com/steganogram/cli.stegano.org
[INFO] running `Command { std: "git" "-c" "credential.helper=" "-c" "credential.helper=/workspace/cargo-home/bin/git-credential-null" "clone" "--bare" "https://github.com/steganogram/cli.stegano.org" "/workspace/cache/git-repos/https%3A%2F%2Fgithub.com%2Fsteganogram%2Fcli.stegano.org", kill_on_drop: false }`
[INFO] [stderr] Cloning into bare repository '/workspace/cache/git-repos/https%3A%2F%2Fgithub.com%2Fsteganogram%2Fcli.stegano.org'...
[INFO] running `Command { std: "git" "rev-parse" "HEAD", kill_on_drop: false }`
[INFO] [stdout] 4055c65b9007c95fc987b20419ad83c8d24389b3
[INFO] testing steganogram/cli.stegano.org against beta-2021-08-01 for beta-1.55-1
[INFO] running `Command { std: "git" "clone" "/workspace/cache/git-repos/https%3A%2F%2Fgithub.com%2Fsteganogram%2Fcli.stegano.org" "/workspace/builds/worker-44/source", kill_on_drop: false }`
[INFO] [stderr] Cloning into '/workspace/builds/worker-44/source'...
[INFO] [stderr] done.
[INFO] validating manifest of git repo https://github.com/steganogram/cli.stegano.org on toolchain beta-2021-08-01
[INFO] running `Command { std: "/workspace/cargo-home/bin/cargo" "+beta-2021-08-01" "metadata" "--manifest-path" "Cargo.toml" "--no-deps", kill_on_drop: false }`
[INFO] started tweaking git repo https://github.com/steganogram/cli.stegano.org
[INFO] finished tweaking git repo https://github.com/steganogram/cli.stegano.org
[INFO] tweaked toml for git repo https://github.com/steganogram/cli.stegano.org written to /workspace/builds/worker-44/source/Cargo.toml
[INFO] crate git repo https://github.com/steganogram/cli.stegano.org already has a lockfile, it will not be regenerated
[INFO] running `Command { std: "/workspace/cargo-home/bin/cargo" "+beta-2021-08-01" "fetch" "--manifest-path" "Cargo.toml", kill_on_drop: false }`
[INFO] [stderr]     Blocking waiting for file lock on package cache
[INFO] [stderr]     Blocking waiting for file lock on package cache
[INFO] [stderr]  Downloading crates ...
[INFO] [stderr]   Downloaded half v1.7.1
[INFO] [stderr]   Downloaded plotters-backend v0.3.0
[INFO] [stderr]   Downloaded criterion v0.3.4
[INFO] [stderr]   Downloaded plotters-svg v0.3.0
[INFO] [stderr]   Downloaded deflate v0.9.1
[INFO] [stderr]   Downloaded tinytemplate v1.2.1
[INFO] [stderr]   Downloaded bitstream-io v1.1.0
[INFO] [stderr]   Downloaded speculate v0.1.2
[INFO] [stderr]   Downloaded plotters v0.3.0
[INFO] running `Command { std: "docker" "create" "-v" "/var/lib/crater-agent-workspace/builds/worker-44/target:/opt/rustwide/target:rw,Z" "-v" "/var/lib/crater-agent-workspace/builds/worker-44/source:/opt/rustwide/workdir:ro,Z" "-v" "/var/lib/crater-agent-workspace/cargo-home:/opt/rustwide/cargo-home:ro,Z" "-v" "/var/lib/crater-agent-workspace/rustup-home:/opt/rustwide/rustup-home:ro,Z" "-e" "SOURCE_DIR=/opt/rustwide/workdir" "-e" "CARGO_TARGET_DIR=/opt/rustwide/target" "-e" "CARGO_HOME=/opt/rustwide/cargo-home" "-e" "RUSTUP_HOME=/opt/rustwide/rustup-home" "-w" "/opt/rustwide/workdir" "-m" "1610612736" "--user" "0:0" "--network" "none" "ghcr.io/rust-lang/crates-build-env/linux@sha256:34b6a614d2c27851fe6cbf88fbd1137609cefab8b10d0615aaeb6fd47975d74e" "/opt/rustwide/cargo-home/bin/cargo" "+beta-2021-08-01" "metadata" "--no-deps" "--format-version=1", kill_on_drop: false }`
[INFO] [stdout] 5a1cb61a10017461fe7eea316d7974a9ac456c3f4710c094b6314cbc64512324
[INFO] running `Command { std: "docker" "start" "-a" "5a1cb61a10017461fe7eea316d7974a9ac456c3f4710c094b6314cbc64512324", kill_on_drop: false }`
[INFO] running `Command { std: "docker" "inspect" "5a1cb61a10017461fe7eea316d7974a9ac456c3f4710c094b6314cbc64512324", kill_on_drop: false }`
[INFO] running `Command { std: "docker" "rm" "-f" "5a1cb61a10017461fe7eea316d7974a9ac456c3f4710c094b6314cbc64512324", kill_on_drop: false }`
[INFO] [stdout] 5a1cb61a10017461fe7eea316d7974a9ac456c3f4710c094b6314cbc64512324
[INFO] running `Command { std: "docker" "create" "-v" "/var/lib/crater-agent-workspace/builds/worker-44/target:/opt/rustwide/target:rw,Z" "-v" "/var/lib/crater-agent-workspace/builds/worker-44/source:/opt/rustwide/workdir:ro,Z" "-v" "/var/lib/crater-agent-workspace/cargo-home:/opt/rustwide/cargo-home:ro,Z" "-v" "/var/lib/crater-agent-workspace/rustup-home:/opt/rustwide/rustup-home:ro,Z" "-e" "SOURCE_DIR=/opt/rustwide/workdir" "-e" "CARGO_TARGET_DIR=/opt/rustwide/target" "-e" "CARGO_INCREMENTAL=0" "-e" "RUST_BACKTRACE=full" "-e" "RUSTFLAGS=--cap-lints=warn" "-e" "CARGO_HOME=/opt/rustwide/cargo-home" "-e" "RUSTUP_HOME=/opt/rustwide/rustup-home" "-w" "/opt/rustwide/workdir" "-m" "1610612736" "--user" "0:0" "--network" "none" "ghcr.io/rust-lang/crates-build-env/linux@sha256:34b6a614d2c27851fe6cbf88fbd1137609cefab8b10d0615aaeb6fd47975d74e" "/opt/rustwide/cargo-home/bin/cargo" "+beta-2021-08-01" "build" "--frozen" "--message-format=json", kill_on_drop: false }`
[INFO] [stdout] 6612173adf41c178b69f04d3646f98c8844056fbe0ed3bcb70984bb3c82bfd9c
[INFO] running `Command { std: "docker" "start" "-a" "6612173adf41c178b69f04d3646f98c8844056fbe0ed3bcb70984bb3c82bfd9c", kill_on_drop: false }`
[INFO] [stderr]    Compiling autocfg v1.0.1
[INFO] [stderr]    Compiling libc v0.2.88
[INFO] [stderr]    Compiling cfg-if v1.0.0
[INFO] [stderr]    Compiling rayon-core v1.9.0
[INFO] [stderr]    Compiling proc-macro2 v1.0.24
[INFO] [stderr]    Compiling adler32 v1.2.0
[INFO] [stderr]    Compiling scopeguard v1.1.0
[INFO] [stderr]    Compiling unicode-xid v0.2.1
[INFO] [stderr]    Compiling crc32fast v1.2.1
[INFO] [stderr]    Compiling cc v1.0.67
[INFO] [stderr]    Compiling pkg-config v0.3.19
[INFO] [stderr]    Compiling bitflags v1.2.1
[INFO] [stderr]    Compiling syn v1.0.64
[INFO] [stderr]    Compiling byteorder v1.4.3
[INFO] [stderr]    Compiling either v1.6.1
[INFO] [stderr]    Compiling weezl v0.1.4
[INFO] [stderr]    Compiling adler v1.0.2
[INFO] [stderr]    Compiling cfg-if v0.1.10
[INFO] [stderr]    Compiling color_quant v1.1.0
[INFO] [stderr]    Compiling unicode-width v0.1.8
[INFO] [stderr]    Compiling bytemuck v1.5.1
[INFO] [stderr]    Compiling scoped_threadpool v0.1.9
[INFO] [stderr]    Compiling hound v3.4.0
[INFO] [stderr]    Compiling vec_map v0.8.2
[INFO] [stderr]    Compiling ansi_term v0.11.0
[INFO] [stderr]    Compiling strsim v0.8.0
[INFO] [stderr]    Compiling bitstream-io v1.1.0
[INFO] [stderr]    Compiling miniz_oxide v0.3.7
[INFO] [stderr]    Compiling deflate v0.9.1
[INFO] [stderr]    Compiling textwrap v0.11.0
[INFO] [stderr]    Compiling deflate v0.8.6
[INFO] [stderr]    Compiling gif v0.11.1
[INFO] [stderr]    Compiling crossbeam-utils v0.8.3
[INFO] [stderr]    Compiling memoffset v0.6.1
[INFO] [stderr]    Compiling num-traits v0.2.14
[INFO] [stderr]    Compiling num-integer v0.1.44
[INFO] [stderr]    Compiling rayon v1.5.0
[INFO] [stderr]    Compiling miniz_oxide v0.4.4
[INFO] [stderr]    Compiling num-rational v0.3.2
[INFO] [stderr]    Compiling num-iter v0.1.42
[INFO] [stderr]    Compiling png v0.16.8
[INFO] [stderr]    Compiling bzip2-sys v0.1.11+1.0.8
[INFO] [stderr]    Compiling quote v1.0.9
[INFO] [stderr]    Compiling num_cpus v1.13.0
[INFO] [stderr]    Compiling time v0.1.43
[INFO] [stderr]    Compiling flate2 v1.0.14
[INFO] [stderr]    Compiling atty v0.2.14
[INFO] [stderr]    Compiling clap v2.33.3
[INFO] [stderr]    Compiling bzip2 v0.4.3
[INFO] [stderr]    Compiling crossbeam-epoch v0.9.3
[INFO] [stderr]    Compiling crossbeam-channel v0.5.0
[INFO] [stderr]    Compiling crossbeam-deque v0.8.0
[INFO] [stderr]    Compiling jpeg-decoder v0.1.22
[INFO] [stderr]    Compiling thiserror-impl v1.0.26
[INFO] [stderr]    Compiling tiff v0.6.1
[INFO] [stderr]    Compiling image v0.23.14
[INFO] [stderr]    Compiling thiserror v1.0.26
[INFO] [stderr]    Compiling zip v0.5.13
[INFO] [stderr]    Compiling stegano-core v0.4.9 (/opt/rustwide/workdir/stegano-core)
[INFO] [stderr]    Compiling stegano-cli v0.4.9 (/opt/rustwide/workdir/stegano-cli)
[INFO] [stderr]     Finished dev [unoptimized + debuginfo] target(s) in 33.27s
[INFO] running `Command { std: "docker" "inspect" "6612173adf41c178b69f04d3646f98c8844056fbe0ed3bcb70984bb3c82bfd9c", kill_on_drop: false }`
[INFO] running `Command { std: "docker" "rm" "-f" "6612173adf41c178b69f04d3646f98c8844056fbe0ed3bcb70984bb3c82bfd9c", kill_on_drop: false }`
[INFO] [stdout] 6612173adf41c178b69f04d3646f98c8844056fbe0ed3bcb70984bb3c82bfd9c
[INFO] running `Command { std: "docker" "create" "-v" "/var/lib/crater-agent-workspace/builds/worker-44/target:/opt/rustwide/target:rw,Z" "-v" "/var/lib/crater-agent-workspace/builds/worker-44/source:/opt/rustwide/workdir:ro,Z" "-v" "/var/lib/crater-agent-workspace/cargo-home:/opt/rustwide/cargo-home:ro,Z" "-v" "/var/lib/crater-agent-workspace/rustup-home:/opt/rustwide/rustup-home:ro,Z" "-e" "SOURCE_DIR=/opt/rustwide/workdir" "-e" "CARGO_TARGET_DIR=/opt/rustwide/target" "-e" "CARGO_INCREMENTAL=0" "-e" "RUST_BACKTRACE=full" "-e" "RUSTFLAGS=--cap-lints=warn" "-e" "CARGO_HOME=/opt/rustwide/cargo-home" "-e" "RUSTUP_HOME=/opt/rustwide/rustup-home" "-w" "/opt/rustwide/workdir" "-m" "1610612736" "--user" "0:0" "--network" "none" "ghcr.io/rust-lang/crates-build-env/linux@sha256:34b6a614d2c27851fe6cbf88fbd1137609cefab8b10d0615aaeb6fd47975d74e" "/opt/rustwide/cargo-home/bin/cargo" "+beta-2021-08-01" "test" "--frozen" "--no-run" "--message-format=json", kill_on_drop: false }`
[INFO] [stdout] 2646a942d1cdbfb8173b606ed9ede71a86e0a03a70cf69d858402042cdbd7c09
[INFO] running `Command { std: "docker" "start" "-a" "2646a942d1cdbfb8173b606ed9ede71a86e0a03a70cf69d858402042cdbd7c09", kill_on_drop: false }`
[INFO] [stderr]     Blocking waiting for file lock on package cache
[INFO] [stderr]    Compiling serde v1.0.124
[INFO] [stderr]    Compiling semver-parser v0.7.0
[INFO] [stderr]    Compiling getrandom v0.2.2
[INFO] [stderr]    Compiling memchr v2.3.4
[INFO] [stderr]    Compiling ryu v1.0.5
[INFO] [stderr]    Compiling proc-macro2 v0.4.30
[INFO] [stderr]    Compiling itoa v0.4.7
[INFO] [stderr]    Compiling serde_json v1.0.64
[INFO] [stderr]    Compiling serde_derive v1.0.124
[INFO] [stderr]    Compiling ppv-lite86 v0.2.10
[INFO] [stderr]    Compiling plotters-backend v0.3.0
[INFO] [stderr]    Compiling half v1.7.1
[INFO] [stderr]    Compiling regex-syntax v0.6.23
[INFO] [stderr]    Compiling same-file v1.0.6
[INFO] [stderr]    Compiling remove_dir_all v0.5.3
[INFO] [stderr]    Compiling oorandom v11.1.3
[INFO] [stderr]    Compiling regex-automata v0.1.9
[INFO] [stderr]    Compiling itertools v0.9.0
[INFO] [stderr]    Compiling itertools v0.10.0
[INFO] [stderr]    Compiling stegano-cli v0.4.9 (/opt/rustwide/workdir/stegano-cli)
[INFO] [stderr]    Compiling walkdir v2.3.1
[INFO] [stderr]    Compiling semver v0.9.0
[INFO] [stderr]    Compiling plotters-svg v0.3.0
[INFO] [stderr]    Compiling rustc_version v0.2.3
[INFO] [stderr]    Compiling rand_core v0.6.2
[INFO] [stderr]    Compiling plotters v0.3.0
[INFO] [stderr]    Compiling regex v1.4.5
[INFO] [stderr]    Compiling csv-core v0.1.10
[INFO] [stderr]    Compiling rand_chacha v0.3.0
[INFO] [stderr]    Compiling cast v0.2.3
[INFO] [stderr]    Compiling quote v0.6.13
[INFO] [stderr]    Compiling rand v0.8.3
[INFO] [stderr]    Compiling syn v0.14.9
[INFO] [stderr]    Compiling criterion-plot v0.4.3
[INFO] [stderr]    Compiling tempfile v3.2.0
[INFO] [stderr]    Compiling bstr v0.2.15
[INFO] [stderr]    Compiling serde_cbor v0.11.1
[INFO] [stderr]    Compiling csv v1.1.6
[INFO] [stderr]    Compiling tinytemplate v1.2.1
[INFO] [stderr]    Compiling speculate v0.1.2
[INFO] [stderr]    Compiling criterion v0.3.4
[INFO] [stderr]    Compiling stegano-core v0.4.9 (/opt/rustwide/workdir/stegano-core)
[INFO] [stderr]     Finished test [unoptimized + debuginfo] target(s) in 20.59s
[INFO] running `Command { std: "docker" "inspect" "2646a942d1cdbfb8173b606ed9ede71a86e0a03a70cf69d858402042cdbd7c09", kill_on_drop: false }`
[INFO] running `Command { std: "docker" "rm" "-f" "2646a942d1cdbfb8173b606ed9ede71a86e0a03a70cf69d858402042cdbd7c09", kill_on_drop: false }`
[INFO] [stdout] 2646a942d1cdbfb8173b606ed9ede71a86e0a03a70cf69d858402042cdbd7c09
[INFO] running `Command { std: "docker" "create" "-v" "/var/lib/crater-agent-workspace/builds/worker-44/target:/opt/rustwide/target:rw,Z" "-v" "/var/lib/crater-agent-workspace/builds/worker-44/source:/opt/rustwide/workdir:ro,Z" "-v" "/var/lib/crater-agent-workspace/cargo-home:/opt/rustwide/cargo-home:ro,Z" "-v" "/var/lib/crater-agent-workspace/rustup-home:/opt/rustwide/rustup-home:ro,Z" "-e" "SOURCE_DIR=/opt/rustwide/workdir" "-e" "CARGO_TARGET_DIR=/opt/rustwide/target" "-e" "CARGO_INCREMENTAL=0" "-e" "RUST_BACKTRACE=full" "-e" "RUSTFLAGS=--cap-lints=warn" "-e" "CARGO_HOME=/opt/rustwide/cargo-home" "-e" "RUSTUP_HOME=/opt/rustwide/rustup-home" "-w" "/opt/rustwide/workdir" "-m" "1610612736" "--user" "0:0" "--network" "none" "ghcr.io/rust-lang/crates-build-env/linux@sha256:34b6a614d2c27851fe6cbf88fbd1137609cefab8b10d0615aaeb6fd47975d74e" "/opt/rustwide/cargo-home/bin/cargo" "+beta-2021-08-01" "test" "--frozen", kill_on_drop: false }`
[INFO] [stdout] ee8f7d444de26ff164e2f818798765a6ff0ddb62e8ccc0b172d95713b26d187b
[INFO] running `Command { std: "docker" "start" "-a" "ee8f7d444de26ff164e2f818798765a6ff0ddb62e8ccc0b172d95713b26d187b", kill_on_drop: false }`
[INFO] [stderr]     Blocking waiting for file lock on package cache
[INFO] [stderr]     Blocking waiting for file lock on package cache
[INFO] [stderr]     Finished test [unoptimized + debuginfo] target(s) in 4.05s
[INFO] [stderr]      Running unittests (/opt/rustwide/target/debug/deps/stegano-0a582594495a43cb)
[INFO] [stdout] 
[INFO] [stdout] running 0 tests
[INFO] [stdout] 
[INFO] [stdout] test result: ok. 0 passed; 0 failed; 0 ignored; 0 measured; 0 filtered out; finished in 0.00s
[INFO] [stdout] 
[INFO] [stderr]      Running unittests (/opt/rustwide/target/debug/deps/stegano_core-9c7669c674f89458)
[INFO] [stdout] 
[INFO] [stdout] running 27 tests
[INFO] [stdout] test e2e_tests::carrier_item_mut_should_allow_to_mutate_colors ... ok
[INFO] [stdout] test e2e_tests::should_accept_a_png_as_target_file ... ok
[INFO] [stdout] test e2e_tests::should_panic_for_invalid_media_file ... ok
[INFO] [stdout] test e2e_tests::should_panic_for_invalid_carrier_image_file ... ok
[INFO] [stdout] test message::message_tests::should_instantiate_from_read_trait_from_message_buffer ... ok
[INFO] [stdout] test raw_message::raw_message_tests::should_instantiate_from_read_trait_from_message_buffer ... ok
[INFO] [stdout] test message::message_tests::should_convert_into_vec_of_bytes ... ok
[INFO] [stdout] test e2e_tests::should_panic_on_invalid_data_file - should panic ... ok
[INFO] [stdout] test e2e_tests::should_panic_on_invalid_data_file_among_valid - should panic ... ok
[INFO] [stdout] test message::message_tests::should_instantiate_from_read_trait ... ok
[INFO] [stdout] test message::message_tests::should_create_zip_that_is_windows_compatible ... ok
[INFO] [stdout] test message::message_tests::should_convert_from_vec_of_bytes ... ok
[INFO] [stdout] test media::image::decoder::decoder_tests::it_should_iterate_over_all_colors_of_an_image ... ok
[INFO] [stdout] test e2e_tests::should_raw_unveil_a_message ... ok
[INFO] [stdout] test e2e_tests::should_ensure_content_v2_compatibility_with_2_files_reading ... ok
[INFO] [stdout] test e2e_tests::should_ensure_content_v2_compatibility ... ok
[INFO] [stdout] test media::image::decoder::decoder_tests::it_should_yield_none_after_last_pixel_last_color ... ok
[INFO] [stdout] test media::image::encoder::decoder_tests::it_should_be_possible_to_mutate_colors ... ok
[INFO] [stdout] test media::image::iterators::tests::transpose_mut ... ok
[INFO] [stdout] test media::image::iterators::tests::iter_color ... ok
[INFO] [stdout] test e2e_tests::should_hide_and_unveil_a_binary_file ... ok
[INFO] [stdout] test e2e_tests::should_hide_and_unveil_one_text_file ... ok
[INFO] [stdout] test media::image::encoder::decoder_tests::it_should_iterate_columns_first_and_only_3_color_channels ... ok
[INFO] [stdout] test e2e_tests::should_hide_and_unveil_a_zip_file ... ok
[INFO] [stdout] test e2e_tests::should_ensure_content_v2_compatibility_with_2_files_writing ... ok
[INFO] [stdout] test e2e_tests::should_hide_and_unveil_one_text_file_in_wav ... ok
[INFO] [stdout] test media::audio::lsb_codec::tests::it_should_encode_and_decode_in_chunks_by_using_read_to_end ... ok
[INFO] [stdout] 
[INFO] [stdout] test result: ok. 27 passed; 0 failed; 0 ignored; 0 measured; 0 filtered out; finished in 7.07s
[INFO] [stdout] 
[INFO] [stderr]      Running tests/bit_iterator_spec.rs (/opt/rustwide/target/debug/deps/bit_iterator_spec-bd16be71ea61d435)
[INFO] [stdout] 
[INFO] [stdout] running 3 tests
[INFO] [stdout] test speculate_0::BitIterator_next::test_should_behave_as_the_BitReader ... ok
[INFO] [stdout] test speculate_0::BitIterator_next::test_should_return_8_bits_of_e_in_LittleEndian_byte_order_after_skip_8 ... ok
[INFO] [stdout] test speculate_0::BitIterator_next::test_should_return_the_8_bits_of_H_in_LittleEndian_byte_order ... ok
[INFO] [stdout] 
[INFO] [stdout] test result: ok. 3 passed; 0 failed; 0 ignored; 0 measured; 0 filtered out; finished in 0.00s
[INFO] [stdout] 
[INFO] [stderr]    Doc-tests stegano-core
[INFO] [stdout] 
[INFO] [stdout] running 10 tests
[INFO] [stdout] test src/media/audio/lsb_codec.rs - media::audio::lsb_codec::LsbCodec::encoder (line 51) ... FAILED
[INFO] [stdout] test src/lib.rs - (line 24) ... FAILED
[INFO] [stdout] test src/media/audio/lsb_codec.rs - media::audio::lsb_codec::LsbCodec::decoder (line 26) ... ok
[INFO] [stdout] test src/media/audio/wav_iter.rs - media::audio::wav_iter::AudioWavIterMut (line 55) ... ok
[INFO] [stdout] test src/media/audio/wav_iter.rs - media::audio::wav_iter::AudioWavIter (line 7) ... ok
[INFO] [stdout] test src/media/image/decoder.rs - media::image::decoder::ImagePngSource (line 7) ... ok
[INFO] [stdout] test src/media/image/lsb_codec.rs - media::image::lsb_codec::LsbCodec::decoder (line 15) ... ok
[INFO] [stdout] test src/media/image/lsb_codec.rs - media::image::lsb_codec::LsbCodec::encoder (line 38) ... ok
[INFO] [stdout] test src/lib.rs - (line 12) ... FAILED
[INFO] [stdout] test src/media/image/encoder.rs - media::image::encoder::ImagePngMut (line 9) ... ok
[INFO] [stdout] 
[INFO] [stdout] failures:
[INFO] [stdout] 
[INFO] [stdout] ---- src/media/audio/lsb_codec.rs - media::audio::lsb_codec::LsbCodec::encoder (line 51) stdout ----
[INFO] [stdout] error: linking with `cc` failed: exit status: 1
[INFO] [stdout]   |
[INFO] [stdout]   = note: "cc" "-m64" "/tmp/rustdoctest69fOJo/rust_out.rust_out.1376475e-cgu.0.rcgu.o" "/tmp/rustdoctest69fOJo/rust_out.3oi7hjnjienb8flc.rcgu.o" "-Wl,--as-needed" "-L" "/opt/rustwide/target/debug/deps" "-L" "/opt/rustwide/target/debug/deps" "-L" "/opt/rustwide/target/debug/build/bzip2-sys-87f55ce68fc9ab44/out/lib" "-L" "/opt/rustwide/rustup-home/toolchains/beta-2021-08-01-x86_64-unknown-linux-gnu/lib/rustlib/x86_64-unknown-linux-gnu/lib" "-Wl,-Bstatic" "/opt/rustwide/target/debug/deps/libtempfile-9b4dc2e39266f854.rlib" "/opt/rustwide/target/debug/deps/librand-c8d5ef8636b2e890.rlib" "/opt/rustwide/target/debug/deps/librand_chacha-392a2610641df232.rlib" "/opt/rustwide/target/debug/deps/libppv_lite86-8619f3436cd33015.rlib" "/opt/rustwide/target/debug/deps/librand_core-8976941e7fff99a5.rlib" "/opt/rustwide/target/debug/deps/libgetrandom-c37daf5101092496.rlib" "/opt/rustwide/target/debug/deps/libremove_dir_all-4bf4e102b5c3be79.rlib" "/opt/rustwide/target/debug/deps/libstegano_core-07bd2bc5b27e6816.rlib" "/opt/rustwide/target/debug/deps/libzip-693cc35270949abc.rlib" "/opt/rustwide/target/debug/deps/libtime-92afb70e99a42f0d.rlib" "/opt/rustwide/target/debug/deps/libbzip2-231a5a0c674e0679.rlib" "/opt/rustwide/target/debug/deps/libbzip2_sys-dbe58a8bcfe5098b.rlib" "/opt/rustwide/target/debug/deps/libflate2-12352b495a3c468d.rlib" "/opt/rustwide/target/debug/deps/libcfg_if-ffb7f11ad1437080.rlib" "/opt/rustwide/target/debug/deps/libthiserror-f166affe9e2ea748.rlib" "/opt/rustwide/target/debug/deps/libbitstream_io-1af9b16adb7b9154.rlib" "/opt/rustwide/target/debug/deps/libimage-d0ba8246850e93ec.rlib" "/opt/rustwide/target/debug/deps/libbytemuck-345bb6a1f9587f54.rlib" "/opt/rustwide/target/debug/deps/libpng-4408d90740b039d4.rlib" "/opt/rustwide/target/debug/deps/libminiz_oxide-8e0358dc8c471770.rlib" "/opt/rustwide/target/debug/deps/libcrc32fast-00d36f27f9923da1.rlib" "/opt/rustwide/target/debug/deps/libdeflate-a8291029133bcb6f.rlib" "/opt/rustwide/target/debug/deps/libadler32-ae9ad600a9b2e446.rlib" "/opt/rustwide/target/debug/deps/libbitflags-e09638bf9aca31b4.rlib" "/opt/rustwide/target/debug/deps/libnum_iter-f751b40816cabaac.rlib" "/opt/rustwide/target/debug/deps/libscoped_threadpool-4c8c7e21127df339.rlib" "/opt/rustwide/target/debug/deps/libnum_rational-f4ffccee31dd849d.rlib" "/opt/rustwide/target/debug/deps/libnum_integer-45a83f1a341abc63.rlib" "/opt/rustwide/target/debug/deps/libgif-b586bc21c22f3915.rlib" "/opt/rustwide/target/debug/deps/libcolor_quant-22c6d0fe4a52d605.rlib" "/opt/rustwide/target/debug/deps/libnum_traits-a7dd8f4b743ea2a4.rlib" "/opt/rustwide/target/debug/deps/libtiff-4a24824192e5050d.rlib" "/opt/rustwide/target/debug/deps/libweezl-773542b7c935b264.rlib" "/opt/rustwide/target/debug/deps/libminiz_oxide-c68c5f57fc86bee6.rlib" "/opt/rustwide/target/debug/deps/libadler-7d22ef6d37ef0175.rlib" "/opt/rustwide/target/debug/deps/libjpeg_decoder-b45ba43a1eb20e54.rlib" "/opt/rustwide/target/debug/deps/librayon-e8c46f44fd5e7dc4.rlib" "/opt/rustwide/target/debug/deps/librayon_core-d02e8e72561d9733.rlib" "/opt/rustwide/target/debug/deps/libnum_cpus-f16847a2c7ac51f0.rlib" "/opt/rustwide/target/debug/deps/liblibc-b5404fe301e7fc71.rlib" "/opt/rustwide/target/debug/deps/libcrossbeam_deque-565c62124481b02c.rlib" "/opt/rustwide/target/debug/deps/libcrossbeam_epoch-2b217a922a9aed30.rlib" "/opt/rustwide/target/debug/deps/libmemoffset-bee5b2a9e34682d5.rlib" "/opt/rustwide/target/debug/deps/libscopeguard-77ffbe2fe379a2bf.rlib" "/opt/rustwide/target/debug/deps/libcrossbeam_channel-39ba501b183e9655.rlib" "/opt/rustwide/target/debug/deps/libcrossbeam_utils-f4f140ddcab794b6.rlib" "/opt/rustwide/target/debug/deps/liblazy_static-e92083d5a39a8b50.rlib" "/opt/rustwide/target/debug/deps/libcfg_if-0d27f345b2a6a3cd.rlib" "/opt/rustwide/target/debug/deps/libeither-867d2789c96c5e02.rlib" "/opt/rustwide/target/debug/deps/libhound-99fbb52800157034.rlib" "/opt/rustwide/target/debug/deps/libbyteorder-f30fa083324a1476.rlib" "-Wl,--start-group" "/opt/rustwide/rustup-home/toolchains/beta-2021-08-01-x86_64-unknown-linux-gnu/lib/rustlib/x86_64-unknown-linux-gnu/lib/libstd-197d933f09d9a590.rlib" "/opt/rustwide/rustup-home/toolchains/beta-2021-08-01-x86_64-unknown-linux-gnu/lib/rustlib/x86_64-unknown-linux-gnu/lib/libpanic_unwind-46a006cddfd334f0.rlib" "/opt/rustwide/rustup-home/toolchains/beta-2021-08-01-x86_64-unknown-linux-gnu/lib/rustlib/x86_64-unknown-linux-gnu/lib/libminiz_oxide-5b9870310e470b38.rlib" "/opt/rustwide/rustup-home/toolchains/beta-2021-08-01-x86_64-unknown-linux-gnu/lib/rustlib/x86_64-unknown-linux-gnu/lib/libadler-260022ba8f1ab4ee.rlib" "/opt/rustwide/rustup-home/toolchains/beta-2021-08-01-x86_64-unknown-linux-gnu/lib/rustlib/x86_64-unknown-linux-gnu/lib/libobject-71377435a799394f.rlib" "/opt/rustwide/rustup-home/toolchains/beta-2021-08-01-x86_64-unknown-linux-gnu/lib/rustlib/x86_64-unknown-linux-gnu/lib/libaddr2line-658ee5924fde57cd.rlib" "/opt/rustwide/rustup-home/toolchains/beta-2021-08-01-x86_64-unknown-linux-gnu/lib/rustlib/x86_64-unknown-linux-gnu/lib/libgimli-9e8627da6bd1b94a.rlib" "/opt/rustwide/rustup-home/toolchains/beta-2021-08-01-x86_64-unknown-linux-gnu/lib/rustlib/x86_64-unknown-linux-gnu/lib/libstd_detect-19fdaac49f59be84.rlib" "/opt/rustwide/rustup-home/toolchains/beta-2021-08-01-x86_64-unknown-linux-gnu/lib/rustlib/x86_64-unknown-linux-gnu/lib/librustc_demangle-cb00e2691ea45905.rlib" "/opt/rustwide/rustup-home/toolchains/beta-2021-08-01-x86_64-unknown-linux-gnu/lib/rustlib/x86_64-unknown-linux-gnu/lib/libhashbrown-50f6726defae5ae1.rlib" "/opt/rustwide/rustup-home/toolchains/beta-2021-08-01-x86_64-unknown-linux-gnu/lib/rustlib/x86_64-unknown-linux-gnu/lib/librustc_std_workspace_alloc-2afc16311deea26e.rlib" "/opt/rustwide/rustup-home/toolchains/beta-2021-08-01-x86_64-unknown-linux-gnu/lib/rustlib/x86_64-unknown-linux-gnu/lib/libunwind-bb5cb0fe086ee8cf.rlib" "/opt/rustwide/rustup-home/toolchains/beta-2021-08-01-x86_64-unknown-linux-gnu/lib/rustlib/x86_64-unknown-linux-gnu/lib/libcfg_if-896053247b5dfd0b.rlib" "/opt/rustwide/rustup-home/toolchains/beta-2021-08-01-x86_64-unknown-linux-gnu/lib/rustlib/x86_64-unknown-linux-gnu/lib/liblibc-735e1f2ac3cf23be.rlib" "/opt/rustwide/rustup-home/toolchains/beta-2021-08-01-x86_64-unknown-linux-gnu/lib/rustlib/x86_64-unknown-linux-gnu/lib/liballoc-9dfb6622644c732c.rlib" "/opt/rustwide/rustup-home/toolchains/beta-2021-08-01-x86_64-unknown-linux-gnu/lib/rustlib/x86_64-unknown-linux-gnu/lib/librustc_std_workspace_core-beea7d9617fe25c5.rlib" "/opt/rustwide/rustup-home/toolchains/beta-2021-08-01-x86_64-unknown-linux-gnu/lib/rustlib/x86_64-unknown-linux-gnu/lib/libcore-8ef7dd43fc671f88.rlib" "-Wl,--end-group" "/opt/rustwide/rustup-home/toolchains/beta-2021-08-01-x86_64-unknown-linux-gnu/lib/rustlib/x86_64-unknown-linux-gnu/lib/libcompiler_builtins-a9a3b2ad67977f47.rlib" "-Wl,-Bdynamic" "-lgcc_s" "-lutil" "-lrt" "-lpthread" "-lm" "-ldl" "-lc" "-Wl,--eh-frame-hdr" "-Wl,-znoexecstack" "-L" "/opt/rustwide/rustup-home/toolchains/beta-2021-08-01-x86_64-unknown-linux-gnu/lib/rustlib/x86_64-unknown-linux-gnu/lib" "-o" "/tmp/rustdoctest69fOJo/rust_out" "-Wl,--gc-sections" "-pie" "-Wl,-zrelro" "-Wl,-znow" "-nodefaultlibs"
[INFO] [stdout]   = note: collect2: fatal error: ld terminated with signal 9 [Killed]
[INFO] [stdout]           compilation terminated.
[INFO] [stdout]           
[INFO] [stdout] 
[INFO] [stdout] error: aborting due to previous error
[INFO] [stdout] 
[INFO] [stdout] Couldn't compile the test.
[INFO] [stdout] ---- src/lib.rs - (line 24) stdout ----
[INFO] [stdout] error: linking with `cc` failed: exit status: 1
[INFO] [stdout]   |
[INFO] [stdout]   = note: "cc" "-m64" "/tmp/rustdoctestc5GuMm/rust_out.rust_out.1376475e-cgu.0.rcgu.o" "/tmp/rustdoctestc5GuMm/rust_out.3oi7hjnjienb8flc.rcgu.o" "-Wl,--as-needed" "-L" "/opt/rustwide/target/debug/deps" "-L" "/opt/rustwide/target/debug/deps" "-L" "/opt/rustwide/target/debug/build/bzip2-sys-87f55ce68fc9ab44/out/lib" "-L" "/opt/rustwide/rustup-home/toolchains/beta-2021-08-01-x86_64-unknown-linux-gnu/lib/rustlib/x86_64-unknown-linux-gnu/lib" "-Wl,-Bstatic" "/opt/rustwide/target/debug/deps/libstegano_core-07bd2bc5b27e6816.rlib" "/opt/rustwide/target/debug/deps/libzip-693cc35270949abc.rlib" "/opt/rustwide/target/debug/deps/libtime-92afb70e99a42f0d.rlib" "/opt/rustwide/target/debug/deps/libbzip2-231a5a0c674e0679.rlib" "/opt/rustwide/target/debug/deps/libbzip2_sys-dbe58a8bcfe5098b.rlib" "/opt/rustwide/target/debug/deps/libflate2-12352b495a3c468d.rlib" "/opt/rustwide/target/debug/deps/libcfg_if-ffb7f11ad1437080.rlib" "/opt/rustwide/target/debug/deps/libthiserror-f166affe9e2ea748.rlib" "/opt/rustwide/target/debug/deps/libbitstream_io-1af9b16adb7b9154.rlib" "/opt/rustwide/target/debug/deps/libimage-d0ba8246850e93ec.rlib" "/opt/rustwide/target/debug/deps/libbytemuck-345bb6a1f9587f54.rlib" "/opt/rustwide/target/debug/deps/libpng-4408d90740b039d4.rlib" "/opt/rustwide/target/debug/deps/libminiz_oxide-8e0358dc8c471770.rlib" "/opt/rustwide/target/debug/deps/libcrc32fast-00d36f27f9923da1.rlib" "/opt/rustwide/target/debug/deps/libdeflate-a8291029133bcb6f.rlib" "/opt/rustwide/target/debug/deps/libadler32-ae9ad600a9b2e446.rlib" "/opt/rustwide/target/debug/deps/libbitflags-e09638bf9aca31b4.rlib" "/opt/rustwide/target/debug/deps/libnum_iter-f751b40816cabaac.rlib" "/opt/rustwide/target/debug/deps/libscoped_threadpool-4c8c7e21127df339.rlib" "/opt/rustwide/target/debug/deps/libnum_rational-f4ffccee31dd849d.rlib" "/opt/rustwide/target/debug/deps/libnum_integer-45a83f1a341abc63.rlib" "/opt/rustwide/target/debug/deps/libgif-b586bc21c22f3915.rlib" "/opt/rustwide/target/debug/deps/libcolor_quant-22c6d0fe4a52d605.rlib" "/opt/rustwide/target/debug/deps/libnum_traits-a7dd8f4b743ea2a4.rlib" "/opt/rustwide/target/debug/deps/libtiff-4a24824192e5050d.rlib" "/opt/rustwide/target/debug/deps/libweezl-773542b7c935b264.rlib" "/opt/rustwide/target/debug/deps/libminiz_oxide-c68c5f57fc86bee6.rlib" "/opt/rustwide/target/debug/deps/libadler-7d22ef6d37ef0175.rlib" "/opt/rustwide/target/debug/deps/libjpeg_decoder-b45ba43a1eb20e54.rlib" "/opt/rustwide/target/debug/deps/librayon-e8c46f44fd5e7dc4.rlib" "/opt/rustwide/target/debug/deps/librayon_core-d02e8e72561d9733.rlib" "/opt/rustwide/target/debug/deps/libnum_cpus-f16847a2c7ac51f0.rlib" "/opt/rustwide/target/debug/deps/liblibc-b5404fe301e7fc71.rlib" "/opt/rustwide/target/debug/deps/libcrossbeam_deque-565c62124481b02c.rlib" "/opt/rustwide/target/debug/deps/libcrossbeam_epoch-2b217a922a9aed30.rlib" "/opt/rustwide/target/debug/deps/libmemoffset-bee5b2a9e34682d5.rlib" "/opt/rustwide/target/debug/deps/libscopeguard-77ffbe2fe379a2bf.rlib" "/opt/rustwide/target/debug/deps/libcrossbeam_channel-39ba501b183e9655.rlib" "/opt/rustwide/target/debug/deps/libcrossbeam_utils-f4f140ddcab794b6.rlib" "/opt/rustwide/target/debug/deps/liblazy_static-e92083d5a39a8b50.rlib" "/opt/rustwide/target/debug/deps/libcfg_if-0d27f345b2a6a3cd.rlib" "/opt/rustwide/target/debug/deps/libeither-867d2789c96c5e02.rlib" "/opt/rustwide/target/debug/deps/libhound-99fbb52800157034.rlib" "/opt/rustwide/target/debug/deps/libbyteorder-f30fa083324a1476.rlib" "-Wl,--start-group" "/opt/rustwide/rustup-home/toolchains/beta-2021-08-01-x86_64-unknown-linux-gnu/lib/rustlib/x86_64-unknown-linux-gnu/lib/libstd-197d933f09d9a590.rlib" "/opt/rustwide/rustup-home/toolchains/beta-2021-08-01-x86_64-unknown-linux-gnu/lib/rustlib/x86_64-unknown-linux-gnu/lib/libpanic_unwind-46a006cddfd334f0.rlib" "/opt/rustwide/rustup-home/toolchains/beta-2021-08-01-x86_64-unknown-linux-gnu/lib/rustlib/x86_64-unknown-linux-gnu/lib/libminiz_oxide-5b9870310e470b38.rlib" "/opt/rustwide/rustup-home/toolchains/beta-2021-08-01-x86_64-unknown-linux-gnu/lib/rustlib/x86_64-unknown-linux-gnu/lib/libadler-260022ba8f1ab4ee.rlib" "/opt/rustwide/rustup-home/toolchains/beta-2021-08-01-x86_64-unknown-linux-gnu/lib/rustlib/x86_64-unknown-linux-gnu/lib/libobject-71377435a799394f.rlib" "/opt/rustwide/rustup-home/toolchains/beta-2021-08-01-x86_64-unknown-linux-gnu/lib/rustlib/x86_64-unknown-linux-gnu/lib/libaddr2line-658ee5924fde57cd.rlib" "/opt/rustwide/rustup-home/toolchains/beta-2021-08-01-x86_64-unknown-linux-gnu/lib/rustlib/x86_64-unknown-linux-gnu/lib/libgimli-9e8627da6bd1b94a.rlib" "/opt/rustwide/rustup-home/toolchains/beta-2021-08-01-x86_64-unknown-linux-gnu/lib/rustlib/x86_64-unknown-linux-gnu/lib/libstd_detect-19fdaac49f59be84.rlib" "/opt/rustwide/rustup-home/toolchains/beta-2021-08-01-x86_64-unknown-linux-gnu/lib/rustlib/x86_64-unknown-linux-gnu/lib/librustc_demangle-cb00e2691ea45905.rlib" "/opt/rustwide/rustup-home/toolchains/beta-2021-08-01-x86_64-unknown-linux-gnu/lib/rustlib/x86_64-unknown-linux-gnu/lib/libhashbrown-50f6726defae5ae1.rlib" "/opt/rustwide/rustup-home/toolchains/beta-2021-08-01-x86_64-unknown-linux-gnu/lib/rustlib/x86_64-unknown-linux-gnu/lib/librustc_std_workspace_alloc-2afc16311deea26e.rlib" "/opt/rustwide/rustup-home/toolchains/beta-2021-08-01-x86_64-unknown-linux-gnu/lib/rustlib/x86_64-unknown-linux-gnu/lib/libunwind-bb5cb0fe086ee8cf.rlib" "/opt/rustwide/rustup-home/toolchains/beta-2021-08-01-x86_64-unknown-linux-gnu/lib/rustlib/x86_64-unknown-linux-gnu/lib/libcfg_if-896053247b5dfd0b.rlib" "/opt/rustwide/rustup-home/toolchains/beta-2021-08-01-x86_64-unknown-linux-gnu/lib/rustlib/x86_64-unknown-linux-gnu/lib/liblibc-735e1f2ac3cf23be.rlib" "/opt/rustwide/rustup-home/toolchains/beta-2021-08-01-x86_64-unknown-linux-gnu/lib/rustlib/x86_64-unknown-linux-gnu/lib/liballoc-9dfb6622644c732c.rlib" "/opt/rustwide/rustup-home/toolchains/beta-2021-08-01-x86_64-unknown-linux-gnu/lib/rustlib/x86_64-unknown-linux-gnu/lib/librustc_std_workspace_core-beea7d9617fe25c5.rlib" "/opt/rustwide/rustup-home/toolchains/beta-2021-08-01-x86_64-unknown-linux-gnu/lib/rustlib/x86_64-unknown-linux-gnu/lib/libcore-8ef7dd43fc671f88.rlib" "-Wl,--end-group" "/opt/rustwide/rustup-home/toolchains/beta-2021-08-01-x86_64-unknown-linux-gnu/lib/rustlib/x86_64-unknown-linux-gnu/lib/libcompiler_builtins-a9a3b2ad67977f47.rlib" "-Wl,-Bdynamic" "-lgcc_s" "-lutil" "-lrt" "-lpthread" "-lm" "-ldl" "-lc" "-Wl,--eh-frame-hdr" "-Wl,-znoexecstack" "-L" "/opt/rustwide/rustup-home/toolchains/beta-2021-08-01-x86_64-unknown-linux-gnu/lib/rustlib/x86_64-unknown-linux-gnu/lib" "-o" "/tmp/rustdoctestc5GuMm/rust_out" "-Wl,--gc-sections" "-pie" "-Wl,-zrelro" "-Wl,-znow" "-nodefaultlibs"
[INFO] [stdout]   = note: collect2: fatal error: ld terminated with signal 9 [Killed]
[INFO] [stdout]           compilation terminated.
[INFO] [stdout]           
[INFO] [stdout] 
[INFO] [stdout] error: aborting due to previous error
[INFO] [stdout] 
[INFO] [stdout] Couldn't compile the test.
[INFO] [stdout] ---- src/lib.rs - (line 12) stdout ----
[INFO] [stdout] Test executable failed (exit code 101).
[INFO] [stdout] 
[INFO] [stdout] stderr:
[INFO] [stdout] thread 'main' panicked at 'Failed to save media: ImageEncodingError', stegano-core/src/lib.rs:330:18
[INFO] [stdout] stack backtrace:
[INFO] [stdout]    0:     0x555f9d542fe0 - std::backtrace_rs::backtrace::libunwind::trace::hff4d1766e93f64f1
[INFO] [stdout]                                at /rustc/53fd98ca776cb875bc9e5514f56b52eb74f9e7a9/library/std/src/../../backtrace/src/backtrace/libunwind.rs:90:5
[INFO] [stdout]    1:     0x555f9d542fe0 - std::backtrace_rs::backtrace::trace_unsynchronized::h56bbc8eb78770bcb
[INFO] [stdout]                                at /rustc/53fd98ca776cb875bc9e5514f56b52eb74f9e7a9/library/std/src/../../backtrace/src/backtrace/mod.rs:66:5
[INFO] [stdout]    2:     0x555f9d542fe0 - std::sys_common::backtrace::_print_fmt::h5c8e75464faca780
[INFO] [stdout]                                at /rustc/53fd98ca776cb875bc9e5514f56b52eb74f9e7a9/library/std/src/sys_common/backtrace.rs:67:5
[INFO] [stdout]    3:     0x555f9d542fe0 - <std::sys_common::backtrace::_print::DisplayBacktrace as core::fmt::Display>::fmt::h48b88277def8b362
[INFO] [stdout]                                at /rustc/53fd98ca776cb875bc9e5514f56b52eb74f9e7a9/library/std/src/sys_common/backtrace.rs:46:22
[INFO] [stdout]    4:     0x555f9d563e9c - core::fmt::write::h3381b3176fe2b3d3
[INFO] [stdout]                                at /rustc/53fd98ca776cb875bc9e5514f56b52eb74f9e7a9/library/core/src/fmt/mod.rs:1115:17
[INFO] [stdout]    5:     0x555f9d5407f5 - std::io::Write::write_fmt::hd42607e5d8e44db0
[INFO] [stdout]                                at /rustc/53fd98ca776cb875bc9e5514f56b52eb74f9e7a9/library/std/src/io/mod.rs:1665:15
[INFO] [stdout]    6:     0x555f9d54503b - std::sys_common::backtrace::_print::ha537687d6c17dd0d
[INFO] [stdout]                                at /rustc/53fd98ca776cb875bc9e5514f56b52eb74f9e7a9/library/std/src/sys_common/backtrace.rs:49:5
[INFO] [stdout]    7:     0x555f9d54503b - std::sys_common::backtrace::print::h61376ae57d131d72
[INFO] [stdout]                                at /rustc/53fd98ca776cb875bc9e5514f56b52eb74f9e7a9/library/std/src/sys_common/backtrace.rs:36:9
[INFO] [stdout]    8:     0x555f9d54503b - std::panicking::default_hook::{{closure}}::h0f7208c0b9644a54
[INFO] [stdout]                                at /rustc/53fd98ca776cb875bc9e5514f56b52eb74f9e7a9/library/std/src/panicking.rs:208:50
[INFO] [stdout]    9:     0x555f9d544b11 - std::panicking::default_hook::hdac7fc06578c14ce
[INFO] [stdout]                                at /rustc/53fd98ca776cb875bc9e5514f56b52eb74f9e7a9/library/std/src/panicking.rs:225:9
[INFO] [stdout]   10:     0x555f9d545704 - std::panicking::rust_panic_with_hook::h72b21c283da3d1ef
[INFO] [stdout]                                at /rustc/53fd98ca776cb875bc9e5514f56b52eb74f9e7a9/library/std/src/panicking.rs:622:17
[INFO] [stdout]   11:     0x555f9d5451e7 - std::panicking::begin_panic_handler::{{closure}}::he5778f1729cff84a
[INFO] [stdout]                                at /rustc/53fd98ca776cb875bc9e5514f56b52eb74f9e7a9/library/std/src/panicking.rs:519:13
[INFO] [stdout]   12:     0x555f9d5434bc - std::sys_common::backtrace::__rust_end_short_backtrace::h2d11ca8b453b4b1d
[INFO] [stdout]                                at /rustc/53fd98ca776cb875bc9e5514f56b52eb74f9e7a9/library/std/src/sys_common/backtrace.rs:141:18
[INFO] [stdout]   13:     0x555f9d545149 - rust_begin_unwind
[INFO] [stdout]                                at /rustc/53fd98ca776cb875bc9e5514f56b52eb74f9e7a9/library/std/src/panicking.rs:515:5
[INFO] [stdout]   14:     0x555f9d14e431 - core::panicking::panic_fmt::hf9de31d4acbce4db
[INFO] [stdout]                                at /rustc/53fd98ca776cb875bc9e5514f56b52eb74f9e7a9/library/core/src/panicking.rs:92:14
[INFO] [stdout]   15:     0x555f9d14e523 - core::result::unwrap_failed::ha0c84e81219e5878
[INFO] [stdout]                                at /rustc/53fd98ca776cb875bc9e5514f56b52eb74f9e7a9/library/core/src/result.rs:1599:5
[INFO] [stdout]   16:     0x555f9d157e05 - core::result::Result<T,E>::expect::h41ca7a55c79a1c86
[INFO] [stdout]                                at /rustc/53fd98ca776cb875bc9e5514f56b52eb74f9e7a9/library/core/src/result.rs:1241:23
[INFO] [stdout]   17:     0x555f9d166220 - stegano_core::SteganoEncoder::hide::h5f1ec8b13b1c52b6
[INFO] [stdout]                                at /opt/rustwide/workdir/stegano-core/src/lib.rs:326:13
[INFO] [stdout]   18:     0x555f9d14f0a5 - rust_out::main::_doctest_main_src_lib_rs_12_0::h59f70bc4bbe0e6fe
[INFO] [stdout]   19:     0x555f9d14efd6 - rust_out::main::h61823b600df25383
[INFO] [stdout]   20:     0x555f9d14edc3 - core::ops::function::FnOnce::call_once::h3d07824a44777914
[INFO] [stdout]   21:     0x555f9d14ecf9 - std::sys_common::backtrace::__rust_begin_short_backtrace::h1ee1ba859d3174aa
[INFO] [stdout]   22:     0x555f9d14ed79 - std::rt::lang_start::{{closure}}::hee9719d6b6efb7fa
[INFO] [stdout]   23:     0x555f9d545d0a - core::ops::function::impls::<impl core::ops::function::FnOnce<A> for &F>::call_once::ha88a7d1a4d24e549
[INFO] [stdout]                                at /rustc/53fd98ca776cb875bc9e5514f56b52eb74f9e7a9/library/core/src/ops/function.rs:259:13
[INFO] [stdout]   24:     0x555f9d545d0a - std::panicking::try::do_call::hd3b1d7740607ccc7
[INFO] [stdout]                                at /rustc/53fd98ca776cb875bc9e5514f56b52eb74f9e7a9/library/std/src/panicking.rs:401:40
[INFO] [stdout]   25:     0x555f9d545d0a - std::panicking::try::h0ee8c65ac7461507
[INFO] [stdout]                                at /rustc/53fd98ca776cb875bc9e5514f56b52eb74f9e7a9/library/std/src/panicking.rs:365:19
[INFO] [stdout]   26:     0x555f9d545d0a - std::panic::catch_unwind::head47f0de4ccd838
[INFO] [stdout]                                at /rustc/53fd98ca776cb875bc9e5514f56b52eb74f9e7a9/library/std/src/panic.rs:434:14
[INFO] [stdout]   27:     0x555f9d545d0a - std::rt::lang_start_internal::{{closure}}::hbc7de8ec820ac085
[INFO] [stdout]                                at /rustc/53fd98ca776cb875bc9e5514f56b52eb74f9e7a9/library/std/src/rt.rs:45:48
[INFO] [stdout]   28:     0x555f9d545d0a - std::panicking::try::do_call::h2609e52e8bad4a7b
[INFO] [stdout]                                at /rustc/53fd98ca776cb875bc9e5514f56b52eb74f9e7a9/library/std/src/panicking.rs:401:40
[INFO] [stdout]   29:     0x555f9d545d0a - std::panicking::try::hd0929f0b603e0389
[INFO] [stdout]                                at /rustc/53fd98ca776cb875bc9e5514f56b52eb74f9e7a9/library/std/src/panicking.rs:365:19
[INFO] [stdout]   30:     0x555f9d545d0a - std::panic::catch_unwind::h27902b81c3e47571
[INFO] [stdout]                                at /rustc/53fd98ca776cb875bc9e5514f56b52eb74f9e7a9/library/std/src/panic.rs:434:14
[INFO] [stdout]   31:     0x555f9d545d0a - std::rt::lang_start_internal::h3fb2d794dd391e3e
[INFO] [stdout]                                at /rustc/53fd98ca776cb875bc9e5514f56b52eb74f9e7a9/library/std/src/rt.rs:45:20
[INFO] [stdout]   32:     0x555f9d14ed51 - std::rt::lang_start::h0745d281d96e0cdb
[INFO] [stdout]   33:     0x555f9d14f0e3 - main
[INFO] [stdout]   34:     0x7efeb15ca0b3 - __libc_start_main
[INFO] [stdout]   35:     0x555f9d14ec2e - _start
[INFO] [stdout]   36:                0x0 - <unknown>
[INFO] [stdout] 
[INFO] [stdout] 
[INFO] [stdout] 
[INFO] [stdout] failures:
[INFO] [stdout]     src/lib.rs - (line 12)
[INFO] [stdout]     src/lib.rs - (line 24)
[INFO] [stdout]     src/media/audio/lsb_codec.rs - media::audio::lsb_codec::LsbCodec::encoder (line 51)
[INFO] [stdout] 
[INFO] [stdout] test result: FAILED. 7 passed; 3 failed; 0 ignored; 0 measured; 0 filtered out; finished in 10.04s
[INFO] [stdout] 
[INFO] [stderr] error: test failed, to rerun pass '--doc'
[INFO] running `Command { std: "docker" "inspect" "ee8f7d444de26ff164e2f818798765a6ff0ddb62e8ccc0b172d95713b26d187b", kill_on_drop: false }`
[INFO] running `Command { std: "docker" "rm" "-f" "ee8f7d444de26ff164e2f818798765a6ff0ddb62e8ccc0b172d95713b26d187b", kill_on_drop: false }`
[INFO] [stdout] ee8f7d444de26ff164e2f818798765a6ff0ddb62e8ccc0b172d95713b26d187b
