[INFO] cloning repository https://github.com/stefan-prokop-cz/api-goat
[INFO] running `Command { std: "git" "-c" "credential.helper=" "-c" "credential.helper=/workspace/cargo-home/bin/git-credential-null" "clone" "--bare" "https://github.com/stefan-prokop-cz/api-goat" "/workspace/cache/git-repos/https%3A%2F%2Fgithub.com%2Fstefan-prokop-cz%2Fapi-goat", kill_on_drop: false }`
[INFO] [stderr] Cloning into bare repository '/workspace/cache/git-repos/https%3A%2F%2Fgithub.com%2Fstefan-prokop-cz%2Fapi-goat'...
[INFO] running `Command { std: "git" "rev-parse" "HEAD", kill_on_drop: false }`
[INFO] [stdout] d744dd81f92d50c1ead8afa563bd30e6a64e6e8b
[INFO] testing stefan-prokop-cz/api-goat against 1.54.0 for beta-1.55-1
[INFO] running `Command { std: "git" "clone" "/workspace/cache/git-repos/https%3A%2F%2Fgithub.com%2Fstefan-prokop-cz%2Fapi-goat" "/workspace/builds/worker-112/source", kill_on_drop: false }`
[INFO] [stderr] Cloning into '/workspace/builds/worker-112/source'...
[INFO] [stderr] done.
[INFO] validating manifest of git repo https://github.com/stefan-prokop-cz/api-goat on toolchain 1.54.0
[INFO] running `Command { std: "/workspace/cargo-home/bin/cargo" "+1.54.0" "metadata" "--manifest-path" "Cargo.toml" "--no-deps", kill_on_drop: false }`
[INFO] started tweaking git repo https://github.com/stefan-prokop-cz/api-goat
[INFO] finished tweaking git repo https://github.com/stefan-prokop-cz/api-goat
[INFO] tweaked toml for git repo https://github.com/stefan-prokop-cz/api-goat written to /workspace/builds/worker-112/source/Cargo.toml
[INFO] crate git repo https://github.com/stefan-prokop-cz/api-goat already has a lockfile, it will not be regenerated
[INFO] running `Command { std: "/workspace/cargo-home/bin/cargo" "+1.54.0" "fetch" "--manifest-path" "Cargo.toml", kill_on_drop: false }`
[INFO] [stderr]     Blocking waiting for file lock on package cache
[INFO] [stderr]     Blocking waiting for file lock on package cache
[INFO] running `Command { std: "docker" "create" "-v" "/var/lib/crater-agent-workspace/builds/worker-112/target:/opt/rustwide/target:rw,Z" "-v" "/var/lib/crater-agent-workspace/builds/worker-112/source:/opt/rustwide/workdir:ro,Z" "-v" "/var/lib/crater-agent-workspace/cargo-home:/opt/rustwide/cargo-home:ro,Z" "-v" "/var/lib/crater-agent-workspace/rustup-home:/opt/rustwide/rustup-home:ro,Z" "-e" "SOURCE_DIR=/opt/rustwide/workdir" "-e" "CARGO_TARGET_DIR=/opt/rustwide/target" "-e" "CARGO_HOME=/opt/rustwide/cargo-home" "-e" "RUSTUP_HOME=/opt/rustwide/rustup-home" "-w" "/opt/rustwide/workdir" "-m" "1610612736" "--user" "0:0" "--network" "none" "ghcr.io/rust-lang/crates-build-env/linux@sha256:34b6a614d2c27851fe6cbf88fbd1137609cefab8b10d0615aaeb6fd47975d74e" "/opt/rustwide/cargo-home/bin/cargo" "+1.54.0" "metadata" "--no-deps" "--format-version=1", kill_on_drop: false }`
[INFO] [stdout] 75174b515545f475e5085ef6e3f9070e57d23b12ceeacfe2b394095b0fd5d737
[INFO] running `Command { std: "docker" "start" "-a" "75174b515545f475e5085ef6e3f9070e57d23b12ceeacfe2b394095b0fd5d737", kill_on_drop: false }`
[INFO] running `Command { std: "docker" "inspect" "75174b515545f475e5085ef6e3f9070e57d23b12ceeacfe2b394095b0fd5d737", kill_on_drop: false }`
[INFO] running `Command { std: "docker" "rm" "-f" "75174b515545f475e5085ef6e3f9070e57d23b12ceeacfe2b394095b0fd5d737", kill_on_drop: false }`
[INFO] [stdout] 75174b515545f475e5085ef6e3f9070e57d23b12ceeacfe2b394095b0fd5d737
[INFO] running `Command { std: "docker" "create" "-v" "/var/lib/crater-agent-workspace/builds/worker-112/target:/opt/rustwide/target:rw,Z" "-v" "/var/lib/crater-agent-workspace/builds/worker-112/source:/opt/rustwide/workdir:ro,Z" "-v" "/var/lib/crater-agent-workspace/cargo-home:/opt/rustwide/cargo-home:ro,Z" "-v" "/var/lib/crater-agent-workspace/rustup-home:/opt/rustwide/rustup-home:ro,Z" "-e" "SOURCE_DIR=/opt/rustwide/workdir" "-e" "CARGO_TARGET_DIR=/opt/rustwide/target" "-e" "CARGO_INCREMENTAL=0" "-e" "RUST_BACKTRACE=full" "-e" "RUSTFLAGS=--cap-lints=warn" "-e" "CARGO_HOME=/opt/rustwide/cargo-home" "-e" "RUSTUP_HOME=/opt/rustwide/rustup-home" "-w" "/opt/rustwide/workdir" "-m" "1610612736" "--user" "0:0" "--network" "none" "ghcr.io/rust-lang/crates-build-env/linux@sha256:34b6a614d2c27851fe6cbf88fbd1137609cefab8b10d0615aaeb6fd47975d74e" "/opt/rustwide/cargo-home/bin/cargo" "+1.54.0" "build" "--frozen" "--message-format=json", kill_on_drop: false }`
[INFO] [stdout] 6a722c572dd1e4a6073558e1dd4f85feb6a8d0d25b7211da1c817133285d371f
[INFO] running `Command { std: "docker" "start" "-a" "6a722c572dd1e4a6073558e1dd4f85feb6a8d0d25b7211da1c817133285d371f", kill_on_drop: false }`
[INFO] [stderr]    Compiling libc v0.2.74
[INFO] [stderr]    Compiling proc-macro2 v1.0.19
[INFO] [stderr]    Compiling unicode-xid v0.2.1
[INFO] [stderr]    Compiling cfg-if v0.1.10
[INFO] [stderr]    Compiling syn v1.0.38
[INFO] [stderr]    Compiling version_check v0.9.2
[INFO] [stderr]    Compiling memchr v2.3.3
[INFO] [stderr]    Compiling log v0.4.11
[INFO] [stderr]    Compiling lazy_static v1.4.0
[INFO] [stderr]    Compiling slab v0.4.2
[INFO] [stderr]    Compiling futures-core v0.3.5
[INFO] [stderr]    Compiling proc-macro-hack v0.5.18
[INFO] [stderr]    Compiling futures-sink v0.3.5
[INFO] [stderr]    Compiling bytes v0.5.6
[INFO] [stderr]    Compiling pin-project-internal v0.4.23
[INFO] [stderr]    Compiling proc-macro-nested v0.1.6
[INFO] [stderr]    Compiling once_cell v1.4.1
[INFO] [stderr]    Compiling arc-swap v0.4.7
[INFO] [stderr]    Compiling typenum v1.12.0
[INFO] [stderr]    Compiling pin-project-lite v0.1.7
[INFO] [stderr]    Compiling pin-utils v0.1.0
[INFO] [stderr]    Compiling futures-io v0.3.5
[INFO] [stderr]    Compiling smallvec v1.4.2
[INFO] [stderr]    Compiling getrandom v0.1.14
[INFO] [stderr]    Compiling instant v0.1.6
[INFO] [stderr]    Compiling scopeguard v1.1.0
[INFO] [stderr]    Compiling bitflags v1.2.1
[INFO] [stderr]    Compiling tinyvec v0.3.4
[INFO] [stderr]    Compiling itoa v0.4.6
[INFO] [stderr]    Compiling autocfg v1.0.0
[INFO] [stderr]    Compiling serde_derive v1.0.115
[INFO] [stderr]    Compiling matches v0.1.8
[INFO] [stderr]    Compiling byteorder v1.3.4
[INFO] [stderr]    Compiling percent-encoding v2.1.0
[INFO] [stderr]    Compiling copyless v0.1.5
[INFO] [stderr]    Compiling serde v1.0.115
[INFO] [stderr]    Compiling adler v0.2.3
[INFO] [stderr]    Compiling quick-error v1.2.3
[INFO] [stderr]    Compiling opaque-debug v0.3.0
[INFO] [stderr]    Compiling unicode-segmentation v1.6.0
[INFO] [stderr]    Compiling ppv-lite86 v0.2.8
[INFO] [stderr]    Compiling gimli v0.22.0
[INFO] [stderr]    Compiling either v1.6.0
[INFO] [stderr]    Compiling match_cfg v0.1.0
[INFO] [stderr]    Compiling rustc-demangle v0.1.16
[INFO] [stderr]    Compiling object v0.20.0
[INFO] [stderr]    Compiling fnv v1.0.7
[INFO] [stderr]    Compiling ryu v1.0.5
[INFO] [stderr]    Compiling cc v1.0.58
[INFO] [stderr]    Compiling cpuid-bool v0.1.2
[INFO] [stderr]    Compiling crc32fast v1.2.0
[INFO] [stderr]    Compiling linked-hash-map v0.5.3
[INFO] [stderr]    Compiling regex-syntax v0.6.18
[INFO] [stderr]    Compiling serde_json v1.0.57
[INFO] [stderr]    Compiling base64 v0.12.3
[INFO] [stderr]    Compiling httparse v1.3.4
[INFO] [stderr]    Compiling encoding_rs v0.8.23
[INFO] [stderr]    Compiling dtoa v0.4.6
[INFO] [stderr]    Compiling mime v0.3.16
[INFO] [stderr]    Compiling pq-sys v0.4.6
[INFO] [stderr]    Compiling language-tags v0.2.2
[INFO] [stderr]    Compiling subtle v2.2.3
[INFO] [stderr]    Compiling termcolor v1.1.0
[INFO] [stderr]    Compiling dotenv v0.15.0
[INFO] [stderr]    Compiling lock_api v0.4.1
[INFO] [stderr]    Compiling futures-task v0.3.5
[INFO] [stderr]    Compiling miniz_oxide v0.4.0
[INFO] [stderr]    Compiling lru-cache v0.1.2
[INFO] [stderr]    Compiling generic-array v0.14.4
[INFO] [stderr]    Compiling standback v0.2.9
[INFO] [stderr]    Compiling time v0.2.16
[INFO] [stderr]    Compiling cookie v0.14.2
[INFO] [stderr]    Compiling heck v0.3.1
[INFO] [stderr]    Compiling hashbrown v0.8.2
[INFO] [stderr]    Compiling indexmap v1.5.1
[INFO] [stderr]    Compiling unicode-bidi v0.3.4
[INFO] [stderr]    Compiling http v0.2.1
[INFO] [stderr]    Compiling bytestring v0.1.5
[INFO] [stderr]    Compiling unicode-normalization v0.1.13
[INFO] [stderr]    Compiling futures-channel v0.3.5
[INFO] [stderr]    Compiling brotli-sys v0.3.2
[INFO] [stderr]    Compiling thread_local v1.0.1
[INFO] [stderr]    Compiling tracing-core v0.1.14
[INFO] [stderr]    Compiling humantime v1.3.0
[INFO] [stderr]    Compiling aho-corasick v0.7.13
[INFO] [stderr]    Compiling idna v0.2.0
[INFO] [stderr]    Compiling addr2line v0.13.0
[INFO] [stderr]    Compiling quote v1.0.7
[INFO] [stderr]    Compiling net2 v0.2.34
[INFO] [stderr]    Compiling iovec v0.1.4
[INFO] [stderr]    Compiling signal-hook-registry v1.2.1
[INFO] [stderr]    Compiling num_cpus v1.13.0
[INFO] [stderr]    Compiling parking_lot_core v0.8.0
[INFO] [stderr]    Compiling hostname v0.3.1
[INFO] [stderr]    Compiling socket2 v0.3.12
[INFO] [stderr]    Compiling atty v0.2.14
[INFO] [stderr]    Compiling flate2 v1.0.16
[INFO] [stderr]    Compiling backtrace v0.3.50
[INFO] [stderr]    Compiling tracing v0.1.19
[INFO] [stderr]    Compiling url v2.1.1
[INFO] [stderr]    Compiling rand_core v0.5.1
[INFO] [stderr]    Compiling resolv-conf v0.6.3
[INFO] [stderr]    Compiling mio v0.6.22
[INFO] [stderr]    Compiling fxhash v0.2.1
[INFO] [stderr]    Compiling threadpool v1.8.1
[INFO] [stderr]    Compiling parking_lot v0.11.0
[INFO] [stderr]    Compiling regex v1.3.9
[INFO] [stderr]    Compiling rand_chacha v0.2.2
[INFO] [stderr]    Compiling digest v0.9.0
[INFO] [stderr]    Compiling block-buffer v0.9.0
[INFO] [stderr]    Compiling crypto-mac v0.8.0
[INFO] [stderr]    Compiling block-cipher v0.8.0
[INFO] [stderr]    Compiling hmac v0.8.1
[INFO] [stderr]    Compiling blowfish v0.6.0
[INFO] [stderr]    Compiling sha-1 v0.9.1
[INFO] [stderr]    Compiling sha2 v0.9.1
[INFO] [stderr]    Compiling rand v0.7.3
[INFO] [stderr]    Compiling bcrypt v0.8.2
[INFO] [stderr]    Compiling mio-uds v0.6.8
[INFO] [stderr]    Compiling tokio v0.2.22
[INFO] [stderr]    Compiling env_logger v0.7.1
[INFO] [stderr]    Compiling tokio-util v0.2.0
[INFO] [stderr]    Compiling tokio-util v0.3.1
[INFO] [stderr]    Compiling actix-codec v0.2.0
[INFO] [stderr]    Compiling brotli2 v0.3.2
[INFO] [stderr]    Compiling futures-macro v0.3.5
[INFO] [stderr]    Compiling derive_more v0.99.9
[INFO] [stderr]    Compiling actix-macros v0.1.2
[INFO] [stderr]    Compiling thiserror-impl v1.0.20
[INFO] [stderr]    Compiling time-macros-impl v0.1.1
[INFO] [stderr]    Compiling async-trait v0.1.38
[INFO] [stderr]    Compiling enum-as-inner v0.3.3
[INFO] [stderr]    Compiling diesel_derives v1.4.1
[INFO] [stderr]    Compiling actix-web-codegen v0.3.0-beta.1
[INFO] [stderr]    Compiling time-macros v0.1.0
[INFO] [stderr]    Compiling thiserror v1.0.20
[INFO] [stderr]    Compiling pin-project v0.4.23
[INFO] [stderr]    Compiling futures-util v0.3.5
[INFO] [stderr]    Compiling diesel v1.4.5
[INFO] [stderr]    Compiling actix-threadpool v0.3.3
[INFO] [stderr]    Compiling futures-executor v0.3.5
[INFO] [stderr]    Compiling actix-rt v1.1.1
[INFO] [stderr]    Compiling actix-service v1.0.6
[INFO] [stderr]    Compiling h2 v0.2.6
[INFO] [stderr]    Compiling futures v0.3.5
[INFO] [stderr]    Compiling trust-dns-proto v0.19.5
[INFO] [stderr]    Compiling actix-utils v1.0.6
[INFO] [stderr]    Compiling actix-server v1.0.3
[INFO] [stderr]    Compiling actix-tls v2.0.0-alpha.2
[INFO] [stderr]    Compiling serde_urlencoded v0.6.1
[INFO] [stderr]    Compiling actix-router v0.2.4
[INFO] [stderr]    Compiling actix-testing v1.0.1
[INFO] [stderr]    Compiling trust-dns-resolver v0.19.5
[INFO] [stderr]    Compiling jwt v0.10.0
[INFO] [stderr]    Compiling actix-connect v2.0.0-alpha.4
[INFO] [stderr]    Compiling actix-http v2.0.0-beta.3
[INFO] [stderr]    Compiling awc v2.0.0-beta.3
[INFO] [stderr]    Compiling actix-web v3.0.0-beta.3
[INFO] [stderr]    Compiling api-goat v0.1.0 (/opt/rustwide/workdir)
[INFO] [stderr]     Finished dev [unoptimized + debuginfo] target(s) in 1m 17s
[INFO] running `Command { std: "docker" "inspect" "6a722c572dd1e4a6073558e1dd4f85feb6a8d0d25b7211da1c817133285d371f", kill_on_drop: false }`
[INFO] running `Command { std: "docker" "rm" "-f" "6a722c572dd1e4a6073558e1dd4f85feb6a8d0d25b7211da1c817133285d371f", kill_on_drop: false }`
[INFO] [stdout] 6a722c572dd1e4a6073558e1dd4f85feb6a8d0d25b7211da1c817133285d371f
[INFO] running `Command { std: "docker" "create" "-v" "/var/lib/crater-agent-workspace/builds/worker-112/target:/opt/rustwide/target:rw,Z" "-v" "/var/lib/crater-agent-workspace/builds/worker-112/source:/opt/rustwide/workdir:ro,Z" "-v" "/var/lib/crater-agent-workspace/cargo-home:/opt/rustwide/cargo-home:ro,Z" "-v" "/var/lib/crater-agent-workspace/rustup-home:/opt/rustwide/rustup-home:ro,Z" "-e" "SOURCE_DIR=/opt/rustwide/workdir" "-e" "CARGO_TARGET_DIR=/opt/rustwide/target" "-e" "CARGO_INCREMENTAL=0" "-e" "RUST_BACKTRACE=full" "-e" "RUSTFLAGS=--cap-lints=warn" "-e" "CARGO_HOME=/opt/rustwide/cargo-home" "-e" "RUSTUP_HOME=/opt/rustwide/rustup-home" "-w" "/opt/rustwide/workdir" "-m" "1610612736" "--user" "0:0" "--network" "none" "ghcr.io/rust-lang/crates-build-env/linux@sha256:34b6a614d2c27851fe6cbf88fbd1137609cefab8b10d0615aaeb6fd47975d74e" "/opt/rustwide/cargo-home/bin/cargo" "+1.54.0" "test" "--frozen" "--no-run" "--message-format=json", kill_on_drop: false }`
[INFO] [stdout] ba5d890dd0873b9975cba088961105caa686b9ef3ef7b45580f590dca7c8c40a
[INFO] running `Command { std: "docker" "start" "-a" "ba5d890dd0873b9975cba088961105caa686b9ef3ef7b45580f590dca7c8c40a", kill_on_drop: false }`
[INFO] [stderr]     Blocking waiting for file lock on package cache
[INFO] [stderr]    Compiling api-goat v0.1.0 (/opt/rustwide/workdir)
[INFO] [stdout] warning: unused import: `table`
[INFO] [stdout]   --> src/app/database/user.rs:40:30
[INFO] [stdout]    |
[INFO] [stdout] 40 |     use schema::users::{dsl, table};
[INFO] [stdout]    |                              ^^^^^
[INFO] [stdout]    |
[INFO] [stdout]    = note: `#[warn(unused_imports)]` on by default
[INFO] [stdout] 
[INFO] [stdout] 
[INFO] [stdout] warning: unused variable: `connection`
[INFO] [stdout]   --> src/app/database/user.rs:58:13
[INFO] [stdout]    |
[INFO] [stdout] 58 |         let connection = init();
[INFO] [stdout]    |             ^^^^^^^^^^ help: if this is intentional, prefix it with an underscore: `_connection`
[INFO] [stdout]    |
[INFO] [stdout]    = note: `#[warn(unused_variables)]` on by default
[INFO] [stdout] 
[INFO] [stdout] 
[INFO] [stdout] warning: 2 warnings emitted
[INFO] [stdout] 
[INFO] [stdout] 
[INFO] [stderr]     Finished test [unoptimized + debuginfo] target(s) in 7.45s
[INFO] running `Command { std: "docker" "inspect" "ba5d890dd0873b9975cba088961105caa686b9ef3ef7b45580f590dca7c8c40a", kill_on_drop: false }`
[INFO] running `Command { std: "docker" "rm" "-f" "ba5d890dd0873b9975cba088961105caa686b9ef3ef7b45580f590dca7c8c40a", kill_on_drop: false }`
[INFO] [stdout] ba5d890dd0873b9975cba088961105caa686b9ef3ef7b45580f590dca7c8c40a
[INFO] running `Command { std: "docker" "create" "-v" "/var/lib/crater-agent-workspace/builds/worker-112/target:/opt/rustwide/target:rw,Z" "-v" "/var/lib/crater-agent-workspace/builds/worker-112/source:/opt/rustwide/workdir:ro,Z" "-v" "/var/lib/crater-agent-workspace/cargo-home:/opt/rustwide/cargo-home:ro,Z" "-v" "/var/lib/crater-agent-workspace/rustup-home:/opt/rustwide/rustup-home:ro,Z" "-e" "SOURCE_DIR=/opt/rustwide/workdir" "-e" "CARGO_TARGET_DIR=/opt/rustwide/target" "-e" "CARGO_INCREMENTAL=0" "-e" "RUST_BACKTRACE=full" "-e" "RUSTFLAGS=--cap-lints=warn" "-e" "CARGO_HOME=/opt/rustwide/cargo-home" "-e" "RUSTUP_HOME=/opt/rustwide/rustup-home" "-w" "/opt/rustwide/workdir" "-m" "1610612736" "--user" "0:0" "--network" "none" "ghcr.io/rust-lang/crates-build-env/linux@sha256:34b6a614d2c27851fe6cbf88fbd1137609cefab8b10d0615aaeb6fd47975d74e" "/opt/rustwide/cargo-home/bin/cargo" "+1.54.0" "test" "--frozen", kill_on_drop: false }`
[INFO] [stdout] e7967ec346d9328649e5d424018f07a1351ddfc2b64c57e2e98f638318399840
[INFO] running `Command { std: "docker" "start" "-a" "e7967ec346d9328649e5d424018f07a1351ddfc2b64c57e2e98f638318399840", kill_on_drop: false }`
[INFO] [stderr] warning: unused import: `table`
[INFO] [stderr]   --> src/app/database/user.rs:40:30
[INFO] [stderr]    |
[INFO] [stderr] 40 |     use schema::users::{dsl, table};
[INFO] [stderr]    |                              ^^^^^
[INFO] [stderr]    |
[INFO] [stderr]    = note: `#[warn(unused_imports)]` on by default
[INFO] [stderr] 
[INFO] [stderr] warning: unused variable: `connection`
[INFO] [stderr]   --> src/app/database/user.rs:58:13
[INFO] [stderr]    |
[INFO] [stderr] 58 |         let connection = init();
[INFO] [stderr]    |             ^^^^^^^^^^ help: if this is intentional, prefix it with an underscore: `_connection`
[INFO] [stderr]    |
[INFO] [stderr]    = note: `#[warn(unused_variables)]` on by default
[INFO] [stderr] 
[INFO] [stderr] warning: 2 warnings emitted
[INFO] [stderr] 
[INFO] [stderr]     Finished test [unoptimized + debuginfo] target(s) in 0.29s
[INFO] [stderr]      Running unittests (/opt/rustwide/target/debug/deps/api_goat-abfab89fd65b5b5d)
[INFO] [stdout] 
[INFO] [stdout] running 2 tests
[INFO] [stdout] test app::database::user::tests::user_flow ... FAILED
[INFO] [stdout] test app::users::tests::hash_password ... ok
[INFO] [stdout] 
[INFO] [stdout] failures:
[INFO] [stdout] 
[INFO] [stdout] ---- app::database::user::tests::user_flow stdout ----
[INFO] [stdout] thread 'app::database::user::tests::user_flow' panicked at 'Cannot connect to Postgres: could not connect to server: Connection refused
[INFO] [stdout] 	Is the server running on host "127.0.0.1" and accepting
[INFO] [stdout] 	TCP/IP connections on port 5432?
[INFO] [stdout] ', src/app/database/mod.rs:11:33
[INFO] [stdout] stack backtrace:
[INFO] [stdout]    0:     0x5616ecd59dc0 - std::backtrace_rs::backtrace::libunwind::trace::h34055254b57d8e79
[INFO] [stdout]                                at /rustc/a178d0322ce20e33eac124758e837cbd80a6f633/library/std/src/../../backtrace/src/backtrace/libunwind.rs:90:5
[INFO] [stdout]    1:     0x5616ecd59dc0 - std::backtrace_rs::backtrace::trace_unsynchronized::h8f1e3fbd9afff6ec
[INFO] [stdout]                                at /rustc/a178d0322ce20e33eac124758e837cbd80a6f633/library/std/src/../../backtrace/src/backtrace/mod.rs:66:5
[INFO] [stdout]    2:     0x5616ecd59dc0 - std::sys_common::backtrace::_print_fmt::h3a99a796b770c360
[INFO] [stdout]                                at /rustc/a178d0322ce20e33eac124758e837cbd80a6f633/library/std/src/sys_common/backtrace.rs:67:5
[INFO] [stdout]    3:     0x5616ecd59dc0 - <std::sys_common::backtrace::_print::DisplayBacktrace as core::fmt::Display>::fmt::h32d1f94a80615d18
[INFO] [stdout]                                at /rustc/a178d0322ce20e33eac124758e837cbd80a6f633/library/std/src/sys_common/backtrace.rs:46:22
[INFO] [stdout]    4:     0x5616ecd7c88c - core::fmt::write::h306731c068f7162c
[INFO] [stdout]                                at /rustc/a178d0322ce20e33eac124758e837cbd80a6f633/library/core/src/fmt/mod.rs:1110:17
[INFO] [stdout]    5:     0x5616ecd56b15 - std::io::Write::write_fmt::h87f19b0a2cd190bc
[INFO] [stdout]                                at /rustc/a178d0322ce20e33eac124758e837cbd80a6f633/library/std/src/io/mod.rs:1588:15
[INFO] [stdout]    6:     0x5616ecd5bf2b - std::sys_common::backtrace::_print::h5abaa2601a852287
[INFO] [stdout]                                at /rustc/a178d0322ce20e33eac124758e837cbd80a6f633/library/std/src/sys_common/backtrace.rs:49:5
[INFO] [stdout]    7:     0x5616ecd5bf2b - std::sys_common::backtrace::print::h8d81445442bb638f
[INFO] [stdout]                                at /rustc/a178d0322ce20e33eac124758e837cbd80a6f633/library/std/src/sys_common/backtrace.rs:36:9
[INFO] [stdout]    8:     0x5616ecd5bf2b - std::panicking::default_hook::{{closure}}::hcfe804496a9fa747
[INFO] [stdout]                                at /rustc/a178d0322ce20e33eac124758e837cbd80a6f633/library/std/src/panicking.rs:208:50
[INFO] [stdout]    9:     0x5616ecd5ba3c - std::panicking::default_hook::hbea8e3ccf2ba8901
[INFO] [stdout]                                at /rustc/a178d0322ce20e33eac124758e837cbd80a6f633/library/std/src/panicking.rs:222:9
[INFO] [stdout]   10:     0x5616ecd5c5f4 - std::panicking::rust_panic_with_hook::h7ee9e1a2d0f8975a
[INFO] [stdout]                                at /rustc/a178d0322ce20e33eac124758e837cbd80a6f633/library/std/src/panicking.rs:622:17
[INFO] [stdout]   11:     0x5616ecd5c0d7 - std::panicking::begin_panic_handler::{{closure}}::h8ab3b4491718b2c7
[INFO] [stdout]                                at /rustc/a178d0322ce20e33eac124758e837cbd80a6f633/library/std/src/panicking.rs:519:13
[INFO] [stdout]   12:     0x5616ecd5a2bc - std::sys_common::backtrace::__rust_end_short_backtrace::hd489062ffa586a9f
[INFO] [stdout]                                at /rustc/a178d0322ce20e33eac124758e837cbd80a6f633/library/std/src/sys_common/backtrace.rs:141:18
[INFO] [stdout]   13:     0x5616ecd5c039 - rust_begin_unwind
[INFO] [stdout]                                at /rustc/a178d0322ce20e33eac124758e837cbd80a6f633/library/std/src/panicking.rs:515:5
[INFO] [stdout]   14:     0x5616ecc7ff2b - std::panicking::begin_panic_fmt::h5479575e112541f8
[INFO] [stdout]                                at /rustc/a178d0322ce20e33eac124758e837cbd80a6f633/library/std/src/panicking.rs:457:5
[INFO] [stdout]   15:     0x5616ecc94272 - api_goat::app::database::connect::{{closure}}::h691c7d928e4bb2cf
[INFO] [stdout]                                at /opt/rustwide/workdir/src/app/database/mod.rs:11:33
[INFO] [stdout]   16:     0x5616ecc816d5 - core::result::Result<T,E>::unwrap_or_else::hce242c068e18582c
[INFO] [stdout]                                at /rustc/a178d0322ce20e33eac124758e837cbd80a6f633/library/core/src/result.rs:821:23
[INFO] [stdout]   17:     0x5616ecc9406b - api_goat::app::database::connect::h69c8e0bd2f63e11a
[INFO] [stdout]                                at /opt/rustwide/workdir/src/app/database/mod.rs:10:22
[INFO] [stdout]   18:     0x5616ecc9643d - api_goat::app::database::user::tests::init::hf97b4c3edf3ab203
[INFO] [stdout]                                at /opt/rustwide/workdir/src/app/database/user.rs:44:9
[INFO] [stdout]   19:     0x5616ecc96581 - api_goat::app::database::user::tests::create_user::h93ee768ab7acc24a
[INFO] [stdout]                                at /opt/rustwide/workdir/src/app/database/user.rs:58:26
[INFO] [stdout]   20:     0x5616ecc97a5c - api_goat::app::database::user::tests::user_flow::h27cea243dc3b00aa
[INFO] [stdout]                                at /opt/rustwide/workdir/src/app/database/user.rs:106:20
[INFO] [stdout]   21:     0x5616ecc97a3a - api_goat::app::database::user::tests::user_flow::{{closure}}::hdd267bb6fc68359d
[INFO] [stdout]                                at /opt/rustwide/workdir/src/app/database/user.rs:105:5
[INFO] [stdout]   22:     0x5616ecc8f04e - core::ops::function::FnOnce::call_once::h467d38202af9ded8
[INFO] [stdout]                                at /rustc/a178d0322ce20e33eac124758e837cbd80a6f633/library/core/src/ops/function.rs:227:5
[INFO] [stdout]   23:     0x5616eccce6a3 - core::ops::function::FnOnce::call_once::h152e7e439ff59e19
[INFO] [stdout]                                at /rustc/a178d0322ce20e33eac124758e837cbd80a6f633/library/core/src/ops/function.rs:227:5
[INFO] [stdout]   24:     0x5616eccce6a3 - test::__rust_begin_short_backtrace::h0908f3b1fdbb72ab
[INFO] [stdout]                                at /rustc/a178d0322ce20e33eac124758e837cbd80a6f633/library/test/src/lib.rs:577:5
[INFO] [stdout]   25:     0x5616ecccd160 - <alloc::boxed::Box<F,A> as core::ops::function::FnOnce<Args>>::call_once::hf6d2a51e5587546c
[INFO] [stdout]                                at /rustc/a178d0322ce20e33eac124758e837cbd80a6f633/library/alloc/src/boxed.rs:1575:9
[INFO] [stdout]   26:     0x5616ecccd160 - <std::panic::AssertUnwindSafe<F> as core::ops::function::FnOnce<()>>::call_once::h8af660f3a89ef593
[INFO] [stdout]                                at /rustc/a178d0322ce20e33eac124758e837cbd80a6f633/library/std/src/panic.rs:347:9
[INFO] [stdout]   27:     0x5616ecccd160 - std::panicking::try::do_call::hd36aef60f84b6d36
[INFO] [stdout]                                at /rustc/a178d0322ce20e33eac124758e837cbd80a6f633/library/std/src/panicking.rs:401:40
[INFO] [stdout]   28:     0x5616ecccd160 - std::panicking::try::h9932b4480e69817c
[INFO] [stdout]                                at /rustc/a178d0322ce20e33eac124758e837cbd80a6f633/library/std/src/panicking.rs:365:19
[INFO] [stdout]   29:     0x5616ecccd160 - std::panic::catch_unwind::h6aa177099cfff5f8
[INFO] [stdout]                                at /rustc/a178d0322ce20e33eac124758e837cbd80a6f633/library/std/src/panic.rs:434:14
[INFO] [stdout]   30:     0x5616ecccd160 - test::run_test_in_process::h5884d6f2d99e20c3
[INFO] [stdout]                                at /rustc/a178d0322ce20e33eac124758e837cbd80a6f633/library/test/src/lib.rs:600:18
[INFO] [stdout]   31:     0x5616ecccd160 - test::run_test::run_test_inner::{{closure}}::h6fdc58c6d5f5b6e3
[INFO] [stdout]                                at /rustc/a178d0322ce20e33eac124758e837cbd80a6f633/library/test/src/lib.rs:492:39
[INFO] [stdout]   32:     0x5616ecca6812 - test::run_test::run_test_inner::{{closure}}::h408365d67a78ade8
[INFO] [stdout]                                at /rustc/a178d0322ce20e33eac124758e837cbd80a6f633/library/test/src/lib.rs:519:37
[INFO] [stdout]   33:     0x5616ecca6812 - std::sys_common::backtrace::__rust_begin_short_backtrace::hb560b77c4f701523
[INFO] [stdout]                                at /rustc/a178d0322ce20e33eac124758e837cbd80a6f633/library/std/src/sys_common/backtrace.rs:125:18
[INFO] [stdout]   34:     0x5616eccaa3c8 - std::thread::Builder::spawn_unchecked::{{closure}}::{{closure}}::hf2e7831dad93c597
[INFO] [stdout]                                at /rustc/a178d0322ce20e33eac124758e837cbd80a6f633/library/std/src/thread/mod.rs:481:17
[INFO] [stdout]   35:     0x5616eccaa3c8 - <std::panic::AssertUnwindSafe<F> as core::ops::function::FnOnce<()>>::call_once::hd2e08783d8be4d02
[INFO] [stdout]                                at /rustc/a178d0322ce20e33eac124758e837cbd80a6f633/library/std/src/panic.rs:347:9
[INFO] [stdout]   36:     0x5616eccaa3c8 - std::panicking::try::do_call::h062597b7acfd6b82
[INFO] [stdout]                                at /rustc/a178d0322ce20e33eac124758e837cbd80a6f633/library/std/src/panicking.rs:401:40
[INFO] [stdout]   37:     0x5616eccaa3c8 - std::panicking::try::h0d7b79db04c14552
[INFO] [stdout]                                at /rustc/a178d0322ce20e33eac124758e837cbd80a6f633/library/std/src/panicking.rs:365:19
[INFO] [stdout]   38:     0x5616eccaa3c8 - std::panic::catch_unwind::hb01a0b5e7c8cd43b
[INFO] [stdout]                                at /rustc/a178d0322ce20e33eac124758e837cbd80a6f633/library/std/src/panic.rs:434:14
[INFO] [stdout]   39:     0x5616eccaa3c8 - std::thread::Builder::spawn_unchecked::{{closure}}::h5bde48cc887e0d1e
[INFO] [stdout]                                at /rustc/a178d0322ce20e33eac124758e837cbd80a6f633/library/std/src/thread/mod.rs:480:30
[INFO] [stdout]   40:     0x5616eccaa3c8 - core::ops::function::FnOnce::call_once{{vtable.shim}}::h745ea30807a29e55
[INFO] [stdout]                                at /rustc/a178d0322ce20e33eac124758e837cbd80a6f633/library/core/src/ops/function.rs:227:5
[INFO] [stdout]   41:     0x5616ecd61167 - <alloc::boxed::Box<F,A> as core::ops::function::FnOnce<Args>>::call_once::h7ece6cfefaff1005
[INFO] [stdout]                                at /rustc/a178d0322ce20e33eac124758e837cbd80a6f633/library/alloc/src/boxed.rs:1575:9
[INFO] [stdout]   42:     0x5616ecd61167 - <alloc::boxed::Box<F,A> as core::ops::function::FnOnce<Args>>::call_once::hb8b48e55c21f193e
[INFO] [stdout]                                at /rustc/a178d0322ce20e33eac124758e837cbd80a6f633/library/alloc/src/boxed.rs:1575:9
[INFO] [stdout]   43:     0x5616ecd61167 - std::sys::unix::thread::Thread::new::thread_start::h8c7c4450dba62914
[INFO] [stdout]                                at /rustc/a178d0322ce20e33eac124758e837cbd80a6f633/library/std/src/sys/unix/thread.rs:71:17
[INFO] [stdout]   44:     0x7f7dc64b3609 - start_thread
[INFO] [stdout]   45:     0x7f7dc6289293 - clone
[INFO] [stdout]   46:                0x0 - <unknown>
[INFO] [stdout] 
[INFO] [stdout] 
[INFO] [stdout] failures:
[INFO] [stdout]     app::database::user::tests::user_flow
[INFO] [stdout] 
[INFO] [stdout] test result: FAILED. 1 passed; 1 failed; 0 ignored; 0 measured; 0 filtered out; finished in 12.62s
[INFO] [stdout] 
[INFO] [stderr] error: test failed, to rerun pass '--bin api-goat'
[INFO] running `Command { std: "docker" "inspect" "e7967ec346d9328649e5d424018f07a1351ddfc2b64c57e2e98f638318399840", kill_on_drop: false }`
[INFO] running `Command { std: "docker" "rm" "-f" "e7967ec346d9328649e5d424018f07a1351ddfc2b64c57e2e98f638318399840", kill_on_drop: false }`
[INFO] [stdout] e7967ec346d9328649e5d424018f07a1351ddfc2b64c57e2e98f638318399840
