[INFO] cloning repository https://github.com/sondremb/raymarcher
[INFO] running `Command { std: "git" "-c" "credential.helper=" "-c" "credential.helper=/workspace/cargo-home/bin/git-credential-null" "clone" "--bare" "https://github.com/sondremb/raymarcher" "/workspace/cache/git-repos/https%3A%2F%2Fgithub.com%2Fsondremb%2Fraymarcher", kill_on_drop: false }`
[INFO] [stderr] Cloning into bare repository '/workspace/cache/git-repos/https%3A%2F%2Fgithub.com%2Fsondremb%2Fraymarcher'...
[INFO] running `Command { std: "git" "rev-parse" "HEAD", kill_on_drop: false }`
[INFO] [stdout] ca9877bdee908ebeb54ea18eb2d6efb364ad338a
[INFO] testing sondremb/raymarcher against beta-2021-08-01 for beta-1.55-1
[INFO] running `Command { std: "git" "clone" "/workspace/cache/git-repos/https%3A%2F%2Fgithub.com%2Fsondremb%2Fraymarcher" "/workspace/builds/worker-8/source", kill_on_drop: false }`
[INFO] [stderr] Cloning into '/workspace/builds/worker-8/source'...
[INFO] [stderr] done.
[INFO] validating manifest of git repo https://github.com/sondremb/raymarcher on toolchain beta-2021-08-01
[INFO] running `Command { std: "/workspace/cargo-home/bin/cargo" "+beta-2021-08-01" "metadata" "--manifest-path" "Cargo.toml" "--no-deps", kill_on_drop: false }`
[INFO] started tweaking git repo https://github.com/sondremb/raymarcher
[INFO] finished tweaking git repo https://github.com/sondremb/raymarcher
[INFO] tweaked toml for git repo https://github.com/sondremb/raymarcher written to /workspace/builds/worker-8/source/Cargo.toml
[INFO] crate git repo https://github.com/sondremb/raymarcher already has a lockfile, it will not be regenerated
[INFO] running `Command { std: "/workspace/cargo-home/bin/cargo" "+beta-2021-08-01" "fetch" "--manifest-path" "Cargo.toml", kill_on_drop: false }`
[INFO] [stderr]  Downloading crates ...
[INFO] [stderr]   Downloaded crossbeam-deque v0.6.3
[INFO] [stderr]   Downloaded rayon v1.1.0
[INFO] [stderr]   Downloaded rayon-core v1.5.0
[INFO] running `Command { std: "docker" "create" "-v" "/var/lib/crater-agent-workspace/builds/worker-8/target:/opt/rustwide/target:rw,Z" "-v" "/var/lib/crater-agent-workspace/builds/worker-8/source:/opt/rustwide/workdir:ro,Z" "-v" "/var/lib/crater-agent-workspace/cargo-home:/opt/rustwide/cargo-home:ro,Z" "-v" "/var/lib/crater-agent-workspace/rustup-home:/opt/rustwide/rustup-home:ro,Z" "-e" "SOURCE_DIR=/opt/rustwide/workdir" "-e" "CARGO_TARGET_DIR=/opt/rustwide/target" "-e" "CARGO_HOME=/opt/rustwide/cargo-home" "-e" "RUSTUP_HOME=/opt/rustwide/rustup-home" "-w" "/opt/rustwide/workdir" "-m" "1610612736" "--user" "0:0" "--network" "none" "ghcr.io/rust-lang/crates-build-env/linux@sha256:34b6a614d2c27851fe6cbf88fbd1137609cefab8b10d0615aaeb6fd47975d74e" "/opt/rustwide/cargo-home/bin/cargo" "+beta-2021-08-01" "metadata" "--no-deps" "--format-version=1", kill_on_drop: false }`
[INFO] [stdout] 1df9376991bf276d20517313ace1205ec1cfe740c5923f97f9dbf9efab35b6b7
[INFO] running `Command { std: "docker" "start" "-a" "1df9376991bf276d20517313ace1205ec1cfe740c5923f97f9dbf9efab35b6b7", kill_on_drop: false }`
[INFO] running `Command { std: "docker" "inspect" "1df9376991bf276d20517313ace1205ec1cfe740c5923f97f9dbf9efab35b6b7", kill_on_drop: false }`
[INFO] running `Command { std: "docker" "rm" "-f" "1df9376991bf276d20517313ace1205ec1cfe740c5923f97f9dbf9efab35b6b7", kill_on_drop: false }`
[INFO] [stdout] 1df9376991bf276d20517313ace1205ec1cfe740c5923f97f9dbf9efab35b6b7
[INFO] running `Command { std: "docker" "create" "-v" "/var/lib/crater-agent-workspace/builds/worker-8/target:/opt/rustwide/target:rw,Z" "-v" "/var/lib/crater-agent-workspace/builds/worker-8/source:/opt/rustwide/workdir:ro,Z" "-v" "/var/lib/crater-agent-workspace/cargo-home:/opt/rustwide/cargo-home:ro,Z" "-v" "/var/lib/crater-agent-workspace/rustup-home:/opt/rustwide/rustup-home:ro,Z" "-e" "SOURCE_DIR=/opt/rustwide/workdir" "-e" "CARGO_TARGET_DIR=/opt/rustwide/target" "-e" "CARGO_INCREMENTAL=0" "-e" "RUST_BACKTRACE=full" "-e" "RUSTFLAGS=--cap-lints=warn" "-e" "CARGO_HOME=/opt/rustwide/cargo-home" "-e" "RUSTUP_HOME=/opt/rustwide/rustup-home" "-w" "/opt/rustwide/workdir" "-m" "1610612736" "--user" "0:0" "--network" "none" "ghcr.io/rust-lang/crates-build-env/linux@sha256:34b6a614d2c27851fe6cbf88fbd1137609cefab8b10d0615aaeb6fd47975d74e" "/opt/rustwide/cargo-home/bin/cargo" "+beta-2021-08-01" "build" "--frozen" "--message-format=json", kill_on_drop: false }`
[INFO] [stdout] 1f38245ee0c55355b299e46245dde9ebbfe47464967f658862ece9bbd9a10fb8
[INFO] running `Command { std: "docker" "start" "-a" "1f38245ee0c55355b299e46245dde9ebbfe47464967f658862ece9bbd9a10fb8", kill_on_drop: false }`
[INFO] [stderr]    Compiling rayon-core v1.5.0
[INFO] [stderr]    Compiling syn v0.15.39
[INFO] [stderr]    Compiling num-derive v0.2.5
[INFO] [stderr]    Compiling either v1.5.2
[INFO] [stderr]    Compiling num-traits v0.2.8
[INFO] [stderr]    Compiling num-integer v0.1.41
[INFO] [stderr]    Compiling num-iter v0.1.39
[INFO] [stderr]    Compiling num-rational v0.2.2
[INFO] [stderr]    Compiling inflate v0.4.5
[INFO] [stderr]    Compiling gif v0.10.2
[INFO] [stderr]    Compiling crossbeam-queue v0.1.2
[INFO] [stderr]    Compiling crossbeam-epoch v0.7.1
[INFO] [stderr]    Compiling num_cpus v1.10.1
[INFO] [stderr]    Compiling quote v0.6.12
[INFO] [stderr]    Compiling deflate v0.7.20
[INFO] [stderr]    Compiling crossbeam-deque v0.6.3
[INFO] [stderr]    Compiling rayon v1.1.0
[INFO] [stderr]    Compiling png v0.14.1
[INFO] [stderr]    Compiling jpeg-decoder v0.1.15
[INFO] [stderr]    Compiling tiff v0.2.2
[INFO] [stderr]    Compiling image v0.21.2
[INFO] [stderr]    Compiling raymarcher v0.1.0 (/opt/rustwide/workdir)
[INFO] [stdout] warning: unused macro definition
[INFO] [stdout]   --> src/linalg/macros.rs:80:1
[INFO] [stdout]    |
[INFO] [stdout] 80 | / macro_rules! generate_op_test {
[INFO] [stdout] 81 | |     ($name:ident; $lhs:expr, $op:tt, $rhs:expr => $ans:expr) => {
[INFO] [stdout] 82 | |         #[test]
[INFO] [stdout] 83 | |         fn $name() {
[INFO] [stdout] ...  |
[INFO] [stdout] 94 | |     };
[INFO] [stdout] 95 | | }
[INFO] [stdout]    | |_^
[INFO] [stdout]    |
[INFO] [stdout]    = note: `#[warn(unused_macros)]` on by default
[INFO] [stdout] 
[INFO] [stdout] 
[INFO] [stdout] warning: unnecessary parentheses around block return value
[INFO] [stdout]   --> src/linalg/_vec2.rs:21:9
[INFO] [stdout]    |
[INFO] [stdout] 21 |         (*self / self.len())
[INFO] [stdout]    |         ^^^^^^^^^^^^^^^^^^^^ help: remove these parentheses
[INFO] [stdout]    |
[INFO] [stdout]    = note: `#[warn(unused_parens)]` on by default
[INFO] [stdout] 
[INFO] [stdout] 
[INFO] [stdout] warning: unnecessary parentheses around block return value
[INFO] [stdout]   --> src/linalg/_vec3.rs:22:9
[INFO] [stdout]    |
[INFO] [stdout] 22 |         (*self / self.len())
[INFO] [stdout]    |         ^^^^^^^^^^^^^^^^^^^^ help: remove these parentheses
[INFO] [stdout] 
[INFO] [stdout] 
[INFO] [stdout] warning: unnecessary parentheses around block return value
[INFO] [stdout]   --> src/linalg/_vec4.rs:23:9
[INFO] [stdout]    |
[INFO] [stdout] 23 |         (*self / self.len())
[INFO] [stdout]    |         ^^^^^^^^^^^^^^^^^^^^ help: remove these parentheses
[INFO] [stdout] 
[INFO] [stdout] 
[INFO] [stdout] warning: trait objects without an explicit `dyn` are deprecated
[INFO] [stdout]  --> src/objects/base.rs:3:26
[INFO] [stdout]   |
[INFO] [stdout] 3 | pub struct Scene(Vec<Box<Object>>);
[INFO] [stdout]   |                          ^^^^^^ help: use `dyn`: `dyn Object`
[INFO] [stdout]   |
[INFO] [stdout]   = note: `#[warn(bare_trait_objects)]` on by default
[INFO] [stdout]   = warning: this is accepted in the current edition (Rust 2018) but is a hard error in Rust 2021!
[INFO] [stdout]   = note: for more information, see issue #80165 <https://github.com/rust-lang/rust/issues/80165>
[INFO] [stdout] 
[INFO] [stdout] 
[INFO] [stdout] warning: constant `max_steps` should have an upper case name
[INFO] [stdout]   --> src/render.rs:52:11
[INFO] [stdout]    |
[INFO] [stdout] 52 |     const max_steps: u8 = 100;
[INFO] [stdout]    |           ^^^^^^^^^ help: convert the identifier to upper case: `MAX_STEPS`
[INFO] [stdout]    |
[INFO] [stdout]    = note: `#[warn(non_upper_case_globals)]` on by default
[INFO] [stdout] 
[INFO] [stdout] 
[INFO] [stdout] warning: 6 warnings emitted
[INFO] [stdout] 
[INFO] [stdout] 
[INFO] [stderr]     Finished dev [unoptimized + debuginfo] target(s) in 24.93s
[INFO] running `Command { std: "docker" "inspect" "1f38245ee0c55355b299e46245dde9ebbfe47464967f658862ece9bbd9a10fb8", kill_on_drop: false }`
[INFO] running `Command { std: "docker" "rm" "-f" "1f38245ee0c55355b299e46245dde9ebbfe47464967f658862ece9bbd9a10fb8", kill_on_drop: false }`
[INFO] [stdout] 1f38245ee0c55355b299e46245dde9ebbfe47464967f658862ece9bbd9a10fb8
[INFO] running `Command { std: "docker" "create" "-v" "/var/lib/crater-agent-workspace/builds/worker-8/target:/opt/rustwide/target:rw,Z" "-v" "/var/lib/crater-agent-workspace/builds/worker-8/source:/opt/rustwide/workdir:ro,Z" "-v" "/var/lib/crater-agent-workspace/cargo-home:/opt/rustwide/cargo-home:ro,Z" "-v" "/var/lib/crater-agent-workspace/rustup-home:/opt/rustwide/rustup-home:ro,Z" "-e" "SOURCE_DIR=/opt/rustwide/workdir" "-e" "CARGO_TARGET_DIR=/opt/rustwide/target" "-e" "CARGO_INCREMENTAL=0" "-e" "RUST_BACKTRACE=full" "-e" "RUSTFLAGS=--cap-lints=warn" "-e" "CARGO_HOME=/opt/rustwide/cargo-home" "-e" "RUSTUP_HOME=/opt/rustwide/rustup-home" "-w" "/opt/rustwide/workdir" "-m" "1610612736" "--user" "0:0" "--network" "none" "ghcr.io/rust-lang/crates-build-env/linux@sha256:34b6a614d2c27851fe6cbf88fbd1137609cefab8b10d0615aaeb6fd47975d74e" "/opt/rustwide/cargo-home/bin/cargo" "+beta-2021-08-01" "test" "--frozen" "--no-run" "--message-format=json", kill_on_drop: false }`
[INFO] [stdout] bdc7e68291591d490cbe42cfeecd356469ef7b1a0bb77177c1fe26ca9c20d6cd
[INFO] running `Command { std: "docker" "start" "-a" "bdc7e68291591d490cbe42cfeecd356469ef7b1a0bb77177c1fe26ca9c20d6cd", kill_on_drop: false }`
[INFO] [stderr]     Blocking waiting for file lock on package cache
[INFO] [stderr]    Compiling raymarcher v0.1.0 (/opt/rustwide/workdir)
[INFO] [stdout] warning: unnecessary parentheses around block return value
[INFO] [stdout]   --> src/linalg/_vec2.rs:21:9
[INFO] [stdout]    |
[INFO] [stdout] 21 |         (*self / self.len())
[INFO] [stdout]    |         ^^^^^^^^^^^^^^^^^^^^ help: remove these parentheses
[INFO] [stdout]    |
[INFO] [stdout]    = note: `#[warn(unused_parens)]` on by default
[INFO] [stdout] 
[INFO] [stdout] 
[INFO] [stdout] warning: unnecessary parentheses around block return value
[INFO] [stdout]   --> src/linalg/_vec3.rs:22:9
[INFO] [stdout]    |
[INFO] [stdout] 22 |         (*self / self.len())
[INFO] [stdout]    |         ^^^^^^^^^^^^^^^^^^^^ help: remove these parentheses
[INFO] [stdout] 
[INFO] [stdout] 
[INFO] [stdout] warning: unnecessary parentheses around block return value
[INFO] [stdout]   --> src/linalg/_vec4.rs:23:9
[INFO] [stdout]    |
[INFO] [stdout] 23 |         (*self / self.len())
[INFO] [stdout]    |         ^^^^^^^^^^^^^^^^^^^^ help: remove these parentheses
[INFO] [stdout] 
[INFO] [stdout] 
[INFO] [stdout] warning: trait objects without an explicit `dyn` are deprecated
[INFO] [stdout]  --> src/objects/base.rs:3:26
[INFO] [stdout]   |
[INFO] [stdout] 3 | pub struct Scene(Vec<Box<Object>>);
[INFO] [stdout]   |                          ^^^^^^ help: use `dyn`: `dyn Object`
[INFO] [stdout]   |
[INFO] [stdout]   = note: `#[warn(bare_trait_objects)]` on by default
[INFO] [stdout]   = warning: this is accepted in the current edition (Rust 2018) but is a hard error in Rust 2021!
[INFO] [stdout]   = note: for more information, see issue #80165 <https://github.com/rust-lang/rust/issues/80165>
[INFO] [stdout] 
[INFO] [stdout] 
[INFO] [stdout] warning: constant `max_steps` should have an upper case name
[INFO] [stdout]   --> src/render.rs:52:11
[INFO] [stdout]    |
[INFO] [stdout] 52 |     const max_steps: u8 = 100;
[INFO] [stdout]    |           ^^^^^^^^^ help: convert the identifier to upper case: `MAX_STEPS`
[INFO] [stdout]    |
[INFO] [stdout]    = note: `#[warn(non_upper_case_globals)]` on by default
[INFO] [stdout] 
[INFO] [stdout] 
[INFO] [stdout] warning: 5 warnings emitted
[INFO] [stdout] 
[INFO] [stdout] 
[INFO] [stderr]     Finished test [unoptimized + debuginfo] target(s) in 2.22s
[INFO] running `Command { std: "docker" "inspect" "bdc7e68291591d490cbe42cfeecd356469ef7b1a0bb77177c1fe26ca9c20d6cd", kill_on_drop: false }`
[INFO] running `Command { std: "docker" "rm" "-f" "bdc7e68291591d490cbe42cfeecd356469ef7b1a0bb77177c1fe26ca9c20d6cd", kill_on_drop: false }`
[INFO] [stdout] bdc7e68291591d490cbe42cfeecd356469ef7b1a0bb77177c1fe26ca9c20d6cd
[INFO] running `Command { std: "docker" "create" "-v" "/var/lib/crater-agent-workspace/builds/worker-8/target:/opt/rustwide/target:rw,Z" "-v" "/var/lib/crater-agent-workspace/builds/worker-8/source:/opt/rustwide/workdir:ro,Z" "-v" "/var/lib/crater-agent-workspace/cargo-home:/opt/rustwide/cargo-home:ro,Z" "-v" "/var/lib/crater-agent-workspace/rustup-home:/opt/rustwide/rustup-home:ro,Z" "-e" "SOURCE_DIR=/opt/rustwide/workdir" "-e" "CARGO_TARGET_DIR=/opt/rustwide/target" "-e" "CARGO_INCREMENTAL=0" "-e" "RUST_BACKTRACE=full" "-e" "RUSTFLAGS=--cap-lints=warn" "-e" "CARGO_HOME=/opt/rustwide/cargo-home" "-e" "RUSTUP_HOME=/opt/rustwide/rustup-home" "-w" "/opt/rustwide/workdir" "-m" "1610612736" "--user" "0:0" "--network" "none" "ghcr.io/rust-lang/crates-build-env/linux@sha256:34b6a614d2c27851fe6cbf88fbd1137609cefab8b10d0615aaeb6fd47975d74e" "/opt/rustwide/cargo-home/bin/cargo" "+beta-2021-08-01" "test" "--frozen", kill_on_drop: false }`
[INFO] [stdout] 19c3d615f7fc41e84f01563c0787473d78e8a03a193984cf62a18c7207af72c9
[INFO] running `Command { std: "docker" "start" "-a" "19c3d615f7fc41e84f01563c0787473d78e8a03a193984cf62a18c7207af72c9", kill_on_drop: false }`
[INFO] [stderr]     Blocking waiting for file lock on package cache
[INFO] [stderr] warning: unnecessary parentheses around block return value
[INFO] [stderr]   --> src/linalg/_vec2.rs:21:9
[INFO] [stderr]    |
[INFO] [stderr] 21 |         (*self / self.len())
[INFO] [stderr]    |         ^^^^^^^^^^^^^^^^^^^^ help: remove these parentheses
[INFO] [stderr]    |
[INFO] [stderr]    = note: `#[warn(unused_parens)]` on by default
[INFO] [stderr] 
[INFO] [stderr] warning: unnecessary parentheses around block return value
[INFO] [stderr]   --> src/linalg/_vec3.rs:22:9
[INFO] [stderr]    |
[INFO] [stderr] 22 |         (*self / self.len())
[INFO] [stderr]    |         ^^^^^^^^^^^^^^^^^^^^ help: remove these parentheses
[INFO] [stderr] 
[INFO] [stderr] warning: unnecessary parentheses around block return value
[INFO] [stderr]   --> src/linalg/_vec4.rs:23:9
[INFO] [stderr]    |
[INFO] [stderr] 23 |         (*self / self.len())
[INFO] [stderr]    |         ^^^^^^^^^^^^^^^^^^^^ help: remove these parentheses
[INFO] [stderr] 
[INFO] [stderr] warning: trait objects without an explicit `dyn` are deprecated
[INFO] [stderr]  --> src/objects/base.rs:3:26
[INFO] [stderr]   |
[INFO] [stderr] 3 | pub struct Scene(Vec<Box<Object>>);
[INFO] [stderr]   |                          ^^^^^^ help: use `dyn`: `dyn Object`
[INFO] [stderr]   |
[INFO] [stderr]   = note: `#[warn(bare_trait_objects)]` on by default
[INFO] [stderr]   = warning: this is accepted in the current edition (Rust 2018) but is a hard error in Rust 2021!
[INFO] [stderr]   = note: for more information, see issue #80165 <https://github.com/rust-lang/rust/issues/80165>
[INFO] [stderr] 
[INFO] [stderr] warning: constant `max_steps` should have an upper case name
[INFO] [stderr]   --> src/render.rs:52:11
[INFO] [stderr]    |
[INFO] [stderr] 52 |     const max_steps: u8 = 100;
[INFO] [stderr]    |           ^^^^^^^^^ help: convert the identifier to upper case: `MAX_STEPS`
[INFO] [stderr]    |
[INFO] [stderr]    = note: `#[warn(non_upper_case_globals)]` on by default
[INFO] [stderr] 
[INFO] [stderr] warning: `raymarcher` (bin "raymarcher" test) generated 5 warnings
[INFO] [stderr]     Finished test [unoptimized + debuginfo] target(s) in 0.25s
[INFO] [stderr]      Running unittests (/opt/rustwide/target/debug/deps/raymarcher-77fc65bf704fd853)
[INFO] [stdout] 
[INFO] [stdout] running 71 tests
[INFO] [stdout] test linalg::_vec2::tests::add_assign_float ... ok
[INFO] [stdout] test linalg::_vec2::tests::add_assign_vecs ... ok
[INFO] [stdout] test linalg::_vec2::tests::add_float ... ok
[INFO] [stdout] test linalg::_vec2::tests::add_vec ... ok
[INFO] [stdout] test linalg::_vec2::tests::create_from_macro_one ... ok
[INFO] [stdout] test linalg::_vec2::tests::create_from_macro_two ... ok
[INFO] [stdout] test linalg::_vec2::tests::create_with_new ... ok
[INFO] [stdout] test linalg::_vec2::tests::div_assign_float ... ok
[INFO] [stdout] test linalg::_vec2::tests::div_assign_vec ... ok
[INFO] [stdout] test linalg::_vec2::tests::div_float ... ok
[INFO] [stdout] test linalg::_vec2::tests::div_vec ... ok
[INFO] [stdout] test linalg::_vec2::tests::dot ... ok
[INFO] [stdout] test linalg::_vec2::tests::len ... ok
[INFO] [stdout] test linalg::_vec2::tests::mul_assign_float ... ok
[INFO] [stdout] test linalg::_vec2::tests::mul_assign_vec ... ok
[INFO] [stdout] test linalg::_vec2::tests::mul_float ... ok
[INFO] [stdout] test linalg::_vec2::tests::neg ... ok
[INFO] [stdout] test linalg::_vec2::tests::sub_assign_float ... ok
[INFO] [stdout] test linalg::_vec2::tests::sub_assign_vec ... ok
[INFO] [stdout] test linalg::_vec2::tests::sub_float ... ok
[INFO] [stdout] test linalg::_vec2::tests::mul_vec ... ok
[INFO] [stdout] test linalg::_vec2::tests::sub_vec ... ok
[INFO] [stdout] test linalg::_vec3::tests::add_assign_float ... ok
[INFO] [stdout] test linalg::_vec3::tests::add_assign_vecs ... ok
[INFO] [stdout] test linalg::_vec3::tests::add_float ... ok
[INFO] [stdout] test linalg::_vec3::tests::add_vec ... ok
[INFO] [stdout] test linalg::_vec3::tests::create_from_macro_three ... ok
[INFO] [stdout] test linalg::_vec3::tests::create_with_new ... ok
[INFO] [stdout] test linalg::_vec3::tests::create_from_macro_one ... ok
[INFO] [stdout] test linalg::_vec3::tests::cross ... ok
[INFO] [stdout] test linalg::_vec3::tests::div_assign_float ... ok
[INFO] [stdout] test linalg::_vec3::tests::div_vec ... ok
[INFO] [stdout] test linalg::_vec3::tests::div_assign_vec ... ok
[INFO] [stdout] test linalg::_vec3::tests::mul_assign_float ... ok
[INFO] [stdout] test linalg::_vec3::tests::len ... ok
[INFO] [stdout] test linalg::_vec4::tests::mul_assign_float ... ok
[INFO] [stdout] test linalg::_vec3::tests::neg ... ok
[INFO] [stdout] test linalg::_vec3::tests::normalize ... ok
[INFO] [stdout] test linalg::_vec3::tests::mul_assign_vec ... ok
[INFO] [stdout] test linalg::_vec3::tests::sub_float ... ok
[INFO] [stdout] test linalg::_vec3::tests::sub_assign_float ... ok
[INFO] [stdout] test linalg::_vec3::tests::sub_assign_vec ... ok
[INFO] [stdout] test linalg::_vec3::tests::sub_vec ... ok
[INFO] [stdout] test linalg::_vec3::tests::div_float ... ok
[INFO] [stdout] test linalg::_vec4::tests::mul_assign_vec ... ok
[INFO] [stdout] test linalg::_vec3::tests::swizzle_assign ... ok
[INFO] [stdout] test linalg::_vec4::tests::add_float ... ok
[INFO] [stdout] test linalg::_vec4::tests::add_vec ... ok
[INFO] [stdout] test linalg::_vec4::tests::mul_vec ... ok
[INFO] [stdout] test linalg::_vec4::tests::create_from_macro_four ... ok
[INFO] [stdout] test linalg::_vec4::tests::neg ... ok
[INFO] [stdout] test linalg::_vec4::tests::normalize ... ok
[INFO] [stdout] test linalg::_vec4::tests::sub_assign_float ... ok
[INFO] [stdout] test linalg::_vec4::tests::sub_assign_vec ... ok
[INFO] [stdout] test linalg::_vec4::tests::sub_vec ... ok
[INFO] [stdout] test linalg::_vec4::tests::sub_float ... ok
[INFO] [stdout] test linalg::_vec4::tests::add_assign_vecs ... ok
[INFO] [stdout] test linalg::_vec3::tests::dot ... ok
[INFO] [stdout] test linalg::_vec3::tests::mul_float ... ok
[INFO] [stdout] test linalg::_vec4::tests::create_from_macro_one ... ok
[INFO] [stdout] test linalg::_vec4::tests::create_with_new ... ok
[INFO] [stdout] test linalg::_vec3::tests::mul_vec ... ok
[INFO] [stdout] test linalg::_vec4::tests::div_assign_vec ... ok
[INFO] [stdout] test linalg::_vec4::tests::div_float ... ok
[INFO] [stdout] test linalg::_vec4::tests::div_vec ... ok
[INFO] [stdout] test linalg::_vec4::tests::dot ... ok
[INFO] [stdout] test linalg::_vec4::tests::add_assign_float ... ok
[INFO] [stdout] test linalg::_vec4::tests::mul_float ... ok
[INFO] [stdout] test linalg::_vec4::tests::len ... ok
[INFO] [stdout] test linalg::_vec4::tests::div_assign_float ... ok
[INFO] [stdout] test linalg::_vec2::tests::normalize ... FAILED
[INFO] [stdout] 
[INFO] [stdout] failures:
[INFO] [stdout] 
[INFO] [stdout] ---- linalg::_vec2::tests::normalize stdout ----
[INFO] [stdout] thread 'linalg::_vec2::tests::normalize' panicked at 'assertion failed: `(left == right)`
[INFO] [stdout]   left: `0.9999999999999999`,
[INFO] [stdout]  right: `1.0`', src/linalg/_vec2.rs:150:9
[INFO] [stdout] stack backtrace:
[INFO] [stdout]    0:     0x55ce7618a7d0 - std::backtrace_rs::backtrace::libunwind::trace::hff4d1766e93f64f1
[INFO] [stdout]                                at /rustc/53fd98ca776cb875bc9e5514f56b52eb74f9e7a9/library/std/src/../../backtrace/src/backtrace/libunwind.rs:90:5
[INFO] [stdout]    1:     0x55ce7618a7d0 - std::backtrace_rs::backtrace::trace_unsynchronized::h56bbc8eb78770bcb
[INFO] [stdout]                                at /rustc/53fd98ca776cb875bc9e5514f56b52eb74f9e7a9/library/std/src/../../backtrace/src/backtrace/mod.rs:66:5
[INFO] [stdout]    2:     0x55ce7618a7d0 - std::sys_common::backtrace::_print_fmt::h5c8e75464faca780
[INFO] [stdout]                                at /rustc/53fd98ca776cb875bc9e5514f56b52eb74f9e7a9/library/std/src/sys_common/backtrace.rs:67:5
[INFO] [stdout]    3:     0x55ce7618a7d0 - <std::sys_common::backtrace::_print::DisplayBacktrace as core::fmt::Display>::fmt::h48b88277def8b362
[INFO] [stdout]                                at /rustc/53fd98ca776cb875bc9e5514f56b52eb74f9e7a9/library/std/src/sys_common/backtrace.rs:46:22
[INFO] [stdout]    4:     0x55ce761acf9c - core::fmt::write::h3381b3176fe2b3d3
[INFO] [stdout]                                at /rustc/53fd98ca776cb875bc9e5514f56b52eb74f9e7a9/library/core/src/fmt/mod.rs:1115:17
[INFO] [stdout]    5:     0x55ce76187735 - std::io::Write::write_fmt::h5f34a676f60246b5
[INFO] [stdout]                                at /rustc/53fd98ca776cb875bc9e5514f56b52eb74f9e7a9/library/std/src/io/mod.rs:1665:15
[INFO] [stdout]    6:     0x55ce7618c94b - std::sys_common::backtrace::_print::ha537687d6c17dd0d
[INFO] [stdout]                                at /rustc/53fd98ca776cb875bc9e5514f56b52eb74f9e7a9/library/std/src/sys_common/backtrace.rs:49:5
[INFO] [stdout]    7:     0x55ce7618c94b - std::sys_common::backtrace::print::h61376ae57d131d72
[INFO] [stdout]                                at /rustc/53fd98ca776cb875bc9e5514f56b52eb74f9e7a9/library/std/src/sys_common/backtrace.rs:36:9
[INFO] [stdout]    8:     0x55ce7618c94b - std::panicking::default_hook::{{closure}}::h0f7208c0b9644a54
[INFO] [stdout]                                at /rustc/53fd98ca776cb875bc9e5514f56b52eb74f9e7a9/library/std/src/panicking.rs:208:50
[INFO] [stdout]    9:     0x55ce7618c45c - std::panicking::default_hook::hdac7fc06578c14ce
[INFO] [stdout]                                at /rustc/53fd98ca776cb875bc9e5514f56b52eb74f9e7a9/library/std/src/panicking.rs:222:9
[INFO] [stdout]   10:     0x55ce7618d014 - std::panicking::rust_panic_with_hook::h72b21c283da3d1ef
[INFO] [stdout]                                at /rustc/53fd98ca776cb875bc9e5514f56b52eb74f9e7a9/library/std/src/panicking.rs:622:17
[INFO] [stdout]   11:     0x55ce7618caf7 - std::panicking::begin_panic_handler::{{closure}}::he5778f1729cff84a
[INFO] [stdout]                                at /rustc/53fd98ca776cb875bc9e5514f56b52eb74f9e7a9/library/std/src/panicking.rs:519:13
[INFO] [stdout]   12:     0x55ce7618acac - std::sys_common::backtrace::__rust_end_short_backtrace::h2d11ca8b453b4b1d
[INFO] [stdout]                                at /rustc/53fd98ca776cb875bc9e5514f56b52eb74f9e7a9/library/std/src/sys_common/backtrace.rs:141:18
[INFO] [stdout]   13:     0x55ce7618ca59 - rust_begin_unwind
[INFO] [stdout]                                at /rustc/53fd98ca776cb875bc9e5514f56b52eb74f9e7a9/library/std/src/panicking.rs:515:5
[INFO] [stdout]   14:     0x55ce761333a1 - core::panicking::panic_fmt::hf9de31d4acbce4db
[INFO] [stdout]                                at /rustc/53fd98ca776cb875bc9e5514f56b52eb74f9e7a9/library/core/src/panicking.rs:92:14
[INFO] [stdout]   15:     0x55ce761ab8b8 - core::panicking::assert_failed_inner::h62e8cb2847a6e7ec
[INFO] [stdout]   16:     0x55ce7613a8fa - core::panicking::assert_failed::h241a2315d8f9655e
[INFO] [stdout]                                at /rustc/53fd98ca776cb875bc9e5514f56b52eb74f9e7a9/library/core/src/panicking.rs:117:5
[INFO] [stdout]   17:     0x55ce761376a9 - raymarcher::linalg::_vec2::tests::normalize::h0ba65ebf0a544677
[INFO] [stdout]                                at /opt/rustwide/workdir/src/linalg/_vec2.rs:150:9
[INFO] [stdout]   18:     0x55ce761375ba - raymarcher::linalg::_vec2::tests::normalize::{{closure}}::he478138693d5cb04
[INFO] [stdout]                                at /opt/rustwide/workdir/src/linalg/_vec2.rs:148:5
[INFO] [stdout]   19:     0x55ce7613b8ce - core::ops::function::FnOnce::call_once::h8f5be52b8baee597
[INFO] [stdout]                                at /rustc/53fd98ca776cb875bc9e5514f56b52eb74f9e7a9/library/core/src/ops/function.rs:227:5
[INFO] [stdout]   20:     0x55ce7616f013 - core::ops::function::FnOnce::call_once::hbb52c4519d3137b0
[INFO] [stdout]                                at /rustc/53fd98ca776cb875bc9e5514f56b52eb74f9e7a9/library/core/src/ops/function.rs:227:5
[INFO] [stdout]   21:     0x55ce7616f013 - test::__rust_begin_short_backtrace::h86fe3a2a5a5121af
[INFO] [stdout]                                at /rustc/53fd98ca776cb875bc9e5514f56b52eb74f9e7a9/library/test/src/lib.rs:578:5
[INFO] [stdout]   22:     0x55ce7616dac8 - <alloc::boxed::Box<F,A> as core::ops::function::FnOnce<Args>>::call_once::hfd956bc3d57399be
[INFO] [stdout]                                at /rustc/53fd98ca776cb875bc9e5514f56b52eb74f9e7a9/library/alloc/src/boxed.rs:1572:9
[INFO] [stdout]   23:     0x55ce7616dac8 - <std::panic::AssertUnwindSafe<F> as core::ops::function::FnOnce<()>>::call_once::h40dc93e0ddb5938a
[INFO] [stdout]                                at /rustc/53fd98ca776cb875bc9e5514f56b52eb74f9e7a9/library/std/src/panic.rs:347:9
[INFO] [stdout]   24:     0x55ce7616dac8 - std::panicking::try::do_call::h90d07750cb47c562
[INFO] [stdout]                                at /rustc/53fd98ca776cb875bc9e5514f56b52eb74f9e7a9/library/std/src/panicking.rs:401:40
[INFO] [stdout]   25:     0x55ce7616dac8 - std::panicking::try::h063c84733ad2a629
[INFO] [stdout]                                at /rustc/53fd98ca776cb875bc9e5514f56b52eb74f9e7a9/library/std/src/panicking.rs:365:19
[INFO] [stdout]   26:     0x55ce7616dac8 - std::panic::catch_unwind::h0c464836a84e7c08
[INFO] [stdout]                                at /rustc/53fd98ca776cb875bc9e5514f56b52eb74f9e7a9/library/std/src/panic.rs:434:14
[INFO] [stdout]   27:     0x55ce7616dac8 - test::run_test_in_process::h5cb06ef620b157fc
[INFO] [stdout]                                at /rustc/53fd98ca776cb875bc9e5514f56b52eb74f9e7a9/library/test/src/lib.rs:601:18
[INFO] [stdout]   28:     0x55ce7616dac8 - test::run_test::run_test_inner::{{closure}}::h76f677f4b93f9828
[INFO] [stdout]                                at /rustc/53fd98ca776cb875bc9e5514f56b52eb74f9e7a9/library/test/src/lib.rs:493:39
[INFO] [stdout]   29:     0x55ce7613c25d - test::run_test::run_test_inner::{{closure}}::h366d01fe04f4d67a
[INFO] [stdout]                                at /rustc/53fd98ca776cb875bc9e5514f56b52eb74f9e7a9/library/test/src/lib.rs:520:37
[INFO] [stdout]   30:     0x55ce7613c25d - std::sys_common::backtrace::__rust_begin_short_backtrace::h7dfa0de4eb395af2
[INFO] [stdout]                                at /rustc/53fd98ca776cb875bc9e5514f56b52eb74f9e7a9/library/std/src/sys_common/backtrace.rs:125:18
[INFO] [stdout]   31:     0x55ce76140a28 - std::thread::Builder::spawn_unchecked::{{closure}}::{{closure}}::hf0a74bb58798037f
[INFO] [stdout]                                at /rustc/53fd98ca776cb875bc9e5514f56b52eb74f9e7a9/library/std/src/thread/mod.rs:476:17
[INFO] [stdout]   32:     0x55ce76140a28 - <std::panic::AssertUnwindSafe<F> as core::ops::function::FnOnce<()>>::call_once::hb024e854818586ac
[INFO] [stdout]                                at /rustc/53fd98ca776cb875bc9e5514f56b52eb74f9e7a9/library/std/src/panic.rs:347:9
[INFO] [stdout]   33:     0x55ce76140a28 - std::panicking::try::do_call::hb2dd9f1d0d48e41d
[INFO] [stdout]                                at /rustc/53fd98ca776cb875bc9e5514f56b52eb74f9e7a9/library/std/src/panicking.rs:401:40
[INFO] [stdout]   34:     0x55ce76140a28 - std::panicking::try::h4717ae7bac8b2bf3
[INFO] [stdout]                                at /rustc/53fd98ca776cb875bc9e5514f56b52eb74f9e7a9/library/std/src/panicking.rs:365:19
[INFO] [stdout]   35:     0x55ce76140a28 - std::panic::catch_unwind::h0dc8a061326ce8d8
[INFO] [stdout]                                at /rustc/53fd98ca776cb875bc9e5514f56b52eb74f9e7a9/library/std/src/panic.rs:434:14
[INFO] [stdout]   36:     0x55ce76140a28 - std::thread::Builder::spawn_unchecked::{{closure}}::haa369e2d6fd00aa1
[INFO] [stdout]                                at /rustc/53fd98ca776cb875bc9e5514f56b52eb74f9e7a9/library/std/src/thread/mod.rs:475:30
[INFO] [stdout]   37:     0x55ce76140a28 - core::ops::function::FnOnce::call_once{{vtable.shim}}::h36dcf3de8b056f17
[INFO] [stdout]                                at /rustc/53fd98ca776cb875bc9e5514f56b52eb74f9e7a9/library/core/src/ops/function.rs:227:5
[INFO] [stdout]   38:     0x55ce76191b87 - <alloc::boxed::Box<F,A> as core::ops::function::FnOnce<Args>>::call_once::h65c29e4642be2358
[INFO] [stdout]                                at /rustc/53fd98ca776cb875bc9e5514f56b52eb74f9e7a9/library/alloc/src/boxed.rs:1572:9
[INFO] [stdout]   39:     0x55ce76191b87 - <alloc::boxed::Box<F,A> as core::ops::function::FnOnce<Args>>::call_once::hd0f8f7fbbd9fffbf
[INFO] [stdout]                                at /rustc/53fd98ca776cb875bc9e5514f56b52eb74f9e7a9/library/alloc/src/boxed.rs:1572:9
[INFO] [stdout]   40:     0x55ce76191b87 - std::sys::unix::thread::Thread::new::thread_start::h2fd22fee3ca77b65
[INFO] [stdout]                                at /rustc/53fd98ca776cb875bc9e5514f56b52eb74f9e7a9/library/std/src/sys/unix/thread.rs:74:17
[INFO] [stdout]   41:     0x7f815a5a1609 - start_thread
[INFO] [stdout]   42:     0x7f815a373293 - clone
[INFO] [stdout]   43:                0x0 - <unknown>
[INFO] [stdout] 
[INFO] [stdout] 
[INFO] [stdout] failures:
[INFO] [stdout]     linalg::_vec2::tests::normalize
[INFO] [stdout] 
[INFO] [stdout] test result: FAILED. 70 passed; 1 failed; 0 ignored; 0 measured; 0 filtered out; finished in 0.02s
[INFO] [stdout] 
[INFO] [stderr] error: test failed, to rerun pass '--bin raymarcher'
[INFO] running `Command { std: "docker" "inspect" "19c3d615f7fc41e84f01563c0787473d78e8a03a193984cf62a18c7207af72c9", kill_on_drop: false }`
[INFO] running `Command { std: "docker" "rm" "-f" "19c3d615f7fc41e84f01563c0787473d78e8a03a193984cf62a18c7207af72c9", kill_on_drop: false }`
[INFO] [stdout] 19c3d615f7fc41e84f01563c0787473d78e8a03a193984cf62a18c7207af72c9
