[INFO] cloning repository https://github.com/smrpn/json-adapter
[INFO] running `Command { std: "git" "-c" "credential.helper=" "-c" "credential.helper=/workspace/cargo-home/bin/git-credential-null" "clone" "--bare" "https://github.com/smrpn/json-adapter" "/workspace/cache/git-repos/https%3A%2F%2Fgithub.com%2Fsmrpn%2Fjson-adapter", kill_on_drop: false }`
[INFO] [stderr] Cloning into bare repository '/workspace/cache/git-repos/https%3A%2F%2Fgithub.com%2Fsmrpn%2Fjson-adapter'...
[INFO] running `Command { std: "git" "rev-parse" "HEAD", kill_on_drop: false }`
[INFO] [stdout] a0a0daee19b06c7113ef8d9f75e30632a3c196ea
[INFO] testing smrpn/json-adapter against 1.54.0 for beta-1.55-1
[INFO] running `Command { std: "git" "clone" "/workspace/cache/git-repos/https%3A%2F%2Fgithub.com%2Fsmrpn%2Fjson-adapter" "/workspace/builds/worker-3/source", kill_on_drop: false }`
[INFO] [stderr] Cloning into '/workspace/builds/worker-3/source'...
[INFO] [stderr] done.
[INFO] validating manifest of git repo https://github.com/smrpn/json-adapter on toolchain 1.54.0
[INFO] running `Command { std: "/workspace/cargo-home/bin/cargo" "+1.54.0" "metadata" "--manifest-path" "Cargo.toml" "--no-deps", kill_on_drop: false }`
[INFO] started tweaking git repo https://github.com/smrpn/json-adapter
[INFO] finished tweaking git repo https://github.com/smrpn/json-adapter
[INFO] tweaked toml for git repo https://github.com/smrpn/json-adapter written to /workspace/builds/worker-3/source/Cargo.toml
[INFO] crate git repo https://github.com/smrpn/json-adapter already has a lockfile, it will not be regenerated
[INFO] running `Command { std: "/workspace/cargo-home/bin/cargo" "+1.54.0" "fetch" "--manifest-path" "Cargo.toml", kill_on_drop: false }`
[INFO] [stderr]     Blocking waiting for file lock on package cache
[INFO] [stderr]  Downloading crates ...
[INFO] [stderr]   Downloaded rhai_codegen v0.3.4
[INFO] [stderr]   Downloaded smartstring v0.2.6
[INFO] [stderr]   Downloaded rhai v0.19.15
[INFO] running `Command { std: "docker" "create" "-v" "/var/lib/crater-agent-workspace/builds/worker-3/target:/opt/rustwide/target:rw,Z" "-v" "/var/lib/crater-agent-workspace/builds/worker-3/source:/opt/rustwide/workdir:ro,Z" "-v" "/var/lib/crater-agent-workspace/cargo-home:/opt/rustwide/cargo-home:ro,Z" "-v" "/var/lib/crater-agent-workspace/rustup-home:/opt/rustwide/rustup-home:ro,Z" "-e" "SOURCE_DIR=/opt/rustwide/workdir" "-e" "CARGO_TARGET_DIR=/opt/rustwide/target" "-e" "CARGO_HOME=/opt/rustwide/cargo-home" "-e" "RUSTUP_HOME=/opt/rustwide/rustup-home" "-w" "/opt/rustwide/workdir" "-m" "1610612736" "--user" "0:0" "--network" "none" "ghcr.io/rust-lang/crates-build-env/linux@sha256:34b6a614d2c27851fe6cbf88fbd1137609cefab8b10d0615aaeb6fd47975d74e" "/opt/rustwide/cargo-home/bin/cargo" "+1.54.0" "metadata" "--no-deps" "--format-version=1", kill_on_drop: false }`
[INFO] [stdout] ac14b81434bbd0ed7b59e72463e8681da355d5bb71f272a670416c5677bbbd50
[INFO] running `Command { std: "docker" "start" "-a" "ac14b81434bbd0ed7b59e72463e8681da355d5bb71f272a670416c5677bbbd50", kill_on_drop: false }`
[INFO] running `Command { std: "docker" "inspect" "ac14b81434bbd0ed7b59e72463e8681da355d5bb71f272a670416c5677bbbd50", kill_on_drop: false }`
[INFO] running `Command { std: "docker" "rm" "-f" "ac14b81434bbd0ed7b59e72463e8681da355d5bb71f272a670416c5677bbbd50", kill_on_drop: false }`
[INFO] [stdout] ac14b81434bbd0ed7b59e72463e8681da355d5bb71f272a670416c5677bbbd50
[INFO] running `Command { std: "docker" "create" "-v" "/var/lib/crater-agent-workspace/builds/worker-3/target:/opt/rustwide/target:rw,Z" "-v" "/var/lib/crater-agent-workspace/builds/worker-3/source:/opt/rustwide/workdir:ro,Z" "-v" "/var/lib/crater-agent-workspace/cargo-home:/opt/rustwide/cargo-home:ro,Z" "-v" "/var/lib/crater-agent-workspace/rustup-home:/opt/rustwide/rustup-home:ro,Z" "-e" "SOURCE_DIR=/opt/rustwide/workdir" "-e" "CARGO_TARGET_DIR=/opt/rustwide/target" "-e" "CARGO_INCREMENTAL=0" "-e" "RUST_BACKTRACE=full" "-e" "RUSTFLAGS=--cap-lints=warn" "-e" "CARGO_HOME=/opt/rustwide/cargo-home" "-e" "RUSTUP_HOME=/opt/rustwide/rustup-home" "-w" "/opt/rustwide/workdir" "-m" "1610612736" "--user" "0:0" "--network" "none" "ghcr.io/rust-lang/crates-build-env/linux@sha256:34b6a614d2c27851fe6cbf88fbd1137609cefab8b10d0615aaeb6fd47975d74e" "/opt/rustwide/cargo-home/bin/cargo" "+1.54.0" "build" "--frozen" "--message-format=json", kill_on_drop: false }`
[INFO] [stdout] a4a265c8a5543d99421d31ba8ea1c936e2170f9433c1073f1b088f4f81760fbf
[INFO] running `Command { std: "docker" "start" "-a" "a4a265c8a5543d99421d31ba8ea1c936e2170f9433c1073f1b088f4f81760fbf", kill_on_drop: false }`
[INFO] [stderr]    Compiling proc-macro2 v1.0.26
[INFO] [stderr]    Compiling syn v1.0.68
[INFO] [stderr]    Compiling libc v0.2.93
[INFO] [stderr]    Compiling log v0.4.14
[INFO] [stderr]    Compiling once_cell v1.7.2
[INFO] [stderr]    Compiling pin-project-lite v0.2.6
[INFO] [stderr]    Compiling futures-core v0.3.13
[INFO] [stderr]    Compiling futures-io v0.3.13
[INFO] [stderr]    Compiling serde_derive v1.0.125
[INFO] [stderr]    Compiling smallvec v1.6.1
[INFO] [stderr]    Compiling vec-arena v1.1.0
[INFO] [stderr]    Compiling getrandom v0.2.2
[INFO] [stderr]    Compiling serde v1.0.125
[INFO] [stderr]    Compiling version_check v0.9.3
[INFO] [stderr]    Compiling async-trait v0.1.48
[INFO] [stderr]    Compiling serde_json v1.0.64
[INFO] [stderr]    Compiling hashbrown v0.9.1
[INFO] [stderr]    Compiling regex-syntax v0.6.23
[INFO] [stderr]    Compiling itoa v0.4.7
[INFO] [stderr]    Compiling concurrent-queue v1.2.2
[INFO] [stderr]    Compiling crossbeam-utils v0.8.3
[INFO] [stderr]    Compiling num-traits v0.2.14
[INFO] [stderr]    Compiling instant v0.1.9
[INFO] [stderr]    Compiling indexmap v1.6.2
[INFO] [stderr]    Compiling async-mutex v1.4.0
[INFO] [stderr]    Compiling smartstring v0.2.6
[INFO] [stderr]    Compiling tokio v1.4.0
[INFO] [stderr]    Compiling lock_api v0.4.3
[INFO] [stderr]    Compiling async-lock v2.3.0
[INFO] [stderr]    Compiling async-channel v1.6.1
[INFO] [stderr]    Compiling futures-lite v1.11.3
[INFO] [stderr]    Compiling ahash v0.7.2
[INFO] [stderr]    Compiling async-executor v1.4.0
[INFO] [stderr]    Compiling blocking v1.0.2
[INFO] [stderr]    Compiling quote v1.0.9
[INFO] [stderr]    Compiling socket2 v0.4.0
[INFO] [stderr]    Compiling num_cpus v1.13.0
[INFO] [stderr]    Compiling parking_lot_core v0.8.3
[INFO] [stderr]    Compiling signal-hook-registry v1.3.0
[INFO] [stderr]    Compiling parking_lot v0.11.1
[INFO] [stderr]    Compiling nb-connect v1.1.0
[INFO] [stderr]    Compiling regex v1.4.5
[INFO] [stderr]    Compiling ctor v0.1.20
[INFO] [stderr]    Compiling thiserror-impl v1.0.24
[INFO] [stderr]    Compiling async-attributes v1.1.2
[INFO] [stderr]    Compiling rhai_codegen v0.3.4
[INFO] [stderr]    Compiling tokio-macros v1.1.0
[INFO] [stderr]    Compiling value-bag v1.0.0-alpha.6
[INFO] [stderr]    Compiling polling v2.0.3
[INFO] [stderr]    Compiling kv-log-macro v1.0.7
[INFO] [stderr]    Compiling mio v0.7.11
[INFO] [stderr]    Compiling thiserror v1.0.24
[INFO] [stderr]    Compiling async-io v1.3.1
[INFO] [stderr]    Compiling async-global-executor v2.0.2
[INFO] [stderr]    Compiling async-std v1.9.0
[INFO] [stderr]    Compiling rhai v0.19.15
[INFO] [stderr]    Compiling casbin v2.0.7 (https://github.com/casbin/casbin-rs#5ee0e109)
[INFO] [stderr]    Compiling json-adapter v0.1.0 (/opt/rustwide/workdir)
[INFO] [stderr]     Finished dev [unoptimized + debuginfo] target(s) in 1m 15s
[INFO] running `Command { std: "docker" "inspect" "a4a265c8a5543d99421d31ba8ea1c936e2170f9433c1073f1b088f4f81760fbf", kill_on_drop: false }`
[INFO] running `Command { std: "docker" "rm" "-f" "a4a265c8a5543d99421d31ba8ea1c936e2170f9433c1073f1b088f4f81760fbf", kill_on_drop: false }`
[INFO] [stdout] a4a265c8a5543d99421d31ba8ea1c936e2170f9433c1073f1b088f4f81760fbf
[INFO] running `Command { std: "docker" "create" "-v" "/var/lib/crater-agent-workspace/builds/worker-3/target:/opt/rustwide/target:rw,Z" "-v" "/var/lib/crater-agent-workspace/builds/worker-3/source:/opt/rustwide/workdir:ro,Z" "-v" "/var/lib/crater-agent-workspace/cargo-home:/opt/rustwide/cargo-home:ro,Z" "-v" "/var/lib/crater-agent-workspace/rustup-home:/opt/rustwide/rustup-home:ro,Z" "-e" "SOURCE_DIR=/opt/rustwide/workdir" "-e" "CARGO_TARGET_DIR=/opt/rustwide/target" "-e" "CARGO_INCREMENTAL=0" "-e" "RUST_BACKTRACE=full" "-e" "RUSTFLAGS=--cap-lints=warn" "-e" "CARGO_HOME=/opt/rustwide/cargo-home" "-e" "RUSTUP_HOME=/opt/rustwide/rustup-home" "-w" "/opt/rustwide/workdir" "-m" "1610612736" "--user" "0:0" "--network" "none" "ghcr.io/rust-lang/crates-build-env/linux@sha256:34b6a614d2c27851fe6cbf88fbd1137609cefab8b10d0615aaeb6fd47975d74e" "/opt/rustwide/cargo-home/bin/cargo" "+1.54.0" "test" "--frozen" "--no-run" "--message-format=json", kill_on_drop: false }`
[INFO] [stdout] edee6ea4bf801fe61b1c851c161995e6bfa17d2c2ff74a0735975b513e11c247
[INFO] running `Command { std: "docker" "start" "-a" "edee6ea4bf801fe61b1c851c161995e6bfa17d2c2ff74a0735975b513e11c247", kill_on_drop: false }`
[INFO] [stderr]     Blocking waiting for file lock on package cache
[INFO] [stderr]     Blocking waiting for file lock on package cache
[INFO] [stderr]    Compiling json-adapter v0.1.0 (/opt/rustwide/workdir)
[INFO] [stderr]     Finished test [unoptimized + debuginfo] target(s) in 7.03s
[INFO] running `Command { std: "docker" "inspect" "edee6ea4bf801fe61b1c851c161995e6bfa17d2c2ff74a0735975b513e11c247", kill_on_drop: false }`
[INFO] running `Command { std: "docker" "rm" "-f" "edee6ea4bf801fe61b1c851c161995e6bfa17d2c2ff74a0735975b513e11c247", kill_on_drop: false }`
[INFO] [stdout] edee6ea4bf801fe61b1c851c161995e6bfa17d2c2ff74a0735975b513e11c247
[INFO] running `Command { std: "docker" "create" "-v" "/var/lib/crater-agent-workspace/builds/worker-3/target:/opt/rustwide/target:rw,Z" "-v" "/var/lib/crater-agent-workspace/builds/worker-3/source:/opt/rustwide/workdir:ro,Z" "-v" "/var/lib/crater-agent-workspace/cargo-home:/opt/rustwide/cargo-home:ro,Z" "-v" "/var/lib/crater-agent-workspace/rustup-home:/opt/rustwide/rustup-home:ro,Z" "-e" "SOURCE_DIR=/opt/rustwide/workdir" "-e" "CARGO_TARGET_DIR=/opt/rustwide/target" "-e" "CARGO_INCREMENTAL=0" "-e" "RUST_BACKTRACE=full" "-e" "RUSTFLAGS=--cap-lints=warn" "-e" "CARGO_HOME=/opt/rustwide/cargo-home" "-e" "RUSTUP_HOME=/opt/rustwide/rustup-home" "-w" "/opt/rustwide/workdir" "-m" "1610612736" "--user" "0:0" "--network" "none" "ghcr.io/rust-lang/crates-build-env/linux@sha256:34b6a614d2c27851fe6cbf88fbd1137609cefab8b10d0615aaeb6fd47975d74e" "/opt/rustwide/cargo-home/bin/cargo" "+1.54.0" "test" "--frozen", kill_on_drop: false }`
[INFO] [stdout] 9fc7fb930e94fb3e61178b098f51c410f39461221441fed289da9383dabee3b9
[INFO] running `Command { std: "docker" "start" "-a" "9fc7fb930e94fb3e61178b098f51c410f39461221441fed289da9383dabee3b9", kill_on_drop: false }`
[INFO] [stderr]     Finished test [unoptimized + debuginfo] target(s) in 0.24s
[INFO] [stderr]      Running unittests (/opt/rustwide/target/debug/deps/json_adapter-ba8dd1129352aa01)
[INFO] [stdout] 
[INFO] [stderr]      Running tests/test.rs (/opt/rustwide/target/debug/deps/test-e5d93c871ea733b7)
[INFO] [stdout] running 0 tests
[INFO] [stdout] 
[INFO] [stdout] test result: ok. 0 passed; 0 failed; 0 ignored; 0 measured; 0 filtered out; finished in 0.00s
[INFO] [stdout] 
[INFO] [stdout] 
[INFO] [stdout] running 2 tests
[INFO] [stdout] test test_create ... ok
[INFO] [stdout] test test_adapter ... FAILED
[INFO] [stdout] 
[INFO] [stdout] failures:
[INFO] [stdout] 
[INFO] [stdout] ---- test_adapter stdout ----
[INFO] [stdout] thread 'test_adapter' panicked at 'assertion failed: adapter.save_policy(e.get_mut_model()).await.is_ok()', tests/test.rs:36:5
[INFO] [stdout] stack backtrace:
[INFO] [stdout]    0:     0x557b044f2760 - std::backtrace_rs::backtrace::libunwind::trace::h34055254b57d8e79
[INFO] [stdout]                                at /rustc/a178d0322ce20e33eac124758e837cbd80a6f633/library/std/src/../../backtrace/src/backtrace/libunwind.rs:90:5
[INFO] [stdout]    1:     0x557b044f2760 - std::backtrace_rs::backtrace::trace_unsynchronized::h8f1e3fbd9afff6ec
[INFO] [stdout]                                at /rustc/a178d0322ce20e33eac124758e837cbd80a6f633/library/std/src/../../backtrace/src/backtrace/mod.rs:66:5
[INFO] [stdout]    2:     0x557b044f2760 - std::sys_common::backtrace::_print_fmt::h3a99a796b770c360
[INFO] [stdout]                                at /rustc/a178d0322ce20e33eac124758e837cbd80a6f633/library/std/src/sys_common/backtrace.rs:67:5
[INFO] [stdout]    3:     0x557b044f2760 - <std::sys_common::backtrace::_print::DisplayBacktrace as core::fmt::Display>::fmt::h32d1f94a80615d18
[INFO] [stdout]                                at /rustc/a178d0322ce20e33eac124758e837cbd80a6f633/library/std/src/sys_common/backtrace.rs:46:22
[INFO] [stdout]    4:     0x557b0451615c - core::fmt::write::h306731c068f7162c
[INFO] [stdout]                                at /rustc/a178d0322ce20e33eac124758e837cbd80a6f633/library/core/src/fmt/mod.rs:1110:17
[INFO] [stdout]    5:     0x557b044ef115 - std::io::Write::write_fmt::h87f19b0a2cd190bc
[INFO] [stdout]                                at /rustc/a178d0322ce20e33eac124758e837cbd80a6f633/library/std/src/io/mod.rs:1588:15
[INFO] [stdout]    6:     0x557b044f498b - std::sys_common::backtrace::_print::h5abaa2601a852287
[INFO] [stdout]                                at /rustc/a178d0322ce20e33eac124758e837cbd80a6f633/library/std/src/sys_common/backtrace.rs:49:5
[INFO] [stdout]    7:     0x557b044f498b - std::sys_common::backtrace::print::h8d81445442bb638f
[INFO] [stdout]                                at /rustc/a178d0322ce20e33eac124758e837cbd80a6f633/library/std/src/sys_common/backtrace.rs:36:9
[INFO] [stdout]    8:     0x557b044f498b - std::panicking::default_hook::{{closure}}::hcfe804496a9fa747
[INFO] [stdout]                                at /rustc/a178d0322ce20e33eac124758e837cbd80a6f633/library/std/src/panicking.rs:208:50
[INFO] [stdout]    9:     0x557b044f449c - std::panicking::default_hook::hbea8e3ccf2ba8901
[INFO] [stdout]                                at /rustc/a178d0322ce20e33eac124758e837cbd80a6f633/library/std/src/panicking.rs:222:9
[INFO] [stdout]   10:     0x557b044f5054 - std::panicking::rust_panic_with_hook::h7ee9e1a2d0f8975a
[INFO] [stdout]                                at /rustc/a178d0322ce20e33eac124758e837cbd80a6f633/library/std/src/panicking.rs:622:17
[INFO] [stdout]   11:     0x557b044f4b07 - std::panicking::begin_panic_handler::{{closure}}::h8ab3b4491718b2c7
[INFO] [stdout]                                at /rustc/a178d0322ce20e33eac124758e837cbd80a6f633/library/std/src/panicking.rs:517:13
[INFO] [stdout]   12:     0x557b044f2c5c - std::sys_common::backtrace::__rust_end_short_backtrace::hd489062ffa586a9f
[INFO] [stdout]                                at /rustc/a178d0322ce20e33eac124758e837cbd80a6f633/library/std/src/sys_common/backtrace.rs:141:18
[INFO] [stdout]   13:     0x557b044f4a99 - rust_begin_unwind
[INFO] [stdout]                                at /rustc/a178d0322ce20e33eac124758e837cbd80a6f633/library/std/src/panicking.rs:515:5
[INFO] [stdout]   14:     0x557b03db3bb1 - core::panicking::panic_fmt::hca6330e3e14086b4
[INFO] [stdout]                                at /rustc/a178d0322ce20e33eac124758e837cbd80a6f633/library/core/src/panicking.rs:92:14
[INFO] [stdout]   15:     0x557b03db3afd - core::panicking::panic::h1a48d878ff3dcd40
[INFO] [stdout]                                at /rustc/a178d0322ce20e33eac124758e837cbd80a6f633/library/core/src/panicking.rs:50:5
[INFO] [stdout]   16:     0x557b03deb8d4 - test::test_adapter::{{closure}}::he13f456aac77362e
[INFO] [stdout]                                at /opt/rustwide/workdir/tests/test.rs:36:5
[INFO] [stdout]   17:     0x557b03ddc69b - <core::future::from_generator::GenFuture<T> as core::future::future::Future>::poll::h17663c92e0551f10
[INFO] [stdout]                                at /rustc/a178d0322ce20e33eac124758e837cbd80a6f633/library/core/src/future/mod.rs:80:19
[INFO] [stdout]   18:     0x557b03dfb60f - <core::pin::Pin<P> as core::future::future::Future>::poll::hadbb7a12a210a2fa
[INFO] [stdout]                                at /rustc/a178d0322ce20e33eac124758e837cbd80a6f633/library/core/src/future/future.rs:119:9
[INFO] [stdout]   19:     0x557b03e060e0 - tokio::runtime::basic_scheduler::Inner<P>::block_on::{{closure}}::{{closure}}::hb2941f670f366445
[INFO] [stdout]                                at /opt/rustwide/cargo-home/registry/src/github.com-1ecc6299db9ec823/tokio-1.4.0/src/runtime/basic_scheduler.rs:196:62
[INFO] [stdout]   20:     0x557b03dfb1ec - tokio::coop::with_budget::{{closure}}::hf36d3b2a0a64f1d7
[INFO] [stdout]                                at /opt/rustwide/cargo-home/registry/src/github.com-1ecc6299db9ec823/tokio-1.4.0/src/coop.rs:106:9
[INFO] [stdout]   21:     0x557b03dd2521 - std::thread::local::LocalKey<T>::try_with::hb019cd473c11be11
[INFO] [stdout]                                at /rustc/a178d0322ce20e33eac124758e837cbd80a6f633/library/std/src/thread/local.rs:400:16
[INFO] [stdout]   22:     0x557b03dd1d1d - std::thread::local::LocalKey<T>::with::h9a8c9d2ec77b6949
[INFO] [stdout]                                at /rustc/a178d0322ce20e33eac124758e837cbd80a6f633/library/std/src/thread/local.rs:376:9
[INFO] [stdout]   23:     0x557b03e0510c - tokio::coop::with_budget::h9ef6281e5c94bb6b
[INFO] [stdout]                                at /opt/rustwide/cargo-home/registry/src/github.com-1ecc6299db9ec823/tokio-1.4.0/src/coop.rs:99:5
[INFO] [stdout]   24:     0x557b03e0510c - tokio::coop::budget::h633e59656ce1c0bf
[INFO] [stdout]                                at /opt/rustwide/cargo-home/registry/src/github.com-1ecc6299db9ec823/tokio-1.4.0/src/coop.rs:76:5
[INFO] [stdout]   25:     0x557b03e0510c - tokio::runtime::basic_scheduler::Inner<P>::block_on::{{closure}}::h3fb0f19ef180e686
[INFO] [stdout]                                at /opt/rustwide/cargo-home/registry/src/github.com-1ecc6299db9ec823/tokio-1.4.0/src/runtime/basic_scheduler.rs:196:39
[INFO] [stdout]   26:     0x557b03e07531 - tokio::runtime::basic_scheduler::enter::{{closure}}::h5fabb21b2c47569b
[INFO] [stdout]                                at /opt/rustwide/cargo-home/registry/src/github.com-1ecc6299db9ec823/tokio-1.4.0/src/runtime/basic_scheduler.rs:279:29
[INFO] [stdout]   27:     0x557b03de354d - tokio::macros::scoped_tls::ScopedKey<T>::set::h925cadcde7f503ba
[INFO] [stdout]                                at /opt/rustwide/cargo-home/registry/src/github.com-1ecc6299db9ec823/tokio-1.4.0/src/macros/scoped_tls.rs:61:9
[INFO] [stdout]   28:     0x557b03e074ac - tokio::runtime::basic_scheduler::enter::hf459f9ad41ac9736
[INFO] [stdout]                                at /opt/rustwide/cargo-home/registry/src/github.com-1ecc6299db9ec823/tokio-1.4.0/src/runtime/basic_scheduler.rs:279:5
[INFO] [stdout]   29:     0x557b03e04dcb - tokio::runtime::basic_scheduler::Inner<P>::block_on::ha846ee2e9585a61c
[INFO] [stdout]                                at /opt/rustwide/cargo-home/registry/src/github.com-1ecc6299db9ec823/tokio-1.4.0/src/runtime/basic_scheduler.rs:185:9
[INFO] [stdout]   30:     0x557b03e062b4 - tokio::runtime::basic_scheduler::InnerGuard<P>::block_on::h4d736db0cdd8b3e6
[INFO] [stdout]                                at /opt/rustwide/cargo-home/registry/src/github.com-1ecc6299db9ec823/tokio-1.4.0/src/runtime/basic_scheduler.rs:425:9
[INFO] [stdout]   31:     0x557b03e065b8 - tokio::runtime::basic_scheduler::BasicScheduler<P>::block_on::h3dd4367aa9adbe8d
[INFO] [stdout]                                at /opt/rustwide/cargo-home/registry/src/github.com-1ecc6299db9ec823/tokio-1.4.0/src/runtime/basic_scheduler.rs:145:24
[INFO] [stdout]   32:     0x557b03df76a0 - tokio::runtime::Runtime::block_on::h033853f2a597491f
[INFO] [stdout]                                at /opt/rustwide/cargo-home/registry/src/github.com-1ecc6299db9ec823/tokio-1.4.0/src/runtime/mod.rs:450:46
[INFO] [stdout]   33:     0x557b03dea8db - test::test_adapter::h0d25d89404623948
[INFO] [stdout]                                at /opt/rustwide/workdir/tests/test.rs:23:39
[INFO] [stdout]   34:     0x557b03dea80a - test::test_adapter::{{closure}}::h606fe57df42814ab
[INFO] [stdout]                                at /opt/rustwide/workdir/tests/test.rs:23:39
[INFO] [stdout]   35:     0x557b03dbae3e - core::ops::function::FnOnce::call_once::hbd42b448d84ad211
[INFO] [stdout]                                at /rustc/a178d0322ce20e33eac124758e837cbd80a6f633/library/core/src/ops/function.rs:227:5
[INFO] [stdout]   36:     0x557b03e32c33 - core::ops::function::FnOnce::call_once::h152e7e439ff59e19
[INFO] [stdout]                                at /rustc/a178d0322ce20e33eac124758e837cbd80a6f633/library/core/src/ops/function.rs:227:5
[INFO] [stdout]   37:     0x557b03e32c33 - test::__rust_begin_short_backtrace::h0908f3b1fdbb72ab
[INFO] [stdout]                                at /rustc/a178d0322ce20e33eac124758e837cbd80a6f633/library/test/src/lib.rs:577:5
[INFO] [stdout]   38:     0x557b03e316f0 - <alloc::boxed::Box<F,A> as core::ops::function::FnOnce<Args>>::call_once::hf6d2a51e5587546c
[INFO] [stdout]                                at /rustc/a178d0322ce20e33eac124758e837cbd80a6f633/library/alloc/src/boxed.rs:1575:9
[INFO] [stdout]   39:     0x557b03e316f0 - <std::panic::AssertUnwindSafe<F> as core::ops::function::FnOnce<()>>::call_once::h8af660f3a89ef593
[INFO] [stdout]                                at /rustc/a178d0322ce20e33eac124758e837cbd80a6f633/library/std/src/panic.rs:347:9
[INFO] [stdout]   40:     0x557b03e316f0 - std::panicking::try::do_call::hd36aef60f84b6d36
[INFO] [stdout]                                at /rustc/a178d0322ce20e33eac124758e837cbd80a6f633/library/std/src/panicking.rs:401:40
[INFO] [stdout]   41:     0x557b03e316f0 - std::panicking::try::h9932b4480e69817c
[INFO] [stdout]                                at /rustc/a178d0322ce20e33eac124758e837cbd80a6f633/library/std/src/panicking.rs:365:19
[INFO] [stdout]   42:     0x557b03e316f0 - std::panic::catch_unwind::h6aa177099cfff5f8
[INFO] [stdout]                                at /rustc/a178d0322ce20e33eac124758e837cbd80a6f633/library/std/src/panic.rs:434:14
[INFO] [stdout]   43:     0x557b03e316f0 - test::run_test_in_process::h5884d6f2d99e20c3
[INFO] [stdout]                                at /rustc/a178d0322ce20e33eac124758e837cbd80a6f633/library/test/src/lib.rs:600:18
[INFO] [stdout]   44:     0x557b03e316f0 - test::run_test::run_test_inner::{{closure}}::h6fdc58c6d5f5b6e3
[INFO] [stdout]                                at /rustc/a178d0322ce20e33eac124758e837cbd80a6f633/library/test/src/lib.rs:492:39
[INFO] [stdout]   45:     0x557b03e0ada2 - test::run_test::run_test_inner::{{closure}}::h408365d67a78ade8
[INFO] [stdout]                                at /rustc/a178d0322ce20e33eac124758e837cbd80a6f633/library/test/src/lib.rs:519:37
[INFO] [stdout]   46:     0x557b03e0ada2 - std::sys_common::backtrace::__rust_begin_short_backtrace::hb560b77c4f701523
[INFO] [stdout]                                at /rustc/a178d0322ce20e33eac124758e837cbd80a6f633/library/std/src/sys_common/backtrace.rs:125:18
[INFO] [stdout]   47:     0x557b03e0e958 - std::thread::Builder::spawn_unchecked::{{closure}}::{{closure}}::hf2e7831dad93c597
[INFO] [stdout]                                at /rustc/a178d0322ce20e33eac124758e837cbd80a6f633/library/std/src/thread/mod.rs:481:17
[INFO] [stdout]   48:     0x557b03e0e958 - <std::panic::AssertUnwindSafe<F> as core::ops::function::FnOnce<()>>::call_once::hd2e08783d8be4d02
[INFO] [stdout]                                at /rustc/a178d0322ce20e33eac124758e837cbd80a6f633/library/std/src/panic.rs:347:9
[INFO] [stdout]   49:     0x557b03e0e958 - std::panicking::try::do_call::h062597b7acfd6b82
[INFO] [stdout]                                at /rustc/a178d0322ce20e33eac124758e837cbd80a6f633/library/std/src/panicking.rs:401:40
[INFO] [stdout]   50:     0x557b03e0e958 - std::panicking::try::h0d7b79db04c14552
[INFO] [stdout]                                at /rustc/a178d0322ce20e33eac124758e837cbd80a6f633/library/std/src/panicking.rs:365:19
[INFO] [stdout]   51:     0x557b03e0e958 - std::panic::catch_unwind::hb01a0b5e7c8cd43b
[INFO] [stdout]                                at /rustc/a178d0322ce20e33eac124758e837cbd80a6f633/library/std/src/panic.rs:434:14
[INFO] [stdout]   52:     0x557b03e0e958 - std::thread::Builder::spawn_unchecked::{{closure}}::h5bde48cc887e0d1e
[INFO] [stdout]                                at /rustc/a178d0322ce20e33eac124758e837cbd80a6f633/library/std/src/thread/mod.rs:480:30
[INFO] [stdout]   53:     0x557b03e0e958 - core::ops::function::FnOnce::call_once{{vtable.shim}}::h745ea30807a29e55
[INFO] [stdout]                                at /rustc/a178d0322ce20e33eac124758e837cbd80a6f633/library/core/src/ops/function.rs:227:5
[INFO] [stdout]   54:     0x557b044f9cd7 - <alloc::boxed::Box<F,A> as core::ops::function::FnOnce<Args>>::call_once::h7ece6cfefaff1005
[INFO] [stdout]                                at /rustc/a178d0322ce20e33eac124758e837cbd80a6f633/library/alloc/src/boxed.rs:1575:9
[INFO] [stdout]   55:     0x557b044f9cd7 - <alloc::boxed::Box<F,A> as core::ops::function::FnOnce<Args>>::call_once::hb8b48e55c21f193e
[INFO] [stdout]                                at /rustc/a178d0322ce20e33eac124758e837cbd80a6f633/library/alloc/src/boxed.rs:1575:9
[INFO] [stdout]   56:     0x557b044f9cd7 - std::sys::unix::thread::Thread::new::thread_start::h8c7c4450dba62914
[INFO] [stdout]                                at /rustc/a178d0322ce20e33eac124758e837cbd80a6f633/library/std/src/sys/unix/thread.rs:71:17
[INFO] [stdout]   57:     0x7fcae1646609 - start_thread
[INFO] [stdout]   58:     0x7fcae1418293 - clone
[INFO] [stdout]   59:                0x0 - <unknown>
[INFO] [stdout] 
[INFO] [stdout] 
[INFO] [stdout] failures:
[INFO] [stdout]     test_adapter
[INFO] [stdout] 
[INFO] [stdout] test result: FAILED. 1 passed; 1 failed; 0 ignored; 0 measured; 0 filtered out; finished in 0.19s
[INFO] [stdout] 
[INFO] [stderr] error: test failed, to rerun pass '--test test'
[INFO] running `Command { std: "docker" "inspect" "9fc7fb930e94fb3e61178b098f51c410f39461221441fed289da9383dabee3b9", kill_on_drop: false }`
[INFO] running `Command { std: "docker" "rm" "-f" "9fc7fb930e94fb3e61178b098f51c410f39461221441fed289da9383dabee3b9", kill_on_drop: false }`
[INFO] [stdout] 9fc7fb930e94fb3e61178b098f51c410f39461221441fed289da9383dabee3b9
