[INFO] cloning repository https://github.com/smokytheangel0/clock
[INFO] running `Command { std: "git" "-c" "credential.helper=" "-c" "credential.helper=/workspace/cargo-home/bin/git-credential-null" "clone" "--bare" "https://github.com/smokytheangel0/clock" "/workspace/cache/git-repos/https%3A%2F%2Fgithub.com%2Fsmokytheangel0%2Fclock", kill_on_drop: false }`
[INFO] [stderr] Cloning into bare repository '/workspace/cache/git-repos/https%3A%2F%2Fgithub.com%2Fsmokytheangel0%2Fclock'...
[INFO] running `Command { std: "git" "rev-parse" "HEAD", kill_on_drop: false }`
[INFO] [stdout] 0588c2278b44898f342086c7a1ac1d8c92075bf4
[INFO] testing smokytheangel0/clock against 1.54.0 for beta-1.55-1
[INFO] running `Command { std: "git" "clone" "/workspace/cache/git-repos/https%3A%2F%2Fgithub.com%2Fsmokytheangel0%2Fclock" "/workspace/builds/worker-2/source", kill_on_drop: false }`
[INFO] [stderr] Cloning into '/workspace/builds/worker-2/source'...
[INFO] [stderr] done.
[INFO] validating manifest of git repo https://github.com/smokytheangel0/clock on toolchain 1.54.0
[INFO] running `Command { std: "/workspace/cargo-home/bin/cargo" "+1.54.0" "metadata" "--manifest-path" "Cargo.toml" "--no-deps", kill_on_drop: false }`
[INFO] started tweaking git repo https://github.com/smokytheangel0/clock
[INFO] finished tweaking git repo https://github.com/smokytheangel0/clock
[INFO] tweaked toml for git repo https://github.com/smokytheangel0/clock written to /workspace/builds/worker-2/source/Cargo.toml
[INFO] crate git repo https://github.com/smokytheangel0/clock already has a lockfile, it will not be regenerated
[INFO] running `Command { std: "/workspace/cargo-home/bin/cargo" "+1.54.0" "fetch" "--manifest-path" "Cargo.toml", kill_on_drop: false }`
[INFO] running `Command { std: "docker" "create" "-v" "/var/lib/crater-agent-workspace/builds/worker-2/target:/opt/rustwide/target:rw,Z" "-v" "/var/lib/crater-agent-workspace/builds/worker-2/source:/opt/rustwide/workdir:ro,Z" "-v" "/var/lib/crater-agent-workspace/cargo-home:/opt/rustwide/cargo-home:ro,Z" "-v" "/var/lib/crater-agent-workspace/rustup-home:/opt/rustwide/rustup-home:ro,Z" "-e" "SOURCE_DIR=/opt/rustwide/workdir" "-e" "CARGO_TARGET_DIR=/opt/rustwide/target" "-e" "CARGO_HOME=/opt/rustwide/cargo-home" "-e" "RUSTUP_HOME=/opt/rustwide/rustup-home" "-w" "/opt/rustwide/workdir" "-m" "1610612736" "--user" "0:0" "--network" "none" "ghcr.io/rust-lang/crates-build-env/linux@sha256:34b6a614d2c27851fe6cbf88fbd1137609cefab8b10d0615aaeb6fd47975d74e" "/opt/rustwide/cargo-home/bin/cargo" "+1.54.0" "metadata" "--no-deps" "--format-version=1", kill_on_drop: false }`
[INFO] [stdout] a33efa1c3e6a3ae89bed13e08793f502add6e19038a726e44930b42ea8d74fba
[INFO] running `Command { std: "docker" "start" "-a" "a33efa1c3e6a3ae89bed13e08793f502add6e19038a726e44930b42ea8d74fba", kill_on_drop: false }`
[INFO] running `Command { std: "docker" "inspect" "a33efa1c3e6a3ae89bed13e08793f502add6e19038a726e44930b42ea8d74fba", kill_on_drop: false }`
[INFO] running `Command { std: "docker" "rm" "-f" "a33efa1c3e6a3ae89bed13e08793f502add6e19038a726e44930b42ea8d74fba", kill_on_drop: false }`
[INFO] [stdout] a33efa1c3e6a3ae89bed13e08793f502add6e19038a726e44930b42ea8d74fba
[INFO] running `Command { std: "docker" "create" "-v" "/var/lib/crater-agent-workspace/builds/worker-2/target:/opt/rustwide/target:rw,Z" "-v" "/var/lib/crater-agent-workspace/builds/worker-2/source:/opt/rustwide/workdir:ro,Z" "-v" "/var/lib/crater-agent-workspace/cargo-home:/opt/rustwide/cargo-home:ro,Z" "-v" "/var/lib/crater-agent-workspace/rustup-home:/opt/rustwide/rustup-home:ro,Z" "-e" "SOURCE_DIR=/opt/rustwide/workdir" "-e" "CARGO_TARGET_DIR=/opt/rustwide/target" "-e" "CARGO_INCREMENTAL=0" "-e" "RUST_BACKTRACE=full" "-e" "RUSTFLAGS=--cap-lints=warn" "-e" "CARGO_HOME=/opt/rustwide/cargo-home" "-e" "RUSTUP_HOME=/opt/rustwide/rustup-home" "-w" "/opt/rustwide/workdir" "-m" "1610612736" "--user" "0:0" "--network" "none" "ghcr.io/rust-lang/crates-build-env/linux@sha256:34b6a614d2c27851fe6cbf88fbd1137609cefab8b10d0615aaeb6fd47975d74e" "/opt/rustwide/cargo-home/bin/cargo" "+1.54.0" "build" "--frozen" "--message-format=json", kill_on_drop: false }`
[INFO] [stdout] 15f96f7379f2c2870cd61cebfd06115c1424e5e0344557d7c2f8a59477ba0238
[INFO] running `Command { std: "docker" "start" "-a" "15f96f7379f2c2870cd61cebfd06115c1424e5e0344557d7c2f8a59477ba0238", kill_on_drop: false }`
[INFO] [stderr]     Blocking waiting for file lock on package cache
[INFO] [stderr]     Blocking waiting for file lock on package cache
[INFO] [stderr]    Compiling libc v0.2.58
[INFO] [stderr]    Compiling autocfg v0.1.4
[INFO] [stderr]    Compiling cfg-if v0.1.9
[INFO] [stderr]    Compiling cc v1.0.37
[INFO] [stderr]    Compiling lazy_static v1.3.0
[INFO] [stderr]    Compiling byteorder v1.3.2
[INFO] [stderr]    Compiling rand_core v0.4.0
[INFO] [stderr]    Compiling smallvec v0.6.10
[INFO] [stderr]    Compiling proc-macro2 v0.4.30
[INFO] [stderr]    Compiling either v1.5.2
[INFO] [stderr]    Compiling futures v0.1.27
[INFO] [stderr]    Compiling syn v0.15.38
[INFO] [stderr]    Compiling pkg-config v0.3.14
[INFO] [stderr]    Compiling serde v1.0.93
[INFO] [stderr]    Compiling semver-parser v0.7.0
[INFO] [stderr]    Compiling itoa v0.4.4
[INFO] [stderr]    Compiling httparse v1.3.3
[INFO] [stderr]    Compiling bitflags v1.1.0
[INFO] [stderr]    Compiling scopeguard v0.3.3
[INFO] [stderr]    Compiling stable_deref_trait v1.1.1
[INFO] [stderr]    Compiling arrayvec v0.4.10
[INFO] [stderr]    Compiling foreign-types-shared v0.1.1
[INFO] [stderr]    Compiling memchr v2.2.0
[INFO] [stderr]    Compiling openssl v0.10.23
[INFO] [stderr]    Compiling nodrop v0.1.13
[INFO] [stderr]    Compiling siphasher v0.2.3
[INFO] [stderr]    Compiling safemem v0.3.0
[INFO] [stderr]    Compiling native-tls v0.2.3
[INFO] [stderr]    Compiling memoffset v0.2.1
[INFO] [stderr]    Compiling ryu v0.2.8
[INFO] [stderr]    Compiling build_const v0.2.1
[INFO] [stderr]    Compiling rustc-demangle v0.1.15
[INFO] [stderr]    Compiling openssl-probe v0.1.2
[INFO] [stderr]    Compiling adler32 v1.0.3
[INFO] [stderr]    Compiling untrusted v0.6.2
[INFO] [stderr]    Compiling regex v1.1.7
[INFO] [stderr]    Compiling ucd-util v0.1.3
[INFO] [stderr]    Compiling failure_derive v0.1.5
[INFO] [stderr]    Compiling try-lock v0.2.2
[INFO] [stderr]    Compiling utf8-ranges v1.0.3
[INFO] [stderr]    Compiling encoding_rs v0.8.17
[INFO] [stderr]    Compiling dtoa v0.4.4
[INFO] [stderr]    Compiling antidote v1.0.0
[INFO] [stderr]    Compiling remove_dir_all v0.5.2
[INFO] [stderr]    Compiling rustc-serialize v0.3.24
[INFO] [stderr]    Compiling podio v0.1.6
[INFO] [stderr]    Compiling numtoa v0.1.0
[INFO] [stderr]    Compiling cassowary v0.3.0
[INFO] [stderr]    Compiling unicode-segmentation v1.3.0
[INFO] [stderr]    Compiling unicode-width v0.1.5
[INFO] [stderr]    Compiling fallible-iterator v0.2.0
[INFO] [stderr]    Compiling fallible-streaming-iterator v0.1.9
[INFO] [stderr]    Compiling unicase v2.4.0
[INFO] [stderr]    Compiling error-chain v0.12.1
[INFO] [stderr]    Compiling unicode-bidi v0.2.6
[INFO] [stderr]    Compiling itertools v0.8.0
[INFO] [stderr]    Compiling tokio-trace-core v0.2.0
[INFO] [stderr]    Compiling thread_local v0.3.6
[INFO] [stderr]    Compiling foreign-types v0.3.2
[INFO] [stderr]    Compiling log v0.4.6
[INFO] [stderr]    Compiling crossbeam-utils v0.6.5
[INFO] [stderr]    Compiling try_from v0.3.2
[INFO] [stderr]    Compiling owning_ref v0.4.0
[INFO] [stderr]    Compiling miniz_oxide v0.2.1
[INFO] [stderr]    Compiling regex-syntax v0.6.7
[INFO] [stderr]    Compiling semver v0.9.0
[INFO] [stderr]    Compiling unicode-normalization v0.1.8
[INFO] [stderr]    Compiling rand_core v0.3.1
[INFO] [stderr]    Compiling rand_jitter v0.1.4
[INFO] [stderr]    Compiling crc v1.8.1
[INFO] [stderr]    Compiling crc32fast v1.2.0
[INFO] [stderr]    Compiling unicase v1.4.2
[INFO] [stderr]    Compiling rand_pcg v0.1.2
[INFO] [stderr]    Compiling rand_chacha v0.1.1
[INFO] [stderr]    Compiling rand v0.6.5
[INFO] [stderr]    Compiling backtrace v0.3.31
[INFO] [stderr]    Compiling num-traits v0.2.8
[INFO] [stderr]    Compiling num-integer v0.1.41
[INFO] [stderr]    Compiling log v0.3.9
[INFO] [stderr]    Compiling rand_hc v0.1.0
[INFO] [stderr]    Compiling rand_xorshift v0.1.1
[INFO] [stderr]    Compiling rand_isaac v0.1.1
[INFO] [stderr]    Compiling lock_api v0.1.5
[INFO] [stderr]    Compiling crossbeam-queue v0.1.2
[INFO] [stderr]    Compiling phf_shared v0.7.24
[INFO] [stderr]    Compiling rustc_version v0.2.3
[INFO] [stderr]    Compiling tokio-executor v0.1.7
[INFO] [stderr]    Compiling tokio-sync v0.1.6
[INFO] [stderr]    Compiling want v0.0.6
[INFO] [stderr]    Compiling mime v0.2.6
[INFO] [stderr]    Compiling base64 v0.9.3
[INFO] [stderr]    Compiling base64 v0.10.1
[INFO] [stderr]    Compiling libflate v0.1.24
[INFO] [stderr]    Compiling phf v0.7.24
[INFO] [stderr]    Compiling libsqlite3-sys v0.14.0
[INFO] [stderr]    Compiling crossbeam-epoch v0.7.1
[INFO] [stderr]    Compiling mime v0.3.13
[INFO] [stderr]    Compiling tokio-timer v0.2.11
[INFO] [stderr]    Compiling tokio-current-thread v0.1.6
[INFO] [stderr]    Compiling quote v0.6.12
[INFO] [stderr]    Compiling aho-corasick v0.7.3
[INFO] [stderr]    Compiling openssl-sys v0.9.47
[INFO] [stderr]    Compiling backtrace-sys v0.1.28
[INFO] [stderr]    Compiling ring v0.13.5
[INFO] [stderr]    Compiling bzip2-sys v0.1.7
[INFO] [stderr]    Compiling miniz_oxide_c_api v0.2.1
[INFO] [stderr]    Compiling miniz-sys v0.1.12
[INFO] [stderr]    Compiling rand_os v0.1.3
[INFO] [stderr]    Compiling time v0.1.42
[INFO] [stderr]    Compiling iovec v0.1.2
[INFO] [stderr]    Compiling num_cpus v1.10.1
[INFO] [stderr]    Compiling net2 v0.2.33
[INFO] [stderr]    Compiling rand v0.4.6
[INFO] [stderr]    Compiling xattr v0.2.2
[INFO] [stderr]    Compiling filetime v0.2.6
[INFO] [stderr]    Compiling termion v1.5.3
[INFO] [stderr]    Compiling crossbeam-deque v0.7.1
[INFO] [stderr]    Compiling parking_lot_core v0.4.0
[INFO] [stderr]    Compiling futures-cpupool v0.1.8
[INFO] [stderr]    Compiling idna v0.1.5
[INFO] [stderr]    Compiling bytes v0.4.12
[INFO] [stderr]    Compiling mio v0.6.19
[INFO] [stderr]    Compiling tar v0.4.26
[INFO] [stderr]    Compiling tui v0.6.1
[INFO] [stderr]    Compiling rand v0.3.23
[INFO] [stderr]    Compiling tempdir v0.3.7
[INFO] [stderr]    Compiling tokio-io v0.1.12
[INFO] [stderr]    Compiling http v0.1.17
[INFO] [stderr]    Compiling tokio-buf v0.1.1
[INFO] [stderr]    Compiling string v0.2.0
[INFO] [stderr]    Compiling chrono v0.4.7
[INFO] [stderr]    Compiling hyper-old-types v0.11.0
[INFO] [stderr]    Compiling pbr v1.0.1
[INFO] [stderr]    Compiling rusqlite v0.18.0
[INFO] [stderr]    Compiling url v1.7.2
[INFO] [stderr]    Compiling uuid v0.2.3
[INFO] [stderr]    Compiling flate2 v1.0.9
[INFO] [stderr]    Compiling bzip2 v0.3.3
[INFO] [stderr]    Compiling url v0.5.10
[INFO] [stderr]    Compiling hyper v0.10.16
[INFO] [stderr]    Compiling cookie v0.12.0
[INFO] [stderr]    Compiling phf_generator v0.7.24
[INFO] [stderr]    Compiling tokio-threadpool v0.1.14
[INFO] [stderr]    Compiling uuid v0.7.4
[INFO] [stderr]    Compiling zip v0.5.2
[INFO] [stderr]    Compiling phf_codegen v0.7.24
[INFO] [stderr]    Compiling mime_guess v2.0.0-alpha.6
[INFO] [stderr]    Compiling parking_lot v0.7.1
[INFO] [stderr]    Compiling synstructure v0.10.2
[INFO] [stderr]    Compiling publicsuffix v1.5.2
[INFO] [stderr]    Compiling tokio-reactor v0.1.9
[INFO] [stderr]    Compiling tokio-tcp v0.1.3
[INFO] [stderr]    Compiling tokio v0.1.21
[INFO] [stderr]    Compiling serde_derive v1.0.93
[INFO] [stderr]    Compiling http-body v0.1.0
[INFO] [stderr]    Compiling hyper-native-tls v0.3.0
[INFO] [stderr]    Compiling webpki v0.18.1
[INFO] [stderr]    Compiling sct v0.4.0
[INFO] [stderr]    Compiling failure v0.1.5
[INFO] [stderr]    Compiling webpki-roots v0.15.0
[INFO] [stderr]    Compiling rustls v0.13.1
[INFO] [stderr]    Compiling hyper-rustls v0.6.2
[INFO] [stderr]    Compiling serde_json v1.0.39
[INFO] [stderr]    Compiling indexmap v1.0.2
[INFO] [stderr]    Compiling serde_urlencoded v0.5.5
[INFO] [stderr]    Compiling h2 v0.1.24
[INFO] [stderr]    Compiling cookie_store v0.7.0
[INFO] [stderr]    Compiling yup-oauth2 v1.0.11
[INFO] [stderr]    Compiling google-drive3 v1.0.8+20181004
[INFO] [stderr]    Compiling hyper v0.12.30
[INFO] [stderr]    Compiling hyper-tls v0.3.2
[INFO] [stderr]    Compiling reqwest v0.9.18
[INFO] [stderr]    Compiling self_update v0.5.1
[INFO] [stderr]    Compiling clock v0.1.0 (/opt/rustwide/workdir)
[INFO] [stdout] warning: unnecessary parentheses around type
[INFO] [stdout]    --> src/logic.rs:756:26
[INFO] [stdout]     |
[INFO] [stdout] 756 | pub fn switch(tx: Sender<(String)>, rx: Receiver<(String, String)>) {
[INFO] [stdout]     |                          ^^^^^^^^ help: remove these parentheses
[INFO] [stdout]     |
[INFO] [stdout]     = note: `#[warn(unused_parens)]` on by default
[INFO] [stdout] 
[INFO] [stdout] 
[INFO] [stdout] warning: unnecessary parentheses around type
[INFO] [stdout]   --> src/ui.rs:88:56
[INFO] [stdout]    |
[INFO] [stdout] 88 | pub fn tree(tx: Sender<(String, String)>, rx: Receiver<(String)>, mut app: &mut App) {
[INFO] [stdout]    |                                                        ^^^^^^^^ help: remove these parentheses
[INFO] [stdout] 
[INFO] [stdout] 
[INFO] [stdout] warning: unnecessary parentheses around type
[INFO] [stdout]    --> src/ui.rs:479:108
[INFO] [stdout]     |
[INFO] [stdout] 479 | fn AtoA_BridgeCall(function: &'static str, mut app: &mut App, tx: &Sender<(String, String)>, rx: &Receiver<(String)> ) -> App {
[INFO] [stdout]     |                                                                                                            ^^^^^^^^ help: remove these parentheses
[INFO] [stdout] 
[INFO] [stdout] 
[INFO] [stdout] warning: unnecessary parentheses around type
[INFO] [stdout]    --> src/ui.rs:515:108
[INFO] [stdout]     |
[INFO] [stdout] 515 | fn AtoV_BridgeCall(function: &'static str, mut app: &mut App, tx: &Sender<(String, String)>, rx: &Receiver<(String)>) -> BridgeResult {
[INFO] [stdout]     |                                                                                                            ^^^^^^^^ help: remove these parentheses
[INFO] [stdout] 
[INFO] [stdout] 
[INFO] [stdout] warning: unnecessary parentheses around type
[INFO] [stdout]    --> src/ui.rs:541:120
[INFO] [stdout]     |
[INFO] [stdout] 541 | ..., tx: &Sender<(String, String)>, rx: &Receiver<(String)>) -> BridgeResult {
[INFO] [stdout]     |                                                   ^^^^^^^^ help: remove these parentheses
[INFO] [stdout] 
[INFO] [stdout] 
[INFO] [stdout] warning: unused import: `Stdio`
[INFO] [stdout]   --> src/main.rs:22:29
[INFO] [stdout]    |
[INFO] [stdout] 22 | use std::process::{Command, Stdio};
[INFO] [stdout]    |                             ^^^^^
[INFO] [stdout]    |
[INFO] [stdout]    = note: `#[warn(unused_imports)]` on by default
[INFO] [stdout] 
[INFO] [stdout] 
[INFO] [stdout] warning: unused import: `Read`
[INFO] [stdout]   --> src/main.rs:25:15
[INFO] [stdout]    |
[INFO] [stdout] 25 | use std::io::{Read, Write};
[INFO] [stdout]    |               ^^^^
[INFO] [stdout] 
[INFO] [stdout] 
[INFO] [stdout] warning: unused import: `google_drive3::Drive`
[INFO] [stdout]   --> src/main.rs:47:5
[INFO] [stdout]    |
[INFO] [stdout] 47 | use google_drive3::Drive;
[INFO] [stdout]    |     ^^^^^^^^^^^^^^^^^^^^
[INFO] [stdout] 
[INFO] [stdout] 
[INFO] [stdout] warning: unused imports: `ApplicationSecret`, `Authenticator`, `DefaultAuthenticatorDelegate`, `MemoryStorage`
[INFO] [stdout]   --> src/main.rs:48:18
[INFO] [stdout]    |
[INFO] [stdout] 48 | use yup_oauth2::{Authenticator, DefaultAuthenticatorDelegate, ApplicationSecret, MemoryStorage};
[INFO] [stdout]    |                  ^^^^^^^^^^^^^  ^^^^^^^^^^^^^^^^^^^^^^^^^^^^  ^^^^^^^^^^^^^^^^^  ^^^^^^^^^^^^^
[INFO] [stdout] 
[INFO] [stdout] 
[INFO] [stdout] warning: unused import: `hyper`
[INFO] [stdout]   --> src/main.rs:49:5
[INFO] [stdout]    |
[INFO] [stdout] 49 | use hyper;
[INFO] [stdout]    |     ^^^^^
[INFO] [stdout] 
[INFO] [stdout] 
[INFO] [stdout] warning: unused import: `hyper_rustls`
[INFO] [stdout]   --> src/main.rs:50:5
[INFO] [stdout]    |
[INFO] [stdout] 50 | use hyper_rustls;
[INFO] [stdout]    |     ^^^^^^^^^^^^
[INFO] [stdout] 
[INFO] [stdout] 
[INFO] [stdout] warning: unused imports: `MappedRows`, `Row`, `ToSql`, `params`
[INFO] [stdout]   --> src/main.rs:54:39
[INFO] [stdout]    |
[INFO] [stdout] 54 | use rusqlite::{Connection, NO_PARAMS, MappedRows, Row, params, ToSql};
[INFO] [stdout]    |                                       ^^^^^^^^^^  ^^^  ^^^^^^  ^^^^^
[INFO] [stdout] 
[INFO] [stdout] 
[INFO] [stdout] warning: unused `#[macro_use]` import
[INFO] [stdout]   --> src/main.rs:58:1
[INFO] [stdout]    |
[INFO] [stdout] 58 | #[macro_use]
[INFO] [stdout]    | ^^^^^^^^^^^^
[INFO] [stdout] 
[INFO] [stdout] 
[INFO] [stdout] warning: value assigned to `mood` is never read
[INFO] [stdout]   --> src/logic.rs:68:13
[INFO] [stdout]    |
[INFO] [stdout] 68 |     let mut mood = "".to_string();
[INFO] [stdout]    |             ^^^^
[INFO] [stdout]    |
[INFO] [stdout]    = note: `#[warn(unused_assignments)]` on by default
[INFO] [stdout]    = help: maybe it is overwritten before being read?
[INFO] [stdout] 
[INFO] [stdout] 
[INFO] [stdout] warning: value assigned to `learning` is never read
[INFO] [stdout]   --> src/logic.rs:74:13
[INFO] [stdout]    |
[INFO] [stdout] 74 |     let mut learning = "".to_string();
[INFO] [stdout]    |             ^^^^^^^^
[INFO] [stdout]    |
[INFO] [stdout]    = help: maybe it is overwritten before being read?
[INFO] [stdout] 
[INFO] [stdout] 
[INFO] [stdout] warning: unused variable: `test_map`
[INFO] [stdout]    --> src/logic.rs:202:18
[INFO] [stdout]     |
[INFO] [stdout] 202 |     let (output, test_map) = count_tests(&app.projects, &app.selected);
[INFO] [stdout]     |                  ^^^^^^^^ help: if this is intentional, prefix it with an underscore: `_test_map`
[INFO] [stdout]     |
[INFO] [stdout]     = note: `#[warn(unused_variables)]` on by default
[INFO] [stdout] 
[INFO] [stdout] 
[INFO] [stdout] warning: unused variable: `err`
[INFO] [stdout]    --> src/logic.rs:257:17
[INFO] [stdout]     |
[INFO] [stdout] 257 |             Err(err) => return BridgeResult::err("failed to encode app struct to string in init", 0)
[INFO] [stdout]     |                 ^^^ help: if this is intentional, prefix it with an underscore: `_err`
[INFO] [stdout] 
[INFO] [stdout] 
[INFO] [stdout] warning: unused variable: `output`
[INFO] [stdout]    --> src/logic.rs:400:9
[INFO] [stdout]     |
[INFO] [stdout] 400 |     let output = store(&mut app);
[INFO] [stdout]     |         ^^^^^^ help: if this is intentional, prefix it with an underscore: `_output`
[INFO] [stdout] 
[INFO] [stdout] 
[INFO] [stdout] warning: value assigned to `last_index` is never read
[INFO] [stdout]    --> src/logic.rs:402:13
[INFO] [stdout]     |
[INFO] [stdout] 402 |     let mut last_index: usize = 0;
[INFO] [stdout]     |             ^^^^^^^^^^
[INFO] [stdout]     |
[INFO] [stdout]     = help: maybe it is overwritten before being read?
[INFO] [stdout] 
[INFO] [stdout] 
[INFO] [stdout] warning: unused variable: `err`
[INFO] [stdout]    --> src/logic.rs:497:13
[INFO] [stdout]     |
[INFO] [stdout] 497 |         Err(err) => return BridgeResult::err("failed to encode app struct to string in init", 1)
[INFO] [stdout]     |             ^^^ help: if this is intentional, prefix it with an underscore: `_err`
[INFO] [stdout] 
[INFO] [stdout] 
[INFO] [stdout] warning: unused variable: `err`
[INFO] [stdout]    --> src/logic.rs:640:21
[INFO] [stdout]     |
[INFO] [stdout] 640 |                 Err(err) => "there was an error unwrapping the source line".to_string()
[INFO] [stdout]     |                     ^^^ help: if this is intentional, prefix it with an underscore: `_err`
[INFO] [stdout] 
[INFO] [stdout] 
[INFO] [stdout] warning: value assigned to `type_of_file` is never read
[INFO] [stdout]    --> src/logic.rs:548:13
[INFO] [stdout]     |
[INFO] [stdout] 548 |     let mut type_of_file = String::new();
[INFO] [stdout]     |             ^^^^^^^^^^^^
[INFO] [stdout]     |
[INFO] [stdout]     = help: maybe it is overwritten before being read?
[INFO] [stdout] 
[INFO] [stdout] 
[INFO] [stdout] warning: unused variable: `debug_print`
[INFO] [stdout]    --> src/logic.rs:554:13
[INFO] [stdout]     |
[INFO] [stdout] 554 |     let mut debug_print = String::new();
[INFO] [stdout]     |             ^^^^^^^^^^^ help: if this is intentional, prefix it with an underscore: `_debug_print`
[INFO] [stdout] 
[INFO] [stdout] 
[INFO] [stdout] warning: value assigned to `line_index` is never read
[INFO] [stdout]    --> src/logic.rs:725:13
[INFO] [stdout]     |
[INFO] [stdout] 725 |             line_index = 0;
[INFO] [stdout]     |             ^^^^^^^^^^
[INFO] [stdout]     |
[INFO] [stdout]     = help: maybe it is overwritten before being read?
[INFO] [stdout] 
[INFO] [stdout] 
[INFO] [stdout] warning: variable does not need to be mutable
[INFO] [stdout]   --> src/logic.rs:60:9
[INFO] [stdout]    |
[INFO] [stdout] 60 |     let mut arguments: Arguments = match serde_json::from_str(&data) {
[INFO] [stdout]    |         ----^^^^^^^^^
[INFO] [stdout]    |         |
[INFO] [stdout]    |         help: remove this `mut`
[INFO] [stdout]    |
[INFO] [stdout]    = note: `#[warn(unused_mut)]` on by default
[INFO] [stdout] 
[INFO] [stdout] 
[INFO] [stdout] warning: variable does not need to be mutable
[INFO] [stdout]   --> src/logic.rs:65:9
[INFO] [stdout]    |
[INFO] [stdout] 65 |     let mut app = arguments.app;
[INFO] [stdout]    |         ----^^^
[INFO] [stdout]    |         |
[INFO] [stdout]    |         help: remove this `mut`
[INFO] [stdout] 
[INFO] [stdout] 
[INFO] [stdout] warning: variable does not need to be mutable
[INFO] [stdout]    --> src/logic.rs:272:9
[INFO] [stdout]     |
[INFO] [stdout] 272 |     let mut arguments: Arguments = match serde_json::from_str(&data) {
[INFO] [stdout]     |         ----^^^^^^^^^
[INFO] [stdout]     |         |
[INFO] [stdout]     |         help: remove this `mut`
[INFO] [stdout] 
[INFO] [stdout] 
[INFO] [stdout] warning: variable does not need to be mutable
[INFO] [stdout]    --> src/logic.rs:293:9
[INFO] [stdout]     |
[INFO] [stdout] 293 |     let mut arguments: Arguments = match serde_json::from_str(&data) {
[INFO] [stdout]     |         ----^^^^^^^^^
[INFO] [stdout]     |         |
[INFO] [stdout]     |         help: remove this `mut`
[INFO] [stdout] 
[INFO] [stdout] 
[INFO] [stdout] warning: variable does not need to be mutable
[INFO] [stdout]    --> src/logic.rs:312:9
[INFO] [stdout]     |
[INFO] [stdout] 312 |     let mut arguments: Arguments = match serde_json::from_str(&data) {
[INFO] [stdout]     |         ----^^^^^^^^^
[INFO] [stdout]     |         |
[INFO] [stdout]     |         help: remove this `mut`
[INFO] [stdout] 
[INFO] [stdout] 
[INFO] [stdout] warning: variable does not need to be mutable
[INFO] [stdout]    --> src/logic.rs:332:9
[INFO] [stdout]     |
[INFO] [stdout] 332 |     let mut arguments: Arguments = match serde_json::from_str(&data) {
[INFO] [stdout]     |         ----^^^^^^^^^
[INFO] [stdout]     |         |
[INFO] [stdout]     |         help: remove this `mut`
[INFO] [stdout] 
[INFO] [stdout] 
[INFO] [stdout] warning: variable does not need to be mutable
[INFO] [stdout]    --> src/logic.rs:354:9
[INFO] [stdout]     |
[INFO] [stdout] 354 |     let mut arguments: Arguments = match serde_json::from_str(&data) {
[INFO] [stdout]     |         ----^^^^^^^^^
[INFO] [stdout]     |         |
[INFO] [stdout]     |         help: remove this `mut`
[INFO] [stdout] 
[INFO] [stdout] 
[INFO] [stdout] warning: variable does not need to be mutable
[INFO] [stdout]    --> src/logic.rs:372:9
[INFO] [stdout]     |
[INFO] [stdout] 372 |     let mut arguments: Arguments = match serde_json::from_str(&data) {
[INFO] [stdout]     |         ----^^^^^^^^^
[INFO] [stdout]     |         |
[INFO] [stdout]     |         help: remove this `mut`
[INFO] [stdout] 
[INFO] [stdout] 
[INFO] [stdout] warning: variable does not need to be mutable
[INFO] [stdout]    --> src/logic.rs:426:9
[INFO] [stdout]     |
[INFO] [stdout] 426 |     let mut arguments: Arguments = match serde_json::from_str(&data) {
[INFO] [stdout]     |         ----^^^^^^^^^
[INFO] [stdout]     |         |
[INFO] [stdout]     |         help: remove this `mut`
[INFO] [stdout] 
[INFO] [stdout] 
[INFO] [stdout] warning: variable does not need to be mutable
[INFO] [stdout]    --> src/logic.rs:554:9
[INFO] [stdout]     |
[INFO] [stdout] 554 |     let mut debug_print = String::new();
[INFO] [stdout]     |         ----^^^^^^^^^^^
[INFO] [stdout]     |         |
[INFO] [stdout]     |         help: remove this `mut`
[INFO] [stdout] 
[INFO] [stdout] 
[INFO] [stdout] warning: field is never read: `input_handle`
[INFO] [stdout]   --> src/ui.rs:26:5
[INFO] [stdout]    |
[INFO] [stdout] 26 |     input_handle: thread::JoinHandle<()>,
[INFO] [stdout]    |     ^^^^^^^^^^^^^^^^^^^^^^^^^^^^^^^^^^^^
[INFO] [stdout]    |
[INFO] [stdout]    = note: `#[warn(dead_code)]` on by default
[INFO] [stdout] 
[INFO] [stdout] 
[INFO] [stdout] warning: field is never read: `tick_handle`
[INFO] [stdout]   --> src/ui.rs:27:5
[INFO] [stdout]    |
[INFO] [stdout] 27 |     tick_handle: thread::JoinHandle<()>,
[INFO] [stdout]    |     ^^^^^^^^^^^^^^^^^^^^^^^^^^^^^^^^^^^
[INFO] [stdout] 
[INFO] [stdout] 
[INFO] [stdout] warning: enum is never used: `Event`
[INFO] [stdout]   --> src/main.rs:83:6
[INFO] [stdout]    |
[INFO] [stdout] 83 | enum Event<I> {
[INFO] [stdout]    |      ^^^^^
[INFO] [stdout] 
[INFO] [stdout] 
[INFO] [stdout] warning: struct is never constructed: `Events`
[INFO] [stdout]   --> src/main.rs:88:8
[INFO] [stdout]    |
[INFO] [stdout] 88 | struct Events {
[INFO] [stdout]    |        ^^^^^^
[INFO] [stdout] 
[INFO] [stdout] 
[INFO] [stdout] warning: associated function is never used: `new`
[INFO] [stdout]   --> src/main.rs:95:8
[INFO] [stdout]    |
[INFO] [stdout] 95 |     fn new() -> Events {
[INFO] [stdout]    |        ^^^
[INFO] [stdout] 
[INFO] [stdout] 
[INFO] [stdout] warning: associated function is never used: `with_config`
[INFO] [stdout]   --> src/main.rs:99:8
[INFO] [stdout]    |
[INFO] [stdout] 99 |     fn with_config(config: Config) -> Events {
[INFO] [stdout]    |        ^^^^^^^^^^^
[INFO] [stdout] 
[INFO] [stdout] 
[INFO] [stdout] warning: associated function is never used: `next`
[INFO] [stdout]    --> src/main.rs:137:8
[INFO] [stdout]     |
[INFO] [stdout] 137 |     fn next(&self) -> Result<Event<Key>, mpsc::RecvError> {
[INFO] [stdout]     |        ^^^^
[INFO] [stdout] 
[INFO] [stdout] 
[INFO] [stdout] warning: struct is never constructed: `BridgeResultMaps`
[INFO] [stdout]    --> src/main.rs:262:8
[INFO] [stdout]     |
[INFO] [stdout] 262 | struct BridgeResultMaps {
[INFO] [stdout]     |        ^^^^^^^^^^^^^^^^
[INFO] [stdout] 
[INFO] [stdout] 
[INFO] [stdout] warning: associated function is never used: `ok_strings`
[INFO] [stdout]    --> src/main.rs:310:8
[INFO] [stdout]     |
[INFO] [stdout] 310 |     fn ok_strings(data: Vec<String>) -> BridgeResult {
[INFO] [stdout]     |        ^^^^^^^^^^
[INFO] [stdout] 
[INFO] [stdout] 
[INFO] [stdout] warning: associated function is never used: `ok_maps`
[INFO] [stdout]    --> src/main.rs:317:8
[INFO] [stdout]     |
[INFO] [stdout] 317 |     fn ok_maps(data: Vec<HashMap<String, String>>) -> BridgeResultMaps {
[INFO] [stdout]     |        ^^^^^^^
[INFO] [stdout] 
[INFO] [stdout] 
[INFO] [stdout] warning: panic message is not a string literal
[INFO] [stdout]    --> src/main.rs:420:24
[INFO] [stdout]     |
[INFO] [stdout] 420 |                 panic!(format!("{:?}", output.data));
[INFO] [stdout]     |                        ^^^^^^^^^^^^^^^^^^^^^^^^^^^^
[INFO] [stdout]     |
[INFO] [stdout]     = note: `#[warn(non_fmt_panic)]` on by default
[INFO] [stdout]     = note: this is no longer accepted in Rust 2021
[INFO] [stdout]     = note: the panic!() macro supports formatting, so there's no need for the format!() macro here
[INFO] [stdout] help: remove the `format!(..)` macro call
[INFO] [stdout]     |
[INFO] [stdout] 420 |                 panic!("{:?}", output.data);
[INFO] [stdout]     |                       --                 --
[INFO] [stdout] 
[INFO] [stdout] 
[INFO] [stdout] warning: variable `inBOX` should have a snake case name
[INFO] [stdout]    --> src/main.rs:465:21
[INFO] [stdout]     |
[INFO] [stdout] 465 |             let mut inBOX = String::new();
[INFO] [stdout]     |                     ^^^^^ help: convert the identifier to snake case: `in_box`
[INFO] [stdout]     |
[INFO] [stdout]     = note: `#[warn(non_snake_case)]` on by default
[INFO] [stdout] 
[INFO] [stdout] 
[INFO] [stdout] warning: variable `inBOX` should have a snake case name
[INFO] [stdout]    --> src/main.rs:473:21
[INFO] [stdout]     |
[INFO] [stdout] 473 |             let mut inBOX = String::new();
[INFO] [stdout]     |                     ^^^^^ help: convert the identifier to snake case: `in_box`
[INFO] [stdout] 
[INFO] [stdout] 
[INFO] [stdout] warning: variable `inBOX` should have a snake case name
[INFO] [stdout]    --> src/main.rs:480:21
[INFO] [stdout]     |
[INFO] [stdout] 480 |             let mut inBOX = String::new();
[INFO] [stdout]     |                     ^^^^^ help: convert the identifier to snake case: `in_box`
[INFO] [stdout] 
[INFO] [stdout] 
[INFO] [stdout] warning: function `AtoA_BridgeCall` should have a snake case name
[INFO] [stdout]    --> src/ui.rs:479:4
[INFO] [stdout]     |
[INFO] [stdout] 479 | fn AtoA_BridgeCall(function: &'static str, mut app: &mut App, tx: &Sender<(String, String)>, rx: &Receiver<(String)> ) -> App {
[INFO] [stdout]     |    ^^^^^^^^^^^^^^^ help: convert the identifier to snake case: `ato_a_bridge_call`
[INFO] [stdout] 
[INFO] [stdout] 
[INFO] [stdout] warning: function `AtoV_BridgeCall` should have a snake case name
[INFO] [stdout]    --> src/ui.rs:515:4
[INFO] [stdout]     |
[INFO] [stdout] 515 | fn AtoV_BridgeCall(function: &'static str, mut app: &mut App, tx: &Sender<(String, String)>, rx: &Receiver<(String)>) -> BridgeResult {
[INFO] [stdout]     |    ^^^^^^^^^^^^^^^ help: convert the identifier to snake case: `ato_v_bridge_call`
[INFO] [stdout] 
[INFO] [stdout] 
[INFO] [stdout] warning: function `VtoV_BridgeCall` should have a snake case name
[INFO] [stdout]    --> src/ui.rs:541:4
[INFO] [stdout]     |
[INFO] [stdout] 541 | fn VtoV_BridgeCall(function: &'static str, value: i64, mut app: &mut App, tx: &Sender<(String, String)>, rx: &Receiver<(String)>) -> Brid...
[INFO] [stdout]     |    ^^^^^^^^^^^^^^^ help: convert the identifier to snake case: `vto_v_bridge_call`
[INFO] [stdout] 
[INFO] [stdout] 
[INFO] [stdout] warning: 51 warnings emitted
[INFO] [stdout] 
[INFO] [stdout] 
[INFO] [stderr]     Finished dev [unoptimized + debuginfo] target(s) in 1m 42s
[INFO] running `Command { std: "docker" "inspect" "15f96f7379f2c2870cd61cebfd06115c1424e5e0344557d7c2f8a59477ba0238", kill_on_drop: false }`
[INFO] running `Command { std: "docker" "rm" "-f" "15f96f7379f2c2870cd61cebfd06115c1424e5e0344557d7c2f8a59477ba0238", kill_on_drop: false }`
[INFO] [stdout] 15f96f7379f2c2870cd61cebfd06115c1424e5e0344557d7c2f8a59477ba0238
[INFO] running `Command { std: "docker" "create" "-v" "/var/lib/crater-agent-workspace/builds/worker-2/target:/opt/rustwide/target:rw,Z" "-v" "/var/lib/crater-agent-workspace/builds/worker-2/source:/opt/rustwide/workdir:ro,Z" "-v" "/var/lib/crater-agent-workspace/cargo-home:/opt/rustwide/cargo-home:ro,Z" "-v" "/var/lib/crater-agent-workspace/rustup-home:/opt/rustwide/rustup-home:ro,Z" "-e" "SOURCE_DIR=/opt/rustwide/workdir" "-e" "CARGO_TARGET_DIR=/opt/rustwide/target" "-e" "CARGO_INCREMENTAL=0" "-e" "RUST_BACKTRACE=full" "-e" "RUSTFLAGS=--cap-lints=warn" "-e" "CARGO_HOME=/opt/rustwide/cargo-home" "-e" "RUSTUP_HOME=/opt/rustwide/rustup-home" "-w" "/opt/rustwide/workdir" "-m" "1610612736" "--user" "0:0" "--network" "none" "ghcr.io/rust-lang/crates-build-env/linux@sha256:34b6a614d2c27851fe6cbf88fbd1137609cefab8b10d0615aaeb6fd47975d74e" "/opt/rustwide/cargo-home/bin/cargo" "+1.54.0" "test" "--frozen" "--no-run" "--message-format=json", kill_on_drop: false }`
[INFO] [stdout] 9e3d25791620b8be8a2ffa27d4c947fd5359fec296994401b149c459f82f4a7e
[INFO] running `Command { std: "docker" "start" "-a" "9e3d25791620b8be8a2ffa27d4c947fd5359fec296994401b149c459f82f4a7e", kill_on_drop: false }`
[INFO] [stderr]    Compiling clock v0.1.0 (/opt/rustwide/workdir)
[INFO] [stdout] warning: unnecessary parentheses around type
[INFO] [stdout]    --> src/logic.rs:756:26
[INFO] [stdout]     |
[INFO] [stdout] 756 | pub fn switch(tx: Sender<(String)>, rx: Receiver<(String, String)>) {
[INFO] [stdout]     |                          ^^^^^^^^ help: remove these parentheses
[INFO] [stdout]     |
[INFO] [stdout]     = note: `#[warn(unused_parens)]` on by default
[INFO] [stdout] 
[INFO] [stdout] 
[INFO] [stdout] warning: unnecessary parentheses around type
[INFO] [stdout]   --> src/ui.rs:88:56
[INFO] [stdout]    |
[INFO] [stdout] 88 | pub fn tree(tx: Sender<(String, String)>, rx: Receiver<(String)>, mut app: &mut App) {
[INFO] [stdout]    |                                                        ^^^^^^^^ help: remove these parentheses
[INFO] [stdout] 
[INFO] [stdout] 
[INFO] [stdout] warning: unnecessary parentheses around type
[INFO] [stdout]    --> src/ui.rs:479:108
[INFO] [stdout]     |
[INFO] [stdout] 479 | fn AtoA_BridgeCall(function: &'static str, mut app: &mut App, tx: &Sender<(String, String)>, rx: &Receiver<(String)> ) -> App {
[INFO] [stdout]     |                                                                                                            ^^^^^^^^ help: remove these parentheses
[INFO] [stdout] 
[INFO] [stdout] 
[INFO] [stdout] warning: unnecessary parentheses around type
[INFO] [stdout]    --> src/ui.rs:515:108
[INFO] [stdout]     |
[INFO] [stdout] 515 | fn AtoV_BridgeCall(function: &'static str, mut app: &mut App, tx: &Sender<(String, String)>, rx: &Receiver<(String)>) -> BridgeResult {
[INFO] [stdout]     |                                                                                                            ^^^^^^^^ help: remove these parentheses
[INFO] [stdout] 
[INFO] [stdout] 
[INFO] [stdout] warning: unnecessary parentheses around type
[INFO] [stdout]    --> src/ui.rs:541:120
[INFO] [stdout]     |
[INFO] [stdout] 541 | ..., tx: &Sender<(String, String)>, rx: &Receiver<(String)>) -> BridgeResult {
[INFO] [stdout]     |                                                   ^^^^^^^^ help: remove these parentheses
[INFO] [stdout] 
[INFO] [stdout] 
[INFO] [stdout] warning: unused import: `Stdio`
[INFO] [stdout]   --> src/main.rs:22:29
[INFO] [stdout]    |
[INFO] [stdout] 22 | use std::process::{Command, Stdio};
[INFO] [stdout]    |                             ^^^^^
[INFO] [stdout]    |
[INFO] [stdout]    = note: `#[warn(unused_imports)]` on by default
[INFO] [stdout] 
[INFO] [stdout] 
[INFO] [stdout] warning: unused import: `Read`
[INFO] [stdout]   --> src/main.rs:25:15
[INFO] [stdout]    |
[INFO] [stdout] 25 | use std::io::{Read, Write};
[INFO] [stdout]    |               ^^^^
[INFO] [stdout] 
[INFO] [stdout] 
[INFO] [stdout] warning: unused import: `google_drive3::Drive`
[INFO] [stdout]   --> src/main.rs:47:5
[INFO] [stdout]    |
[INFO] [stdout] 47 | use google_drive3::Drive;
[INFO] [stdout]    |     ^^^^^^^^^^^^^^^^^^^^
[INFO] [stdout] 
[INFO] [stdout] 
[INFO] [stdout] warning: unused imports: `ApplicationSecret`, `Authenticator`, `DefaultAuthenticatorDelegate`, `MemoryStorage`
[INFO] [stdout]   --> src/main.rs:48:18
[INFO] [stdout]    |
[INFO] [stdout] 48 | use yup_oauth2::{Authenticator, DefaultAuthenticatorDelegate, ApplicationSecret, MemoryStorage};
[INFO] [stdout]    |                  ^^^^^^^^^^^^^  ^^^^^^^^^^^^^^^^^^^^^^^^^^^^  ^^^^^^^^^^^^^^^^^  ^^^^^^^^^^^^^
[INFO] [stdout] 
[INFO] [stdout] 
[INFO] [stdout] warning: unused import: `hyper`
[INFO] [stdout]   --> src/main.rs:49:5
[INFO] [stdout]    |
[INFO] [stdout] 49 | use hyper;
[INFO] [stdout]    |     ^^^^^
[INFO] [stdout] 
[INFO] [stdout] 
[INFO] [stdout] warning: unused import: `hyper_rustls`
[INFO] [stdout]   --> src/main.rs:50:5
[INFO] [stdout]    |
[INFO] [stdout] 50 | use hyper_rustls;
[INFO] [stdout]    |     ^^^^^^^^^^^^
[INFO] [stdout] 
[INFO] [stdout] 
[INFO] [stdout] warning: unused imports: `MappedRows`, `Row`, `ToSql`, `params`
[INFO] [stdout]   --> src/main.rs:54:39
[INFO] [stdout]    |
[INFO] [stdout] 54 | use rusqlite::{Connection, NO_PARAMS, MappedRows, Row, params, ToSql};
[INFO] [stdout]    |                                       ^^^^^^^^^^  ^^^  ^^^^^^  ^^^^^
[INFO] [stdout] 
[INFO] [stdout] 
[INFO] [stdout] warning: unused `#[macro_use]` import
[INFO] [stdout]   --> src/main.rs:58:1
[INFO] [stdout]    |
[INFO] [stdout] 58 | #[macro_use]
[INFO] [stdout]    | ^^^^^^^^^^^^
[INFO] [stdout] 
[INFO] [stdout] 
[INFO] [stdout] warning: value assigned to `mood` is never read
[INFO] [stdout]   --> src/logic.rs:68:13
[INFO] [stdout]    |
[INFO] [stdout] 68 |     let mut mood = "".to_string();
[INFO] [stdout]    |             ^^^^
[INFO] [stdout]    |
[INFO] [stdout]    = note: `#[warn(unused_assignments)]` on by default
[INFO] [stdout]    = help: maybe it is overwritten before being read?
[INFO] [stdout] 
[INFO] [stdout] 
[INFO] [stdout] warning: value assigned to `learning` is never read
[INFO] [stdout]   --> src/logic.rs:74:13
[INFO] [stdout]    |
[INFO] [stdout] 74 |     let mut learning = "".to_string();
[INFO] [stdout]    |             ^^^^^^^^
[INFO] [stdout]    |
[INFO] [stdout]    = help: maybe it is overwritten before being read?
[INFO] [stdout] 
[INFO] [stdout] 
[INFO] [stdout] warning: unused variable: `test_map`
[INFO] [stdout]    --> src/logic.rs:202:18
[INFO] [stdout]     |
[INFO] [stdout] 202 |     let (output, test_map) = count_tests(&app.projects, &app.selected);
[INFO] [stdout]     |                  ^^^^^^^^ help: if this is intentional, prefix it with an underscore: `_test_map`
[INFO] [stdout]     |
[INFO] [stdout]     = note: `#[warn(unused_variables)]` on by default
[INFO] [stdout] 
[INFO] [stdout] 
[INFO] [stdout] warning: unused variable: `err`
[INFO] [stdout]    --> src/logic.rs:257:17
[INFO] [stdout]     |
[INFO] [stdout] 257 |             Err(err) => return BridgeResult::err("failed to encode app struct to string in init", 0)
[INFO] [stdout]     |                 ^^^ help: if this is intentional, prefix it with an underscore: `_err`
[INFO] [stdout] 
[INFO] [stdout] 
[INFO] [stdout] warning: unused variable: `output`
[INFO] [stdout]    --> src/logic.rs:400:9
[INFO] [stdout]     |
[INFO] [stdout] 400 |     let output = store(&mut app);
[INFO] [stdout]     |         ^^^^^^ help: if this is intentional, prefix it with an underscore: `_output`
[INFO] [stdout] 
[INFO] [stdout] 
[INFO] [stdout] warning: value assigned to `last_index` is never read
[INFO] [stdout]    --> src/logic.rs:402:13
[INFO] [stdout]     |
[INFO] [stdout] 402 |     let mut last_index: usize = 0;
[INFO] [stdout]     |             ^^^^^^^^^^
[INFO] [stdout]     |
[INFO] [stdout]     = help: maybe it is overwritten before being read?
[INFO] [stdout] 
[INFO] [stdout] 
[INFO] [stdout] warning: unused variable: `err`
[INFO] [stdout]    --> src/logic.rs:497:13
[INFO] [stdout]     |
[INFO] [stdout] 497 |         Err(err) => return BridgeResult::err("failed to encode app struct to string in init", 1)
[INFO] [stdout]     |             ^^^ help: if this is intentional, prefix it with an underscore: `_err`
[INFO] [stdout] 
[INFO] [stdout] 
[INFO] [stdout] warning: unused variable: `err`
[INFO] [stdout]    --> src/logic.rs:640:21
[INFO] [stdout]     |
[INFO] [stdout] 640 |                 Err(err) => "there was an error unwrapping the source line".to_string()
[INFO] [stdout]     |                     ^^^ help: if this is intentional, prefix it with an underscore: `_err`
[INFO] [stdout] 
[INFO] [stdout] 
[INFO] [stdout] warning: value assigned to `type_of_file` is never read
[INFO] [stdout]    --> src/logic.rs:548:13
[INFO] [stdout]     |
[INFO] [stdout] 548 |     let mut type_of_file = String::new();
[INFO] [stdout]     |             ^^^^^^^^^^^^
[INFO] [stdout]     |
[INFO] [stdout]     = help: maybe it is overwritten before being read?
[INFO] [stdout] 
[INFO] [stdout] 
[INFO] [stdout] warning: unused variable: `debug_print`
[INFO] [stdout]    --> src/logic.rs:554:13
[INFO] [stdout]     |
[INFO] [stdout] 554 |     let mut debug_print = String::new();
[INFO] [stdout]     |             ^^^^^^^^^^^ help: if this is intentional, prefix it with an underscore: `_debug_print`
[INFO] [stdout] 
[INFO] [stdout] 
[INFO] [stdout] warning: value assigned to `line_index` is never read
[INFO] [stdout]    --> src/logic.rs:725:13
[INFO] [stdout]     |
[INFO] [stdout] 725 |             line_index = 0;
[INFO] [stdout]     |             ^^^^^^^^^^
[INFO] [stdout]     |
[INFO] [stdout]     = help: maybe it is overwritten before being read?
[INFO] [stdout] 
[INFO] [stdout] 
[INFO] [stdout] warning: variable does not need to be mutable
[INFO] [stdout]   --> src/logic.rs:60:9
[INFO] [stdout]    |
[INFO] [stdout] 60 |     let mut arguments: Arguments = match serde_json::from_str(&data) {
[INFO] [stdout]    |         ----^^^^^^^^^
[INFO] [stdout]    |         |
[INFO] [stdout]    |         help: remove this `mut`
[INFO] [stdout]    |
[INFO] [stdout]    = note: `#[warn(unused_mut)]` on by default
[INFO] [stdout] 
[INFO] [stdout] 
[INFO] [stdout] warning: variable does not need to be mutable
[INFO] [stdout]   --> src/logic.rs:65:9
[INFO] [stdout]    |
[INFO] [stdout] 65 |     let mut app = arguments.app;
[INFO] [stdout]    |         ----^^^
[INFO] [stdout]    |         |
[INFO] [stdout]    |         help: remove this `mut`
[INFO] [stdout] 
[INFO] [stdout] 
[INFO] [stdout] warning: variable does not need to be mutable
[INFO] [stdout]    --> src/logic.rs:272:9
[INFO] [stdout]     |
[INFO] [stdout] 272 |     let mut arguments: Arguments = match serde_json::from_str(&data) {
[INFO] [stdout]     |         ----^^^^^^^^^
[INFO] [stdout]     |         |
[INFO] [stdout]     |         help: remove this `mut`
[INFO] [stdout] 
[INFO] [stdout] 
[INFO] [stdout] warning: variable does not need to be mutable
[INFO] [stdout]    --> src/logic.rs:293:9
[INFO] [stdout]     |
[INFO] [stdout] 293 |     let mut arguments: Arguments = match serde_json::from_str(&data) {
[INFO] [stdout]     |         ----^^^^^^^^^
[INFO] [stdout]     |         |
[INFO] [stdout]     |         help: remove this `mut`
[INFO] [stdout] 
[INFO] [stdout] 
[INFO] [stdout] warning: variable does not need to be mutable
[INFO] [stdout]    --> src/logic.rs:312:9
[INFO] [stdout]     |
[INFO] [stdout] 312 |     let mut arguments: Arguments = match serde_json::from_str(&data) {
[INFO] [stdout]     |         ----^^^^^^^^^
[INFO] [stdout]     |         |
[INFO] [stdout]     |         help: remove this `mut`
[INFO] [stdout] 
[INFO] [stdout] 
[INFO] [stdout] warning: variable does not need to be mutable
[INFO] [stdout]    --> src/logic.rs:332:9
[INFO] [stdout]     |
[INFO] [stdout] 332 |     let mut arguments: Arguments = match serde_json::from_str(&data) {
[INFO] [stdout]     |         ----^^^^^^^^^
[INFO] [stdout]     |         |
[INFO] [stdout]     |         help: remove this `mut`
[INFO] [stdout] 
[INFO] [stdout] 
[INFO] [stdout] warning: variable does not need to be mutable
[INFO] [stdout]    --> src/logic.rs:354:9
[INFO] [stdout]     |
[INFO] [stdout] 354 |     let mut arguments: Arguments = match serde_json::from_str(&data) {
[INFO] [stdout]     |         ----^^^^^^^^^
[INFO] [stdout]     |         |
[INFO] [stdout]     |         help: remove this `mut`
[INFO] [stdout] 
[INFO] [stdout] 
[INFO] [stdout] warning: variable does not need to be mutable
[INFO] [stdout]    --> src/logic.rs:372:9
[INFO] [stdout]     |
[INFO] [stdout] 372 |     let mut arguments: Arguments = match serde_json::from_str(&data) {
[INFO] [stdout]     |         ----^^^^^^^^^
[INFO] [stdout]     |         |
[INFO] [stdout]     |         help: remove this `mut`
[INFO] [stdout] 
[INFO] [stdout] 
[INFO] [stdout] warning: variable does not need to be mutable
[INFO] [stdout]    --> src/logic.rs:426:9
[INFO] [stdout]     |
[INFO] [stdout] 426 |     let mut arguments: Arguments = match serde_json::from_str(&data) {
[INFO] [stdout]     |         ----^^^^^^^^^
[INFO] [stdout]     |         |
[INFO] [stdout]     |         help: remove this `mut`
[INFO] [stdout] 
[INFO] [stdout] 
[INFO] [stdout] warning: variable does not need to be mutable
[INFO] [stdout]    --> src/logic.rs:554:9
[INFO] [stdout]     |
[INFO] [stdout] 554 |     let mut debug_print = String::new();
[INFO] [stdout]     |         ----^^^^^^^^^^^
[INFO] [stdout]     |         |
[INFO] [stdout]     |         help: remove this `mut`
[INFO] [stdout] 
[INFO] [stdout] 
[INFO] [stdout] warning: field is never read: `input_handle`
[INFO] [stdout]   --> src/ui.rs:26:5
[INFO] [stdout]    |
[INFO] [stdout] 26 |     input_handle: thread::JoinHandle<()>,
[INFO] [stdout]    |     ^^^^^^^^^^^^^^^^^^^^^^^^^^^^^^^^^^^^
[INFO] [stdout]    |
[INFO] [stdout]    = note: `#[warn(dead_code)]` on by default
[INFO] [stdout] 
[INFO] [stdout] 
[INFO] [stdout] warning: field is never read: `tick_handle`
[INFO] [stdout]   --> src/ui.rs:27:5
[INFO] [stdout]    |
[INFO] [stdout] 27 |     tick_handle: thread::JoinHandle<()>,
[INFO] [stdout]    |     ^^^^^^^^^^^^^^^^^^^^^^^^^^^^^^^^^^^
[INFO] [stdout] 
[INFO] [stdout] 
[INFO] [stdout] warning: enum is never used: `Event`
[INFO] [stdout]   --> src/main.rs:83:6
[INFO] [stdout]    |
[INFO] [stdout] 83 | enum Event<I> {
[INFO] [stdout]    |      ^^^^^
[INFO] [stdout] 
[INFO] [stdout] 
[INFO] [stdout] warning: struct is never constructed: `Events`
[INFO] [stdout]   --> src/main.rs:88:8
[INFO] [stdout]    |
[INFO] [stdout] 88 | struct Events {
[INFO] [stdout]    |        ^^^^^^
[INFO] [stdout] 
[INFO] [stdout] 
[INFO] [stdout] warning: associated function is never used: `new`
[INFO] [stdout]   --> src/main.rs:95:8
[INFO] [stdout]    |
[INFO] [stdout] 95 |     fn new() -> Events {
[INFO] [stdout]    |        ^^^
[INFO] [stdout] 
[INFO] [stdout] 
[INFO] [stdout] warning: associated function is never used: `with_config`
[INFO] [stdout]   --> src/main.rs:99:8
[INFO] [stdout]    |
[INFO] [stdout] 99 |     fn with_config(config: Config) -> Events {
[INFO] [stdout]    |        ^^^^^^^^^^^
[INFO] [stdout] 
[INFO] [stdout] 
[INFO] [stdout] warning: associated function is never used: `next`
[INFO] [stdout]    --> src/main.rs:137:8
[INFO] [stdout]     |
[INFO] [stdout] 137 |     fn next(&self) -> Result<Event<Key>, mpsc::RecvError> {
[INFO] [stdout]     |        ^^^^
[INFO] [stdout] 
[INFO] [stdout] 
[INFO] [stdout] warning: struct is never constructed: `BridgeResultMaps`
[INFO] [stdout]    --> src/main.rs:262:8
[INFO] [stdout]     |
[INFO] [stdout] 262 | struct BridgeResultMaps {
[INFO] [stdout]     |        ^^^^^^^^^^^^^^^^
[INFO] [stdout] 
[INFO] [stdout] 
[INFO] [stdout] warning: associated function is never used: `ok_strings`
[INFO] [stdout]    --> src/main.rs:310:8
[INFO] [stdout]     |
[INFO] [stdout] 310 |     fn ok_strings(data: Vec<String>) -> BridgeResult {
[INFO] [stdout]     |        ^^^^^^^^^^
[INFO] [stdout] 
[INFO] [stdout] 
[INFO] [stdout] warning: associated function is never used: `ok_maps`
[INFO] [stdout]    --> src/main.rs:317:8
[INFO] [stdout]     |
[INFO] [stdout] 317 |     fn ok_maps(data: Vec<HashMap<String, String>>) -> BridgeResultMaps {
[INFO] [stdout]     |        ^^^^^^^
[INFO] [stdout] 
[INFO] [stdout] 
[INFO] [stdout] warning: panic message is not a string literal
[INFO] [stdout]    --> src/logic.rs:799:20
[INFO] [stdout]     |
[INFO] [stdout] 799 |             panic!(format!("the result of the count_test function was not Ok() it was: {}", output.data[0]))
[INFO] [stdout]     |                    ^^^^^^^^^^^^^^^^^^^^^^^^^^^^^^^^^^^^^^^^^^^^^^^^^^^^^^^^^^^^^^^^^^^^^^^^^^^^^^^^^^^^^^^^
[INFO] [stdout]     |
[INFO] [stdout]     = note: `#[warn(non_fmt_panic)]` on by default
[INFO] [stdout]     = note: this is no longer accepted in Rust 2021
[INFO] [stdout]     = note: the panic!() macro supports formatting, so there's no need for the format!() macro here
[INFO] [stdout] help: remove the `format!(..)` macro call
[INFO] [stdout]     |
[INFO] [stdout] 799 |             panic!("the result of the count_test function was not Ok() it was: {}", output.data[0])
[INFO] [stdout]     |                   --                                                                             --
[INFO] [stdout] 
[INFO] [stdout] 
[INFO] [stdout] warning: panic message is not a string literal
[INFO] [stdout]    --> src/logic.rs:816:20
[INFO] [stdout]     |
[INFO] [stdout] 816 |             panic!(format!("count map did contain the folder but the count was off, it was {}, map was: \n{:?}", count, test_map));
[INFO] [stdout]     |                    ^^^^^^^^^^^^^^^^^^^^^^^^^^^^^^^^^^^^^^^^^^^^^^^^^^^^^^^^^^^^^^^^^^^^^^^^^^^^^^^^^^^^^^^^^^^^^^^^^^^^^^^^^^^^^^
[INFO] [stdout]     |
[INFO] [stdout]     = note: this is no longer accepted in Rust 2021
[INFO] [stdout]     = note: the panic!() macro supports formatting, so there's no need for the format!() macro here
[INFO] [stdout] help: remove the `format!(..)` macro call
[INFO] [stdout]     |
[INFO] [stdout] 816 |             panic!("count map did contain the folder but the count was off, it was {}, map was: \n{:?}", count, test_map);
[INFO] [stdout]     |                   --                                                                                                   --
[INFO] [stdout] 
[INFO] [stdout] 
[INFO] [stdout] warning: panic message is not a string literal
[INFO] [stdout]    --> src/logic.rs:820:20
[INFO] [stdout]     |
[INFO] [stdout] 820 |             panic!(format!("test_map did not contain the test_count_folder/src/main.rs key: \n {:?}", test_map));
[INFO] [stdout]     |                    ^^^^^^^^^^^^^^^^^^^^^^^^^^^^^^^^^^^^^^^^^^^^^^^^^^^^^^^^^^^^^^^^^^^^^^^^^^^^^^^^^^^^^^^^^^^^
[INFO] [stdout]     |
[INFO] [stdout]     = note: this is no longer accepted in Rust 2021
[INFO] [stdout]     = note: the panic!() macro supports formatting, so there's no need for the format!() macro here
[INFO] [stdout] help: remove the `format!(..)` macro call
[INFO] [stdout]     |
[INFO] [stdout] 820 |             panic!("test_map did not contain the test_count_folder/src/main.rs key: \n {:?}", test_map);
[INFO] [stdout]     |                   --                                                                                 --
[INFO] [stdout] 
[INFO] [stdout] 
[INFO] [stdout] warning: panic message is not a string literal
[INFO] [stdout]    --> src/logic.rs:823:24
[INFO] [stdout]     |
[INFO] [stdout] 823 | ...nic!(format!("test_map did not contain the test_counter_test value at the test_count_folder/src/main.rs key: \n {:?}", test_map));
[INFO] [stdout]     |         ^^^^^^^^^^^^^^^^^^^^^^^^^^^^^^^^^^^^^^^^^^^^^^^^^^^^^^^^^^^^^^^^^^^^^^^^^^^^^^^^^^^^^^^^^^^^^^^^^^^^^^^^^^^^^^^^^^^^^^^^^^^
[INFO] [stdout]     |
[INFO] [stdout]     = note: this is no longer accepted in Rust 2021
[INFO] [stdout]     = note: the panic!() macro supports formatting, so there's no need for the format!() macro here
[INFO] [stdout] help: remove the `format!(..)` macro call
[INFO] [stdout]     |
[INFO] [stdout] 823 |                 panic!("test_map did not contain the test_counter_test value at the test_count_folder/src/main.rs key: \n {:?}", test_map);
[INFO] [stdout]     |                       --                                                                                                                --
[INFO] [stdout] 
[INFO] [stdout] 
[INFO] [stdout] warning: panic message is not a string literal
[INFO] [stdout]    --> src/logic.rs:828:20
[INFO] [stdout]     |
[INFO] [stdout] 828 |             panic!(format!("test_map did not contain the test_count_folder/rust/src/main.rs key: \n {:?}", test_map));
[INFO] [stdout]     |                    ^^^^^^^^^^^^^^^^^^^^^^^^^^^^^^^^^^^^^^^^^^^^^^^^^^^^^^^^^^^^^^^^^^^^^^^^^^^^^^^^^^^^^^^^^^^^^^^^^
[INFO] [stdout]     |
[INFO] [stdout]     = note: this is no longer accepted in Rust 2021
[INFO] [stdout]     = note: the panic!() macro supports formatting, so there's no need for the format!() macro here
[INFO] [stdout] help: remove the `format!(..)` macro call
[INFO] [stdout]     |
[INFO] [stdout] 828 |             panic!("test_map did not contain the test_count_folder/rust/src/main.rs key: \n {:?}", test_map);
[INFO] [stdout]     |                   --                                                                                      --
[INFO] [stdout] 
[INFO] [stdout] 
[INFO] [stdout] warning: panic message is not a string literal
[INFO] [stdout]    --> src/logic.rs:831:24
[INFO] [stdout]     |
[INFO] [stdout] 831 | ...c!(format!("test_map did not contain the test_counter_test value at the test_count_folder/rust/src/main.rs key: \n{:?}", test_map));
[INFO] [stdout]     |       ^^^^^^^^^^^^^^^^^^^^^^^^^^^^^^^^^^^^^^^^^^^^^^^^^^^^^^^^^^^^^^^^^^^^^^^^^^^^^^^^^^^^^^^^^^^^^^^^^^^^^^^^^^^^^^^^^^^^^^^^^^^^^^^
[INFO] [stdout]     |
[INFO] [stdout]     = note: this is no longer accepted in Rust 2021
[INFO] [stdout]     = note: the panic!() macro supports formatting, so there's no need for the format!() macro here
[INFO] [stdout] help: remove the `format!(..)` macro call
[INFO] [stdout]     |
[INFO] [stdout] 831 |                 panic!("test_map did not contain the test_counter_test value at the test_count_folder/rust/src/main.rs key: \n{:?}", test_map);
[INFO] [stdout]     |                       --                                                                                                                    --
[INFO] [stdout] 
[INFO] [stdout] 
[INFO] [stdout] warning: panic message is not a string literal
[INFO] [stdout]    --> src/logic.rs:836:20
[INFO] [stdout]     |
[INFO] [stdout] 836 |             panic!(format!("test_map did not contain the test_count_folder/lib/main.dart key: \n {:?}", test_map));
[INFO] [stdout]     |                    ^^^^^^^^^^^^^^^^^^^^^^^^^^^^^^^^^^^^^^^^^^^^^^^^^^^^^^^^^^^^^^^^^^^^^^^^^^^^^^^^^^^^^^^^^^^^^^
[INFO] [stdout]     |
[INFO] [stdout]     = note: this is no longer accepted in Rust 2021
[INFO] [stdout]     = note: the panic!() macro supports formatting, so there's no need for the format!() macro here
[INFO] [stdout] help: remove the `format!(..)` macro call
[INFO] [stdout]     |
[INFO] [stdout] 836 |             panic!("test_map did not contain the test_count_folder/lib/main.dart key: \n {:?}", test_map);
[INFO] [stdout]     |                   --                                                                                   --
[INFO] [stdout] 
[INFO] [stdout] 
[INFO] [stdout] warning: panic message is not a string literal
[INFO] [stdout]    --> src/logic.rs:839:24
[INFO] [stdout]     |
[INFO] [stdout] 839 | ...ic!(format!("test_map did not contain the test_counter_test value at the test_count_folder/lib/main.dart key: \n {:?}", test_map));
[INFO] [stdout]     |        ^^^^^^^^^^^^^^^^^^^^^^^^^^^^^^^^^^^^^^^^^^^^^^^^^^^^^^^^^^^^^^^^^^^^^^^^^^^^^^^^^^^^^^^^^^^^^^^^^^^^^^^^^^^^^^^^^^^^^^^^^^^^^
[INFO] [stdout]     |
[INFO] [stdout]     = note: this is no longer accepted in Rust 2021
[INFO] [stdout]     = note: the panic!() macro supports formatting, so there's no need for the format!() macro here
[INFO] [stdout] help: remove the `format!(..)` macro call
[INFO] [stdout]     |
[INFO] [stdout] 839 |                 panic!("test_map did not contain the test_counter_test value at the test_count_folder/lib/main.dart key: \n {:?}", test_map);
[INFO] [stdout]     |                       --                                                                                                                  --
[INFO] [stdout] 
[INFO] [stdout] 
[INFO] [stdout] warning: panic message is not a string literal
[INFO] [stdout]    --> src/logic.rs:844:20
[INFO] [stdout]     |
[INFO] [stdout] 844 |             panic!(format!("test_map did not contain the test_count_folder/test/widget_test.dart key: \n {:?}", test_map));
[INFO] [stdout]     |                    ^^^^^^^^^^^^^^^^^^^^^^^^^^^^^^^^^^^^^^^^^^^^^^^^^^^^^^^^^^^^^^^^^^^^^^^^^^^^^^^^^^^^^^^^^^^^^^^^^^^^^^
[INFO] [stdout]     |
[INFO] [stdout]     = note: this is no longer accepted in Rust 2021
[INFO] [stdout]     = note: the panic!() macro supports formatting, so there's no need for the format!() macro here
[INFO] [stdout] help: remove the `format!(..)` macro call
[INFO] [stdout]     |
[INFO] [stdout] 844 |             panic!("test_map did not contain the test_count_folder/test/widget_test.dart key: \n {:?}", test_map);
[INFO] [stdout]     |                   --                                                                                           --
[INFO] [stdout] 
[INFO] [stdout] 
[INFO] [stdout] warning: panic message is not a string literal
[INFO] [stdout]    --> src/logic.rs:847:24
[INFO] [stdout]     |
[INFO] [stdout] 847 | ...c!(format!("test_map did not contains the test_counter_test value at the test_count_folder/test/widget_test.dart key: \n {:?}", test_map...
[INFO] [stdout]     |       ^^^^^^^^^^^^^^^^^^^^^^^^^^^^^^^^^^^^^^^^^^^^^^^^^^^^^^^^^^^^^^^^^^^^^^^^^^^^^^^^^^^^^^^^^^^^^^^^^^^^^^^^^^^^^^^^^^^^^^^^^^^^^^^^^^^^^^
[INFO] [stdout]     |
[INFO] [stdout]     = note: this is no longer accepted in Rust 2021
[INFO] [stdout]     = note: the panic!() macro supports formatting, so there's no need for the format!() macro here
[INFO] [stdout] help: remove the `format!(..)` macro call
[INFO] [stdout]     |
[INFO] [stdout] 847 |                 panic!("test_map did not contains the test_counter_test value at the test_count_folder/test/widget_test.dart key: \n {:?}", test_map);
[INFO] [stdout]     |                       --                                                                                                                           --
[INFO] [stdout] 
[INFO] [stdout] 
[INFO] [stdout] warning: panic message is not a string literal
[INFO] [stdout]    --> src/logic.rs:852:20
[INFO] [stdout]     |
[INFO] [stdout] 852 |             panic!(format!("test_map did not contain the test_count_folder/test_driver/app_test.dart key: \n {:?}", test_map));
[INFO] [stdout]     |                    ^^^^^^^^^^^^^^^^^^^^^^^^^^^^^^^^^^^^^^^^^^^^^^^^^^^^^^^^^^^^^^^^^^^^^^^^^^^^^^^^^^^^^^^^^^^^^^^^^^^^^^^^^^
[INFO] [stdout]     |
[INFO] [stdout]     = note: this is no longer accepted in Rust 2021
[INFO] [stdout]     = note: the panic!() macro supports formatting, so there's no need for the format!() macro here
[INFO] [stdout] help: remove the `format!(..)` macro call
[INFO] [stdout]     |
[INFO] [stdout] 852 |             panic!("test_map did not contain the test_count_folder/test_driver/app_test.dart key: \n {:?}", test_map);
[INFO] [stdout]     |                   --                                                                                               --
[INFO] [stdout] 
[INFO] [stdout] 
[INFO] [stdout] warning: panic message is not a string literal
[INFO] [stdout]    --> src/logic.rs:855:24
[INFO] [stdout]     |
[INFO] [stdout] 855 | ...c!(format!("test_map did not contain the test_counter_test value at the test_count_folder/test_driver/app_test.dart: \n {:?}", test_map...
[INFO] [stdout]     |       ^^^^^^^^^^^^^^^^^^^^^^^^^^^^^^^^^^^^^^^^^^^^^^^^^^^^^^^^^^^^^^^^^^^^^^^^^^^^^^^^^^^^^^^^^^^^^^^^^^^^^^^^^^^^^^^^^^^^^^^^^^^^^^^^^^^^^
[INFO] [stdout]     |
[INFO] [stdout]     = note: this is no longer accepted in Rust 2021
[INFO] [stdout]     = note: the panic!() macro supports formatting, so there's no need for the format!() macro here
[INFO] [stdout] help: remove the `format!(..)` macro call
[INFO] [stdout]     |
[INFO] [stdout] 855 |                 panic!("test_map did not contain the test_counter_test value at the test_count_folder/test_driver/app_test.dart: \n {:?}", test_map);
[INFO] [stdout]     |                       --                                                                                                                          --
[INFO] [stdout] 
[INFO] [stdout] 
[INFO] [stdout] warning: panic message is not a string literal
[INFO] [stdout]    --> src/logic.rs:893:20
[INFO] [stdout]     |
[INFO] [stdout] 893 |             panic!(format!("the result of the count_test function was not Ok() it was: {}", output.data[0]))
[INFO] [stdout]     |                    ^^^^^^^^^^^^^^^^^^^^^^^^^^^^^^^^^^^^^^^^^^^^^^^^^^^^^^^^^^^^^^^^^^^^^^^^^^^^^^^^^^^^^^^^
[INFO] [stdout]     |
[INFO] [stdout]     = note: this is no longer accepted in Rust 2021
[INFO] [stdout]     = note: the panic!() macro supports formatting, so there's no need for the format!() macro here
[INFO] [stdout] help: remove the `format!(..)` macro call
[INFO] [stdout]     |
[INFO] [stdout] 893 |             panic!("the result of the count_test function was not Ok() it was: {}", output.data[0])
[INFO] [stdout]     |                   --                                                                             --
[INFO] [stdout] 
[INFO] [stdout] 
[INFO] [stdout] warning: panic message is not a string literal
[INFO] [stdout]    --> src/logic.rs:899:20
[INFO] [stdout]     |
[INFO] [stdout] 899 |             panic!(format!("test_map did not contain the {} key: \n {:?}", lib_rs, test_map));
[INFO] [stdout]     |                    ^^^^^^^^^^^^^^^^^^^^^^^^^^^^^^^^^^^^^^^^^^^^^^^^^^^^^^^^^^^^^^^^^^^^^^^^^
[INFO] [stdout]     |
[INFO] [stdout]     = note: this is no longer accepted in Rust 2021
[INFO] [stdout]     = note: the panic!() macro supports formatting, so there's no need for the format!() macro here
[INFO] [stdout] help: remove the `format!(..)` macro call
[INFO] [stdout]     |
[INFO] [stdout] 899 |             panic!("test_map did not contain the {} key: \n {:?}", lib_rs, test_map);
[INFO] [stdout]     |                   --                                                              --
[INFO] [stdout] 
[INFO] [stdout] 
[INFO] [stdout] warning: panic message is not a string literal
[INFO] [stdout]    --> src/logic.rs:902:24
[INFO] [stdout]     |
[INFO] [stdout] 902 |                 panic!(format!("test_map did not contain the store_one_test value at the {} key: \n {:?}", lib_rs, test_map));
[INFO] [stdout]     |                        ^^^^^^^^^^^^^^^^^^^^^^^^^^^^^^^^^^^^^^^^^^^^^^^^^^^^^^^^^^^^^^^^^^^^^^^^^^^^^^^^^^^^^^^^^^^^^^^^^^^^^
[INFO] [stdout]     |
[INFO] [stdout]     = note: this is no longer accepted in Rust 2021
[INFO] [stdout]     = note: the panic!() macro supports formatting, so there's no need for the format!() macro here
[INFO] [stdout] help: remove the `format!(..)` macro call
[INFO] [stdout]     |
[INFO] [stdout] 902 |                 panic!("test_map did not contain the store_one_test value at the {} key: \n {:?}", lib_rs, test_map);
[INFO] [stdout]     |                       --                                                                                          --
[INFO] [stdout] 
[INFO] [stdout] 
[INFO] [stdout] warning: panic message is not a string literal
[INFO] [stdout]    --> src/logic.rs:905:24
[INFO] [stdout]     |
[INFO] [stdout] 905 |                 panic!(format!("test_map did not contain the store_many_test value at the {} key: \n {:?}", lib_rs, test_map));
[INFO] [stdout]     |                        ^^^^^^^^^^^^^^^^^^^^^^^^^^^^^^^^^^^^^^^^^^^^^^^^^^^^^^^^^^^^^^^^^^^^^^^^^^^^^^^^^^^^^^^^^^^^^^^^^^^^^^
[INFO] [stdout]     |
[INFO] [stdout]     = note: this is no longer accepted in Rust 2021
[INFO] [stdout]     = note: the panic!() macro supports formatting, so there's no need for the format!() macro here
[INFO] [stdout] help: remove the `format!(..)` macro call
[INFO] [stdout]     |
[INFO] [stdout] 905 |                 panic!("test_map did not contain the store_many_test value at the {} key: \n {:?}", lib_rs, test_map);
[INFO] [stdout]     |                       --                                                                                           --
[INFO] [stdout] 
[INFO] [stdout] 
[INFO] [stdout] warning: panic message is not a string literal
[INFO] [stdout]    --> src/logic.rs:908:24
[INFO] [stdout]     |
[INFO] [stdout] 908 |                 panic!(format!("test_map did not contain the store_many_different_test value at the {} key: \n {:?}", lib_rs, test_map));
[INFO] [stdout]     |                        ^^^^^^^^^^^^^^^^^^^^^^^^^^^^^^^^^^^^^^^^^^^^^^^^^^^^^^^^^^^^^^^^^^^^^^^^^^^^^^^^^^^^^^^^^^^^^^^^^^^^^^^^^^^^^^^^
[INFO] [stdout]     |
[INFO] [stdout]     = note: this is no longer accepted in Rust 2021
[INFO] [stdout]     = note: the panic!() macro supports formatting, so there's no need for the format!() macro here
[INFO] [stdout] help: remove the `format!(..)` macro call
[INFO] [stdout]     |
[INFO] [stdout] 908 |                 panic!("test_map did not contain the store_many_different_test value at the {} key: \n {:?}", lib_rs, test_map);
[INFO] [stdout]     |                       --                                                                                                     --
[INFO] [stdout] 
[INFO] [stdout] 
[INFO] [stdout] warning: panic message is not a string literal
[INFO] [stdout]    --> src/logic.rs:911:24
[INFO] [stdout]     |
[INFO] [stdout] 911 |                 panic!(format!("test_map did not contain the search_one_test value at the {} key: \n {:?}", lib_rs, test_map));
[INFO] [stdout]     |                        ^^^^^^^^^^^^^^^^^^^^^^^^^^^^^^^^^^^^^^^^^^^^^^^^^^^^^^^^^^^^^^^^^^^^^^^^^^^^^^^^^^^^^^^^^^^^^^^^^^^^^^
[INFO] [stdout]     |
[INFO] [stdout]     = note: this is no longer accepted in Rust 2021
[INFO] [stdout]     = note: the panic!() macro supports formatting, so there's no need for the format!() macro here
[INFO] [stdout] help: remove the `format!(..)` macro call
[INFO] [stdout]     |
[INFO] [stdout] 911 |                 panic!("test_map did not contain the search_one_test value at the {} key: \n {:?}", lib_rs, test_map);
[INFO] [stdout]     |                       --                                                                                           --
[INFO] [stdout] 
[INFO] [stdout] 
[INFO] [stdout] warning: panic message is not a string literal
[INFO] [stdout]    --> src/logic.rs:915:24
[INFO] [stdout]     |
[INFO] [stdout] 915 |                 panic!(format!("test_map did not contain the search_many_different_test value at the {} key: \n {:?}", lib_rs, test_map));
[INFO] [stdout]     |                        ^^^^^^^^^^^^^^^^^^^^^^^^^^^^^^^^^^^^^^^^^^^^^^^^^^^^^^^^^^^^^^^^^^^^^^^^^^^^^^^^^^^^^^^^^^^^^^^^^^^^^^^^^^^^^^^^^
[INFO] [stdout]     |
[INFO] [stdout]     = note: this is no longer accepted in Rust 2021
[INFO] [stdout]     = note: the panic!() macro supports formatting, so there's no need for the format!() macro here
[INFO] [stdout] help: remove the `format!(..)` macro call
[INFO] [stdout]     |
[INFO] [stdout] 915 |                 panic!("test_map did not contain the search_many_different_test value at the {} key: \n {:?}", lib_rs, test_map);
[INFO] [stdout]     |                       --                                                                                                      --
[INFO] [stdout] 
[INFO] [stdout] 
[INFO] [stdout] warning: panic message is not a string literal
[INFO] [stdout]    --> src/logic.rs:918:24
[INFO] [stdout]     |
[INFO] [stdout] 918 |                 panic!(format!("test_map did contain a non implemented search_many test at the {} key: \n {:?}", lib_rs, test_map));
[INFO] [stdout]     |                        ^^^^^^^^^^^^^^^^^^^^^^^^^^^^^^^^^^^^^^^^^^^^^^^^^^^^^^^^^^^^^^^^^^^^^^^^^^^^^^^^^^^^^^^^^^^^^^^^^^^^^^^^^^^
[INFO] [stdout]     |
[INFO] [stdout]     = note: this is no longer accepted in Rust 2021
[INFO] [stdout]     = note: the panic!() macro supports formatting, so there's no need for the format!() macro here
[INFO] [stdout] help: remove the `format!(..)` macro call
[INFO] [stdout]     |
[INFO] [stdout] 918 |                 panic!("test_map did contain a non implemented search_many test at the {} key: \n {:?}", lib_rs, test_map);
[INFO] [stdout]     |                       --                                                                                                --
[INFO] [stdout] 
[INFO] [stdout] 
[INFO] [stdout] warning: panic message is not a string literal
[INFO] [stdout]    --> src/logic.rs:921:24
[INFO] [stdout]     |
[INFO] [stdout] 921 | ...   panic!(format!("test_map did not contain the create_tamle_with_one_column_test value at the {} key: \n {:?}", lib_rs, test_map));
[INFO] [stdout]     |              ^^^^^^^^^^^^^^^^^^^^^^^^^^^^^^^^^^^^^^^^^^^^^^^^^^^^^^^^^^^^^^^^^^^^^^^^^^^^^^^^^^^^^^^^^^^^^^^^^^^^^^^^^^^^^^^^^^^^^^^^
[INFO] [stdout]     |
[INFO] [stdout]     = note: this is no longer accepted in Rust 2021
[INFO] [stdout]     = note: the panic!() macro supports formatting, so there's no need for the format!() macro here
[INFO] [stdout] help: remove the `format!(..)` macro call
[INFO] [stdout]     |
[INFO] [stdout] 921 |                 panic!("test_map did not contain the create_tamle_with_one_column_test value at the {} key: \n {:?}", lib_rs, test_map);
[INFO] [stdout]     |                       --                                                                                                             --
[INFO] [stdout] 
[INFO] [stdout] 
[INFO] [stdout] warning: panic message is not a string literal
[INFO] [stdout]    --> src/logic.rs:927:20
[INFO] [stdout]     |
[INFO] [stdout] 927 |             panic!(format!("count map did contain the folder but the count was off, it was {}, map was: \n{:?}", count, test_map));
[INFO] [stdout]     |                    ^^^^^^^^^^^^^^^^^^^^^^^^^^^^^^^^^^^^^^^^^^^^^^^^^^^^^^^^^^^^^^^^^^^^^^^^^^^^^^^^^^^^^^^^^^^^^^^^^^^^^^^^^^^^^^
[INFO] [stdout]     |
[INFO] [stdout]     = note: this is no longer accepted in Rust 2021
[INFO] [stdout]     = note: the panic!() macro supports formatting, so there's no need for the format!() macro here
[INFO] [stdout] help: remove the `format!(..)` macro call
[INFO] [stdout]     |
[INFO] [stdout] 927 |             panic!("count map did contain the folder but the count was off, it was {}, map was: \n{:?}", count, test_map);
[INFO] [stdout]     |                   --                                                                                                   --
[INFO] [stdout] 
[INFO] [stdout] 
[INFO] [stdout] warning: panic message is not a string literal
[INFO] [stdout]    --> src/logic.rs:949:20
[INFO] [stdout]     |
[INFO] [stdout] 949 |             panic!(format!("the result of the count_test function was not Ok() it was: {}", output.data[0]))
[INFO] [stdout]     |                    ^^^^^^^^^^^^^^^^^^^^^^^^^^^^^^^^^^^^^^^^^^^^^^^^^^^^^^^^^^^^^^^^^^^^^^^^^^^^^^^^^^^^^^^^
[INFO] [stdout]     |
[INFO] [stdout]     = note: this is no longer accepted in Rust 2021
[INFO] [stdout]     = note: the panic!() macro supports formatting, so there's no need for the format!() macro here
[INFO] [stdout] help: remove the `format!(..)` macro call
[INFO] [stdout]     |
[INFO] [stdout] 949 |             panic!("the result of the count_test function was not Ok() it was: {}", output.data[0])
[INFO] [stdout]     |                   --                                                                             --
[INFO] [stdout] 
[INFO] [stdout] 
[INFO] [stdout] warning: panic message is not a string literal
[INFO] [stdout]    --> src/logic.rs:954:20
[INFO] [stdout]     |
[INFO] [stdout] 954 |             panic!(format!("count map did contain the folder but the count was off, it was {}, map was: \n{:?}", count, test_map));
[INFO] [stdout]     |                    ^^^^^^^^^^^^^^^^^^^^^^^^^^^^^^^^^^^^^^^^^^^^^^^^^^^^^^^^^^^^^^^^^^^^^^^^^^^^^^^^^^^^^^^^^^^^^^^^^^^^^^^^^^^^^^
[INFO] [stdout]     |
[INFO] [stdout]     = note: this is no longer accepted in Rust 2021
[INFO] [stdout]     = note: the panic!() macro supports formatting, so there's no need for the format!() macro here
[INFO] [stdout] help: remove the `format!(..)` macro call
[INFO] [stdout]     |
[INFO] [stdout] 954 |             panic!("count map did contain the folder but the count was off, it was {}, map was: \n{:?}", count, test_map);
[INFO] [stdout]     |                   --                                                                                                   --
[INFO] [stdout] 
[INFO] [stdout] 
[INFO] [stdout] warning: panic message is not a string literal
[INFO] [stdout]    --> src/main.rs:420:24
[INFO] [stdout]     |
[INFO] [stdout] 420 |                 panic!(format!("{:?}", output.data));
[INFO] [stdout]     |                        ^^^^^^^^^^^^^^^^^^^^^^^^^^^^
[INFO] [stdout]     |
[INFO] [stdout]     = note: this is no longer accepted in Rust 2021
[INFO] [stdout]     = note: the panic!() macro supports formatting, so there's no need for the format!() macro here
[INFO] [stdout] help: remove the `format!(..)` macro call
[INFO] [stdout]     |
[INFO] [stdout] 420 |                 panic!("{:?}", output.data);
[INFO] [stdout]     |                       --                 --
[INFO] [stdout] 
[INFO] [stdout] 
[INFO] [stdout] warning: variable `inBOX` should have a snake case name
[INFO] [stdout]    --> src/main.rs:465:21
[INFO] [stdout]     |
[INFO] [stdout] 465 |             let mut inBOX = String::new();
[INFO] [stdout]     |                     ^^^^^ help: convert the identifier to snake case: `in_box`
[INFO] [stdout]     |
[INFO] [stdout]     = note: `#[warn(non_snake_case)]` on by default
[INFO] [stdout] 
[INFO] [stdout] 
[INFO] [stdout] warning: variable `inBOX` should have a snake case name
[INFO] [stdout]    --> src/main.rs:473:21
[INFO] [stdout]     |
[INFO] [stdout] 473 |             let mut inBOX = String::new();
[INFO] [stdout]     |                     ^^^^^ help: convert the identifier to snake case: `in_box`
[INFO] [stdout] 
[INFO] [stdout] 
[INFO] [stdout] warning: variable `inBOX` should have a snake case name
[INFO] [stdout]    --> src/main.rs:480:21
[INFO] [stdout]     |
[INFO] [stdout] 480 |             let mut inBOX = String::new();
[INFO] [stdout]     |                     ^^^^^ help: convert the identifier to snake case: `in_box`
[INFO] [stdout] 
[INFO] [stdout] 
[INFO] [stdout] warning: function `AtoA_BridgeCall` should have a snake case name
[INFO] [stdout]    --> src/ui.rs:479:4
[INFO] [stdout]     |
[INFO] [stdout] 479 | fn AtoA_BridgeCall(function: &'static str, mut app: &mut App, tx: &Sender<(String, String)>, rx: &Receiver<(String)> ) -> App {
[INFO] [stdout]     |    ^^^^^^^^^^^^^^^ help: convert the identifier to snake case: `ato_a_bridge_call`
[INFO] [stdout] 
[INFO] [stdout] 
[INFO] [stdout] warning: function `AtoV_BridgeCall` should have a snake case name
[INFO] [stdout]    --> src/ui.rs:515:4
[INFO] [stdout]     |
[INFO] [stdout] 515 | fn AtoV_BridgeCall(function: &'static str, mut app: &mut App, tx: &Sender<(String, String)>, rx: &Receiver<(String)>) -> BridgeResult {
[INFO] [stdout]     |    ^^^^^^^^^^^^^^^ help: convert the identifier to snake case: `ato_v_bridge_call`
[INFO] [stdout] 
[INFO] [stdout] 
[INFO] [stdout] warning: function `VtoV_BridgeCall` should have a snake case name
[INFO] [stdout]    --> src/ui.rs:541:4
[INFO] [stdout]     |
[INFO] [stdout] 541 | fn VtoV_BridgeCall(function: &'static str, value: i64, mut app: &mut App, tx: &Sender<(String, String)>, rx: &Receiver<(String)>) -> Brid...
[INFO] [stdout]     |    ^^^^^^^^^^^^^^^ help: convert the identifier to snake case: `vto_v_bridge_call`
[INFO] [stdout] 
[INFO] [stdout] 
[INFO] [stdout] warning: 75 warnings emitted
[INFO] [stdout] 
[INFO] [stdout] 
[INFO] [stderr]     Finished test [unoptimized + debuginfo] target(s) in 4.76s
[INFO] running `Command { std: "docker" "inspect" "9e3d25791620b8be8a2ffa27d4c947fd5359fec296994401b149c459f82f4a7e", kill_on_drop: false }`
[INFO] running `Command { std: "docker" "rm" "-f" "9e3d25791620b8be8a2ffa27d4c947fd5359fec296994401b149c459f82f4a7e", kill_on_drop: false }`
[INFO] [stdout] 9e3d25791620b8be8a2ffa27d4c947fd5359fec296994401b149c459f82f4a7e
[INFO] running `Command { std: "docker" "create" "-v" "/var/lib/crater-agent-workspace/builds/worker-2/target:/opt/rustwide/target:rw,Z" "-v" "/var/lib/crater-agent-workspace/builds/worker-2/source:/opt/rustwide/workdir:ro,Z" "-v" "/var/lib/crater-agent-workspace/cargo-home:/opt/rustwide/cargo-home:ro,Z" "-v" "/var/lib/crater-agent-workspace/rustup-home:/opt/rustwide/rustup-home:ro,Z" "-e" "SOURCE_DIR=/opt/rustwide/workdir" "-e" "CARGO_TARGET_DIR=/opt/rustwide/target" "-e" "CARGO_INCREMENTAL=0" "-e" "RUST_BACKTRACE=full" "-e" "RUSTFLAGS=--cap-lints=warn" "-e" "CARGO_HOME=/opt/rustwide/cargo-home" "-e" "RUSTUP_HOME=/opt/rustwide/rustup-home" "-w" "/opt/rustwide/workdir" "-m" "1610612736" "--user" "0:0" "--network" "none" "ghcr.io/rust-lang/crates-build-env/linux@sha256:34b6a614d2c27851fe6cbf88fbd1137609cefab8b10d0615aaeb6fd47975d74e" "/opt/rustwide/cargo-home/bin/cargo" "+1.54.0" "test" "--frozen", kill_on_drop: false }`
[INFO] [stdout] f3388e8153ca4a6b009c7fa01e118aadf4d48772588c8ee317efe4fb8e5a9005
[INFO] running `Command { std: "docker" "start" "-a" "f3388e8153ca4a6b009c7fa01e118aadf4d48772588c8ee317efe4fb8e5a9005", kill_on_drop: false }`
[INFO] [stderr] warning: unnecessary parentheses around type
[INFO] [stderr]    --> src/logic.rs:756:26
[INFO] [stderr]     |
[INFO] [stderr] 756 | pub fn switch(tx: Sender<(String)>, rx: Receiver<(String, String)>) {
[INFO] [stderr]     |                          ^^^^^^^^ help: remove these parentheses
[INFO] [stderr]     |
[INFO] [stderr]     = note: `#[warn(unused_parens)]` on by default
[INFO] [stderr] 
[INFO] [stderr] warning: unnecessary parentheses around type
[INFO] [stderr]   --> src/ui.rs:88:56
[INFO] [stderr]    |
[INFO] [stderr] 88 | pub fn tree(tx: Sender<(String, String)>, rx: Receiver<(String)>, mut app: &mut App) {
[INFO] [stderr]    |                                                        ^^^^^^^^ help: remove these parentheses
[INFO] [stderr] 
[INFO] [stderr] warning: unnecessary parentheses around type
[INFO] [stderr]    --> src/ui.rs:479:108
[INFO] [stderr]     |
[INFO] [stderr] 479 | fn AtoA_BridgeCall(function: &'static str, mut app: &mut App, tx: &Sender<(String, String)>, rx: &Receiver<(String)> ) -> App {
[INFO] [stderr]     |                                                                                                            ^^^^^^^^ help: remove these parentheses
[INFO] [stderr] 
[INFO] [stderr] warning: unnecessary parentheses around type
[INFO] [stderr]    --> src/ui.rs:515:108
[INFO] [stderr]     |
[INFO] [stderr] 515 | fn AtoV_BridgeCall(function: &'static str, mut app: &mut App, tx: &Sender<(String, String)>, rx: &Receiver<(String)>) -> BridgeResult {
[INFO] [stderr]     |                                                                                                            ^^^^^^^^ help: remove these parentheses
[INFO] [stderr] 
[INFO] [stderr] warning: unnecessary parentheses around type
[INFO] [stderr]    --> src/ui.rs:541:120
[INFO] [stderr]     |
[INFO] [stderr] 541 | ..., tx: &Sender<(String, String)>, rx: &Receiver<(String)>) -> BridgeResult {
[INFO] [stderr]     |                                                   ^^^^^^^^ help: remove these parentheses
[INFO] [stderr] 
[INFO] [stderr] warning: unused import: `Stdio`
[INFO] [stderr]   --> src/main.rs:22:29
[INFO] [stderr]    |
[INFO] [stderr] 22 | use std::process::{Command, Stdio};
[INFO] [stderr]    |                             ^^^^^
[INFO] [stderr]    |
[INFO] [stderr]    = note: `#[warn(unused_imports)]` on by default
[INFO] [stderr] 
[INFO] [stderr] warning: unused import: `Read`
[INFO] [stderr]   --> src/main.rs:25:15
[INFO] [stderr]    |
[INFO] [stderr] 25 | use std::io::{Read, Write};
[INFO] [stderr]    |               ^^^^
[INFO] [stderr] 
[INFO] [stderr] warning: unused import: `google_drive3::Drive`
[INFO] [stderr]   --> src/main.rs:47:5
[INFO] [stderr]    |
[INFO] [stderr] 47 | use google_drive3::Drive;
[INFO] [stderr]    |     ^^^^^^^^^^^^^^^^^^^^
[INFO] [stderr] 
[INFO] [stderr] warning: unused imports: `ApplicationSecret`, `Authenticator`, `DefaultAuthenticatorDelegate`, `MemoryStorage`
[INFO] [stderr]   --> src/main.rs:48:18
[INFO] [stderr]    |
[INFO] [stderr] 48 | use yup_oauth2::{Authenticator, DefaultAuthenticatorDelegate, ApplicationSecret, MemoryStorage};
[INFO] [stderr]    |                  ^^^^^^^^^^^^^  ^^^^^^^^^^^^^^^^^^^^^^^^^^^^  ^^^^^^^^^^^^^^^^^  ^^^^^^^^^^^^^
[INFO] [stderr] 
[INFO] [stderr] warning: unused import: `hyper`
[INFO] [stderr]   --> src/main.rs:49:5
[INFO] [stderr]    |
[INFO] [stderr] 49 | use hyper;
[INFO] [stderr]    |     ^^^^^
[INFO] [stderr] 
[INFO] [stderr] warning: unused import: `hyper_rustls`
[INFO] [stderr]   --> src/main.rs:50:5
[INFO] [stderr]    |
[INFO] [stderr] 50 | use hyper_rustls;
[INFO] [stderr]    |     ^^^^^^^^^^^^
[INFO] [stderr] 
[INFO] [stderr] warning: unused imports: `MappedRows`, `Row`, `ToSql`, `params`
[INFO] [stderr]   --> src/main.rs:54:39
[INFO] [stderr]    |
[INFO] [stderr] 54 | use rusqlite::{Connection, NO_PARAMS, MappedRows, Row, params, ToSql};
[INFO] [stderr]    |                                       ^^^^^^^^^^  ^^^  ^^^^^^  ^^^^^
[INFO] [stderr] 
[INFO] [stderr] warning: unused `#[macro_use]` import
[INFO] [stderr]   --> src/main.rs:58:1
[INFO] [stderr]    |
[INFO] [stderr] 58 | #[macro_use]
[INFO] [stderr]    | ^^^^^^^^^^^^
[INFO] [stderr] 
[INFO] [stderr] warning: value assigned to `mood` is never read
[INFO] [stderr]   --> src/logic.rs:68:13
[INFO] [stderr]    |
[INFO] [stderr] 68 |     let mut mood = "".to_string();
[INFO] [stderr]    |             ^^^^
[INFO] [stderr]    |
[INFO] [stderr]    = note: `#[warn(unused_assignments)]` on by default
[INFO] [stderr]    = help: maybe it is overwritten before being read?
[INFO] [stderr] 
[INFO] [stderr] warning: value assigned to `learning` is never read
[INFO] [stderr]   --> src/logic.rs:74:13
[INFO] [stderr]    |
[INFO] [stderr] 74 |     let mut learning = "".to_string();
[INFO] [stderr]    |             ^^^^^^^^
[INFO] [stderr]    |
[INFO] [stderr]    = help: maybe it is overwritten before being read?
[INFO] [stderr] 
[INFO] [stderr] warning: unused variable: `test_map`
[INFO] [stderr]    --> src/logic.rs:202:18
[INFO] [stderr]     |
[INFO] [stderr] 202 |     let (output, test_map) = count_tests(&app.projects, &app.selected);
[INFO] [stderr]     |                  ^^^^^^^^ help: if this is intentional, prefix it with an underscore: `_test_map`
[INFO] [stderr]     |
[INFO] [stderr]     = note: `#[warn(unused_variables)]` on by default
[INFO] [stderr] 
[INFO] [stderr] warning: unused variable: `err`
[INFO] [stderr]    --> src/logic.rs:257:17
[INFO] [stderr]     |
[INFO] [stderr] 257 |             Err(err) => return BridgeResult::err("failed to encode app struct to string in init", 0)
[INFO] [stderr]     |                 ^^^ help: if this is intentional, prefix it with an underscore: `_err`
[INFO] [stderr] 
[INFO] [stderr] warning: unused variable: `output`
[INFO] [stderr]    --> src/logic.rs:400:9
[INFO] [stderr]     |
[INFO] [stderr] 400 |     let output = store(&mut app);
[INFO] [stderr]     |         ^^^^^^ help: if this is intentional, prefix it with an underscore: `_output`
[INFO] [stderr] 
[INFO] [stderr] warning: value assigned to `last_index` is never read
[INFO] [stderr]    --> src/logic.rs:402:13
[INFO] [stderr]     |
[INFO] [stderr] 402 |     let mut last_index: usize = 0;
[INFO] [stderr]     |             ^^^^^^^^^^
[INFO] [stderr]     |
[INFO] [stderr]     = help: maybe it is overwritten before being read?
[INFO] [stderr] 
[INFO] [stderr] warning: unused variable: `err`
[INFO] [stderr]    --> src/logic.rs:497:13
[INFO] [stderr]     |
[INFO] [stderr] 497 |         Err(err) => return BridgeResult::err("failed to encode app struct to string in init", 1)
[INFO] [stderr]     |             ^^^ help: if this is intentional, prefix it with an underscore: `_err`
[INFO] [stderr] 
[INFO] [stderr] warning: unused variable: `err`
[INFO] [stderr]    --> src/logic.rs:640:21
[INFO] [stderr]     |
[INFO] [stderr] 640 |                 Err(err) => "there was an error unwrapping the source line".to_string()
[INFO] [stderr]     |                     ^^^ help: if this is intentional, prefix it with an underscore: `_err`
[INFO] [stderr] 
[INFO] [stderr] warning: value assigned to `type_of_file` is never read
[INFO] [stderr]    --> src/logic.rs:548:13
[INFO] [stderr]     |
[INFO] [stderr] 548 |     let mut type_of_file = String::new();
[INFO] [stderr]     |             ^^^^^^^^^^^^
[INFO] [stderr]     |
[INFO] [stderr]     = help: maybe it is overwritten before being read?
[INFO] [stderr] 
[INFO] [stderr] warning: unused variable: `debug_print`
[INFO] [stderr]    --> src/logic.rs:554:13
[INFO] [stderr]     |
[INFO] [stderr] 554 |     let mut debug_print = String::new();
[INFO] [stderr]     |             ^^^^^^^^^^^ help: if this is intentional, prefix it with an underscore: `_debug_print`
[INFO] [stderr] 
[INFO] [stderr] warning: value assigned to `line_index` is never read
[INFO] [stderr]    --> src/logic.rs:725:13
[INFO] [stderr]     |
[INFO] [stderr] 725 |             line_index = 0;
[INFO] [stderr]     |             ^^^^^^^^^^
[INFO] [stderr]     |
[INFO] [stderr]     = help: maybe it is overwritten before being read?
[INFO] [stderr] 
[INFO] [stderr] warning: variable does not need to be mutable
[INFO] [stderr]   --> src/logic.rs:60:9
[INFO] [stderr]    |
[INFO] [stderr] 60 |     let mut arguments: Arguments = match serde_json::from_str(&data) {
[INFO] [stderr]    |         ----^^^^^^^^^
[INFO] [stderr]    |         |
[INFO] [stderr]    |         help: remove this `mut`
[INFO] [stderr]    |
[INFO] [stderr]    = note: `#[warn(unused_mut)]` on by default
[INFO] [stderr] 
[INFO] [stderr] warning: variable does not need to be mutable
[INFO] [stderr]   --> src/logic.rs:65:9
[INFO] [stderr]    |
[INFO] [stderr] 65 |     let mut app = arguments.app;
[INFO] [stderr]    |         ----^^^
[INFO] [stderr]    |         |
[INFO] [stderr]    |         help: remove this `mut`
[INFO] [stderr] 
[INFO] [stderr] warning: variable does not need to be mutable
[INFO] [stderr]    --> src/logic.rs:272:9
[INFO] [stderr]     |
[INFO] [stderr] 272 |     let mut arguments: Arguments = match serde_json::from_str(&data) {
[INFO] [stderr]     |         ----^^^^^^^^^
[INFO] [stderr]     |         |
[INFO] [stderr]     |         help: remove this `mut`
[INFO] [stderr] 
[INFO] [stderr] warning: variable does not need to be mutable
[INFO] [stderr]    --> src/logic.rs:293:9
[INFO] [stderr]     |
[INFO] [stderr] 293 |     let mut arguments: Arguments = match serde_json::from_str(&data) {
[INFO] [stderr]     |         ----^^^^^^^^^
[INFO] [stderr]     |         |
[INFO] [stderr]     |         help: remove this `mut`
[INFO] [stderr] 
[INFO] [stderr] warning: variable does not need to be mutable
[INFO] [stderr]    --> src/logic.rs:312:9
[INFO] [stderr]     |
[INFO] [stderr] 312 |     let mut arguments: Arguments = match serde_json::from_str(&data) {
[INFO] [stderr]     |         ----^^^^^^^^^
[INFO] [stderr]     |         |
[INFO] [stderr]     |         help: remove this `mut`
[INFO] [stderr] 
[INFO] [stderr] warning: variable does not need to be mutable
[INFO] [stderr]    --> src/logic.rs:332:9
[INFO] [stderr]     |
[INFO] [stderr] 332 |     let mut arguments: Arguments = match serde_json::from_str(&data) {
[INFO] [stderr]     |         ----^^^^^^^^^
[INFO] [stderr]     |         |
[INFO] [stderr]     |         help: remove this `mut`
[INFO] [stderr] 
[INFO] [stderr] warning: variable does not need to be mutable
[INFO] [stderr]    --> src/logic.rs:354:9
[INFO] [stderr]     |
[INFO] [stderr] 354 |     let mut arguments: Arguments = match serde_json::from_str(&data) {
[INFO] [stderr]     |         ----^^^^^^^^^
[INFO] [stderr]     |         |
[INFO] [stderr]     |         help: remove this `mut`
[INFO] [stderr] 
[INFO] [stderr] warning: variable does not need to be mutable
[INFO] [stderr]    --> src/logic.rs:372:9
[INFO] [stderr]     |
[INFO] [stderr] 372 |     let mut arguments: Arguments = match serde_json::from_str(&data) {
[INFO] [stderr]     |         ----^^^^^^^^^
[INFO] [stderr]     |         |
[INFO] [stderr]     |         help: remove this `mut`
[INFO] [stderr] 
[INFO] [stderr] warning: variable does not need to be mutable
[INFO] [stderr]    --> src/logic.rs:426:9
[INFO] [stderr]     |
[INFO] [stderr] 426 |     let mut arguments: Arguments = match serde_json::from_str(&data) {
[INFO] [stderr]     |         ----^^^^^^^^^
[INFO] [stderr]     |         |
[INFO] [stderr]     |         help: remove this `mut`
[INFO] [stderr] 
[INFO] [stderr] warning: variable does not need to be mutable
[INFO] [stderr]    --> src/logic.rs:554:9
[INFO] [stderr]     |
[INFO] [stderr] 554 |     let mut debug_print = String::new();
[INFO] [stderr]     |         ----^^^^^^^^^^^
[INFO] [stderr]     |         |
[INFO] [stderr]     |         help: remove this `mut`
[INFO] [stderr] 
[INFO] [stderr] warning: field is never read: `input_handle`
[INFO] [stderr]   --> src/ui.rs:26:5
[INFO] [stderr]    |
[INFO] [stderr] 26 |     input_handle: thread::JoinHandle<()>,
[INFO] [stderr]    |     ^^^^^^^^^^^^^^^^^^^^^^^^^^^^^^^^^^^^
[INFO] [stderr]    |
[INFO] [stderr]    = note: `#[warn(dead_code)]` on by default
[INFO] [stderr] 
[INFO] [stderr] warning: field is never read: `tick_handle`
[INFO] [stderr]   --> src/ui.rs:27:5
[INFO] [stderr]    |
[INFO] [stderr] 27 |     tick_handle: thread::JoinHandle<()>,
[INFO] [stderr]    |     ^^^^^^^^^^^^^^^^^^^^^^^^^^^^^^^^^^^
[INFO] [stderr] 
[INFO] [stderr] warning: enum is never used: `Event`
[INFO] [stderr]   --> src/main.rs:83:6
[INFO] [stderr]    |
[INFO] [stderr] 83 | enum Event<I> {
[INFO] [stderr]    |      ^^^^^
[INFO] [stderr] 
[INFO] [stderr] warning: struct is never constructed: `Events`
[INFO] [stderr]   --> src/main.rs:88:8
[INFO] [stderr]    |
[INFO] [stderr] 88 | struct Events {
[INFO] [stderr]    |        ^^^^^^
[INFO] [stderr] 
[INFO] [stderr] warning: associated function is never used: `new`
[INFO] [stderr]   --> src/main.rs:95:8
[INFO] [stderr]    |
[INFO] [stderr] 95 |     fn new() -> Events {
[INFO] [stderr]    |        ^^^
[INFO] [stderr] 
[INFO] [stderr] warning: associated function is never used: `with_config`
[INFO] [stderr]   --> src/main.rs:99:8
[INFO] [stderr]    |
[INFO] [stderr] 99 |     fn with_config(config: Config) -> Events {
[INFO] [stderr]    |        ^^^^^^^^^^^
[INFO] [stderr] 
[INFO] [stderr] warning: associated function is never used: `next`
[INFO] [stderr]    --> src/main.rs:137:8
[INFO] [stderr]     |
[INFO] [stderr] 137 |     fn next(&self) -> Result<Event<Key>, mpsc::RecvError> {
[INFO] [stderr]     |        ^^^^
[INFO] [stderr] 
[INFO] [stderr] warning: struct is never constructed: `BridgeResultMaps`
[INFO] [stderr]    --> src/main.rs:262:8
[INFO] [stderr]     |
[INFO] [stderr] 262 | struct BridgeResultMaps {
[INFO] [stderr]     |        ^^^^^^^^^^^^^^^^
[INFO] [stderr] 
[INFO] [stderr] warning: associated function is never used: `ok_strings`
[INFO] [stderr]    --> src/main.rs:310:8
[INFO] [stderr]     |
[INFO] [stderr] 310 |     fn ok_strings(data: Vec<String>) -> BridgeResult {
[INFO] [stderr]     |        ^^^^^^^^^^
[INFO] [stderr] 
[INFO] [stderr] warning: associated function is never used: `ok_maps`
[INFO] [stderr]    --> src/main.rs:317:8
[INFO] [stderr]     |
[INFO] [stderr] 317 |     fn ok_maps(data: Vec<HashMap<String, String>>) -> BridgeResultMaps {
[INFO] [stderr]     |        ^^^^^^^
[INFO] [stderr] 
[INFO] [stderr] warning: panic message is not a string literal
[INFO] [stderr]    --> src/logic.rs:799:20
[INFO] [stderr]     |
[INFO] [stderr] 799 |             panic!(format!("the result of the count_test function was not Ok() it was: {}", output.data[0]))
[INFO] [stderr]     |                    ^^^^^^^^^^^^^^^^^^^^^^^^^^^^^^^^^^^^^^^^^^^^^^^^^^^^^^^^^^^^^^^^^^^^^^^^^^^^^^^^^^^^^^^^
[INFO] [stderr]     |
[INFO] [stderr]     = note: `#[warn(non_fmt_panic)]` on by default
[INFO] [stderr]     = note: this is no longer accepted in Rust 2021
[INFO] [stderr]     = note: the panic!() macro supports formatting, so there's no need for the format!() macro here
[INFO] [stderr] help: remove the `format!(..)` macro call
[INFO] [stderr]     |
[INFO] [stderr] 799 |             panic!("the result of the count_test function was not Ok() it was: {}", output.data[0])
[INFO] [stderr]     |                   --                                                                             --
[INFO] [stderr] 
[INFO] [stderr] warning: panic message is not a string literal
[INFO] [stderr]    --> src/logic.rs:816:20
[INFO] [stderr]     |
[INFO] [stderr] 816 |             panic!(format!("count map did contain the folder but the count was off, it was {}, map was: \n{:?}", count, test_map));
[INFO] [stderr]     |                    ^^^^^^^^^^^^^^^^^^^^^^^^^^^^^^^^^^^^^^^^^^^^^^^^^^^^^^^^^^^^^^^^^^^^^^^^^^^^^^^^^^^^^^^^^^^^^^^^^^^^^^^^^^^^^^
[INFO] [stderr]     |
[INFO] [stderr]     = note: this is no longer accepted in Rust 2021
[INFO] [stderr]     = note: the panic!() macro supports formatting, so there's no need for the format!() macro here
[INFO] [stderr] help: remove the `format!(..)` macro call
[INFO] [stderr]     |
[INFO] [stderr] 816 |             panic!("count map did contain the folder but the count was off, it was {}, map was: \n{:?}", count, test_map);
[INFO] [stderr]     |                   --                                                                                                   --
[INFO] [stderr] 
[INFO] [stderr] warning: panic message is not a string literal
[INFO] [stderr]    --> src/logic.rs:820:20
[INFO] [stderr]     |
[INFO] [stderr] 820 |             panic!(format!("test_map did not contain the test_count_folder/src/main.rs key: \n {:?}", test_map));
[INFO] [stderr]     |                    ^^^^^^^^^^^^^^^^^^^^^^^^^^^^^^^^^^^^^^^^^^^^^^^^^^^^^^^^^^^^^^^^^^^^^^^^^^^^^^^^^^^^^^^^^^^^
[INFO] [stderr]     |
[INFO] [stderr]     = note: this is no longer accepted in Rust 2021
[INFO] [stderr]     = note: the panic!() macro supports formatting, so there's no need for the format!() macro here
[INFO] [stderr] help: remove the `format!(..)` macro call
[INFO] [stderr]     |
[INFO] [stderr] 820 |             panic!("test_map did not contain the test_count_folder/src/main.rs key: \n {:?}", test_map);
[INFO] [stderr]     |                   --                                                                                 --
[INFO] [stderr] 
[INFO] [stderr] warning: panic message is not a string literal
[INFO] [stderr]    --> src/logic.rs:823:24
[INFO] [stderr]     |
[INFO] [stderr] 823 | ...nic!(format!("test_map did not contain the test_counter_test value at the test_count_folder/src/main.rs key: \n {:?}", test_map));
[INFO] [stderr]     |         ^^^^^^^^^^^^^^^^^^^^^^^^^^^^^^^^^^^^^^^^^^^^^^^^^^^^^^^^^^^^^^^^^^^^^^^^^^^^^^^^^^^^^^^^^^^^^^^^^^^^^^^^^^^^^^^^^^^^^^^^^^^
[INFO] [stderr]     |
[INFO] [stderr]     = note: this is no longer accepted in Rust 2021
[INFO] [stderr]     = note: the panic!() macro supports formatting, so there's no need for the format!() macro here
[INFO] [stderr] help: remove the `format!(..)` macro call
[INFO] [stderr]     |
[INFO] [stderr] 823 |                 panic!("test_map did not contain the test_counter_test value at the test_count_folder/src/main.rs key: \n {:?}", test_map);
[INFO] [stderr]     |                       --                                                                                                                --
[INFO] [stderr] 
[INFO] [stderr] warning: panic message is not a string literal
[INFO] [stderr]    --> src/logic.rs:828:20
[INFO] [stderr]     |
[INFO] [stderr] 828 |             panic!(format!("test_map did not contain the test_count_folder/rust/src/main.rs key: \n {:?}", test_map));
[INFO] [stderr]     |                    ^^^^^^^^^^^^^^^^^^^^^^^^^^^^^^^^^^^^^^^^^^^^^^^^^^^^^^^^^^^^^^^^^^^^^^^^^^^^^^^^^^^^^^^^^^^^^^^^^
[INFO] [stderr]     |
[INFO] [stderr]     = note: this is no longer accepted in Rust 2021
[INFO] [stderr]     = note: the panic!() macro supports formatting, so there's no need for the format!() macro here
[INFO] [stderr] help: remove the `format!(..)` macro call
[INFO] [stderr]     |
[INFO] [stderr] 828 |             panic!("test_map did not contain the test_count_folder/rust/src/main.rs key: \n {:?}", test_map);
[INFO] [stderr]     |                   --                                                                                      --
[INFO] [stderr] 
[INFO] [stderr] warning: panic message is not a string literal
[INFO] [stderr]    --> src/logic.rs:831:24
[INFO] [stderr]     |
[INFO] [stderr] 831 | ...c!(format!("test_map did not contain the test_counter_test value at the test_count_folder/rust/src/main.rs key: \n{:?}", test_map));
[INFO] [stderr]     |       ^^^^^^^^^^^^^^^^^^^^^^^^^^^^^^^^^^^^^^^^^^^^^^^^^^^^^^^^^^^^^^^^^^^^^^^^^^^^^^^^^^^^^^^^^^^^^^^^^^^^^^^^^^^^^^^^^^^^^^^^^^^^^^^
[INFO] [stderr]     |
[INFO] [stderr]     = note: this is no longer accepted in Rust 2021
[INFO] [stderr]     = note: the panic!() macro supports formatting, so there's no need for the format!() macro here
[INFO] [stderr] help: remove the `format!(..)` macro call
[INFO] [stderr]     |
[INFO] [stderr] 831 |                 panic!("test_map did not contain the test_counter_test value at the test_count_folder/rust/src/main.rs key: \n{:?}", test_map);
[INFO] [stderr]     |                       --                                                                                                                    --
[INFO] [stderr] 
[INFO] [stderr] warning: panic message is not a string literal
[INFO] [stderr]    --> src/logic.rs:836:20
[INFO] [stderr]     |
[INFO] [stderr] 836 |             panic!(format!("test_map did not contain the test_count_folder/lib/main.dart key: \n {:?}", test_map));
[INFO] [stderr]     |                    ^^^^^^^^^^^^^^^^^^^^^^^^^^^^^^^^^^^^^^^^^^^^^^^^^^^^^^^^^^^^^^^^^^^^^^^^^^^^^^^^^^^^^^^^^^^^^^
[INFO] [stderr]     |
[INFO] [stderr]     = note: this is no longer accepted in Rust 2021
[INFO] [stderr]     = note: the panic!() macro supports formatting, so there's no need for the format!() macro here
[INFO] [stderr] help: remove the `format!(..)` macro call
[INFO] [stderr]     |
[INFO] [stderr] 836 |             panic!("test_map did not contain the test_count_folder/lib/main.dart key: \n {:?}", test_map);
[INFO] [stderr]     |                   --                                                                                   --
[INFO] [stderr] 
[INFO] [stderr] warning: panic message is not a string literal
[INFO] [stderr]    --> src/logic.rs:839:24
[INFO] [stderr]     |
[INFO] [stderr] 839 | ...ic!(format!("test_map did not contain the test_counter_test value at the test_count_folder/lib/main.dart key: \n {:?}", test_map));
[INFO] [stderr]     |        ^^^^^^^^^^^^^^^^^^^^^^^^^^^^^^^^^^^^^^^^^^^^^^^^^^^^^^^^^^^^^^^^^^^^^^^^^^^^^^^^^^^^^^^^^^^^^^^^^^^^^^^^^^^^^^^^^^^^^^^^^^^^^
[INFO] [stderr]     |
[INFO] [stderr]     = note: this is no longer accepted in Rust 2021
[INFO] [stderr]     = note: the panic!() macro supports formatting, so there's no need for the format!() macro here
[INFO] [stderr] help: remove the `format!(..)` macro call
[INFO] [stderr]     |
[INFO] [stderr] 839 |                 panic!("test_map did not contain the test_counter_test value at the test_count_folder/lib/main.dart key: \n {:?}", test_map);
[INFO] [stderr]     |                       --                                                                                                                  --
[INFO] [stderr] 
[INFO] [stderr] warning: panic message is not a string literal
[INFO] [stderr]    --> src/logic.rs:844:20
[INFO] [stderr]     |
[INFO] [stderr] 844 |             panic!(format!("test_map did not contain the test_count_folder/test/widget_test.dart key: \n {:?}", test_map));
[INFO] [stderr]     |                    ^^^^^^^^^^^^^^^^^^^^^^^^^^^^^^^^^^^^^^^^^^^^^^^^^^^^^^^^^^^^^^^^^^^^^^^^^^^^^^^^^^^^^^^^^^^^^^^^^^^^^^
[INFO] [stderr]     |
[INFO] [stderr]     = note: this is no longer accepted in Rust 2021
[INFO] [stderr]     = note: the panic!() macro supports formatting, so there's no need for the format!() macro here
[INFO] [stderr] help: remove the `format!(..)` macro call
[INFO] [stderr]     |
[INFO] [stderr] 844 |             panic!("test_map did not contain the test_count_folder/test/widget_test.dart key: \n {:?}", test_map);
[INFO] [stderr]     |                   --                                                                                           --
[INFO] [stderr] 
[INFO] [stderr] warning: panic message is not a string literal
[INFO] [stderr]    --> src/logic.rs:847:24
[INFO] [stderr]     |
[INFO] [stderr] 847 | ...c!(format!("test_map did not contains the test_counter_test value at the test_count_folder/test/widget_test.dart key: \n {:?}", test_map...
[INFO] [stderr]     |       ^^^^^^^^^^^^^^^^^^^^^^^^^^^^^^^^^^^^^^^^^^^^^^^^^^^^^^^^^^^^^^^^^^^^^^^^^^^^^^^^^^^^^^^^^^^^^^^^^^^^^^^^^^^^^^^^^^^^^^^^^^^^^^^^^^^^^^
[INFO] [stderr]     |
[INFO] [stderr]     = note: this is no longer accepted in Rust 2021
[INFO] [stderr]     = note: the panic!() macro supports formatting, so there's no need for the format!() macro here
[INFO] [stderr] help: remove the `format!(..)` macro call
[INFO] [stderr]     |
[INFO] [stderr] 847 |                 panic!("test_map did not contains the test_counter_test value at the test_count_folder/test/widget_test.dart key: \n {:?}", test_map);
[INFO] [stderr]     |                       --                                                                                                                           --
[INFO] [stderr] 
[INFO] [stderr] warning: panic message is not a string literal
[INFO] [stderr]    --> src/logic.rs:852:20
[INFO] [stderr]     |
[INFO] [stderr] 852 |             panic!(format!("test_map did not contain the test_count_folder/test_driver/app_test.dart key: \n {:?}", test_map));
[INFO] [stderr]     |                    ^^^^^^^^^^^^^^^^^^^^^^^^^^^^^^^^^^^^^^^^^^^^^^^^^^^^^^^^^^^^^^^^^^^^^^^^^^^^^^^^^^^^^^^^^^^^^^^^^^^^^^^^^^
[INFO] [stderr]     |
[INFO] [stderr]     = note: this is no longer accepted in Rust 2021
[INFO] [stderr]     = note: the panic!() macro supports formatting, so there's no need for the format!() macro here
[INFO] [stderr] help: remove the `format!(..)` macro call
[INFO] [stderr]     |
[INFO] [stderr] 852 |             panic!("test_map did not contain the test_count_folder/test_driver/app_test.dart key: \n {:?}", test_map);
[INFO] [stderr]     |                   --                                                                                               --
[INFO] [stderr] 
[INFO] [stderr] warning: panic message is not a string literal
[INFO] [stderr]    --> src/logic.rs:855:24
[INFO] [stderr]     |
[INFO] [stderr] 855 | ...c!(format!("test_map did not contain the test_counter_test value at the test_count_folder/test_driver/app_test.dart: \n {:?}", test_map...
[INFO] [stderr]     |       ^^^^^^^^^^^^^^^^^^^^^^^^^^^^^^^^^^^^^^^^^^^^^^^^^^^^^^^^^^^^^^^^^^^^^^^^^^^^^^^^^^^^^^^^^^^^^^^^^^^^^^^^^^^^^^^^^^^^^^^^^^^^^^^^^^^^^
[INFO] [stderr]     |
[INFO] [stderr]     = note: this is no longer accepted in Rust 2021
[INFO] [stderr]     = note: the panic!() macro supports formatting, so there's no need for the format!() macro here
[INFO] [stderr] help: remove the `format!(..)` macro call
[INFO] [stderr]     |
[INFO] [stderr] 855 |                 panic!("test_map did not contain the test_counter_test value at the test_count_folder/test_driver/app_test.dart: \n {:?}", test_map);
[INFO] [stderr]     |                       --                                                                                                                          --
[INFO] [stderr] 
[INFO] [stderr] warning: panic message is not a string literal
[INFO] [stderr]    --> src/logic.rs:893:20
[INFO] [stderr]     |
[INFO] [stderr] 893 |             panic!(format!("the result of the count_test function was not Ok() it was: {}", output.data[0]))
[INFO] [stderr]     |                    ^^^^^^^^^^^^^^^^^^^^^^^^^^^^^^^^^^^^^^^^^^^^^^^^^^^^^^^^^^^^^^^^^^^^^^^^^^^^^^^^^^^^^^^^
[INFO] [stderr]     |
[INFO] [stderr]     = note: this is no longer accepted in Rust 2021
[INFO] [stderr]     = note: the panic!() macro supports formatting, so there's no need for the format!() macro here
[INFO] [stderr] help: remove the `format!(..)` macro call
[INFO] [stderr]     |
[INFO] [stderr] 893 |             panic!("the result of the count_test function was not Ok() it was: {}", output.data[0])
[INFO] [stderr]     |                   --                                                                             --
[INFO] [stderr] 
[INFO] [stderr] warning: panic message is not a string literal
[INFO] [stderr]    --> src/logic.rs:899:20
[INFO] [stderr]     |
[INFO] [stderr] 899 |             panic!(format!("test_map did not contain the {} key: \n {:?}", lib_rs, test_map));
[INFO] [stderr]     |                    ^^^^^^^^^^^^^^^^^^^^^^^^^^^^^^^^^^^^^^^^^^^^^^^^^^^^^^^^^^^^^^^^^^^^^^^^^
[INFO] [stderr]     |
[INFO] [stderr]     = note: this is no longer accepted in Rust 2021
[INFO] [stderr]     = note: the panic!() macro supports formatting, so there's no need for the format!() macro here
[INFO] [stderr] help: remove the `format!(..)` macro call
[INFO] [stderr]     |
[INFO] [stderr] 899 |             panic!("test_map did not contain the {} key: \n {:?}", lib_rs, test_map);
[INFO] [stderr]     |                   --                                                              --
[INFO] [stderr] 
[INFO] [stderr] warning: panic message is not a string literal
[INFO] [stderr]    --> src/logic.rs:902:24
[INFO] [stderr]     |
[INFO] [stderr] 902 |                 panic!(format!("test_map did not contain the store_one_test value at the {} key: \n {:?}", lib_rs, test_map));
[INFO] [stderr]     |                        ^^^^^^^^^^^^^^^^^^^^^^^^^^^^^^^^^^^^^^^^^^^^^^^^^^^^^^^^^^^^^^^^^^^^^^^^^^^^^^^^^^^^^^^^^^^^^^^^^^^^^
[INFO] [stderr]     |
[INFO] [stderr]     = note: this is no longer accepted in Rust 2021
[INFO] [stderr]     = note: the panic!() macro supports formatting, so there's no need for the format!() macro here
[INFO] [stderr] help: remove the `format!(..)` macro call
[INFO] [stderr]     |
[INFO] [stderr] 902 |                 panic!("test_map did not contain the store_one_test value at the {} key: \n {:?}", lib_rs, test_map);
[INFO] [stderr]     |                       --                                                                                          --
[INFO] [stderr] 
[INFO] [stderr] warning: panic message is not a string literal
[INFO] [stderr]    --> src/logic.rs:905:24
[INFO] [stderr]     |
[INFO] [stderr] 905 |                 panic!(format!("test_map did not contain the store_many_test value at the {} key: \n {:?}", lib_rs, test_map));
[INFO] [stderr]     |                        ^^^^^^^^^^^^^^^^^^^^^^^^^^^^^^^^^^^^^^^^^^^^^^^^^^^^^^^^^^^^^^^^^^^^^^^^^^^^^^^^^^^^^^^^^^^^^^^^^^^^^^
[INFO] [stderr]     |
[INFO] [stderr]     = note: this is no longer accepted in Rust 2021
[INFO] [stderr]     = note: the panic!() macro supports formatting, so there's no need for the format!() macro here
[INFO] [stderr] help: remove the `format!(..)` macro call
[INFO] [stderr]     |
[INFO] [stderr] 905 |                 panic!("test_map did not contain the store_many_test value at the {} key: \n {:?}", lib_rs, test_map);
[INFO] [stderr]     |                       --                                                                                           --
[INFO] [stderr] 
[INFO] [stderr] warning: panic message is not a string literal
[INFO] [stderr]    --> src/logic.rs:908:24
[INFO] [stderr]     |
[INFO] [stderr] 908 |                 panic!(format!("test_map did not contain the store_many_different_test value at the {} key: \n {:?}", lib_rs, test_map));
[INFO] [stderr]     |                        ^^^^^^^^^^^^^^^^^^^^^^^^^^^^^^^^^^^^^^^^^^^^^^^^^^^^^^^^^^^^^^^^^^^^^^^^^^^^^^^^^^^^^^^^^^^^^^^^^^^^^^^^^^^^^^^^
[INFO] [stderr]     |
[INFO] [stderr]     = note: this is no longer accepted in Rust 2021
[INFO] [stderr]     = note: the panic!() macro supports formatting, so there's no need for the format!() macro here
[INFO] [stderr] help: remove the `format!(..)` macro call
[INFO] [stderr]     |
[INFO] [stderr] 908 |                 panic!("test_map did not contain the store_many_different_test value at the {} key: \n {:?}", lib_rs, test_map);
[INFO] [stderr]     |                       --                                                                                                     --
[INFO] [stderr] 
[INFO] [stderr] warning: panic message is not a string literal
[INFO] [stderr]    --> src/logic.rs:911:24
[INFO] [stderr]     |
[INFO] [stderr] 911 |                 panic!(format!("test_map did not contain the search_one_test value at the {} key: \n {:?}", lib_rs, test_map));
[INFO] [stderr]     |                        ^^^^^^^^^^^^^^^^^^^^^^^^^^^^^^^^^^^^^^^^^^^^^^^^^^^^^^^^^^^^^^^^^^^^^^^^^^^^^^^^^^^^^^^^^^^^^^^^^^^^^^
[INFO] [stderr]     |
[INFO] [stderr]     = note: this is no longer accepted in Rust 2021
[INFO] [stderr]     = note: the panic!() macro supports formatting, so there's no need for the format!() macro here
[INFO] [stderr] help: remove the `format!(..)` macro call
[INFO] [stderr]     |
[INFO] [stderr] 911 |                 panic!("test_map did not contain the search_one_test value at the {} key: \n {:?}", lib_rs, test_map);
[INFO] [stderr]     |                       --                                                                                           --
[INFO] [stderr] 
[INFO] [stderr] warning: panic message is not a string literal
[INFO] [stderr]    --> src/logic.rs:915:24
[INFO] [stderr]     |
[INFO] [stderr] 915 |                 panic!(format!("test_map did not contain the search_many_different_test value at the {} key: \n {:?}", lib_rs, test_map));
[INFO] [stderr]     |                        ^^^^^^^^^^^^^^^^^^^^^^^^^^^^^^^^^^^^^^^^^^^^^^^^^^^^^^^^^^^^^^^^^^^^^^^^^^^^^^^^^^^^^^^^^^^^^^^^^^^^^^^^^^^^^^^^^
[INFO] [stderr]     |
[INFO] [stderr]     = note: this is no longer accepted in Rust 2021
[INFO] [stderr]     = note: the panic!() macro supports formatting, so there's no need for the format!() macro here
[INFO] [stderr] help: remove the `format!(..)` macro call
[INFO] [stderr]     |
[INFO] [stderr] 915 |                 panic!("test_map did not contain the search_many_different_test value at the {} key: \n {:?}", lib_rs, test_map);
[INFO] [stderr]     |                       --                                                                                                      --
[INFO] [stderr] 
[INFO] [stderr] warning: panic message is not a string literal
[INFO] [stderr]    --> src/logic.rs:918:24
[INFO] [stderr]     |
[INFO] [stderr] 918 |                 panic!(format!("test_map did contain a non implemented search_many test at the {} key: \n {:?}", lib_rs, test_map));
[INFO] [stderr]     |                        ^^^^^^^^^^^^^^^^^^^^^^^^^^^^^^^^^^^^^^^^^^^^^^^^^^^^^^^^^^^^^^^^^^^^^^^^^^^^^^^^^^^^^^^^^^^^^^^^^^^^^^^^^^^
[INFO] [stderr]     |
[INFO] [stderr]     = note: this is no longer accepted in Rust 2021
[INFO] [stderr]     = note: the panic!() macro supports formatting, so there's no need for the format!() macro here
[INFO] [stderr] help: remove the `format!(..)` macro call
[INFO] [stderr]     |
[INFO] [stderr] 918 |                 panic!("test_map did contain a non implemented search_many test at the {} key: \n {:?}", lib_rs, test_map);
[INFO] [stderr]     |                       --                                                                                                --
[INFO] [stderr] 
[INFO] [stderr] warning: panic message is not a string literal
[INFO] [stderr]    --> src/logic.rs:921:24
[INFO] [stderr]     |
[INFO] [stderr] 921 | ...   panic!(format!("test_map did not contain the create_tamle_with_one_column_test value at the {} key: \n {:?}", lib_rs, test_map));
[INFO] [stderr]     |              ^^^^^^^^^^^^^^^^^^^^^^^^^^^^^^^^^^^^^^^^^^^^^^^^^^^^^^^^^^^^^^^^^^^^^^^^^^^^^^^^^^^^^^^^^^^^^^^^^^^^^^^^^^^^^^^^^^^^^^^^
[INFO] [stderr]     |
[INFO] [stderr]     = note: this is no longer accepted in Rust 2021
[INFO] [stderr]     = note: the panic!() macro supports formatting, so there's no need for the format!() macro here
[INFO] [stderr] help: remove the `format!(..)` macro call
[INFO] [stderr]     |
[INFO] [stderr] 921 |                 panic!("test_map did not contain the create_tamle_with_one_column_test value at the {} key: \n {:?}", lib_rs, test_map);
[INFO] [stderr]     |                       --                                                                                                             --
[INFO] [stderr] 
[INFO] [stderr] warning: panic message is not a string literal
[INFO] [stderr]    --> src/logic.rs:927:20
[INFO] [stderr]     |
[INFO] [stderr] 927 |             panic!(format!("count map did contain the folder but the count was off, it was {}, map was: \n{:?}", count, test_map));
[INFO] [stderr]     |                    ^^^^^^^^^^^^^^^^^^^^^^^^^^^^^^^^^^^^^^^^^^^^^^^^^^^^^^^^^^^^^^^^^^^^^^^^^^^^^^^^^^^^^^^^^^^^^^^^^^^^^^^^^^^^^^
[INFO] [stderr]     |
[INFO] [stderr]     = note: this is no longer accepted in Rust 2021
[INFO] [stderr]     = note: the panic!() macro supports formatting, so there's no need for the format!() macro here
[INFO] [stderr] help: remove the `format!(..)` macro call
[INFO] [stderr]     |
[INFO] [stderr] 927 |             panic!("count map did contain the folder but the count was off, it was {}, map was: \n{:?}", count, test_map);
[INFO] [stderr]     |                   --                                                                                                   --
[INFO] [stderr] 
[INFO] [stderr] warning: panic message is not a string literal
[INFO] [stderr]    --> src/logic.rs:949:20
[INFO] [stderr]     |
[INFO] [stderr] 949 |             panic!(format!("the result of the count_test function was not Ok() it was: {}", output.data[0]))
[INFO] [stderr]     |                    ^^^^^^^^^^^^^^^^^^^^^^^^^^^^^^^^^^^^^^^^^^^^^^^^^^^^^^^^^^^^^^^^^^^^^^^^^^^^^^^^^^^^^^^^
[INFO] [stderr]     |
[INFO] [stderr]     = note: this is no longer accepted in Rust 2021
[INFO] [stderr]     = note: the panic!() macro supports formatting, so there's no need for the format!() macro here
[INFO] [stderr] help: remove the `format!(..)` macro call
[INFO] [stderr]     |
[INFO] [stderr] 949 |             panic!("the result of the count_test function was not Ok() it was: {}", output.data[0])
[INFO] [stderr]     |                   --                                                                             --
[INFO] [stderr] 
[INFO] [stderr] warning: panic message is not a string literal
[INFO] [stderr]    --> src/logic.rs:954:20
[INFO] [stderr]     |
[INFO] [stderr] 954 |             panic!(format!("count map did contain the folder but the count was off, it was {}, map was: \n{:?}", count, test_map));
[INFO] [stderr]     |                    ^^^^^^^^^^^^^^^^^^^^^^^^^^^^^^^^^^^^^^^^^^^^^^^^^^^^^^^^^^^^^^^^^^^^^^^^^^^^^^^^^^^^^^^^^^^^^^^^^^^^^^^^^^^^^^
[INFO] [stderr]     |
[INFO] [stderr]     = note: this is no longer accepted in Rust 2021
[INFO] [stderr]     = note: the panic!() macro supports formatting, so there's no need for the format!() macro here
[INFO] [stderr] help: remove the `format!(..)` macro call
[INFO] [stderr]     |
[INFO] [stderr] 954 |             panic!("count map did contain the folder but the count was off, it was {}, map was: \n{:?}", count, test_map);
[INFO] [stderr]     |                   --                                                                                                   --
[INFO] [stderr] 
[INFO] [stderr] warning: panic message is not a string literal
[INFO] [stderr]    --> src/main.rs:420:24
[INFO] [stderr]     |
[INFO] [stderr] 420 |                 panic!(format!("{:?}", output.data));
[INFO] [stderr]     |                        ^^^^^^^^^^^^^^^^^^^^^^^^^^^^
[INFO] [stderr]     |
[INFO] [stderr]     = note: this is no longer accepted in Rust 2021
[INFO] [stderr]     = note: the panic!() macro supports formatting, so there's no need for the format!() macro here
[INFO] [stderr] help: remove the `format!(..)` macro call
[INFO] [stderr]     |
[INFO] [stderr] 420 |                 panic!("{:?}", output.data);
[INFO] [stderr]     |                       --                 --
[INFO] [stderr] 
[INFO] [stderr] warning: variable `inBOX` should have a snake case name
[INFO] [stderr]    --> src/main.rs:465:21
[INFO] [stderr]     |
[INFO] [stderr] 465 |             let mut inBOX = String::new();
[INFO] [stderr]     |                     ^^^^^ help: convert the identifier to snake case: `in_box`
[INFO] [stderr]     |
[INFO] [stderr]     = note: `#[warn(non_snake_case)]` on by default
[INFO] [stderr] 
[INFO] [stderr] warning: variable `inBOX` should have a snake case name
[INFO] [stderr]    --> src/main.rs:473:21
[INFO] [stderr]     |
[INFO] [stderr] 473 |             let mut inBOX = String::new();
[INFO] [stderr]     |                     ^^^^^ help: convert the identifier to snake case: `in_box`
[INFO] [stderr] 
[INFO] [stderr] warning: variable `inBOX` should have a snake case name
[INFO] [stderr]    --> src/main.rs:480:21
[INFO] [stderr]     |
[INFO] [stderr] 480 |             let mut inBOX = String::new();
[INFO] [stderr]     |                     ^^^^^ help: convert the identifier to snake case: `in_box`
[INFO] [stderr] 
[INFO] [stderr] warning: function `AtoA_BridgeCall` should have a snake case name
[INFO] [stderr]    --> src/ui.rs:479:4
[INFO] [stderr]     |
[INFO] [stderr] 479 | fn AtoA_BridgeCall(function: &'static str, mut app: &mut App, tx: &Sender<(String, String)>, rx: &Receiver<(String)> ) -> App {
[INFO] [stderr]     |    ^^^^^^^^^^^^^^^ help: convert the identifier to snake case: `ato_a_bridge_call`
[INFO] [stderr] 
[INFO] [stderr] warning: function `AtoV_BridgeCall` should have a snake case name
[INFO] [stderr]    --> src/ui.rs:515:4
[INFO] [stderr]     |
[INFO] [stderr] 515 | fn AtoV_BridgeCall(function: &'static str, mut app: &mut App, tx: &Sender<(String, String)>, rx: &Receiver<(String)>) -> BridgeResult {
[INFO] [stderr]     |    ^^^^^^^^^^^^^^^ help: convert the identifier to snake case: `ato_v_bridge_call`
[INFO] [stderr] 
[INFO] [stderr] warning: function `VtoV_BridgeCall` should have a snake case name
[INFO] [stderr]    --> src/ui.rs:541:4
[INFO] [stderr]     |
[INFO] [stderr] 541 | fn VtoV_BridgeCall(function: &'static str, value: i64, mut app: &mut App, tx: &Sender<(String, String)>, rx: &Receiver<(String)>) -> Brid...
[INFO] [stderr]     |    ^^^^^^^^^^^^^^^ help: convert the identifier to snake case: `vto_v_bridge_call`
[INFO] [stderr] 
[INFO] [stderr] warning: 75 warnings emitted
[INFO] [stderr] 
[INFO] [stderr]     Finished test [unoptimized + debuginfo] target(s) in 0.24s
[INFO] [stderr]      Running unittests (/opt/rustwide/target/debug/deps/clock-5a331585e6403fc3)
[INFO] [stdout] 
[INFO] [stdout] running 3 tests
[INFO] [stdout] test logic::tests::test_count_external_test_with_comments_1 ... FAILED
[INFO] [stdout] test logic::tests::test_count_external_test_with_comments_0 ... FAILED
[INFO] [stdout] test logic::tests::test_count_folder_test ... FAILED
[INFO] [stdout] 
[INFO] [stdout] failures:
[INFO] [stdout] 
[INFO] [stdout] ---- logic::tests::test_count_external_test_with_comments_1 stdout ----
[INFO] [stdout] thread 'logic::tests::test_count_external_test_with_comments_1' panicked at 'failed to open log: Os { code: 30, kind: Other, message: "Read-only file system" }', src/main.rs:291:42
[INFO] [stdout] stack backtrace:
[INFO] [stdout]    0:     0x56107a383b50 - std::backtrace_rs::backtrace::libunwind::trace::h34055254b57d8e79
[INFO] [stdout]                                at /rustc/a178d0322ce20e33eac124758e837cbd80a6f633/library/std/src/../../backtrace/src/backtrace/libunwind.rs:90:5
[INFO] [stdout]    1:     0x56107a383b50 - std::backtrace_rs::backtrace::trace_unsynchronized::h8f1e3fbd9afff6ec
[INFO] [stdout]                                at /rustc/a178d0322ce20e33eac124758e837cbd80a6f633/library/std/src/../../backtrace/src/backtrace/mod.rs:66:5
[INFO] [stdout]    2:     0x56107a383b50 - std::sys_common::backtrace::_print_fmt::h3a99a796b770c360
[INFO] [stdout]                                at /rustc/a178d0322ce20e33eac124758e837cbd80a6f633/library/std/src/sys_common/backtrace.rs:67:5
[INFO] [stdout]    3:     0x56107a383b50 - <std::sys_common::backtrace::_print::DisplayBacktrace as core::fmt::Display>::fmt::h32d1f94a80615d18
[INFO] [stdout]                                at /rustc/a178d0322ce20e33eac124758e837cbd80a6f633/library/std/src/sys_common/backtrace.rs:46:22
[INFO] [stdout]    4:     0x56107a3a6b7c - core::fmt::write::h306731c068f7162c
[INFO] [stdout]                                at /rustc/a178d0322ce20e33eac124758e837cbd80a6f633/library/core/src/fmt/mod.rs:1110:17
[INFO] [stdout]    5:     0x56107a380835 - std::io::Write::write_fmt::h87f19b0a2cd190bc
[INFO] [stdout]                                at /rustc/a178d0322ce20e33eac124758e837cbd80a6f633/library/std/src/io/mod.rs:1588:15
[INFO] [stdout]    6:     0x56107a385ddb - std::sys_common::backtrace::_print::h5abaa2601a852287
[INFO] [stdout]                                at /rustc/a178d0322ce20e33eac124758e837cbd80a6f633/library/std/src/sys_common/backtrace.rs:49:5
[INFO] [stdout]    7:     0x56107a385ddb - std::sys_common::backtrace::print::h8d81445442bb638f
[INFO] [stdout]                                at /rustc/a178d0322ce20e33eac124758e837cbd80a6f633/library/std/src/sys_common/backtrace.rs:36:9
[INFO] [stdout]    8:     0x56107a385ddb - std::panicking::default_hook::{{closure}}::hcfe804496a9fa747
[INFO] [stdout]                                at /rustc/a178d0322ce20e33eac124758e837cbd80a6f633/library/std/src/panicking.rs:208:50
[INFO] [stdout]    9:     0x56107a3858ec - std::panicking::default_hook::hbea8e3ccf2ba8901
[INFO] [stdout]                                at /rustc/a178d0322ce20e33eac124758e837cbd80a6f633/library/std/src/panicking.rs:222:9
[INFO] [stdout]   10:     0x56107a3864a4 - std::panicking::rust_panic_with_hook::h7ee9e1a2d0f8975a
[INFO] [stdout]                                at /rustc/a178d0322ce20e33eac124758e837cbd80a6f633/library/std/src/panicking.rs:622:17
[INFO] [stdout]   11:     0x56107a385f87 - std::panicking::begin_panic_handler::{{closure}}::h8ab3b4491718b2c7
[INFO] [stdout]                                at /rustc/a178d0322ce20e33eac124758e837cbd80a6f633/library/std/src/panicking.rs:519:13
[INFO] [stdout]   12:     0x56107a38404c - std::sys_common::backtrace::__rust_end_short_backtrace::hd489062ffa586a9f
[INFO] [stdout]                                at /rustc/a178d0322ce20e33eac124758e837cbd80a6f633/library/std/src/sys_common/backtrace.rs:141:18
[INFO] [stdout]   13:     0x56107a385ee9 - rust_begin_unwind
[INFO] [stdout]                                at /rustc/a178d0322ce20e33eac124758e837cbd80a6f633/library/std/src/panicking.rs:515:5
[INFO] [stdout]   14:     0x56107a2db651 - core::panicking::panic_fmt::hca6330e3e14086b4
[INFO] [stdout]                                at /rustc/a178d0322ce20e33eac124758e837cbd80a6f633/library/core/src/panicking.rs:92:14
[INFO] [stdout]   15:     0x56107a2db743 - core::result::unwrap_failed::h6160d2b4bfbb0e87
[INFO] [stdout]                                at /rustc/a178d0322ce20e33eac124758e837cbd80a6f633/library/core/src/result.rs:1355:5
[INFO] [stdout]   16:     0x56107a2f2000 - core::result::Result<T,E>::expect::hd4c2b5d9bf15de19
[INFO] [stdout]                                at /rustc/a178d0322ce20e33eac124758e837cbd80a6f633/library/core/src/result.rs:997:23
[INFO] [stdout]   17:     0x56107a2e6b82 - clock::BridgeResult::err::h2291e39481dce9e7
[INFO] [stdout]                                at /opt/rustwide/workdir/src/main.rs:287:24
[INFO] [stdout]   18:     0x56107a2e13b4 - clock::logic::count_tests::h0572fae4ca730cd0
[INFO] [stdout]                                at /opt/rustwide/workdir/src/logic.rs:559:29
[INFO] [stdout]   19:     0x56107a2ed566 - clock::logic::tests::test_count_external_test_with_comments_1::hcae27e1de05962b1
[INFO] [stdout]                                at /opt/rustwide/workdir/src/logic.rs:946:34
[INFO] [stdout]   20:     0x56107a2ed3aa - clock::logic::tests::test_count_external_test_with_comments_1::{{closure}}::he3c2ac1b6051c2a8
[INFO] [stdout]                                at /opt/rustwide/workdir/src/logic.rs:937:5
[INFO] [stdout]   21:     0x56107a2e845e - core::ops::function::FnOnce::call_once::h913345b7e8b51b66
[INFO] [stdout]                                at /rustc/a178d0322ce20e33eac124758e837cbd80a6f633/library/core/src/ops/function.rs:227:5
[INFO] [stdout]   22:     0x56107a31a663 - core::ops::function::FnOnce::call_once::h152e7e439ff59e19
[INFO] [stdout]                                at /rustc/a178d0322ce20e33eac124758e837cbd80a6f633/library/core/src/ops/function.rs:227:5
[INFO] [stdout]   23:     0x56107a31a663 - test::__rust_begin_short_backtrace::h0908f3b1fdbb72ab
[INFO] [stdout]                                at /rustc/a178d0322ce20e33eac124758e837cbd80a6f633/library/test/src/lib.rs:577:5
[INFO] [stdout]   24:     0x56107a319120 - <alloc::boxed::Box<F,A> as core::ops::function::FnOnce<Args>>::call_once::hf6d2a51e5587546c
[INFO] [stdout]                                at /rustc/a178d0322ce20e33eac124758e837cbd80a6f633/library/alloc/src/boxed.rs:1575:9
[INFO] [stdout]   25:     0x56107a319120 - <std::panic::AssertUnwindSafe<F> as core::ops::function::FnOnce<()>>::call_once::h8af660f3a89ef593
[INFO] [stdout]                                at /rustc/a178d0322ce20e33eac124758e837cbd80a6f633/library/std/src/panic.rs:347:9
[INFO] [stdout]   26:     0x56107a319120 - std::panicking::try::do_call::hd36aef60f84b6d36
[INFO] [stdout]                                at /rustc/a178d0322ce20e33eac124758e837cbd80a6f633/library/std/src/panicking.rs:401:40
[INFO] [stdout]   27:     0x56107a319120 - std::panicking::try::h9932b4480e69817c
[INFO] [stdout]                                at /rustc/a178d0322ce20e33eac124758e837cbd80a6f633/library/std/src/panicking.rs:365:19
[INFO] [stdout]   28:     0x56107a319120 - std::panic::catch_unwind::h6aa177099cfff5f8
[INFO] [stdout]                                at /rustc/a178d0322ce20e33eac124758e837cbd80a6f633/library/std/src/panic.rs:434:14
[INFO] [stdout]   29:     0x56107a319120 - test::run_test_in_process::h5884d6f2d99e20c3
[INFO] [stdout]                                at /rustc/a178d0322ce20e33eac124758e837cbd80a6f633/library/test/src/lib.rs:600:18
[INFO] [stdout]   30:     0x56107a319120 - test::run_test::run_test_inner::{{closure}}::h6fdc58c6d5f5b6e3
[INFO] [stdout]                                at /rustc/a178d0322ce20e33eac124758e837cbd80a6f633/library/test/src/lib.rs:492:39
[INFO] [stdout]   31:     0x56107a2f27d2 - test::run_test::run_test_inner::{{closure}}::h408365d67a78ade8
[INFO] [stdout]                                at /rustc/a178d0322ce20e33eac124758e837cbd80a6f633/library/test/src/lib.rs:519:37
[INFO] [stdout]   32:     0x56107a2f27d2 - std::sys_common::backtrace::__rust_begin_short_backtrace::hb560b77c4f701523
[INFO] [stdout]                                at /rustc/a178d0322ce20e33eac124758e837cbd80a6f633/library/std/src/sys_common/backtrace.rs:125:18
[INFO] [stdout]   33:     0x56107a2f6388 - std::thread::Builder::spawn_unchecked::{{closure}}::{{closure}}::hf2e7831dad93c597
[INFO] [stdout]                                at /rustc/a178d0322ce20e33eac124758e837cbd80a6f633/library/std/src/thread/mod.rs:481:17
[INFO] [stdout]   34:     0x56107a2f6388 - <std::panic::AssertUnwindSafe<F> as core::ops::function::FnOnce<()>>::call_once::hd2e08783d8be4d02
[INFO] [stdout]                                at /rustc/a178d0322ce20e33eac124758e837cbd80a6f633/library/std/src/panic.rs:347:9
[INFO] [stdout]   35:     0x56107a2f6388 - std::panicking::try::do_call::h062597b7acfd6b82
[INFO] [stdout]                                at /rustc/a178d0322ce20e33eac124758e837cbd80a6f633/library/std/src/panicking.rs:401:40
[INFO] [stdout]   36:     0x56107a2f6388 - std::panicking::try::h0d7b79db04c14552
[INFO] [stdout]                                at /rustc/a178d0322ce20e33eac124758e837cbd80a6f633/library/std/src/panicking.rs:365:19
[INFO] [stdout]   37:     0x56107a2f6388 - std::panic::catch_unwind::hb01a0b5e7c8cd43b
[INFO] [stdout]                                at /rustc/a178d0322ce20e33eac124758e837cbd80a6f633/library/std/src/panic.rs:434:14
[INFO] [stdout]   38:     0x56107a2f6388 - std::thread::Builder::spawn_unchecked::{{closure}}::h5bde48cc887e0d1e
[INFO] [stdout]                                at /rustc/a178d0322ce20e33eac124758e837cbd80a6f633/library/std/src/thread/mod.rs:480:30
[INFO] [stdout]   39:     0x56107a2f6388 - core::ops::function::FnOnce::call_once{{vtable.shim}}::h745ea30807a29e55
[INFO] [stdout]                                at /rustc/a178d0322ce20e33eac124758e837cbd80a6f633/library/core/src/ops/function.rs:227:5
[INFO] [stdout]   40:     0x56107a38b3c7 - <alloc::boxed::Box<F,A> as core::ops::function::FnOnce<Args>>::call_once::h7ece6cfefaff1005
[INFO] [stdout]                                at /rustc/a178d0322ce20e33eac124758e837cbd80a6f633/library/alloc/src/boxed.rs:1575:9
[INFO] [stdout]   41:     0x56107a38b3c7 - <alloc::boxed::Box<F,A> as core::ops::function::FnOnce<Args>>::call_once::hb8b48e55c21f193e
[INFO] [stdout]                                at /rustc/a178d0322ce20e33eac124758e837cbd80a6f633/library/alloc/src/boxed.rs:1575:9
[INFO] [stdout]   42:     0x56107a38b3c7 - std::sys::unix::thread::Thread::new::thread_start::h8c7c4450dba62914
[INFO] [stdout]                                at /rustc/a178d0322ce20e33eac124758e837cbd80a6f633/library/std/src/sys/unix/thread.rs:71:17
[INFO] [stdout]   43:     0x7f568f7ce609 - start_thread
[INFO] [stdout]   44:     0x7f568f59e293 - clone
[INFO] [stdout]   45:                0x0 - <unknown>
[INFO] [stdout] 
[INFO] [stdout] ---- logic::tests::test_count_external_test_with_comments_0 stdout ----
[INFO] [stdout] thread 'logic::tests::test_count_external_test_with_comments_0' panicked at 'failed to open log: Os { code: 30, kind: Other, message: "Read-only file system" }', src/main.rs:291:42
[INFO] [stdout] stack backtrace:
[INFO] [stdout]    0:     0x56107a383b50 - std::backtrace_rs::backtrace::libunwind::trace::h34055254b57d8e79
[INFO] [stdout]                                at /rustc/a178d0322ce20e33eac124758e837cbd80a6f633/library/std/src/../../backtrace/src/backtrace/libunwind.rs:90:5
[INFO] [stdout]    1:     0x56107a383b50 - std::backtrace_rs::backtrace::trace_unsynchronized::h8f1e3fbd9afff6ec
[INFO] [stdout]                                at /rustc/a178d0322ce20e33eac124758e837cbd80a6f633/library/std/src/../../backtrace/src/backtrace/mod.rs:66:5
[INFO] [stdout]    2:     0x56107a383b50 - std::sys_common::backtrace::_print_fmt::h3a99a796b770c360
[INFO] [stdout]                                at /rustc/a178d0322ce20e33eac124758e837cbd80a6f633/library/std/src/sys_common/backtrace.rs:67:5
[INFO] [stdout]    3:     0x56107a383b50 - <std::sys_common::backtrace::_print::DisplayBacktrace as core::fmt::Display>::fmt::h32d1f94a80615d18
[INFO] [stdout]                                at /rustc/a178d0322ce20e33eac124758e837cbd80a6f633/library/std/src/sys_common/backtrace.rs:46:22
[INFO] [stdout]    4:     0x56107a3a6b7c - core::fmt::write::h306731c068f7162c
[INFO] [stdout]                                at /rustc/a178d0322ce20e33eac124758e837cbd80a6f633/library/core/src/fmt/mod.rs:1110:17
[INFO] [stdout]    5:     0x56107a380835 - std::io::Write::write_fmt::h87f19b0a2cd190bc
[INFO] [stdout]                                at /rustc/a178d0322ce20e33eac124758e837cbd80a6f633/library/std/src/io/mod.rs:1588:15
[INFO] [stdout]    6:     0x56107a385ddb - std::sys_common::backtrace::_print::h5abaa2601a852287
[INFO] [stdout]                                at /rustc/a178d0322ce20e33eac124758e837cbd80a6f633/library/std/src/sys_common/backtrace.rs:49:5
[INFO] [stdout]    7:     0x56107a385ddb - std::sys_common::backtrace::print::h8d81445442bb638f
[INFO] [stdout]                                at /rustc/a178d0322ce20e33eac124758e837cbd80a6f633/library/std/src/sys_common/backtrace.rs:36:9
[INFO] [stdout]    8:     0x56107a385ddb - std::panicking::default_hook::{{closure}}::hcfe804496a9fa747
[INFO] [stdout]                                at /rustc/a178d0322ce20e33eac124758e837cbd80a6f633/library/std/src/panicking.rs:208:50
[INFO] [stdout]    9:     0x56107a3858ec - std::panicking::default_hook::hbea8e3ccf2ba8901
[INFO] [stdout]                                at /rustc/a178d0322ce20e33eac124758e837cbd80a6f633/library/std/src/panicking.rs:222:9
[INFO] [stdout]   10:     0x56107a3864a4 - std::panicking::rust_panic_with_hook::h7ee9e1a2d0f8975a
[INFO] [stdout]                                at /rustc/a178d0322ce20e33eac124758e837cbd80a6f633/library/std/src/panicking.rs:622:17
[INFO] [stdout]   11:     0x56107a385f87 - std::panicking::begin_panic_handler::{{closure}}::h8ab3b4491718b2c7
[INFO] [stdout]                                at /rustc/a178d0322ce20e33eac124758e837cbd80a6f633/library/std/src/panicking.rs:519:13
[INFO] [stdout]   12:     0x56107a38404c - std::sys_common::backtrace::__rust_end_short_backtrace::hd489062ffa586a9f
[INFO] [stdout]                                at /rustc/a178d0322ce20e33eac124758e837cbd80a6f633/library/std/src/sys_common/backtrace.rs:141:18
[INFO] [stdout]   13:     0x56107a385ee9 - rust_begin_unwind
[INFO] [stdout]                                at /rustc/a178d0322ce20e33eac124758e837cbd80a6f633/library/std/src/panicking.rs:515:5
[INFO] [stdout]   14:     0x56107a2db651 - core::panicking::panic_fmt::hca6330e3e14086b4
[INFO] [stdout]                                at /rustc/a178d0322ce20e33eac124758e837cbd80a6f633/library/core/src/panicking.rs:92:14
[INFO] [stdout]   15:     0x56107a2db743 - core::result::unwrap_failed::h6160d2b4bfbb0e87
[INFO] [stdout]                                at /rustc/a178d0322ce20e33eac124758e837cbd80a6f633/library/core/src/result.rs:1355:5
[INFO] [stdout]   16:     0x56107a2f2000 - core::result::Result<T,E>::expect::hd4c2b5d9bf15de19
[INFO] [stdout]                                at /rustc/a178d0322ce20e33eac124758e837cbd80a6f633/library/core/src/result.rs:997:23
[INFO] [stdout]   17:     0x56107a2e6b82 - clock::BridgeResult::err::h2291e39481dce9e7
[INFO] [stdout]                                at /opt/rustwide/workdir/src/main.rs:287:24
[INFO] [stdout]   18:     0x56107a2e13b4 - clock::logic::count_tests::h0572fae4ca730cd0
[INFO] [stdout]                                at /opt/rustwide/workdir/src/logic.rs:559:29
[INFO] [stdout]   19:     0x56107a2ebbb2 - clock::logic::tests::test_count_external_test_with_comments_0::hfafe41ceb6f78760
[INFO] [stdout]                                at /opt/rustwide/workdir/src/logic.rs:890:34
[INFO] [stdout]   20:     0x56107a2eb9ea - clock::logic::tests::test_count_external_test_with_comments_0::{{closure}}::h8b5bd912abeb3ecc
[INFO] [stdout]                                at /opt/rustwide/workdir/src/logic.rs:861:5
[INFO] [stdout]   21:     0x56107a2e849e - core::ops::function::FnOnce::call_once::hb161cd106b6eccb7
[INFO] [stdout]                                at /rustc/a178d0322ce20e33eac124758e837cbd80a6f633/library/core/src/ops/function.rs:227:5
[INFO] [stdout]   22:     0x56107a31a663 - core::ops::function::FnOnce::call_once::h152e7e439ff59e19
[INFO] [stdout]                                at /rustc/a178d0322ce20e33eac124758e837cbd80a6f633/library/core/src/ops/function.rs:227:5
[INFO] [stdout]   23:     0x56107a31a663 - test::__rust_begin_short_backtrace::h0908f3b1fdbb72ab
[INFO] [stdout]                                at /rustc/a178d0322ce20e33eac124758e837cbd80a6f633/library/test/src/lib.rs:577:5
[INFO] [stdout]   24:     0x56107a319120 - <alloc::boxed::Box<F,A> as core::ops::function::FnOnce<Args>>::call_once::hf6d2a51e5587546c
[INFO] [stdout]                                at /rustc/a178d0322ce20e33eac124758e837cbd80a6f633/library/alloc/src/boxed.rs:1575:9
[INFO] [stdout]   25:     0x56107a319120 - <std::panic::AssertUnwindSafe<F> as core::ops::function::FnOnce<()>>::call_once::h8af660f3a89ef593
[INFO] [stdout]                                at /rustc/a178d0322ce20e33eac124758e837cbd80a6f633/library/std/src/panic.rs:347:9
[INFO] [stdout]   26:     0x56107a319120 - std::panicking::try::do_call::hd36aef60f84b6d36
[INFO] [stdout]                                at /rustc/a178d0322ce20e33eac124758e837cbd80a6f633/library/std/src/panicking.rs:401:40
[INFO] [stdout]   27:     0x56107a319120 - std::panicking::try::h9932b4480e69817c
[INFO] [stdout]                                at /rustc/a178d0322ce20e33eac124758e837cbd80a6f633/library/std/src/panicking.rs:365:19
[INFO] [stdout]   28:     0x56107a319120 - std::panic::catch_unwind::h6aa177099cfff5f8
[INFO] [stdout]                                at /rustc/a178d0322ce20e33eac124758e837cbd80a6f633/library/std/src/panic.rs:434:14
[INFO] [stdout]   29:     0x56107a319120 - test::run_test_in_process::h5884d6f2d99e20c3
[INFO] [stdout]                                at /rustc/a178d0322ce20e33eac124758e837cbd80a6f633/library/test/src/lib.rs:600:18
[INFO] [stdout]   30:     0x56107a319120 - test::run_test::run_test_inner::{{closure}}::h6fdc58c6d5f5b6e3
[INFO] [stdout]                                at /rustc/a178d0322ce20e33eac124758e837cbd80a6f633/library/test/src/lib.rs:492:39
[INFO] [stdout]   31:     0x56107a2f27d2 - test::run_test::run_test_inner::{{closure}}::h408365d67a78ade8
[INFO] [stdout]                                at /rustc/a178d0322ce20e33eac124758e837cbd80a6f633/library/test/src/lib.rs:519:37
[INFO] [stdout]   32:     0x56107a2f27d2 - std::sys_common::backtrace::__rust_begin_short_backtrace::hb560b77c4f701523
[INFO] [stdout]                                at /rustc/a178d0322ce20e33eac124758e837cbd80a6f633/library/std/src/sys_common/backtrace.rs:125:18
[INFO] [stdout]   33:     0x56107a2f6388 - std::thread::Builder::spawn_unchecked::{{closure}}::{{closure}}::hf2e7831dad93c597
[INFO] [stdout]                                at /rustc/a178d0322ce20e33eac124758e837cbd80a6f633/library/std/src/thread/mod.rs:481:17
[INFO] [stdout]   34:     0x56107a2f6388 - <std::panic::AssertUnwindSafe<F> as core::ops::function::FnOnce<()>>::call_once::hd2e08783d8be4d02
[INFO] [stdout]                                at /rustc/a178d0322ce20e33eac124758e837cbd80a6f633/library/std/src/panic.rs:347:9
[INFO] [stdout]   35:     0x56107a2f6388 - std::panicking::try::do_call::h062597b7acfd6b82
[INFO] [stdout]                                at /rustc/a178d0322ce20e33eac124758e837cbd80a6f633/library/std/src/panicking.rs:401:40
[INFO] [stdout]   36:     0x56107a2f6388 - std::panicking::try::h0d7b79db04c14552
[INFO] [stdout]                                at /rustc/a178d0322ce20e33eac124758e837cbd80a6f633/library/std/src/panicking.rs:365:19
[INFO] [stdout]   37:     0x56107a2f6388 - std::panic::catch_unwind::hb01a0b5e7c8cd43b
[INFO] [stdout]                                at /rustc/a178d0322ce20e33eac124758e837cbd80a6f633/library/std/src/panic.rs:434:14
[INFO] [stdout]   38:     0x56107a2f6388 - std::thread::Builder::spawn_unchecked::{{closure}}::h5bde48cc887e0d1e
[INFO] [stdout]                                at /rustc/a178d0322ce20e33eac124758e837cbd80a6f633/library/std/src/thread/mod.rs:480:30
[INFO] [stdout]   39:     0x56107a2f6388 - core::ops::function::FnOnce::call_once{{vtable.shim}}::h745ea30807a29e55
[INFO] [stdout]                                at /rustc/a178d0322ce20e33eac124758e837cbd80a6f633/library/core/src/ops/function.rs:227:5
[INFO] [stdout]   40:     0x56107a38b3c7 - <alloc::boxed::Box<F,A> as core::ops::function::FnOnce<Args>>::call_once::h7ece6cfefaff1005
[INFO] [stdout]                                at /rustc/a178d0322ce20e33eac124758e837cbd80a6f633/library/alloc/src/boxed.rs:1575:9
[INFO] [stdout]   41:     0x56107a38b3c7 - <alloc::boxed::Box<F,A> as core::ops::function::FnOnce<Args>>::call_once::hb8b48e55c21f193e
[INFO] [stdout]                                at /rustc/a178d0322ce20e33eac124758e837cbd80a6f633/library/alloc/src/boxed.rs:1575:9
[INFO] [stdout]   42:     0x56107a38b3c7 - std::sys::unix::thread::Thread::new::thread_start::h8c7c4450dba62914
[INFO] [stdout]                                at /rustc/a178d0322ce20e33eac124758e837cbd80a6f633/library/std/src/sys/unix/thread.rs:71:17
[INFO] [stdout]   43:     0x7f568f7ce609 - start_thread
[INFO] [stdout]   44:     0x7f568f59e293 - clone
[INFO] [stdout]   45:                0x0 - <unknown>
[INFO] [stdout] 
[INFO] [stdout] ---- logic::tests::test_count_folder_test stdout ----
[INFO] [stdout] thread 'logic::tests::test_count_folder_test' panicked at 'failed to open log: Os { code: 30, kind: Other, message: "Read-only file system" }', src/main.rs:291:42
[INFO] [stdout] stack backtrace:
[INFO] [stdout]    0:     0x56107a383b50 - std::backtrace_rs::backtrace::libunwind::trace::h34055254b57d8e79
[INFO] [stdout]                                at /rustc/a178d0322ce20e33eac124758e837cbd80a6f633/library/std/src/../../backtrace/src/backtrace/libunwind.rs:90:5
[INFO] [stdout]    1:     0x56107a383b50 - std::backtrace_rs::backtrace::trace_unsynchronized::h8f1e3fbd9afff6ec
[INFO] [stdout]                                at /rustc/a178d0322ce20e33eac124758e837cbd80a6f633/library/std/src/../../backtrace/src/backtrace/mod.rs:66:5
[INFO] [stdout]    2:     0x56107a383b50 - std::sys_common::backtrace::_print_fmt::h3a99a796b770c360
[INFO] [stdout]                                at /rustc/a178d0322ce20e33eac124758e837cbd80a6f633/library/std/src/sys_common/backtrace.rs:67:5
[INFO] [stdout]    3:     0x56107a383b50 - <std::sys_common::backtrace::_print::DisplayBacktrace as core::fmt::Display>::fmt::h32d1f94a80615d18
[INFO] [stdout]                                at /rustc/a178d0322ce20e33eac124758e837cbd80a6f633/library/std/src/sys_common/backtrace.rs:46:22
[INFO] [stdout]    4:     0x56107a3a6b7c - core::fmt::write::h306731c068f7162c
[INFO] [stdout]                                at /rustc/a178d0322ce20e33eac124758e837cbd80a6f633/library/core/src/fmt/mod.rs:1110:17
[INFO] [stdout]    5:     0x56107a380835 - std::io::Write::write_fmt::h87f19b0a2cd190bc
[INFO] [stdout]                                at /rustc/a178d0322ce20e33eac124758e837cbd80a6f633/library/std/src/io/mod.rs:1588:15
[INFO] [stdout]    6:     0x56107a385ddb - std::sys_common::backtrace::_print::h5abaa2601a852287
[INFO] [stdout]                                at /rustc/a178d0322ce20e33eac124758e837cbd80a6f633/library/std/src/sys_common/backtrace.rs:49:5
[INFO] [stdout]    7:     0x56107a385ddb - std::sys_common::backtrace::print::h8d81445442bb638f
[INFO] [stdout]                                at /rustc/a178d0322ce20e33eac124758e837cbd80a6f633/library/std/src/sys_common/backtrace.rs:36:9
[INFO] [stdout]    8:     0x56107a385ddb - std::panicking::default_hook::{{closure}}::hcfe804496a9fa747
[INFO] [stdout]                                at /rustc/a178d0322ce20e33eac124758e837cbd80a6f633/library/std/src/panicking.rs:208:50
[INFO] [stdout]    9:     0x56107a3858ec - std::panicking::default_hook::hbea8e3ccf2ba8901
[INFO] [stdout]                                at /rustc/a178d0322ce20e33eac124758e837cbd80a6f633/library/std/src/panicking.rs:222:9
[INFO] [stdout]   10:     0x56107a3864a4 - std::panicking::rust_panic_with_hook::h7ee9e1a2d0f8975a
[INFO] [stdout]                                at /rustc/a178d0322ce20e33eac124758e837cbd80a6f633/library/std/src/panicking.rs:622:17
[INFO] [stdout]   11:     0x56107a385f87 - std::panicking::begin_panic_handler::{{closure}}::h8ab3b4491718b2c7
[INFO] [stdout]                                at /rustc/a178d0322ce20e33eac124758e837cbd80a6f633/library/std/src/panicking.rs:519:13
[INFO] [stdout]   12:     0x56107a38404c - std::sys_common::backtrace::__rust_end_short_backtrace::hd489062ffa586a9f
[INFO] [stdout]                                at /rustc/a178d0322ce20e33eac124758e837cbd80a6f633/library/std/src/sys_common/backtrace.rs:141:18
[INFO] [stdout]   13:     0x56107a385ee9 - rust_begin_unwind
[INFO] [stdout]                                at /rustc/a178d0322ce20e33eac124758e837cbd80a6f633/library/std/src/panicking.rs:515:5
[INFO] [stdout]   14:     0x56107a2db651 - core::panicking::panic_fmt::hca6330e3e14086b4
[INFO] [stdout]                                at /rustc/a178d0322ce20e33eac124758e837cbd80a6f633/library/core/src/panicking.rs:92:14
[INFO] [stdout]   15:     0x56107a2db743 - core::result::unwrap_failed::h6160d2b4bfbb0e87
[INFO] [stdout]                                at /rustc/a178d0322ce20e33eac124758e837cbd80a6f633/library/core/src/result.rs:1355:5
[INFO] [stdout]   16:     0x56107a2f2000 - core::result::Result<T,E>::expect::hd4c2b5d9bf15de19
[INFO] [stdout]                                at /rustc/a178d0322ce20e33eac124758e837cbd80a6f633/library/core/src/result.rs:997:23
[INFO] [stdout]   17:     0x56107a2e6b82 - clock::BridgeResult::err::h2291e39481dce9e7
[INFO] [stdout]                                at /opt/rustwide/workdir/src/main.rs:287:24
[INFO] [stdout]   18:     0x56107a2e13b4 - clock::logic::count_tests::h0572fae4ca730cd0
[INFO] [stdout]                                at /opt/rustwide/workdir/src/logic.rs:559:29
[INFO] [stdout]   19:     0x56107a2ea682 - clock::logic::tests::test_count_folder_test::h3898f4b9c9bfeda9
[INFO] [stdout]                                at /opt/rustwide/workdir/src/logic.rs:796:34
[INFO] [stdout]   20:     0x56107a2ea4ba - clock::logic::tests::test_count_folder_test::{{closure}}::hae28fb9d87ead535
[INFO] [stdout]                                at /opt/rustwide/workdir/src/logic.rs:787:5
[INFO] [stdout]   21:     0x56107a2e841e - core::ops::function::FnOnce::call_once::h6b75b3533fea3d9f
[INFO] [stdout]                                at /rustc/a178d0322ce20e33eac124758e837cbd80a6f633/library/core/src/ops/function.rs:227:5
[INFO] [stdout]   22:     0x56107a31a663 - core::ops::function::FnOnce::call_once::h152e7e439ff59e19
[INFO] [stdout]                                at /rustc/a178d0322ce20e33eac124758e837cbd80a6f633/library/core/src/ops/function.rs:227:5
[INFO] [stdout]   23:     0x56107a31a663 - test::__rust_begin_short_backtrace::h0908f3b1fdbb72ab
[INFO] [stdout]                                at /rustc/a178d0322ce20e33eac124758e837cbd80a6f633/library/test/src/lib.rs:577:5
[INFO] [stdout]   24:     0x56107a319120 - <alloc::boxed::Box<F,A> as core::ops::function::FnOnce<Args>>::call_once::hf6d2a51e5587546c
[INFO] [stdout]                                at /rustc/a178d0322ce20e33eac124758e837cbd80a6f633/library/alloc/src/boxed.rs:1575:9
[INFO] [stdout]   25:     0x56107a319120 - <std::panic::AssertUnwindSafe<F> as core::ops::function::FnOnce<()>>::call_once::h8af660f3a89ef593
[INFO] [stdout]                                at /rustc/a178d0322ce20e33eac124758e837cbd80a6f633/library/std/src/panic.rs:347:9
[INFO] [stdout]   26:     0x56107a319120 - std::panicking::try::do_call::hd36aef60f84b6d36
[INFO] [stdout]                                at /rustc/a178d0322ce20e33eac124758e837cbd80a6f633/library/std/src/panicking.rs:401:40
[INFO] [stdout]   27:     0x56107a319120 - std::panicking::try::h9932b4480e69817c
[INFO] [stdout]                                at /rustc/a178d0322ce20e33eac124758e837cbd80a6f633/library/std/src/panicking.rs:365:19
[INFO] [stdout]   28:     0x56107a319120 - std::panic::catch_unwind::h6aa177099cfff5f8
[INFO] [stdout]                                at /rustc/a178d0322ce20e33eac124758e837cbd80a6f633/library/std/src/panic.rs:434:14
[INFO] [stdout]   29:     0x56107a319120 - test::run_test_in_process::h5884d6f2d99e20c3
[INFO] [stdout]                                at /rustc/a178d0322ce20e33eac124758e837cbd80a6f633/library/test/src/lib.rs:600:18
[INFO] [stdout]   30:     0x56107a319120 - test::run_test::run_test_inner::{{closure}}::h6fdc58c6d5f5b6e3
[INFO] [stdout]                                at /rustc/a178d0322ce20e33eac124758e837cbd80a6f633/library/test/src/lib.rs:492:39
[INFO] [stdout]   31:     0x56107a2f27d2 - test::run_test::run_test_inner::{{closure}}::h408365d67a78ade8
[INFO] [stdout]                                at /rustc/a178d0322ce20e33eac124758e837cbd80a6f633/library/test/src/lib.rs:519:37
[INFO] [stdout]   32:     0x56107a2f27d2 - std::sys_common::backtrace::__rust_begin_short_backtrace::hb560b77c4f701523
[INFO] [stdout]                                at /rustc/a178d0322ce20e33eac124758e837cbd80a6f633/library/std/src/sys_common/backtrace.rs:125:18
[INFO] [stdout]   33:     0x56107a2f6388 - std::thread::Builder::spawn_unchecked::{{closure}}::{{closure}}::hf2e7831dad93c597
[INFO] [stdout]                                at /rustc/a178d0322ce20e33eac124758e837cbd80a6f633/library/std/src/thread/mod.rs:481:17
[INFO] [stdout]   34:     0x56107a2f6388 - <std::panic::AssertUnwindSafe<F> as core::ops::function::FnOnce<()>>::call_once::hd2e08783d8be4d02
[INFO] [stdout]                                at /rustc/a178d0322ce20e33eac124758e837cbd80a6f633/library/std/src/panic.rs:347:9
[INFO] [stdout]   35:     0x56107a2f6388 - std::panicking::try::do_call::h062597b7acfd6b82
[INFO] [stdout]                                at /rustc/a178d0322ce20e33eac124758e837cbd80a6f633/library/std/src/panicking.rs:401:40
[INFO] [stdout]   36:     0x56107a2f6388 - std::panicking::try::h0d7b79db04c14552
[INFO] [stdout]                                at /rustc/a178d0322ce20e33eac124758e837cbd80a6f633/library/std/src/panicking.rs:365:19
[INFO] [stdout]   37:     0x56107a2f6388 - std::panic::catch_unwind::hb01a0b5e7c8cd43b
[INFO] [stdout]                                at /rustc/a178d0322ce20e33eac124758e837cbd80a6f633/library/std/src/panic.rs:434:14
[INFO] [stdout]   38:     0x56107a2f6388 - std::thread::Builder::spawn_unchecked::{{closure}}::h5bde48cc887e0d1e
[INFO] [stdout]                                at /rustc/a178d0322ce20e33eac124758e837cbd80a6f633/library/std/src/thread/mod.rs:480:30
[INFO] [stdout]   39:     0x56107a2f6388 - core::ops::function::FnOnce::call_once{{vtable.shim}}::h745ea30807a29e55
[INFO] [stdout]                                at /rustc/a178d0322ce20e33eac124758e837cbd80a6f633/library/core/src/ops/function.rs:227:5
[INFO] [stdout]   40:     0x56107a38b3c7 - <alloc::boxed::Box<F,A> as core::ops::function::FnOnce<Args>>::call_once::h7ece6cfefaff1005
[INFO] [stdout]                                at /rustc/a178d0322ce20e33eac124758e837cbd80a6f633/library/alloc/src/boxed.rs:1575:9
[INFO] [stdout]   41:     0x56107a38b3c7 - <alloc::boxed::Box<F,A> as core::ops::function::FnOnce<Args>>::call_once::hb8b48e55c21f193e
[INFO] [stdout]                                at /rustc/a178d0322ce20e33eac124758e837cbd80a6f633/library/alloc/src/boxed.rs:1575:9
[INFO] [stdout]   42:     0x56107a38b3c7 - std::sys::unix::thread::Thread::new::thread_start::h8c7c4450dba62914
[INFO] [stdout]                                at /rustc/a178d0322ce20e33eac124758e837cbd80a6f633/library/std/src/sys/unix/thread.rs:71:17
[INFO] [stdout]   43:     0x7f568f7ce609 - start_thread
[INFO] [stdout]   44:     0x7f568f59e293 - clone
[INFO] [stdout]   45:                0x0 - <unknown>
[INFO] [stdout] 
[INFO] [stdout] 
[INFO] [stdout] failures:
[INFO] [stdout]     logic::tests::test_count_external_test_with_comments_0
[INFO] [stdout]     logic::tests::test_count_external_test_with_comments_1
[INFO] [stdout]     logic::tests::test_count_folder_test
[INFO] [stdout] 
[INFO] [stdout] test result: FAILED. 0 passed; 3 failed; 0 ignored; 0 measured; 0 filtered out; finished in 0.04s
[INFO] [stdout] 
[INFO] [stderr] error: test failed, to rerun pass '--bin clock'
[INFO] running `Command { std: "docker" "inspect" "f3388e8153ca4a6b009c7fa01e118aadf4d48772588c8ee317efe4fb8e5a9005", kill_on_drop: false }`
[INFO] running `Command { std: "docker" "rm" "-f" "f3388e8153ca4a6b009c7fa01e118aadf4d48772588c8ee317efe4fb8e5a9005", kill_on_drop: false }`
[INFO] [stdout] f3388e8153ca4a6b009c7fa01e118aadf4d48772588c8ee317efe4fb8e5a9005
