[INFO] cloning repository https://github.com/smasher816/imgui-log
[INFO] running `Command { std: "git" "-c" "credential.helper=" "-c" "credential.helper=/workspace/cargo-home/bin/git-credential-null" "clone" "--bare" "https://github.com/smasher816/imgui-log" "/workspace/cache/git-repos/https%3A%2F%2Fgithub.com%2Fsmasher816%2Fimgui-log", kill_on_drop: false }`
[INFO] [stderr] Cloning into bare repository '/workspace/cache/git-repos/https%3A%2F%2Fgithub.com%2Fsmasher816%2Fimgui-log'...
[INFO] running `Command { std: "git" "rev-parse" "HEAD", kill_on_drop: false }`
[INFO] [stdout] ecf3c70e0f40f226e5b225910dcea0dd62574d72
[INFO] testing smasher816/imgui-log against beta-2021-08-01 for beta-1.55-1
[INFO] running `Command { std: "git" "clone" "/workspace/cache/git-repos/https%3A%2F%2Fgithub.com%2Fsmasher816%2Fimgui-log" "/workspace/builds/worker-13/source", kill_on_drop: false }`
[INFO] [stderr] Cloning into '/workspace/builds/worker-13/source'...
[INFO] [stderr] done.
[INFO] validating manifest of git repo https://github.com/smasher816/imgui-log on toolchain beta-2021-08-01
[INFO] running `Command { std: "/workspace/cargo-home/bin/cargo" "+beta-2021-08-01" "metadata" "--manifest-path" "Cargo.toml" "--no-deps", kill_on_drop: false }`
[INFO] started tweaking git repo https://github.com/smasher816/imgui-log
[INFO] removed 0 missing examples
[INFO] finished tweaking git repo https://github.com/smasher816/imgui-log
[INFO] tweaked toml for git repo https://github.com/smasher816/imgui-log written to /workspace/builds/worker-13/source/Cargo.toml
[INFO] crate git repo https://github.com/smasher816/imgui-log already has a lockfile, it will not be regenerated
[INFO] running `Command { std: "/workspace/cargo-home/bin/cargo" "+beta-2021-08-01" "fetch" "--manifest-path" "Cargo.toml", kill_on_drop: false }`
[INFO] [stderr]  Downloading crates ...
[INFO] [stderr]   Downloaded palette_derive v0.4.1
[INFO] [stderr]   Downloaded mint v0.5.3
[INFO] [stderr]   Downloaded specs-hierarchy v0.5.1
[INFO] [stderr]   Downloaded objekt v0.1.2
[INFO] [stderr]   Downloaded amethyst_utils v0.8.0
[INFO] [stderr]   Downloaded serde_bytes v0.11.2
[INFO] [stderr]   Downloaded rendy-command v0.3.0
[INFO] [stderr]   Downloaded font-kit v0.4.0
[INFO] [stderr]   Downloaded shred v0.9.3
[INFO] [stderr]   Downloaded amethyst_network v0.6.1
[INFO] [stderr]   Downloaded amethyst_window v0.3.0
[INFO] [stderr]   Downloaded rendy-util v0.3.1
[INFO] [stderr]   Downloaded glyph_brush_layout v0.1.8
[INFO] [stderr]   Downloaded inventory v0.1.4
[INFO] [stderr]   Downloaded hibitset v0.5.4
[INFO] [stderr]   Downloaded amethyst_animation v0.8.1
[INFO] [stderr]   Downloaded amethyst_input v0.9.1
[INFO] [stderr]   Downloaded lyon_geom v0.14.1
[INFO] [stderr]   Downloaded inventory-impl v0.1.4
[INFO] [stderr]   Downloaded xi-unicode v0.2.0
[INFO] [stderr]   Downloaded slice-deque v0.2.4
[INFO] [stderr]   Downloaded minimp3-sys v0.3.1
[INFO] [stderr]   Downloaded thread_profiler v0.3.0
[INFO] [stderr]   Downloaded rendy-resource v0.3.0
[INFO] [stderr]   Downloaded amethyst_rendy v0.3.0
[INFO] [stderr]   Downloaded alga v0.9.1
[INFO] [stderr]   Downloaded amethyst_locale v0.7.2
[INFO] [stderr]   Downloaded fluent-locale v0.10.0
[INFO] [stderr]   Downloaded minimp3 v0.3.3
[INFO] [stderr]   Downloaded unic-langid-macros-impl v0.6.0
[INFO] [stderr]   Downloaded rendy-texture v0.3.0
[INFO] [stderr]   Downloaded quickcheck v0.8.5
[INFO] [stderr]   Downloaded servo-fontconfig v0.4.0
[INFO] [stderr]   Downloaded rendy-descriptor v0.3.0
[INFO] [stderr]   Downloaded rendy v0.3.2
[INFO] [stderr]   Downloaded lyon_path v0.14.0
[INFO] [stderr]   Downloaded ron v0.5.1
[INFO] [stderr]   Downloaded minterpolate v0.4.0
[INFO] [stderr]   Downloaded euclid v0.20.1
[INFO] [stderr]   Downloaded ogg v0.7.0
[INFO] [stderr]   Downloaded err-derive v0.1.6
[INFO] [stderr]   Downloaded ghost v0.1.1
[INFO] [stderr]   Downloaded amethyst_controls v0.7.0
[INFO] [stderr]   Downloaded fluent v0.8.0
[INFO] [stderr]   Downloaded proc_macro_roids v0.6.0
[INFO] [stderr]   Downloaded unic-langid-impl v0.6.0
[INFO] [stderr]   Downloaded claxon v0.4.2
[INFO] [stderr]   Downloaded amethyst_assets v0.9.1
[INFO] [stderr]   Downloaded tinystr v0.3.1
[INFO] [stderr]   Downloaded amethyst_derive v0.6.1
[INFO] [stderr]   Downloaded glsl-layout v0.3.2
[INFO] [stderr]   Downloaded dwrote v0.9.0
[INFO] [stderr]   Downloaded unic-langid-macros v0.6.0
[INFO] [stderr]   Downloaded alga_derive v0.9.1
[INFO] [stderr]   Downloaded amethyst v0.13.2
[INFO] [stderr]   Downloaded amethyst_ui v0.8.1
[INFO] [stderr]   Downloaded rendy-shader v0.3.0
[INFO] [stderr]   Downloaded proc-macro-hack v0.5.10
[INFO] [stderr]   Downloaded intl_pluralrules v4.0.0
[INFO] [stderr]   Downloaded shred-derive v0.6.1
[INFO] [stderr]   Downloaded amethyst_audio v0.8.0
[INFO] [stderr]   Downloaded ahash v0.2.16
[INFO] [stderr]   Downloaded amethyst_error v0.3.0
[INFO] [stderr]   Downloaded wavefront_obj v6.0.0
[INFO] [stderr]   Downloaded amethyst-imgui v0.5.1
[INFO] [stderr]   Downloaded lexical v2.2.2
[INFO] [stderr]   Downloaded rendy-frame v0.3.0
[INFO] [stderr]   Downloaded freetype v0.4.1
[INFO] [stderr]   Downloaded amethyst_core v0.8.1
[INFO] [stderr]   Downloaded palette v0.4.1
[INFO] [stderr]   Downloaded rustc_version_runtime v0.1.5
[INFO] [stderr]   Downloaded rendy-mesh v0.3.1
[INFO] [stderr]   Downloaded laminar v0.2.3
[INFO] [stderr]   Downloaded getset v0.0.8
[INFO] [stderr]   Downloaded amethyst_config v0.12.0
[INFO] [stderr]   Downloaded glsl-layout-derive v0.3.2
[INFO] [stderr]   Downloaded servo-freetype-sys v4.0.5
[INFO] [stderr]   Downloaded core-text v13.3.0
[INFO] [stderr]   Downloaded imgui-sys v0.2.0
[INFO] [stderr]   Downloaded servo-fontconfig-sys v4.0.7
[INFO] [stderr]   Downloaded rendy-wsi v0.3.0
[INFO] [stderr]   Downloaded rendy-chain v0.3.1
[INFO] [stderr]   Downloaded gfx-backend-vulkan v0.2.3
[INFO] [stderr]   Downloaded stb_truetype v0.3.0
[INFO] [stderr]   Downloaded hashbrown v0.6.1
[INFO] [stderr]   Downloaded edit-distance v2.1.0
[INFO] [stderr]   Downloaded imgui-winit-support v0.2.1
[INFO] [stderr]   Downloaded imgui v0.2.1
[INFO] [stderr]   Downloaded rendy-factory v0.3.1
[INFO] [stderr]   Downloaded gfx-hal v0.2.1
[INFO] [stderr]   Downloaded bincode v1.2.0
[INFO] [stderr]   Downloaded winit v0.19.3
[INFO] [stderr]   Downloaded specs v0.15.1
[INFO] [stderr]   Downloaded glyph_brush v0.6.0
[INFO] [stderr]   Downloaded arrayvec v0.5.0
[INFO] [stderr]   Downloaded rendy-graph v0.3.2
[INFO] [stderr]   Downloaded rendy-memory v0.3.0
[INFO] [stderr]   Downloaded rusttype v0.8.1
[INFO] running `Command { std: "docker" "create" "-v" "/var/lib/crater-agent-workspace/builds/worker-13/target:/opt/rustwide/target:rw,Z" "-v" "/var/lib/crater-agent-workspace/builds/worker-13/source:/opt/rustwide/workdir:ro,Z" "-v" "/var/lib/crater-agent-workspace/cargo-home:/opt/rustwide/cargo-home:ro,Z" "-v" "/var/lib/crater-agent-workspace/rustup-home:/opt/rustwide/rustup-home:ro,Z" "-e" "SOURCE_DIR=/opt/rustwide/workdir" "-e" "CARGO_TARGET_DIR=/opt/rustwide/target" "-e" "CARGO_HOME=/opt/rustwide/cargo-home" "-e" "RUSTUP_HOME=/opt/rustwide/rustup-home" "-w" "/opt/rustwide/workdir" "-m" "1610612736" "--user" "0:0" "--network" "none" "ghcr.io/rust-lang/crates-build-env/linux@sha256:34b6a614d2c27851fe6cbf88fbd1137609cefab8b10d0615aaeb6fd47975d74e" "/opt/rustwide/cargo-home/bin/cargo" "+beta-2021-08-01" "metadata" "--no-deps" "--format-version=1", kill_on_drop: false }`
[INFO] [stdout] 079a05e79abe3980a69901decf8a09df232fea7a2e21677a7f0f1e244ea0f4e9
[INFO] running `Command { std: "docker" "start" "-a" "079a05e79abe3980a69901decf8a09df232fea7a2e21677a7f0f1e244ea0f4e9", kill_on_drop: false }`
[INFO] running `Command { std: "docker" "inspect" "079a05e79abe3980a69901decf8a09df232fea7a2e21677a7f0f1e244ea0f4e9", kill_on_drop: false }`
[INFO] running `Command { std: "docker" "rm" "-f" "079a05e79abe3980a69901decf8a09df232fea7a2e21677a7f0f1e244ea0f4e9", kill_on_drop: false }`
[INFO] [stdout] 079a05e79abe3980a69901decf8a09df232fea7a2e21677a7f0f1e244ea0f4e9
[INFO] running `Command { std: "docker" "create" "-v" "/var/lib/crater-agent-workspace/builds/worker-13/target:/opt/rustwide/target:rw,Z" "-v" "/var/lib/crater-agent-workspace/builds/worker-13/source:/opt/rustwide/workdir:ro,Z" "-v" "/var/lib/crater-agent-workspace/cargo-home:/opt/rustwide/cargo-home:ro,Z" "-v" "/var/lib/crater-agent-workspace/rustup-home:/opt/rustwide/rustup-home:ro,Z" "-e" "SOURCE_DIR=/opt/rustwide/workdir" "-e" "CARGO_TARGET_DIR=/opt/rustwide/target" "-e" "CARGO_INCREMENTAL=0" "-e" "RUST_BACKTRACE=full" "-e" "RUSTFLAGS=--cap-lints=warn" "-e" "CARGO_HOME=/opt/rustwide/cargo-home" "-e" "RUSTUP_HOME=/opt/rustwide/rustup-home" "-w" "/opt/rustwide/workdir" "-m" "1610612736" "--user" "0:0" "--network" "none" "ghcr.io/rust-lang/crates-build-env/linux@sha256:34b6a614d2c27851fe6cbf88fbd1137609cefab8b10d0615aaeb6fd47975d74e" "/opt/rustwide/cargo-home/bin/cargo" "+beta-2021-08-01" "build" "--frozen" "--message-format=json", kill_on_drop: false }`
[INFO] [stdout] 3ccae9c903b8be5090ebb83269e35cb8a22e326ea96776716808efb1123e9346
[INFO] running `Command { std: "docker" "start" "-a" "3ccae9c903b8be5090ebb83269e35cb8a22e326ea96776716808efb1123e9346", kill_on_drop: false }`
[INFO] [stderr]    Compiling cc v1.0.45
[INFO] [stderr]    Compiling bitflags v1.2.0
[INFO] [stderr]    Compiling log v0.4.8
[INFO] [stderr]    Compiling parking_lot_core v0.6.2
[INFO] [stderr]    Compiling parking_lot v0.9.0
[INFO] [stderr]    Compiling imgui-sys v0.2.0
[INFO] [stderr]    Compiling imgui v0.2.1
[INFO] [stderr]    Compiling imgui-log v0.1.0 (/opt/rustwide/workdir)
[INFO] [stderr]     Finished dev [unoptimized + debuginfo] target(s) in 17.09s
[INFO] running `Command { std: "docker" "inspect" "3ccae9c903b8be5090ebb83269e35cb8a22e326ea96776716808efb1123e9346", kill_on_drop: false }`
[INFO] running `Command { std: "docker" "rm" "-f" "3ccae9c903b8be5090ebb83269e35cb8a22e326ea96776716808efb1123e9346", kill_on_drop: false }`
[INFO] [stdout] 3ccae9c903b8be5090ebb83269e35cb8a22e326ea96776716808efb1123e9346
[INFO] running `Command { std: "docker" "create" "-v" "/var/lib/crater-agent-workspace/builds/worker-13/target:/opt/rustwide/target:rw,Z" "-v" "/var/lib/crater-agent-workspace/builds/worker-13/source:/opt/rustwide/workdir:ro,Z" "-v" "/var/lib/crater-agent-workspace/cargo-home:/opt/rustwide/cargo-home:ro,Z" "-v" "/var/lib/crater-agent-workspace/rustup-home:/opt/rustwide/rustup-home:ro,Z" "-e" "SOURCE_DIR=/opt/rustwide/workdir" "-e" "CARGO_TARGET_DIR=/opt/rustwide/target" "-e" "CARGO_INCREMENTAL=0" "-e" "RUST_BACKTRACE=full" "-e" "RUSTFLAGS=--cap-lints=warn" "-e" "CARGO_HOME=/opt/rustwide/cargo-home" "-e" "RUSTUP_HOME=/opt/rustwide/rustup-home" "-w" "/opt/rustwide/workdir" "-m" "1610612736" "--user" "0:0" "--network" "none" "ghcr.io/rust-lang/crates-build-env/linux@sha256:34b6a614d2c27851fe6cbf88fbd1137609cefab8b10d0615aaeb6fd47975d74e" "/opt/rustwide/cargo-home/bin/cargo" "+beta-2021-08-01" "test" "--frozen" "--no-run" "--message-format=json", kill_on_drop: false }`
[INFO] [stdout] a0f70f8cc67e8b23025fffa93afae06a64fab93d79117b49275df4d4d4673ac6
[INFO] running `Command { std: "docker" "start" "-a" "a0f70f8cc67e8b23025fffa93afae06a64fab93d79117b49275df4d4d4673ac6", kill_on_drop: false }`
[INFO] [stderr]    Compiling imgui-log v0.1.0 (/opt/rustwide/workdir)
[INFO] [stderr]     Finished test [unoptimized + debuginfo] target(s) in 0.86s
[INFO] running `Command { std: "docker" "inspect" "a0f70f8cc67e8b23025fffa93afae06a64fab93d79117b49275df4d4d4673ac6", kill_on_drop: false }`
[INFO] running `Command { std: "docker" "rm" "-f" "a0f70f8cc67e8b23025fffa93afae06a64fab93d79117b49275df4d4d4673ac6", kill_on_drop: false }`
[INFO] [stdout] a0f70f8cc67e8b23025fffa93afae06a64fab93d79117b49275df4d4d4673ac6
[INFO] running `Command { std: "docker" "create" "-v" "/var/lib/crater-agent-workspace/builds/worker-13/target:/opt/rustwide/target:rw,Z" "-v" "/var/lib/crater-agent-workspace/builds/worker-13/source:/opt/rustwide/workdir:ro,Z" "-v" "/var/lib/crater-agent-workspace/cargo-home:/opt/rustwide/cargo-home:ro,Z" "-v" "/var/lib/crater-agent-workspace/rustup-home:/opt/rustwide/rustup-home:ro,Z" "-e" "SOURCE_DIR=/opt/rustwide/workdir" "-e" "CARGO_TARGET_DIR=/opt/rustwide/target" "-e" "CARGO_INCREMENTAL=0" "-e" "RUST_BACKTRACE=full" "-e" "RUSTFLAGS=--cap-lints=warn" "-e" "CARGO_HOME=/opt/rustwide/cargo-home" "-e" "RUSTUP_HOME=/opt/rustwide/rustup-home" "-w" "/opt/rustwide/workdir" "-m" "1610612736" "--user" "0:0" "--network" "none" "ghcr.io/rust-lang/crates-build-env/linux@sha256:34b6a614d2c27851fe6cbf88fbd1137609cefab8b10d0615aaeb6fd47975d74e" "/opt/rustwide/cargo-home/bin/cargo" "+beta-2021-08-01" "test" "--frozen", kill_on_drop: false }`
[INFO] [stdout] a1c0dfa2a71eef1ef5b950d15d0a22d11b9a56f5c184eb2bb1408f6037168ebc
[INFO] running `Command { std: "docker" "start" "-a" "a1c0dfa2a71eef1ef5b950d15d0a22d11b9a56f5c184eb2bb1408f6037168ebc", kill_on_drop: false }`
[INFO] [stderr]     Finished test [unoptimized + debuginfo] target(s) in 0.15s
[INFO] [stderr]      Running unittests (/opt/rustwide/target/debug/deps/imgui_log-5804e4ec76de4c69)
[INFO] [stdout] 
[INFO] [stderr]    Doc-tests imgui-log
[INFO] [stdout] running 0 tests
[INFO] [stdout] 
[INFO] [stdout] test result: ok. 0 passed; 0 failed; 0 ignored; 0 measured; 0 filtered out; finished in 0.00s
[INFO] [stdout] 
[INFO] [stdout] 
[INFO] [stdout] running 3 tests
[INFO] [stdout] test src/lib.rs - (line 38) - compile ... FAILED
[INFO] [stdout] test src/lib.rs - (line 65) - compile ... FAILED
[INFO] [stdout] test src/lib.rs - (line 15) - compile ... FAILED
[INFO] [stdout] 
[INFO] [stdout] failures:
[INFO] [stdout] 
[INFO] [stdout] ---- src/lib.rs - (line 38) stdout ----
[INFO] [stdout] error[E0433]: failed to resolve: use of undeclared type `LoggerConfig`
[INFO] [stdout]  --> src/lib.rs:39:29
[INFO] [stdout]   |
[INFO] [stdout] 4 | imgui_log::init_with_config(LoggerConfig::default()
[INFO] [stdout]   |                             ^^^^^^^^^^^^ not found in this scope
[INFO] [stdout]   |
[INFO] [stdout] help: consider importing this struct
[INFO] [stdout]   |
[INFO] [stdout] 3 | use imgui_log::LoggerConfig;
[INFO] [stdout]   |
[INFO] [stdout] 
[INFO] [stdout] error[E0422]: cannot find struct, variant or union type `LogColors` in this scope
[INFO] [stdout]  --> src/lib.rs:41:13
[INFO] [stdout]   |
[INFO] [stdout] 6 |     .colors(LogColors {
[INFO] [stdout]   |             ^^^^^^^^^ not found in this scope
[INFO] [stdout]   |
[INFO] [stdout] help: consider importing this struct
[INFO] [stdout]   |
[INFO] [stdout] 3 | use imgui_log::LogColors;
[INFO] [stdout]   |
[INFO] [stdout] 
[INFO] [stdout] error: aborting due to 2 previous errors
[INFO] [stdout] 
[INFO] [stdout] Some errors have detailed explanations: E0422, E0433.
[INFO] [stdout] For more information about an error, try `rustc --explain E0422`.
[INFO] [stdout] Couldn't compile the test.
[INFO] [stdout] ---- src/lib.rs - (line 65) stdout ----
[INFO] [stdout] error[E0432]: unresolved import `imgui_log::amethyst_imgui`
[INFO] [stdout]  --> src/lib.rs:66:16
[INFO] [stdout]   |
[INFO] [stdout] 4 | use imgui_log::amethyst_imgui::RenderImgui;
[INFO] [stdout]   |                ^^^^^^^^^^^^^^ could not find `amethyst_imgui` in `imgui_log`
[INFO] [stdout] 
[INFO] [stdout] error[E0433]: failed to resolve: use of undeclared type `GameDataBuilder`
[INFO] [stdout]   --> src/lib.rs:72:21
[INFO] [stdout]    |
[INFO] [stdout] 10 |     let game_data = GameDataBuilder::default()
[INFO] [stdout]    |                     ^^^^^^^^^^^^^^^ use of undeclared type `GameDataBuilder`
[INFO] [stdout] 
[INFO] [stdout] error[E0433]: failed to resolve: use of undeclared type `InputBundle`
[INFO] [stdout]   --> src/lib.rs:75:22
[INFO] [stdout]    |
[INFO] [stdout] 13 |         .with_bundle(InputBundle::<StringBindings>::default())?
[INFO] [stdout]    |                      ^^^^^^^^^^^ use of undeclared type `InputBundle`
[INFO] [stdout] 
[INFO] [stdout] error[E0433]: failed to resolve: use of undeclared type `RenderingBundle`
[INFO] [stdout]   --> src/lib.rs:77:13
[INFO] [stdout]    |
[INFO] [stdout] 15 |             RenderingBundle::<DefaultBackend>::new()
[INFO] [stdout]    |             ^^^^^^^^^^^^^^^ use of undeclared type `RenderingBundle`
[INFO] [stdout] 
[INFO] [stdout] error[E0433]: failed to resolve: use of undeclared type `RenderToWindow`
[INFO] [stdout]   --> src/lib.rs:79:21
[INFO] [stdout]    |
[INFO] [stdout] 17 |                     RenderToWindow::from_config_path(display_config_path)
[INFO] [stdout]    |                     ^^^^^^^^^^^^^^ use of undeclared type `RenderToWindow`
[INFO] [stdout] 
[INFO] [stdout] error[E0433]: failed to resolve: use of undeclared type `Application`
[INFO] [stdout]   --> src/lib.rs:85:5
[INFO] [stdout]    |
[INFO] [stdout] 23 |     Application::build("/", Example)?.build(game_data)?.run();
[INFO] [stdout]    |     ^^^^^^^^^^^ use of undeclared type `Application`
[INFO] [stdout] 
[INFO] [stdout] error[E0425]: cannot find function `application_root_dir` in this scope
[INFO] [stdout]  --> src/lib.rs:70:20
[INFO] [stdout]   |
[INFO] [stdout] 8 |     let app_root = application_root_dir()?;
[INFO] [stdout]   |                    ^^^^^^^^^^^^^^^^^^^^ not found in this scope
[INFO] [stdout] 
[INFO] [stdout] error[E0425]: cannot find function `create_system` in crate `imgui_log`
[INFO] [stdout]   --> src/lib.rs:74:26
[INFO] [stdout]    |
[INFO] [stdout] 12 |         .with(imgui_log::create_system(), "imgui_log", &[]) // <--- ADDED LINE 
[INFO] [stdout]    |                          ^^^^^^^^^^^^^ not found in `imgui_log`
[INFO] [stdout] 
[INFO] [stdout] error[E0412]: cannot find type `StringBindings` in this scope
[INFO] [stdout]   --> src/lib.rs:75:36
[INFO] [stdout]    |
[INFO] [stdout] 3  | fn main() { #[allow(non_snake_case)] fn _doctest_main_src_lib_rs_65_0() {
[INFO] [stdout]    |                                                                      - help: you might be missing a type parameter: `<StringBindings>`
[INFO] [stdout] ...
[INFO] [stdout] 13 |         .with_bundle(InputBundle::<StringBindings>::default())?
[INFO] [stdout]    |                                    ^^^^^^^^^^^^^^ not found in this scope
[INFO] [stdout] 
[INFO] [stdout] error[E0412]: cannot find type `DefaultBackend` in this scope
[INFO] [stdout]   --> src/lib.rs:77:31
[INFO] [stdout]    |
[INFO] [stdout] 3  | fn main() { #[allow(non_snake_case)] fn _doctest_main_src_lib_rs_65_0() {
[INFO] [stdout]    |                                                                      - help: you might be missing a type parameter: `<DefaultBackend>`
[INFO] [stdout] ...
[INFO] [stdout] 15 |             RenderingBundle::<DefaultBackend>::new()
[INFO] [stdout]    |                               ^^^^^^^^^^^^^^ not found in this scope
[INFO] [stdout] 
[INFO] [stdout] error[E0412]: cannot find type `StringBindings` in this scope
[INFO] [stdout]   --> src/lib.rs:82:44
[INFO] [stdout]    |
[INFO] [stdout] 3  | fn main() { #[allow(non_snake_case)] fn _doctest_main_src_lib_rs_65_0() {
[INFO] [stdout]    |                                                                      - help: you might be missing a type parameter: `<StringBindings>`
[INFO] [stdout] ...
[INFO] [stdout] 20 |                 .with_plugin(RenderImgui::<StringBindings>::default()), // <--- ADDED LINE
[INFO] [stdout]    |                                            ^^^^^^^^^^^^^^ not found in this scope
[INFO] [stdout] 
[INFO] [stdout] error[E0425]: cannot find value `Example` in this scope
[INFO] [stdout]   --> src/lib.rs:85:29
[INFO] [stdout]    |
[INFO] [stdout] 23 |     Application::build("/", Example)?.build(game_data)?.run();
[INFO] [stdout]    |                             ^^^^^^^ not found in this scope
[INFO] [stdout] 
[INFO] [stdout] error[E0277]: the `?` operator can only be used in a function that returns `Result` or `Option` (or another type that implements `FromResidual`)
[INFO] [stdout]    --> src/lib.rs:70:42
[INFO] [stdout]     |
[INFO] [stdout] 3   |   fn main() { #[allow(non_snake_case)] fn _doctest_main_src_lib_rs_65_0() {
[INFO] [stdout]     |  ______________________________________-
[INFO] [stdout] 4   | | use imgui_log::amethyst_imgui::RenderImgui;
[INFO] [stdout] 5   | |
[INFO] [stdout] 6   | |     /// ....
[INFO] [stdout] 7   | |
[INFO] [stdout] 8   | |     let app_root = application_root_dir()?;
[INFO] [stdout]     | |                                          ^ cannot use the `?` operator in a function that returns `()`
[INFO] [stdout] ...   |
[INFO] [stdout] 23  | |     Application::build("/", Example)?.build(game_data)?.run();
[INFO] [stdout] 24  | | } _doctest_main_src_lib_rs_65_0() }
[INFO] [stdout]     | |_- this function should return `Result` or `Option` to accept `?`
[INFO] [stdout]     |
[INFO] [stdout]     = help: the trait `FromResidual<_>` is not implemented for `()`
[INFO] [stdout] note: required by `from_residual`
[INFO] [stdout] 
[INFO] [stdout] error[E0277]: the `?` operator can only be used in a function that returns `Result` or `Option` (or another type that implements `FromResidual`)
[INFO] [stdout]    --> src/lib.rs:75:63
[INFO] [stdout]     |
[INFO] [stdout] 3   |   fn main() { #[allow(non_snake_case)] fn _doctest_main_src_lib_rs_65_0() {
[INFO] [stdout]     |  ______________________________________-
[INFO] [stdout] 4   | | use imgui_log::amethyst_imgui::RenderImgui;
[INFO] [stdout] 5   | |
[INFO] [stdout] 6   | |     /// ....
[INFO] [stdout] ...   |
[INFO] [stdout] 13  | |         .with_bundle(InputBundle::<StringBindings>::default())?
[INFO] [stdout]     | |                                                               ^ cannot use the `?` operator in a function that returns `()`
[INFO] [stdout] ...   |
[INFO] [stdout] 23  | |     Application::build("/", Example)?.build(game_data)?.run();
[INFO] [stdout] 24  | | } _doctest_main_src_lib_rs_65_0() }
[INFO] [stdout]     | |_- this function should return `Result` or `Option` to accept `?`
[INFO] [stdout]     |
[INFO] [stdout]     = help: the trait `FromResidual<_>` is not implemented for `()`
[INFO] [stdout] note: required by `from_residual`
[INFO] [stdout] 
[INFO] [stdout] error[E0277]: the `?` operator can only be used in a function that returns `Result` or `Option` (or another type that implements `FromResidual`)
[INFO] [stdout]    --> src/lib.rs:83:10
[INFO] [stdout]     |
[INFO] [stdout] 3   |   fn main() { #[allow(non_snake_case)] fn _doctest_main_src_lib_rs_65_0() {
[INFO] [stdout]     |  ______________________________________-
[INFO] [stdout] 4   | | use imgui_log::amethyst_imgui::RenderImgui;
[INFO] [stdout] 5   | |
[INFO] [stdout] 6   | |     /// ....
[INFO] [stdout] ...   |
[INFO] [stdout] 21  | |         )?;
[INFO] [stdout]     | |          ^ cannot use the `?` operator in a function that returns `()`
[INFO] [stdout] 22  | |
[INFO] [stdout] 23  | |     Application::build("/", Example)?.build(game_data)?.run();
[INFO] [stdout] 24  | | } _doctest_main_src_lib_rs_65_0() }
[INFO] [stdout]     | |_- this function should return `Result` or `Option` to accept `?`
[INFO] [stdout]     |
[INFO] [stdout]     = help: the trait `FromResidual<_>` is not implemented for `()`
[INFO] [stdout] note: required by `from_residual`
[INFO] [stdout] 
[INFO] [stdout] error[E0277]: the `?` operator can only be used in a function that returns `Result` or `Option` (or another type that implements `FromResidual`)
[INFO] [stdout]    --> src/lib.rs:85:37
[INFO] [stdout]     |
[INFO] [stdout] 3   |   fn main() { #[allow(non_snake_case)] fn _doctest_main_src_lib_rs_65_0() {
[INFO] [stdout]     |  ______________________________________-
[INFO] [stdout] 4   | | use imgui_log::amethyst_imgui::RenderImgui;
[INFO] [stdout] 5   | |
[INFO] [stdout] 6   | |     /// ....
[INFO] [stdout] ...   |
[INFO] [stdout] 23  | |     Application::build("/", Example)?.build(game_data)?.run();
[INFO] [stdout]     | |                                     ^ cannot use the `?` operator in a function that returns `()`
[INFO] [stdout] 24  | | } _doctest_main_src_lib_rs_65_0() }
[INFO] [stdout]     | |_- this function should return `Result` or `Option` to accept `?`
[INFO] [stdout]     |
[INFO] [stdout]     = help: the trait `FromResidual<_>` is not implemented for `()`
[INFO] [stdout] note: required by `from_residual`
[INFO] [stdout] 
[INFO] [stdout] error[E0277]: the `?` operator can only be used in a function that returns `Result` or `Option` (or another type that implements `FromResidual`)
[INFO] [stdout]    --> src/lib.rs:85:55
[INFO] [stdout]     |
[INFO] [stdout] 3   |   fn main() { #[allow(non_snake_case)] fn _doctest_main_src_lib_rs_65_0() {
[INFO] [stdout]     |  ______________________________________-
[INFO] [stdout] 4   | | use imgui_log::amethyst_imgui::RenderImgui;
[INFO] [stdout] 5   | |
[INFO] [stdout] 6   | |     /// ....
[INFO] [stdout] ...   |
[INFO] [stdout] 23  | |     Application::build("/", Example)?.build(game_data)?.run();
[INFO] [stdout]     | |                                                       ^ cannot use the `?` operator in a function that returns `()`
[INFO] [stdout] 24  | | } _doctest_main_src_lib_rs_65_0() }
[INFO] [stdout]     | |_- this function should return `Result` or `Option` to accept `?`
[INFO] [stdout]     |
[INFO] [stdout]     = help: the trait `FromResidual<_>` is not implemented for `()`
[INFO] [stdout] note: required by `from_residual`
[INFO] [stdout] 
[INFO] [stdout] error: aborting due to 17 previous errors
[INFO] [stdout] 
[INFO] [stdout] Some errors have detailed explanations: E0277, E0412, E0425, E0432, E0433.
[INFO] [stdout] For more information about an error, try `rustc --explain E0277`.
[INFO] [stdout] Couldn't compile the test.
[INFO] [stdout] ---- src/lib.rs - (line 15) stdout ----
[INFO] [stdout] error: unexpected token: `...`
[INFO] [stdout]  --> src/lib.rs:20:21
[INFO] [stdout]   |
[INFO] [stdout] 8 | let ui: imgui::Ui = ... ;
[INFO] [stdout]   |                     ^^^
[INFO] [stdout]   |
[INFO] [stdout] help: use `..` for an exclusive range
[INFO] [stdout]   |
[INFO] [stdout] 8 | let ui: imgui::Ui = .. ;
[INFO] [stdout]   |                     ^^
[INFO] [stdout] help: or `..=` for an inclusive range
[INFO] [stdout]   |
[INFO] [stdout] 8 | let ui: imgui::Ui = ..= ;
[INFO] [stdout]   |                     ^^^
[INFO] [stdout] 
[INFO] [stdout] error[E0586]: inclusive range with no end
[INFO] [stdout]  --> src/lib.rs:20:21
[INFO] [stdout]   |
[INFO] [stdout] 8 | let ui: imgui::Ui = ... ;
[INFO] [stdout]   |                     ^^^ help: use `..` instead
[INFO] [stdout]   |
[INFO] [stdout]   = note: inclusive ranges must be bounded at the end (`..=b` or `a..=b`)
[INFO] [stdout] 
[INFO] [stdout] error: cannot find macro `im_str` in this scope
[INFO] [stdout]   --> src/lib.rs:28:37
[INFO] [stdout]    |
[INFO] [stdout] 16 |     let window = imgui::Window::new(im_str!("My Log"));
[INFO] [stdout]    |                                     ^^^^^^
[INFO] [stdout]    |
[INFO] [stdout]    = note: consider importing this macro:
[INFO] [stdout]            imgui::im_str
[INFO] [stdout] 
[INFO] [stdout] error: cannot find macro `info` in this scope
[INFO] [stdout]   --> src/lib.rs:25:5
[INFO] [stdout]    |
[INFO] [stdout] 13 |     info!("Hello World");
[INFO] [stdout]    |     ^^^^
[INFO] [stdout]    |
[INFO] [stdout]    = note: consider importing this macro:
[INFO] [stdout]            log::info
[INFO] [stdout] 
[INFO] [stdout] error[E0599]: no method named `draw` found for struct `LogWindow` in the current scope
[INFO] [stdout]   --> src/lib.rs:29:9
[INFO] [stdout]    |
[INFO] [stdout] 17 |     log.draw(&ui, window);
[INFO] [stdout]    |         ^^^^ method not found in `LogWindow`
[INFO] [stdout] 
[INFO] [stdout] error: aborting due to 5 previous errors
[INFO] [stdout] 
[INFO] [stdout] Some errors have detailed explanations: E0586, E0599.
[INFO] [stdout] For more information about an error, try `rustc --explain E0586`.
[INFO] [stdout] Couldn't compile the test.
[INFO] [stdout] 
[INFO] [stdout] failures:
[INFO] [stdout]     src/lib.rs - (line 15)
[INFO] [stdout]     src/lib.rs - (line 38)
[INFO] [stdout]     src/lib.rs - (line 65)
[INFO] [stdout] 
[INFO] [stdout] test result: FAILED. 0 passed; 3 failed; 0 ignored; 0 measured; 0 filtered out; finished in 0.25s
[INFO] [stdout] 
[INFO] [stderr] error: test failed, to rerun pass '--doc'
[INFO] running `Command { std: "docker" "inspect" "a1c0dfa2a71eef1ef5b950d15d0a22d11b9a56f5c184eb2bb1408f6037168ebc", kill_on_drop: false }`
[INFO] running `Command { std: "docker" "rm" "-f" "a1c0dfa2a71eef1ef5b950d15d0a22d11b9a56f5c184eb2bb1408f6037168ebc", kill_on_drop: false }`
[INFO] [stdout] a1c0dfa2a71eef1ef5b950d15d0a22d11b9a56f5c184eb2bb1408f6037168ebc
