[INFO] cloning repository https://github.com/skytomo221/wentiay-word-selecter
[INFO] running `Command { std: "git" "-c" "credential.helper=" "-c" "credential.helper=/workspace/cargo-home/bin/git-credential-null" "clone" "--bare" "https://github.com/skytomo221/wentiay-word-selecter" "/workspace/cache/git-repos/https%3A%2F%2Fgithub.com%2Fskytomo221%2Fwentiay-word-selecter", kill_on_drop: false }`
[INFO] [stderr] Cloning into bare repository '/workspace/cache/git-repos/https%3A%2F%2Fgithub.com%2Fskytomo221%2Fwentiay-word-selecter'...
[INFO] running `Command { std: "git" "rev-parse" "HEAD", kill_on_drop: false }`
[INFO] [stdout] f8260df0098ef4e6176784a89441ca2603626e57
[INFO] testing skytomo221/wentiay-word-selecter against beta-2021-08-01 for beta-1.55-1
[INFO] running `Command { std: "git" "clone" "/workspace/cache/git-repos/https%3A%2F%2Fgithub.com%2Fskytomo221%2Fwentiay-word-selecter" "/workspace/builds/worker-91/source", kill_on_drop: false }`
[INFO] [stderr] Cloning into '/workspace/builds/worker-91/source'...
[INFO] [stderr] done.
[INFO] validating manifest of git repo https://github.com/skytomo221/wentiay-word-selecter on toolchain beta-2021-08-01
[INFO] running `Command { std: "/workspace/cargo-home/bin/cargo" "+beta-2021-08-01" "metadata" "--manifest-path" "Cargo.toml" "--no-deps", kill_on_drop: false }`
[INFO] started tweaking git repo https://github.com/skytomo221/wentiay-word-selecter
[INFO] finished tweaking git repo https://github.com/skytomo221/wentiay-word-selecter
[INFO] tweaked toml for git repo https://github.com/skytomo221/wentiay-word-selecter written to /workspace/builds/worker-91/source/Cargo.toml
[INFO] crate git repo https://github.com/skytomo221/wentiay-word-selecter already has a lockfile, it will not be regenerated
[INFO] running `Command { std: "/workspace/cargo-home/bin/cargo" "+beta-2021-08-01" "fetch" "--manifest-path" "Cargo.toml", kill_on_drop: false }`
[INFO] [stderr]     Blocking waiting for file lock on package cache
[INFO] [stderr]     Blocking waiting for file lock on package cache
[INFO] [stderr]  Downloading crates ...
[INFO] [stderr]   Downloaded quote v1.0.8
[INFO] [stderr]   Downloaded serde v1.0.118
[INFO] [stderr]   Downloaded serde_json v1.0.61
[INFO] [stderr]   Downloaded syn v1.0.56
[INFO] [stderr]   Downloaded serde_derive v1.0.118
[INFO] running `Command { std: "docker" "create" "-v" "/var/lib/crater-agent-workspace/builds/worker-91/target:/opt/rustwide/target:rw,Z" "-v" "/var/lib/crater-agent-workspace/builds/worker-91/source:/opt/rustwide/workdir:ro,Z" "-v" "/var/lib/crater-agent-workspace/cargo-home:/opt/rustwide/cargo-home:ro,Z" "-v" "/var/lib/crater-agent-workspace/rustup-home:/opt/rustwide/rustup-home:ro,Z" "-e" "SOURCE_DIR=/opt/rustwide/workdir" "-e" "CARGO_TARGET_DIR=/opt/rustwide/target" "-e" "CARGO_HOME=/opt/rustwide/cargo-home" "-e" "RUSTUP_HOME=/opt/rustwide/rustup-home" "-w" "/opt/rustwide/workdir" "-m" "1610612736" "--user" "0:0" "--network" "none" "ghcr.io/rust-lang/crates-build-env/linux@sha256:34b6a614d2c27851fe6cbf88fbd1137609cefab8b10d0615aaeb6fd47975d74e" "/opt/rustwide/cargo-home/bin/cargo" "+beta-2021-08-01" "metadata" "--no-deps" "--format-version=1", kill_on_drop: false }`
[INFO] [stdout] bf329f481ffad5e2d95e569bacb2130638698735d95c86e9187ac0bdb1bd1b66
[INFO] running `Command { std: "docker" "start" "-a" "bf329f481ffad5e2d95e569bacb2130638698735d95c86e9187ac0bdb1bd1b66", kill_on_drop: false }`
[INFO] running `Command { std: "docker" "inspect" "bf329f481ffad5e2d95e569bacb2130638698735d95c86e9187ac0bdb1bd1b66", kill_on_drop: false }`
[INFO] running `Command { std: "docker" "rm" "-f" "bf329f481ffad5e2d95e569bacb2130638698735d95c86e9187ac0bdb1bd1b66", kill_on_drop: false }`
[INFO] [stdout] bf329f481ffad5e2d95e569bacb2130638698735d95c86e9187ac0bdb1bd1b66
[INFO] running `Command { std: "docker" "create" "-v" "/var/lib/crater-agent-workspace/builds/worker-91/target:/opt/rustwide/target:rw,Z" "-v" "/var/lib/crater-agent-workspace/builds/worker-91/source:/opt/rustwide/workdir:ro,Z" "-v" "/var/lib/crater-agent-workspace/cargo-home:/opt/rustwide/cargo-home:ro,Z" "-v" "/var/lib/crater-agent-workspace/rustup-home:/opt/rustwide/rustup-home:ro,Z" "-e" "SOURCE_DIR=/opt/rustwide/workdir" "-e" "CARGO_TARGET_DIR=/opt/rustwide/target" "-e" "CARGO_INCREMENTAL=0" "-e" "RUST_BACKTRACE=full" "-e" "RUSTFLAGS=--cap-lints=warn" "-e" "CARGO_HOME=/opt/rustwide/cargo-home" "-e" "RUSTUP_HOME=/opt/rustwide/rustup-home" "-w" "/opt/rustwide/workdir" "-m" "1610612736" "--user" "0:0" "--network" "none" "ghcr.io/rust-lang/crates-build-env/linux@sha256:34b6a614d2c27851fe6cbf88fbd1137609cefab8b10d0615aaeb6fd47975d74e" "/opt/rustwide/cargo-home/bin/cargo" "+beta-2021-08-01" "build" "--frozen" "--message-format=json", kill_on_drop: false }`
[INFO] [stdout] c2a3314ada0a9ed11eeb5e72c20ca430c2627d997422b9093f26fc8a4e4a260f
[INFO] running `Command { std: "docker" "start" "-a" "c2a3314ada0a9ed11eeb5e72c20ca430c2627d997422b9093f26fc8a4e4a260f", kill_on_drop: false }`
[INFO] [stderr]     Blocking waiting for file lock on package cache
[INFO] [stderr]    Compiling proc-macro2 v1.0.24
[INFO] [stderr]    Compiling unicode-xid v0.2.1
[INFO] [stderr]    Compiling syn v1.0.56
[INFO] [stderr]    Compiling serde_derive v1.0.118
[INFO] [stderr]    Compiling memchr v2.4.0
[INFO] [stderr]    Compiling ryu v1.0.5
[INFO] [stderr]    Compiling serde v1.0.118
[INFO] [stderr]    Compiling tinyvec_macros v0.1.0
[INFO] [stderr]    Compiling serde_json v1.0.61
[INFO] [stderr]    Compiling regex-syntax v0.6.25
[INFO] [stderr]    Compiling itoa v0.4.7
[INFO] [stderr]    Compiling tinyvec v1.3.1
[INFO] [stderr]    Compiling unicode-normalization v0.1.19
[INFO] [stderr]    Compiling quote v1.0.8
[INFO] [stderr]    Compiling aho-corasick v0.7.18
[INFO] [stderr]    Compiling regex v1.5.4
[INFO] [stderr]    Compiling wentiay-word-selecter v0.1.0 (/opt/rustwide/workdir)
[INFO] [stdout] warning: unused borrow that must be used
[INFO] [stdout]    --> src/main.rs:194:17
[INFO] [stdout]     |
[INFO] [stdout] 194 | /                 &loan[start..end]
[INFO] [stdout] 195 | |                     .chars()
[INFO] [stdout] 196 | |                     .filter(|c| {
[INFO] [stdout] 197 | |                         if n % 2 == 0 {
[INFO] [stdout] ...   |
[INFO] [stdout] 204 | |                         set.insert(c);
[INFO] [stdout] 205 | |                     });
[INFO] [stdout]     | |______________________^
[INFO] [stdout]     |
[INFO] [stdout]     = note: `#[warn(unused_must_use)]` on by default
[INFO] [stdout] 
[INFO] [stdout] 
[INFO] [stdout] warning: unused borrow that must be used
[INFO] [stdout]    --> src/main.rs:209:17
[INFO] [stdout]     |
[INFO] [stdout] 209 | /                 &loan[start..end]
[INFO] [stdout] 210 | |                     .chars()
[INFO] [stdout] 211 | |                     .filter(|c| {
[INFO] [stdout] 212 | |                         if n % 2 == 0 {
[INFO] [stdout] ...   |
[INFO] [stdout] 219 | |                         set.insert(c);
[INFO] [stdout] 220 | |                     });
[INFO] [stdout]     | |______________________^
[INFO] [stdout] 
[INFO] [stdout] 
[INFO] [stdout] warning: 2 warnings emitted
[INFO] [stdout] 
[INFO] [stdout] 
[INFO] [stdout] warning: unused borrow that must be used
[INFO] [stdout]    --> src/main.rs:194:17
[INFO] [stdout]     |
[INFO] [stdout] 194 | /                 &loan[start..end]
[INFO] [stdout] 195 | |                     .chars()
[INFO] [stdout] 196 | |                     .filter(|c| {
[INFO] [stdout] 197 | |                         if n % 2 == 0 {
[INFO] [stdout] ...   |
[INFO] [stdout] 204 | |                         set.insert(c);
[INFO] [stdout] 205 | |                     });
[INFO] [stdout]     | |______________________^
[INFO] [stdout]     |
[INFO] [stdout]     = note: `#[warn(unused_must_use)]` on by default
[INFO] [stdout] 
[INFO] [stdout] 
[INFO] [stdout] warning: unused borrow that must be used
[INFO] [stdout]    --> src/main.rs:209:17
[INFO] [stdout]     |
[INFO] [stdout] 209 | /                 &loan[start..end]
[INFO] [stdout] 210 | |                     .chars()
[INFO] [stdout] 211 | |                     .filter(|c| {
[INFO] [stdout] 212 | |                         if n % 2 == 0 {
[INFO] [stdout] ...   |
[INFO] [stdout] 219 | |                         set.insert(c);
[INFO] [stdout] 220 | |                     });
[INFO] [stdout]     | |______________________^
[INFO] [stdout] 
[INFO] [stdout] 
[INFO] [stdout] warning: 2 warnings emitted
[INFO] [stdout] 
[INFO] [stdout] 
[INFO] [stderr]     Finished dev [unoptimized + debuginfo] target(s) in 57.98s
[INFO] running `Command { std: "docker" "inspect" "c2a3314ada0a9ed11eeb5e72c20ca430c2627d997422b9093f26fc8a4e4a260f", kill_on_drop: false }`
[INFO] running `Command { std: "docker" "rm" "-f" "c2a3314ada0a9ed11eeb5e72c20ca430c2627d997422b9093f26fc8a4e4a260f", kill_on_drop: false }`
[INFO] [stdout] c2a3314ada0a9ed11eeb5e72c20ca430c2627d997422b9093f26fc8a4e4a260f
[INFO] running `Command { std: "docker" "create" "-v" "/var/lib/crater-agent-workspace/builds/worker-91/target:/opt/rustwide/target:rw,Z" "-v" "/var/lib/crater-agent-workspace/builds/worker-91/source:/opt/rustwide/workdir:ro,Z" "-v" "/var/lib/crater-agent-workspace/cargo-home:/opt/rustwide/cargo-home:ro,Z" "-v" "/var/lib/crater-agent-workspace/rustup-home:/opt/rustwide/rustup-home:ro,Z" "-e" "SOURCE_DIR=/opt/rustwide/workdir" "-e" "CARGO_TARGET_DIR=/opt/rustwide/target" "-e" "CARGO_INCREMENTAL=0" "-e" "RUST_BACKTRACE=full" "-e" "RUSTFLAGS=--cap-lints=warn" "-e" "CARGO_HOME=/opt/rustwide/cargo-home" "-e" "RUSTUP_HOME=/opt/rustwide/rustup-home" "-w" "/opt/rustwide/workdir" "-m" "1610612736" "--user" "0:0" "--network" "none" "ghcr.io/rust-lang/crates-build-env/linux@sha256:34b6a614d2c27851fe6cbf88fbd1137609cefab8b10d0615aaeb6fd47975d74e" "/opt/rustwide/cargo-home/bin/cargo" "+beta-2021-08-01" "test" "--frozen" "--no-run" "--message-format=json", kill_on_drop: false }`
[INFO] [stdout] 5971085b0ac23f504b013a48d363778ca38ed3b381e94f2e1c1854333d4bcd19
[INFO] running `Command { std: "docker" "start" "-a" "5971085b0ac23f504b013a48d363778ca38ed3b381e94f2e1c1854333d4bcd19", kill_on_drop: false }`
[INFO] [stdout] warning: unused borrow that must be used
[INFO] [stdout]    --> src/main.rs:194:17
[INFO] [stdout]     |
[INFO] [stdout] 194 | /                 &loan[start..end]
[INFO] [stdout] 195 | |                     .chars()
[INFO] [stdout] 196 | |                     .filter(|c| {
[INFO] [stdout] 197 | |                         if n % 2 == 0 {
[INFO] [stdout] ...   |
[INFO] [stdout] 204 | |                         set.insert(c);
[INFO] [stdout] 205 | |                     });
[INFO] [stdout]     | |______________________^
[INFO] [stdout]     |
[INFO] [stdout]     = note: `#[warn(unused_must_use)]` on by default
[INFO] [stdout] 
[INFO] [stdout] 
[INFO] [stderr]    Compiling wentiay-word-selecter v0.1.0 (/opt/rustwide/workdir)
[INFO] [stdout] warning: unused borrow that must be used
[INFO] [stdout]    --> src/main.rs:209:17
[INFO] [stdout]     |
[INFO] [stdout] 209 | /                 &loan[start..end]
[INFO] [stdout] 210 | |                     .chars()
[INFO] [stdout] 211 | |                     .filter(|c| {
[INFO] [stdout] 212 | |                         if n % 2 == 0 {
[INFO] [stdout] ...   |
[INFO] [stdout] 219 | |                         set.insert(c);
[INFO] [stdout] 220 | |                     });
[INFO] [stdout]     | |______________________^
[INFO] [stdout] 
[INFO] [stdout] 
[INFO] [stdout] warning: 2 warnings emitted
[INFO] [stdout] 
[INFO] [stdout] 
[INFO] [stdout] warning: unused borrow that must be used
[INFO] [stdout]    --> src/main.rs:194:17
[INFO] [stdout]     |
[INFO] [stdout] 194 | /                 &loan[start..end]
[INFO] [stdout] 195 | |                     .chars()
[INFO] [stdout] 196 | |                     .filter(|c| {
[INFO] [stdout] 197 | |                         if n % 2 == 0 {
[INFO] [stdout] ...   |
[INFO] [stdout] 204 | |                         set.insert(c);
[INFO] [stdout] 205 | |                     });
[INFO] [stdout]     | |______________________^
[INFO] [stdout]     |
[INFO] [stdout]     = note: `#[warn(unused_must_use)]` on by default
[INFO] [stdout] 
[INFO] [stdout] 
[INFO] [stdout] warning: unused borrow that must be used
[INFO] [stdout]    --> src/main.rs:209:17
[INFO] [stdout]     |
[INFO] [stdout] 209 | /                 &loan[start..end]
[INFO] [stdout] 210 | |                     .chars()
[INFO] [stdout] 211 | |                     .filter(|c| {
[INFO] [stdout] 212 | |                         if n % 2 == 0 {
[INFO] [stdout] ...   |
[INFO] [stdout] 219 | |                         set.insert(c);
[INFO] [stdout] 220 | |                     });
[INFO] [stdout]     | |______________________^
[INFO] [stdout] 
[INFO] [stdout] 
[INFO] [stdout] warning: unused borrow that must be used
[INFO] [stdout]    --> src/main.rs:194:17
[INFO] [stdout]     |
[INFO] [stdout] 194 | /                 &loan[start..end]
[INFO] [stdout] 195 | |                     .chars()
[INFO] [stdout] 196 | |                     .filter(|c| {
[INFO] [stdout] 197 | |                         if n % 2 == 0 {
[INFO] [stdout] ...   |
[INFO] [stdout] 204 | |                         set.insert(c);
[INFO] [stdout] 205 | |                     });
[INFO] [stdout]     | |______________________^
[INFO] [stdout]     |
[INFO] [stdout]     = note: `#[warn(unused_must_use)]` on by default
[INFO] [stdout] 
[INFO] [stdout] 
[INFO] [stdout] warning: unused borrow that must be used
[INFO] [stdout]    --> src/main.rs:209:17
[INFO] [stdout]     |
[INFO] [stdout] 209 | /                 &loan[start..end]
[INFO] [stdout] 210 | |                     .chars()
[INFO] [stdout] 211 | |                     .filter(|c| {
[INFO] [stdout] 212 | |                         if n % 2 == 0 {
[INFO] [stdout] ...   |
[INFO] [stdout] 219 | |                         set.insert(c);
[INFO] [stdout] 220 | |                     });
[INFO] [stdout]     | |______________________^
[INFO] [stdout] 
[INFO] [stdout] 
[INFO] [stdout] warning: 2 warnings emitted
[INFO] [stdout] 
[INFO] [stdout] 
[INFO] [stdout] warning: 2 warnings emitted
[INFO] [stdout] 
[INFO] [stdout] 
[INFO] [stderr]     Finished test [unoptimized + debuginfo] target(s) in 1.53s
[INFO] running `Command { std: "docker" "inspect" "5971085b0ac23f504b013a48d363778ca38ed3b381e94f2e1c1854333d4bcd19", kill_on_drop: false }`
[INFO] running `Command { std: "docker" "rm" "-f" "5971085b0ac23f504b013a48d363778ca38ed3b381e94f2e1c1854333d4bcd19", kill_on_drop: false }`
[INFO] [stdout] 5971085b0ac23f504b013a48d363778ca38ed3b381e94f2e1c1854333d4bcd19
[INFO] running `Command { std: "docker" "create" "-v" "/var/lib/crater-agent-workspace/builds/worker-91/target:/opt/rustwide/target:rw,Z" "-v" "/var/lib/crater-agent-workspace/builds/worker-91/source:/opt/rustwide/workdir:ro,Z" "-v" "/var/lib/crater-agent-workspace/cargo-home:/opt/rustwide/cargo-home:ro,Z" "-v" "/var/lib/crater-agent-workspace/rustup-home:/opt/rustwide/rustup-home:ro,Z" "-e" "SOURCE_DIR=/opt/rustwide/workdir" "-e" "CARGO_TARGET_DIR=/opt/rustwide/target" "-e" "CARGO_INCREMENTAL=0" "-e" "RUST_BACKTRACE=full" "-e" "RUSTFLAGS=--cap-lints=warn" "-e" "CARGO_HOME=/opt/rustwide/cargo-home" "-e" "RUSTUP_HOME=/opt/rustwide/rustup-home" "-w" "/opt/rustwide/workdir" "-m" "1610612736" "--user" "0:0" "--network" "none" "ghcr.io/rust-lang/crates-build-env/linux@sha256:34b6a614d2c27851fe6cbf88fbd1137609cefab8b10d0615aaeb6fd47975d74e" "/opt/rustwide/cargo-home/bin/cargo" "+beta-2021-08-01" "test" "--frozen", kill_on_drop: false }`
[INFO] [stdout] 1456781556a408ead2809695a074e57917c5fe23b37119a801728747aa3b90b8
[INFO] running `Command { std: "docker" "start" "-a" "1456781556a408ead2809695a074e57917c5fe23b37119a801728747aa3b90b8", kill_on_drop: false }`
[INFO] [stderr] warning: unused borrow that must be used
[INFO] [stderr]    --> src/main.rs:194:17
[INFO] [stderr]     |
[INFO] [stderr] 194 | /                 &loan[start..end]
[INFO] [stderr] 195 | |                     .chars()
[INFO] [stderr] 196 | |                     .filter(|c| {
[INFO] [stderr] 197 | |                         if n % 2 == 0 {
[INFO] [stderr] ...   |
[INFO] [stderr] 204 | |                         set.insert(c);
[INFO] [stderr] 205 | |                     });
[INFO] [stderr]     | |______________________^
[INFO] [stderr]     |
[INFO] [stderr]     = note: `#[warn(unused_must_use)]` on by default
[INFO] [stderr] 
[INFO] [stderr] warning: unused borrow that must be used
[INFO] [stderr]    --> src/main.rs:209:17
[INFO] [stderr]     |
[INFO] [stderr] 209 | /                 &loan[start..end]
[INFO] [stderr] 210 | |                     .chars()
[INFO] [stderr] 211 | |                     .filter(|c| {
[INFO] [stderr] 212 | |                         if n % 2 == 0 {
[INFO] [stderr] ...   |
[INFO] [stderr] 219 | |                         set.insert(c);
[INFO] [stderr] 220 | |                     });
[INFO] [stderr]     | |______________________^
[INFO] [stderr] 
[INFO] [stderr] warning: `wentiay-word-selecter` (lib) generated 2 warnings
[INFO] [stderr] warning: `wentiay-word-selecter` (lib test) generated 2 warnings (2 duplicates)
[INFO] [stderr] warning: `wentiay-word-selecter` (bin "wentiay-word-selecter" test) generated 2 warnings (2 duplicates)
[INFO] [stderr]     Finished test [unoptimized + debuginfo] target(s) in 0.04s
[INFO] [stderr]      Running unittests (/opt/rustwide/target/debug/deps/wentiay_word_selecter-262a5ef6c249baae)
[INFO] [stdout] 
[INFO] [stdout] running 3 tests
[INFO] [stdout] test tests::test_cat_to_latin ... ok
[INFO] [stdout] test tests::test_language_to_latin ... ok
[INFO] [stderr] error: test failed, to rerun pass '--lib'
[INFO] [stdout] test tests::test_cat_to_ipa ... FAILED
[INFO] [stdout] 
[INFO] [stdout] failures:
[INFO] [stdout] 
[INFO] [stdout] ---- tests::test_cat_to_ipa stdout ----
[INFO] [stdout] thread 'tests::test_cat_to_ipa' panicked at 'called `Result::unwrap()` on an `Err` value: Os { code: 2, kind: NotFound, message: "No such file or directory" }', src/loan.rs:20:51
[INFO] [stdout] stack backtrace:
[INFO] [stdout]    0:     0x55fc4730ff90 - std::backtrace_rs::backtrace::libunwind::trace::hff4d1766e93f64f1
[INFO] [stdout]                                at /rustc/53fd98ca776cb875bc9e5514f56b52eb74f9e7a9/library/std/src/../../backtrace/src/backtrace/libunwind.rs:90:5
[INFO] [stdout]    1:     0x55fc4730ff90 - std::backtrace_rs::backtrace::trace_unsynchronized::h56bbc8eb78770bcb
[INFO] [stdout]                                at /rustc/53fd98ca776cb875bc9e5514f56b52eb74f9e7a9/library/std/src/../../backtrace/src/backtrace/mod.rs:66:5
[INFO] [stdout]    2:     0x55fc4730ff90 - std::sys_common::backtrace::_print_fmt::h5c8e75464faca780
[INFO] [stdout]                                at /rustc/53fd98ca776cb875bc9e5514f56b52eb74f9e7a9/library/std/src/sys_common/backtrace.rs:67:5
[INFO] [stdout]    3:     0x55fc4730ff90 - <std::sys_common::backtrace::_print::DisplayBacktrace as core::fmt::Display>::fmt::h48b88277def8b362
[INFO] [stdout]                                at /rustc/53fd98ca776cb875bc9e5514f56b52eb74f9e7a9/library/std/src/sys_common/backtrace.rs:46:22
[INFO] [stdout]    4:     0x55fc4733275c - core::fmt::write::h3381b3176fe2b3d3
[INFO] [stdout]                                at /rustc/53fd98ca776cb875bc9e5514f56b52eb74f9e7a9/library/core/src/fmt/mod.rs:1115:17
[INFO] [stdout]    5:     0x55fc4730cef5 - std::io::Write::write_fmt::h5f34a676f60246b5
[INFO] [stdout]                                at /rustc/53fd98ca776cb875bc9e5514f56b52eb74f9e7a9/library/std/src/io/mod.rs:1665:15
[INFO] [stdout]    6:     0x55fc4731210b - std::sys_common::backtrace::_print::ha537687d6c17dd0d
[INFO] [stdout]                                at /rustc/53fd98ca776cb875bc9e5514f56b52eb74f9e7a9/library/std/src/sys_common/backtrace.rs:49:5
[INFO] [stdout]    7:     0x55fc4731210b - std::sys_common::backtrace::print::h61376ae57d131d72
[INFO] [stdout]                                at /rustc/53fd98ca776cb875bc9e5514f56b52eb74f9e7a9/library/std/src/sys_common/backtrace.rs:36:9
[INFO] [stdout]    8:     0x55fc4731210b - std::panicking::default_hook::{{closure}}::h0f7208c0b9644a54
[INFO] [stdout]                                at /rustc/53fd98ca776cb875bc9e5514f56b52eb74f9e7a9/library/std/src/panicking.rs:208:50
[INFO] [stdout]    9:     0x55fc47311c1c - std::panicking::default_hook::hdac7fc06578c14ce
[INFO] [stdout]                                at /rustc/53fd98ca776cb875bc9e5514f56b52eb74f9e7a9/library/std/src/panicking.rs:222:9
[INFO] [stdout]   10:     0x55fc473127d4 - std::panicking::rust_panic_with_hook::h72b21c283da3d1ef
[INFO] [stdout]                                at /rustc/53fd98ca776cb875bc9e5514f56b52eb74f9e7a9/library/std/src/panicking.rs:622:17
[INFO] [stdout]   11:     0x55fc473122b7 - std::panicking::begin_panic_handler::{{closure}}::he5778f1729cff84a
[INFO] [stdout]                                at /rustc/53fd98ca776cb875bc9e5514f56b52eb74f9e7a9/library/std/src/panicking.rs:519:13
[INFO] [stdout]   12:     0x55fc4731046c - std::sys_common::backtrace::__rust_end_short_backtrace::h2d11ca8b453b4b1d
[INFO] [stdout]                                at /rustc/53fd98ca776cb875bc9e5514f56b52eb74f9e7a9/library/std/src/sys_common/backtrace.rs:141:18
[INFO] [stdout]   13:     0x55fc47312219 - rust_begin_unwind
[INFO] [stdout]                                at /rustc/53fd98ca776cb875bc9e5514f56b52eb74f9e7a9/library/std/src/panicking.rs:515:5
[INFO] [stdout]   14:     0x55fc4729d431 - core::panicking::panic_fmt::hf9de31d4acbce4db
[INFO] [stdout]                                at /rustc/53fd98ca776cb875bc9e5514f56b52eb74f9e7a9/library/core/src/panicking.rs:92:14
[INFO] [stdout]   15:     0x55fc4729d523 - core::result::unwrap_failed::ha0c84e81219e5878
[INFO] [stdout]                                at /rustc/53fd98ca776cb875bc9e5514f56b52eb74f9e7a9/library/core/src/result.rs:1599:5
[INFO] [stdout]   16:     0x55fc472a9634 - core::result::Result<T,E>::unwrap::hdc55fceb3392be55
[INFO] [stdout]                                at /rustc/53fd98ca776cb875bc9e5514f56b52eb74f9e7a9/library/core/src/result.rs:1281:23
[INFO] [stdout]   17:     0x55fc472a4b37 - wentiay_word_selecter::loan::to_ipa::hf912afc731e310d3
[INFO] [stdout]                                at /opt/rustwide/workdir/src/loan.rs:20:22
[INFO] [stdout]   18:     0x55fc472b47dd - wentiay_word_selecter::tests::test_cat_to_ipa::hcf369c54062f01a3
[INFO] [stdout]                                at /opt/rustwide/workdir/src/lib.rs:41:30
[INFO] [stdout]   19:     0x55fc472b479a - wentiay_word_selecter::tests::test_cat_to_ipa::{{closure}}::h14042c3604768e89
[INFO] [stdout]                                at /opt/rustwide/workdir/src/lib.rs:40:5
[INFO] [stdout]   20:     0x55fc472ae39e - core::ops::function::FnOnce::call_once::he9f2c5fa99592881
[INFO] [stdout]                                at /rustc/53fd98ca776cb875bc9e5514f56b52eb74f9e7a9/library/core/src/ops/function.rs:227:5
[INFO] [stdout]   21:     0x55fc472f27b3 - core::ops::function::FnOnce::call_once::hbb52c4519d3137b0
[INFO] [stdout]                                at /rustc/53fd98ca776cb875bc9e5514f56b52eb74f9e7a9/library/core/src/ops/function.rs:227:5
[INFO] [stdout]   22:     0x55fc472f27b3 - test::__rust_begin_short_backtrace::h86fe3a2a5a5121af
[INFO] [stdout]                                at /rustc/53fd98ca776cb875bc9e5514f56b52eb74f9e7a9/library/test/src/lib.rs:578:5
[INFO] [stdout]   23:     0x55fc472f1268 - <alloc::boxed::Box<F,A> as core::ops::function::FnOnce<Args>>::call_once::hfd956bc3d57399be
[INFO] [stdout]                                at /rustc/53fd98ca776cb875bc9e5514f56b52eb74f9e7a9/library/alloc/src/boxed.rs:1572:9
[INFO] [stdout]   24:     0x55fc472f1268 - <std::panic::AssertUnwindSafe<F> as core::ops::function::FnOnce<()>>::call_once::h40dc93e0ddb5938a
[INFO] [stdout]                                at /rustc/53fd98ca776cb875bc9e5514f56b52eb74f9e7a9/library/std/src/panic.rs:347:9
[INFO] [stdout]   25:     0x55fc472f1268 - std::panicking::try::do_call::h90d07750cb47c562
[INFO] [stdout]                                at /rustc/53fd98ca776cb875bc9e5514f56b52eb74f9e7a9/library/std/src/panicking.rs:401:40
[INFO] [stdout]   26:     0x55fc472f1268 - std::panicking::try::h063c84733ad2a629
[INFO] [stdout]                                at /rustc/53fd98ca776cb875bc9e5514f56b52eb74f9e7a9/library/std/src/panicking.rs:365:19
[INFO] [stdout]   27:     0x55fc472f1268 - std::panic::catch_unwind::h0c464836a84e7c08
[INFO] [stdout]                                at /rustc/53fd98ca776cb875bc9e5514f56b52eb74f9e7a9/library/std/src/panic.rs:434:14
[INFO] [stdout]   28:     0x55fc472f1268 - test::run_test_in_process::h5cb06ef620b157fc
[INFO] [stdout]                                at /rustc/53fd98ca776cb875bc9e5514f56b52eb74f9e7a9/library/test/src/lib.rs:601:18
[INFO] [stdout]   29:     0x55fc472f1268 - test::run_test::run_test_inner::{{closure}}::h76f677f4b93f9828
[INFO] [stdout]                                at /rustc/53fd98ca776cb875bc9e5514f56b52eb74f9e7a9/library/test/src/lib.rs:493:39
[INFO] [stdout]   30:     0x55fc472bf9fd - test::run_test::run_test_inner::{{closure}}::h366d01fe04f4d67a
[INFO] [stdout]                                at /rustc/53fd98ca776cb875bc9e5514f56b52eb74f9e7a9/library/test/src/lib.rs:520:37
[INFO] [stdout]   31:     0x55fc472bf9fd - std::sys_common::backtrace::__rust_begin_short_backtrace::h7dfa0de4eb395af2
[INFO] [stdout]                                at /rustc/53fd98ca776cb875bc9e5514f56b52eb74f9e7a9/library/std/src/sys_common/backtrace.rs:125:18
[INFO] [stdout]   32:     0x55fc472c41c8 - std::thread::Builder::spawn_unchecked::{{closure}}::{{closure}}::hf0a74bb58798037f
[INFO] [stdout]                                at /rustc/53fd98ca776cb875bc9e5514f56b52eb74f9e7a9/library/std/src/thread/mod.rs:476:17
[INFO] [stdout]   33:     0x55fc472c41c8 - <std::panic::AssertUnwindSafe<F> as core::ops::function::FnOnce<()>>::call_once::hb024e854818586ac
[INFO] [stdout]                                at /rustc/53fd98ca776cb875bc9e5514f56b52eb74f9e7a9/library/std/src/panic.rs:347:9
[INFO] [stdout]   34:     0x55fc472c41c8 - std::panicking::try::do_call::hb2dd9f1d0d48e41d
[INFO] [stdout]                                at /rustc/53fd98ca776cb875bc9e5514f56b52eb74f9e7a9/library/std/src/panicking.rs:401:40
[INFO] [stdout]   35:     0x55fc472c41c8 - std::panicking::try::h4717ae7bac8b2bf3
[INFO] [stdout]                                at /rustc/53fd98ca776cb875bc9e5514f56b52eb74f9e7a9/library/std/src/panicking.rs:365:19
[INFO] [stdout]   36:     0x55fc472c41c8 - std::panic::catch_unwind::h0dc8a061326ce8d8
[INFO] [stdout]                                at /rustc/53fd98ca776cb875bc9e5514f56b52eb74f9e7a9/library/std/src/panic.rs:434:14
[INFO] [stdout]   37:     0x55fc472c41c8 - std::thread::Builder::spawn_unchecked::{{closure}}::haa369e2d6fd00aa1
[INFO] [stdout]                                at /rustc/53fd98ca776cb875bc9e5514f56b52eb74f9e7a9/library/std/src/thread/mod.rs:475:30
[INFO] [stdout]   38:     0x55fc472c41c8 - core::ops::function::FnOnce::call_once{{vtable.shim}}::h36dcf3de8b056f17
[INFO] [stdout]                                at /rustc/53fd98ca776cb875bc9e5514f56b52eb74f9e7a9/library/core/src/ops/function.rs:227:5
[INFO] [stdout]   39:     0x55fc47317347 - <alloc::boxed::Box<F,A> as core::ops::function::FnOnce<Args>>::call_once::h65c29e4642be2358
[INFO] [stdout]                                at /rustc/53fd98ca776cb875bc9e5514f56b52eb74f9e7a9/library/alloc/src/boxed.rs:1572:9
[INFO] [stdout]   40:     0x55fc47317347 - <alloc::boxed::Box<F,A> as core::ops::function::FnOnce<Args>>::call_once::hd0f8f7fbbd9fffbf
[INFO] [stdout]                                at /rustc/53fd98ca776cb875bc9e5514f56b52eb74f9e7a9/library/alloc/src/boxed.rs:1572:9
[INFO] [stdout]   41:     0x55fc47317347 - std::sys::unix::thread::Thread::new::thread_start::h2fd22fee3ca77b65
[INFO] [stdout]                                at /rustc/53fd98ca776cb875bc9e5514f56b52eb74f9e7a9/library/std/src/sys/unix/thread.rs:74:17
[INFO] [stdout]   42:     0x7fd85723e609 - start_thread
[INFO] [stdout]   43:     0x7fd857010293 - clone
[INFO] [stdout]   44:                0x0 - <unknown>
[INFO] [stdout] 
[INFO] [stdout] 
[INFO] [stdout] failures:
[INFO] [stdout]     tests::test_cat_to_ipa
[INFO] [stdout] 
[INFO] [stdout] test result: FAILED. 2 passed; 1 failed; 0 ignored; 0 measured; 0 filtered out; finished in 0.02s
[INFO] [stdout] 
[INFO] running `Command { std: "docker" "inspect" "1456781556a408ead2809695a074e57917c5fe23b37119a801728747aa3b90b8", kill_on_drop: false }`
[INFO] running `Command { std: "docker" "rm" "-f" "1456781556a408ead2809695a074e57917c5fe23b37119a801728747aa3b90b8", kill_on_drop: false }`
[INFO] [stdout] 1456781556a408ead2809695a074e57917c5fe23b37119a801728747aa3b90b8
