[INFO] cloning repository https://github.com/simoin/magnetite
[INFO] running `Command { std: "git" "-c" "credential.helper=" "-c" "credential.helper=/workspace/cargo-home/bin/git-credential-null" "clone" "--bare" "https://github.com/simoin/magnetite" "/workspace/cache/git-repos/https%3A%2F%2Fgithub.com%2Fsimoin%2Fmagnetite", kill_on_drop: false }`
[INFO] [stderr] Cloning into bare repository '/workspace/cache/git-repos/https%3A%2F%2Fgithub.com%2Fsimoin%2Fmagnetite'...
[INFO] running `Command { std: "git" "rev-parse" "HEAD", kill_on_drop: false }`
[INFO] [stdout] 6fe138bf47541dd4b25b41552748ff2b77e81e78
[INFO] testing simoin/magnetite against 1.54.0 for beta-1.55-1
[INFO] running `Command { std: "git" "clone" "/workspace/cache/git-repos/https%3A%2F%2Fgithub.com%2Fsimoin%2Fmagnetite" "/workspace/builds/worker-16/source", kill_on_drop: false }`
[INFO] [stderr] Cloning into '/workspace/builds/worker-16/source'...
[INFO] [stderr] done.
[INFO] validating manifest of git repo https://github.com/simoin/magnetite on toolchain 1.54.0
[INFO] running `Command { std: "/workspace/cargo-home/bin/cargo" "+1.54.0" "metadata" "--manifest-path" "Cargo.toml" "--no-deps", kill_on_drop: false }`
[INFO] started tweaking git repo https://github.com/simoin/magnetite
[INFO] finished tweaking git repo https://github.com/simoin/magnetite
[INFO] tweaked toml for git repo https://github.com/simoin/magnetite written to /workspace/builds/worker-16/source/Cargo.toml
[INFO] crate git repo https://github.com/simoin/magnetite already has a lockfile, it will not be regenerated
[INFO] running `Command { std: "/workspace/cargo-home/bin/cargo" "+1.54.0" "fetch" "--manifest-path" "Cargo.toml", kill_on_drop: false }`
[INFO] [stderr]     Blocking waiting for file lock on package cache
[INFO] [stderr]     Blocking waiting for file lock on package cache
[INFO] running `Command { std: "docker" "create" "-v" "/var/lib/crater-agent-workspace/builds/worker-16/target:/opt/rustwide/target:rw,Z" "-v" "/var/lib/crater-agent-workspace/builds/worker-16/source:/opt/rustwide/workdir:ro,Z" "-v" "/var/lib/crater-agent-workspace/cargo-home:/opt/rustwide/cargo-home:ro,Z" "-v" "/var/lib/crater-agent-workspace/rustup-home:/opt/rustwide/rustup-home:ro,Z" "-e" "SOURCE_DIR=/opt/rustwide/workdir" "-e" "CARGO_TARGET_DIR=/opt/rustwide/target" "-e" "CARGO_HOME=/opt/rustwide/cargo-home" "-e" "RUSTUP_HOME=/opt/rustwide/rustup-home" "-w" "/opt/rustwide/workdir" "-m" "1610612736" "--user" "0:0" "--network" "none" "ghcr.io/rust-lang/crates-build-env/linux@sha256:34b6a614d2c27851fe6cbf88fbd1137609cefab8b10d0615aaeb6fd47975d74e" "/opt/rustwide/cargo-home/bin/cargo" "+1.54.0" "metadata" "--no-deps" "--format-version=1", kill_on_drop: false }`
[INFO] [stdout] 9f7a15ad15a56fb6b358c3a382c99a07bb86b2a10a2093c7fe82aa044c157299
[INFO] running `Command { std: "docker" "start" "-a" "9f7a15ad15a56fb6b358c3a382c99a07bb86b2a10a2093c7fe82aa044c157299", kill_on_drop: false }`
[INFO] running `Command { std: "docker" "inspect" "9f7a15ad15a56fb6b358c3a382c99a07bb86b2a10a2093c7fe82aa044c157299", kill_on_drop: false }`
[INFO] running `Command { std: "docker" "rm" "-f" "9f7a15ad15a56fb6b358c3a382c99a07bb86b2a10a2093c7fe82aa044c157299", kill_on_drop: false }`
[INFO] [stdout] 9f7a15ad15a56fb6b358c3a382c99a07bb86b2a10a2093c7fe82aa044c157299
[INFO] running `Command { std: "docker" "create" "-v" "/var/lib/crater-agent-workspace/builds/worker-16/target:/opt/rustwide/target:rw,Z" "-v" "/var/lib/crater-agent-workspace/builds/worker-16/source:/opt/rustwide/workdir:ro,Z" "-v" "/var/lib/crater-agent-workspace/cargo-home:/opt/rustwide/cargo-home:ro,Z" "-v" "/var/lib/crater-agent-workspace/rustup-home:/opt/rustwide/rustup-home:ro,Z" "-e" "SOURCE_DIR=/opt/rustwide/workdir" "-e" "CARGO_TARGET_DIR=/opt/rustwide/target" "-e" "CARGO_INCREMENTAL=0" "-e" "RUST_BACKTRACE=full" "-e" "RUSTFLAGS=--cap-lints=warn" "-e" "CARGO_HOME=/opt/rustwide/cargo-home" "-e" "RUSTUP_HOME=/opt/rustwide/rustup-home" "-w" "/opt/rustwide/workdir" "-m" "1610612736" "--user" "0:0" "--network" "none" "ghcr.io/rust-lang/crates-build-env/linux@sha256:34b6a614d2c27851fe6cbf88fbd1137609cefab8b10d0615aaeb6fd47975d74e" "/opt/rustwide/cargo-home/bin/cargo" "+1.54.0" "build" "--frozen" "--message-format=json", kill_on_drop: false }`
[INFO] [stdout] e4be426255114f36a8354fdfb5464b4aca19f2aad13e8083e680e61c0296b93a
[INFO] running `Command { std: "docker" "start" "-a" "e4be426255114f36a8354fdfb5464b4aca19f2aad13e8083e680e61c0296b93a", kill_on_drop: false }`
[INFO] [stderr]    Compiling proc-macro2 v1.0.27
[INFO] [stderr]    Compiling unicode-xid v0.2.2
[INFO] [stderr]    Compiling syn v1.0.72
[INFO] [stderr]    Compiling libc v0.2.95
[INFO] [stderr]    Compiling version_check v0.9.3
[INFO] [stderr]    Compiling memchr v2.4.0
[INFO] [stderr]    Compiling pin-project-lite v0.2.6
[INFO] [stderr]    Compiling proc-macro-hack v0.5.19
[INFO] [stderr]    Compiling futures-core v0.3.15
[INFO] [stderr]    Compiling bytes v1.0.1
[INFO] [stderr]    Compiling once_cell v1.7.2
[INFO] [stderr]    Compiling fnv v1.0.7
[INFO] [stderr]    Compiling serde_derive v1.0.126
[INFO] [stderr]    Compiling cc v1.0.68
[INFO] [stderr]    Compiling futures-sink v0.3.15
[INFO] [stderr]    Compiling serde v1.0.126
[INFO] [stderr]    Compiling futures-task v0.3.15
[INFO] [stderr]    Compiling proc-macro-nested v0.1.7
[INFO] [stderr]    Compiling futures-channel v0.3.15
[INFO] [stderr]    Compiling slab v0.4.3
[INFO] [stderr]    Compiling pin-utils v0.1.0
[INFO] [stderr]    Compiling futures-io v0.3.15
[INFO] [stderr]    Compiling percent-encoding v2.1.0
[INFO] [stderr]    Compiling matches v0.1.8
[INFO] [stderr]    Compiling const_fn v0.4.8
[INFO] [stderr]    Compiling tinyvec_macros v0.1.0
[INFO] [stderr]    Compiling typenum v1.13.0
[INFO] [stderr]    Compiling encoding_rs v0.8.28
[INFO] [stderr]    Compiling httparse v1.4.1
[INFO] [stderr]    Compiling openssl v0.10.34
[INFO] [stderr]    Compiling strsim v0.9.3
[INFO] [stderr]    Compiling native-tls v0.2.7
[INFO] [stderr]    Compiling local-waker v0.1.1
[INFO] [stderr]    Compiling ident_case v1.0.1
[INFO] [stderr]    Compiling paste v1.0.5
[INFO] [stderr]    Compiling openssl-probe v0.1.4
[INFO] [stderr]    Compiling serde_json v1.0.64
[INFO] [stderr]    Compiling convert_case v0.4.0
[INFO] [stderr]    Compiling crossbeam-utils v0.8.5
[INFO] [stderr]    Compiling adler v1.0.2
[INFO] [stderr]    Compiling mime v0.3.16
[INFO] [stderr]    Compiling derive_builder v0.9.0
[INFO] [stderr]    Compiling async-trait v0.1.50
[INFO] [stderr]    Compiling cpufeatures v0.1.4
[INFO] [stderr]    Compiling try-lock v0.2.3
[INFO] [stderr]    Compiling httpdate v1.0.1
[INFO] [stderr]    Compiling lexical-core v0.7.6
[INFO] [stderr]    Compiling language-tags v0.2.2
[INFO] [stderr]    Compiling tower-service v0.3.1
[INFO] [stderr]    Compiling sha1 v0.6.0
[INFO] [stderr]    Compiling arc-swap v1.3.0
[INFO] [stderr]    Compiling static_assertions v1.1.0
[INFO] [stderr]    Compiling dtoa v0.4.8
[INFO] [stderr]    Compiling arrayvec v0.5.2
[INFO] [stderr]    Compiling either v1.6.1
[INFO] [stderr]    Compiling instant v0.1.9
[INFO] [stderr]    Compiling lock_api v0.4.4
[INFO] [stderr]    Compiling tokio v1.6.1
[INFO] [stderr]    Compiling futures-macro v0.3.15
[INFO] [stderr]    Compiling futures-util v0.3.15
[INFO] [stderr]    Compiling indexmap v1.6.2
[INFO] [stderr]    Compiling tracing-core v0.1.18
[INFO] [stderr]    Compiling miniz_oxide v0.4.4
[INFO] [stderr]    Compiling libxml v0.3.0
[INFO] [stderr]    Compiling heck v0.3.3
[INFO] [stderr]    Compiling textwrap v0.11.0
[INFO] [stderr]    Compiling form_urlencoded v1.0.1
[INFO] [stderr]    Compiling unicode-bidi v0.3.5
[INFO] [stderr]    Compiling tinyvec v1.2.0
[INFO] [stderr]    Compiling standback v0.2.17
[INFO] [stderr]    Compiling time v0.2.26
[INFO] [stderr]    Compiling generic-array v0.14.4
[INFO] [stderr]    Compiling ahash v0.7.4
[INFO] [stderr]    Compiling cookie v0.15.0
[INFO] [stderr]    Compiling cookie v0.14.4
[INFO] [stderr]    Compiling proc-macro-error-attr v1.0.4
[INFO] [stderr]    Compiling proc-macro-error v1.0.4
[INFO] [stderr]    Compiling nom v5.1.2
[INFO] [stderr]    Compiling want v0.3.0
[INFO] [stderr]    Compiling actix-utils v3.0.0
[INFO] [stderr]    Compiling http v0.2.4
[INFO] [stderr]    Compiling bytestring v1.0.0
[INFO] [stderr]    Compiling actix-service v2.0.0
[INFO] [stderr]    Compiling tracing v0.1.26
[INFO] [stderr]    Compiling parking_lot_core v0.8.3
[INFO] [stderr]    Compiling mio v0.7.11
[INFO] [stderr]    Compiling signal-hook-registry v1.4.0
[INFO] [stderr]    Compiling getrandom v0.2.3
[INFO] [stderr]    Compiling time v0.1.43
[INFO] [stderr]    Compiling socket2 v0.4.0
[INFO] [stderr]    Compiling num_cpus v1.13.0
[INFO] [stderr]    Compiling atty v0.2.14
[INFO] [stderr]    Compiling dirs-sys v0.3.6
[INFO] [stderr]    Compiling aho-corasick v0.7.18
[INFO] [stderr]    Compiling quote v1.0.9
[INFO] [stderr]    Compiling quick-xml v0.20.0
[INFO] [stderr]    Compiling unicode-normalization v0.1.19
[INFO] [stderr]    Compiling clap v2.33.3
[INFO] [stderr]    Compiling colored v1.9.3
[INFO] [stderr]    Compiling rand_core v0.6.2
[INFO] [stderr]    Compiling openssl-sys v0.9.63
[INFO] [stderr]    Compiling brotli-sys v0.3.2
[INFO] [stderr]    Compiling directories v3.0.2
[INFO] [stderr]    Compiling dashmap v4.0.2
[INFO] [stderr]    Compiling parking_lot v0.11.1
[INFO] [stderr]    Compiling rand_chacha v0.3.0
[INFO] [stderr]    Compiling crossbeam-channel v0.5.1
[INFO] [stderr]    Compiling digest v0.9.0
[INFO] [stderr]    Compiling block-buffer v0.9.0
[INFO] [stderr]    Compiling rand v0.8.3
[INFO] [stderr]    Compiling flate2 v1.0.20
[INFO] [stderr]    Compiling idna v0.2.3
[INFO] [stderr]    Compiling sha-1 v0.9.6
[INFO] [stderr]    Compiling regex v1.5.4
[INFO] [stderr]    Compiling url v2.2.2
[INFO] [stderr]    Compiling publicsuffix v1.5.6
[INFO] [stderr]    Compiling ajson v0.2.4
[INFO] [stderr]    Compiling tokio-util v0.6.7
[INFO] [stderr]    Compiling http-body v0.4.2
[INFO] [stderr]    Compiling darling_core v0.10.2
[INFO] [stderr]    Compiling actix-codec v0.4.0
[INFO] [stderr]    Compiling time-macros-impl v0.1.1
[INFO] [stderr]    Compiling actix-macros v0.2.0
[INFO] [stderr]    Compiling pin-project-internal v1.0.7
[INFO] [stderr]    Compiling derive_more v0.99.14
[INFO] [stderr]    Compiling actix-web-codegen v0.5.0-beta.2
[INFO] [stderr]    Compiling actix_derive v0.6.0
[INFO] [stderr]    Compiling thiserror-impl v1.0.25
[INFO] [stderr]    Compiling structopt-derive v0.4.14
[INFO] [stderr]    Compiling tokio-native-tls v0.3.0
[INFO] [stderr]    Compiling darling_macro v0.10.2
[INFO] [stderr]    Compiling actix-rt v2.2.0
[INFO] [stderr]    Compiling time-macros v0.1.1
[INFO] [stderr]    Compiling darling v0.10.2
[INFO] [stderr]    Compiling derive_builder_core v0.9.0
[INFO] [stderr]    Compiling actix-server v2.0.0-beta.5
[INFO] [stderr]    Compiling thiserror v1.0.25
[INFO] [stderr]    Compiling pin-project v1.0.7
[INFO] [stderr]    Compiling brotli2 v0.3.2
[INFO] [stderr]    Compiling structopt v0.3.21
[INFO] [stderr]    Compiling actix-tls v3.0.0-beta.5
[INFO] [stderr]    Compiling h2 v0.3.3
[INFO] [stderr]    Compiling futures-executor v0.3.15
[INFO] [stderr]    Compiling local-channel v0.1.2
[INFO] [stderr]    Compiling combine v4.5.2
[INFO] [stderr]    Compiling actix v0.11.1
[INFO] [stderr]    Compiling futures v0.3.15
[INFO] [stderr]    Compiling chrono v0.4.19
[INFO] [stderr]    Compiling serde_urlencoded v0.7.0
[INFO] [stderr]    Compiling actix-router v0.2.7
[INFO] [stderr]    Compiling actix-http v3.0.0-beta.6
[INFO] [stderr]    Compiling toml v0.5.8
[INFO] [stderr]    Compiling hyper v0.14.8
[INFO] [stderr]    Compiling diligent-date-parser v0.1.2
[INFO] [stderr]    Compiling simple_logger v1.11.0
[INFO] [stderr]    Compiling cookie_store v0.12.0
[INFO] [stderr]    Compiling config v0.11.0
[INFO] [stderr]    Compiling atom_syndication v0.9.1
[INFO] [stderr]    Compiling rss v1.10.0
[INFO] [stderr]    Compiling actix-web v4.0.0-beta.6
[INFO] [stderr]    Compiling redis v0.20.1
[INFO] [stderr]    Compiling hyper-tls v0.5.0
[INFO] [stderr]    Compiling reqwest v0.11.3
[INFO] [stderr]    Compiling magnetite_cache v0.1.0 (/opt/rustwide/workdir/magnetite_cache)
[INFO] [stdout] warning: associated function is never used: `with_capacity`
[INFO] [stdout]   --> magnetite_cache/src/store/dashmap.rs:43:12
[INFO] [stdout]    |
[INFO] [stdout] 43 |     pub fn with_capacity(capacity: usize) -> Self {
[INFO] [stdout]    |            ^^^^^^^^^^^^^
[INFO] [stdout]    |
[INFO] [stdout]    = note: `#[warn(dead_code)]` on by default
[INFO] [stdout] 
[INFO] [stdout] 
[INFO] [stdout] warning: associated function is never used: `expire`
[INFO] [stdout]   --> magnetite_cache/src/store/dashmap.rs:50:12
[INFO] [stdout]    |
[INFO] [stdout] 50 |     pub fn expire(mut self, expire: i64) -> Self {
[INFO] [stdout]    |            ^^^^^^
[INFO] [stdout] 
[INFO] [stdout] 
[INFO] [stdout] warning: associated function is never used: `start_default`
[INFO] [stdout]   --> magnetite_cache/src/store/dashmap.rs:55:12
[INFO] [stdout]    |
[INFO] [stdout] 55 |     pub fn start_default(threads: usize) -> Addr<Self> {
[INFO] [stdout]    |            ^^^^^^^^^^^^^
[INFO] [stdout] 
[INFO] [stdout] 
[INFO] [stdout] warning: associated function is never used: `connect`
[INFO] [stdout]   --> magnetite_cache/src/store/redis.rs:62:18
[INFO] [stdout]    |
[INFO] [stdout] 62 |     pub async fn connect<T: IntoConnectionInfo>(conn_info: T) -> Result<Self> {
[INFO] [stdout]    |                  ^^^^^^^
[INFO] [stdout] 
[INFO] [stdout] 
[INFO] [stderr]    Compiling magnetite_core v0.1.0 (/opt/rustwide/workdir/magnetite_core)
[INFO] [stdout] warning: unused imports: `error`, `info`
[INFO] [stdout]  --> magnetite_core/src/sites/gcores.rs:3:18
[INFO] [stdout]   |
[INFO] [stdout] 3 | use log::{debug, error, info};
[INFO] [stdout]   |                  ^^^^^  ^^^^
[INFO] [stdout]   |
[INFO] [stdout]   = note: `#[warn(unused_imports)]` on by default
[INFO] [stdout] 
[INFO] [stdout] 
[INFO] [stdout] warning: 4 warnings emitted
[INFO] [stdout] 
[INFO] [stdout] 
[INFO] [stdout] warning: 1 warning emitted
[INFO] [stdout] 
[INFO] [stdout] 
[INFO] [stderr]    Compiling magnetite_bin v0.1.0 (/opt/rustwide/workdir/magnetite_bin)
[INFO] [stderr]     Finished dev [unoptimized + debuginfo] target(s) in 1m 08s
[INFO] running `Command { std: "docker" "inspect" "e4be426255114f36a8354fdfb5464b4aca19f2aad13e8083e680e61c0296b93a", kill_on_drop: false }`
[INFO] running `Command { std: "docker" "rm" "-f" "e4be426255114f36a8354fdfb5464b4aca19f2aad13e8083e680e61c0296b93a", kill_on_drop: false }`
[INFO] [stdout] e4be426255114f36a8354fdfb5464b4aca19f2aad13e8083e680e61c0296b93a
[INFO] running `Command { std: "docker" "create" "-v" "/var/lib/crater-agent-workspace/builds/worker-16/target:/opt/rustwide/target:rw,Z" "-v" "/var/lib/crater-agent-workspace/builds/worker-16/source:/opt/rustwide/workdir:ro,Z" "-v" "/var/lib/crater-agent-workspace/cargo-home:/opt/rustwide/cargo-home:ro,Z" "-v" "/var/lib/crater-agent-workspace/rustup-home:/opt/rustwide/rustup-home:ro,Z" "-e" "SOURCE_DIR=/opt/rustwide/workdir" "-e" "CARGO_TARGET_DIR=/opt/rustwide/target" "-e" "CARGO_INCREMENTAL=0" "-e" "RUST_BACKTRACE=full" "-e" "RUSTFLAGS=--cap-lints=warn" "-e" "CARGO_HOME=/opt/rustwide/cargo-home" "-e" "RUSTUP_HOME=/opt/rustwide/rustup-home" "-w" "/opt/rustwide/workdir" "-m" "1610612736" "--user" "0:0" "--network" "none" "ghcr.io/rust-lang/crates-build-env/linux@sha256:34b6a614d2c27851fe6cbf88fbd1137609cefab8b10d0615aaeb6fd47975d74e" "/opt/rustwide/cargo-home/bin/cargo" "+1.54.0" "test" "--frozen" "--no-run" "--message-format=json", kill_on_drop: false }`
[INFO] [stdout] 78088e9dde94dc2e3aff396895f44a41df201ec9d988060053ea166d27fb1bf3
[INFO] running `Command { std: "docker" "start" "-a" "78088e9dde94dc2e3aff396895f44a41df201ec9d988060053ea166d27fb1bf3", kill_on_drop: false }`
[INFO] [stderr]    Compiling magnetite_cache v0.1.0 (/opt/rustwide/workdir/magnetite_cache)
[INFO] [stdout] warning: associated function is never used: `with_capacity`
[INFO] [stdout]   --> magnetite_cache/src/store/dashmap.rs:43:12
[INFO] [stdout]    |
[INFO] [stdout] 43 |     pub fn with_capacity(capacity: usize) -> Self {
[INFO] [stdout]    |            ^^^^^^^^^^^^^
[INFO] [stdout]    |
[INFO] [stdout]    = note: `#[warn(dead_code)]` on by default
[INFO] [stdout] 
[INFO] [stdout] 
[INFO] [stdout] warning: associated function is never used: `expire`
[INFO] [stdout]   --> magnetite_cache/src/store/dashmap.rs:50:12
[INFO] [stdout]    |
[INFO] [stdout] 50 |     pub fn expire(mut self, expire: i64) -> Self {
[INFO] [stdout]    |            ^^^^^^
[INFO] [stdout] 
[INFO] [stdout] 
[INFO] [stdout] warning: associated function is never used: `start_default`
[INFO] [stdout]   --> magnetite_cache/src/store/dashmap.rs:55:12
[INFO] [stdout]    |
[INFO] [stdout] 55 |     pub fn start_default(threads: usize) -> Addr<Self> {
[INFO] [stdout]    |            ^^^^^^^^^^^^^
[INFO] [stdout] 
[INFO] [stdout] 
[INFO] [stdout] warning: associated function is never used: `connect`
[INFO] [stdout]   --> magnetite_cache/src/store/redis.rs:62:18
[INFO] [stdout]    |
[INFO] [stdout] 62 |     pub async fn connect<T: IntoConnectionInfo>(conn_info: T) -> Result<Self> {
[INFO] [stdout]    |                  ^^^^^^^
[INFO] [stdout] 
[INFO] [stdout] 
[INFO] [stdout] warning: 4 warnings emitted
[INFO] [stdout] 
[INFO] [stdout] 
[INFO] [stderr]    Compiling magnetite_core v0.1.0 (/opt/rustwide/workdir/magnetite_core)
[INFO] [stdout] warning: unused imports: `error`, `info`
[INFO] [stdout]  --> magnetite_core/src/sites/gcores.rs:3:18
[INFO] [stdout]   |
[INFO] [stdout] 3 | use log::{debug, error, info};
[INFO] [stdout]   |                  ^^^^^  ^^^^
[INFO] [stdout]   |
[INFO] [stdout]   = note: `#[warn(unused_imports)]` on by default
[INFO] [stdout] 
[INFO] [stdout] 
[INFO] [stderr]    Compiling magnetite_bin v0.1.0 (/opt/rustwide/workdir/magnetite_bin)
[INFO] [stdout] warning: 1 warning emitted
[INFO] [stdout] 
[INFO] [stdout] 
[INFO] [stdout] warning: unused imports: `ConnectionAddr`, `ConnectionInfo`
[INFO] [stdout]    --> magnetite_cache/src/store/redis.rs:125:17
[INFO] [stdout]     |
[INFO] [stdout] 125 |     use redis::{ConnectionAddr, ConnectionInfo};
[INFO] [stdout]     |                 ^^^^^^^^^^^^^^  ^^^^^^^^^^^^^^
[INFO] [stdout]     |
[INFO] [stdout]     = note: `#[warn(unused_imports)]` on by default
[INFO] [stdout] 
[INFO] [stdout] 
[INFO] [stdout] warning: unused imports: `error`, `info`
[INFO] [stdout]  --> magnetite_core/src/sites/gcores.rs:3:18
[INFO] [stdout]   |
[INFO] [stdout] 3 | use log::{debug, error, info};
[INFO] [stdout]   |                  ^^^^^  ^^^^
[INFO] [stdout]   |
[INFO] [stdout]   = note: `#[warn(unused_imports)]` on by default
[INFO] [stdout] 
[INFO] [stdout] 
[INFO] [stdout] warning: associated function is never used: `with_capacity`
[INFO] [stdout]   --> magnetite_cache/src/store/dashmap.rs:43:12
[INFO] [stdout]    |
[INFO] [stdout] 43 |     pub fn with_capacity(capacity: usize) -> Self {
[INFO] [stdout]    |            ^^^^^^^^^^^^^
[INFO] [stdout]    |
[INFO] [stdout]    = note: `#[warn(dead_code)]` on by default
[INFO] [stdout] 
[INFO] [stdout] 
[INFO] [stdout] warning: associated function is never used: `expire`
[INFO] [stdout]   --> magnetite_cache/src/store/dashmap.rs:50:12
[INFO] [stdout]    |
[INFO] [stdout] 50 |     pub fn expire(mut self, expire: i64) -> Self {
[INFO] [stdout]    |            ^^^^^^
[INFO] [stdout] 
[INFO] [stdout] 
[INFO] [stdout] warning: associated function is never used: `start_default`
[INFO] [stdout]   --> magnetite_cache/src/store/dashmap.rs:55:12
[INFO] [stdout]    |
[INFO] [stdout] 55 |     pub fn start_default(threads: usize) -> Addr<Self> {
[INFO] [stdout]    |            ^^^^^^^^^^^^^
[INFO] [stdout] 
[INFO] [stdout] 
[INFO] [stdout] warning: associated function is never used: `connect`
[INFO] [stdout]   --> magnetite_cache/src/store/redis.rs:62:18
[INFO] [stdout]    |
[INFO] [stdout] 62 |     pub async fn connect<T: IntoConnectionInfo>(conn_info: T) -> Result<Self> {
[INFO] [stdout]    |                  ^^^^^^^
[INFO] [stdout] 
[INFO] [stdout] 
[INFO] [stdout] warning: 1 warning emitted
[INFO] [stdout] 
[INFO] [stdout] 
[INFO] [stdout] warning: 5 warnings emitted
[INFO] [stdout] 
[INFO] [stdout] 
[INFO] [stderr]     Finished test [unoptimized + debuginfo] target(s) in 23.07s
[INFO] running `Command { std: "docker" "inspect" "78088e9dde94dc2e3aff396895f44a41df201ec9d988060053ea166d27fb1bf3", kill_on_drop: false }`
[INFO] running `Command { std: "docker" "rm" "-f" "78088e9dde94dc2e3aff396895f44a41df201ec9d988060053ea166d27fb1bf3", kill_on_drop: false }`
[INFO] [stdout] 78088e9dde94dc2e3aff396895f44a41df201ec9d988060053ea166d27fb1bf3
[INFO] running `Command { std: "docker" "create" "-v" "/var/lib/crater-agent-workspace/builds/worker-16/target:/opt/rustwide/target:rw,Z" "-v" "/var/lib/crater-agent-workspace/builds/worker-16/source:/opt/rustwide/workdir:ro,Z" "-v" "/var/lib/crater-agent-workspace/cargo-home:/opt/rustwide/cargo-home:ro,Z" "-v" "/var/lib/crater-agent-workspace/rustup-home:/opt/rustwide/rustup-home:ro,Z" "-e" "SOURCE_DIR=/opt/rustwide/workdir" "-e" "CARGO_TARGET_DIR=/opt/rustwide/target" "-e" "CARGO_INCREMENTAL=0" "-e" "RUST_BACKTRACE=full" "-e" "RUSTFLAGS=--cap-lints=warn" "-e" "CARGO_HOME=/opt/rustwide/cargo-home" "-e" "RUSTUP_HOME=/opt/rustwide/rustup-home" "-w" "/opt/rustwide/workdir" "-m" "1610612736" "--user" "0:0" "--network" "none" "ghcr.io/rust-lang/crates-build-env/linux@sha256:34b6a614d2c27851fe6cbf88fbd1137609cefab8b10d0615aaeb6fd47975d74e" "/opt/rustwide/cargo-home/bin/cargo" "+1.54.0" "test" "--frozen", kill_on_drop: false }`
[INFO] [stdout] 3e9abde07428ed119afa124dd5c614d054f51f1dde5480a92b0ad94e9510bc25
[INFO] running `Command { std: "docker" "start" "-a" "3e9abde07428ed119afa124dd5c614d054f51f1dde5480a92b0ad94e9510bc25", kill_on_drop: false }`
[INFO] [stderr]     Blocking waiting for file lock on package cache
[INFO] [stderr] warning: associated function is never used: `with_capacity`
[INFO] [stderr]   --> magnetite_cache/src/store/dashmap.rs:43:12
[INFO] [stderr]    |
[INFO] [stderr] 43 |     pub fn with_capacity(capacity: usize) -> Self {
[INFO] [stderr]    |            ^^^^^^^^^^^^^
[INFO] [stderr]    |
[INFO] [stderr]    = note: `#[warn(dead_code)]` on by default
[INFO] [stderr] 
[INFO] [stderr] warning: associated function is never used: `expire`
[INFO] [stderr]   --> magnetite_cache/src/store/dashmap.rs:50:12
[INFO] [stderr]    |
[INFO] [stderr] 50 |     pub fn expire(mut self, expire: i64) -> Self {
[INFO] [stderr]    |            ^^^^^^
[INFO] [stderr] 
[INFO] [stderr] warning: associated function is never used: `start_default`
[INFO] [stderr]   --> magnetite_cache/src/store/dashmap.rs:55:12
[INFO] [stderr]    |
[INFO] [stderr] 55 |     pub fn start_default(threads: usize) -> Addr<Self> {
[INFO] [stderr]    |            ^^^^^^^^^^^^^
[INFO] [stderr] 
[INFO] [stderr] warning: associated function is never used: `connect`
[INFO] [stderr]   --> magnetite_cache/src/store/redis.rs:62:18
[INFO] [stderr]    |
[INFO] [stderr] 62 |     pub async fn connect<T: IntoConnectionInfo>(conn_info: T) -> Result<Self> {
[INFO] [stderr]    |                  ^^^^^^^
[INFO] [stderr] 
[INFO] [stderr] warning: 4 warnings emitted
[INFO] [stderr] 
[INFO] [stderr] warning: unused imports: `ConnectionAddr`, `ConnectionInfo`
[INFO] [stderr]    --> magnetite_cache/src/store/redis.rs:125:17
[INFO] [stderr]     |
[INFO] [stderr] 125 |     use redis::{ConnectionAddr, ConnectionInfo};
[INFO] [stderr]     |                 ^^^^^^^^^^^^^^  ^^^^^^^^^^^^^^
[INFO] [stderr]     |
[INFO] [stderr]     = note: `#[warn(unused_imports)]` on by default
[INFO] [stderr] 
[INFO] [stderr] warning: associated function is never used: `with_capacity`
[INFO] [stderr]   --> magnetite_cache/src/store/dashmap.rs:43:12
[INFO] [stderr]    |
[INFO] [stderr] 43 |     pub fn with_capacity(capacity: usize) -> Self {
[INFO] [stderr]    |            ^^^^^^^^^^^^^
[INFO] [stderr]    |
[INFO] [stderr]    = note: `#[warn(dead_code)]` on by default
[INFO] [stderr] 
[INFO] [stderr] warning: associated function is never used: `expire`
[INFO] [stderr]   --> magnetite_cache/src/store/dashmap.rs:50:12
[INFO] [stderr]    |
[INFO] [stderr] 50 |     pub fn expire(mut self, expire: i64) -> Self {
[INFO] [stderr]    |            ^^^^^^
[INFO] [stderr] 
[INFO] [stderr] warning: associated function is never used: `start_default`
[INFO] [stderr]   --> magnetite_cache/src/store/dashmap.rs:55:12
[INFO] [stderr]    |
[INFO] [stderr] 55 |     pub fn start_default(threads: usize) -> Addr<Self> {
[INFO] [stderr]    |            ^^^^^^^^^^^^^
[INFO] [stderr] 
[INFO] [stderr] warning: associated function is never used: `connect`
[INFO] [stderr]   --> magnetite_cache/src/store/redis.rs:62:18
[INFO] [stderr]    |
[INFO] [stderr] 62 |     pub async fn connect<T: IntoConnectionInfo>(conn_info: T) -> Result<Self> {
[INFO] [stderr]    |                  ^^^^^^^
[INFO] [stderr] 
[INFO] [stderr] warning: 5 warnings emitted
[INFO] [stderr] 
[INFO] [stderr] warning: unused imports: `error`, `info`
[INFO] [stderr]  --> magnetite_core/src/sites/gcores.rs:3:18
[INFO] [stderr]   |
[INFO] [stderr] 3 | use log::{debug, error, info};
[INFO] [stderr]   |                  ^^^^^  ^^^^
[INFO] [stderr]   |
[INFO] [stderr]   = note: `#[warn(unused_imports)]` on by default
[INFO] [stderr] 
[INFO] [stderr] warning: 1 warning emitted
[INFO] [stderr] 
[INFO] [stderr] warning: unused imports: `error`, `info`
[INFO] [stderr]  --> magnetite_core/src/sites/gcores.rs:3:18
[INFO] [stderr]   |
[INFO] [stderr] 3 | use log::{debug, error, info};
[INFO] [stderr]   |                  ^^^^^  ^^^^
[INFO] [stderr]   |
[INFO] [stderr]   = note: `#[warn(unused_imports)]` on by default
[INFO] [stderr] 
[INFO] [stderr] warning: 1 warning emitted
[INFO] [stderr] 
[INFO] [stderr]     Finished test [unoptimized + debuginfo] target(s) in 2.15s
[INFO] [stderr]      Running unittests (/opt/rustwide/target/debug/deps/magnetite_bin-07c6646df2d2400d)
[INFO] [stderr]      Running unittests (/opt/rustwide/target/debug/deps/magnetite_cache-67cda341d9b881a3)
[INFO] [stdout] 
[INFO] [stdout] running 0 tests
[INFO] [stdout] 
[INFO] [stdout] test result: ok. 0 passed; 0 failed; 0 ignored; 0 measured; 0 filtered out; finished in 0.00s
[INFO] [stdout] 
[INFO] [stdout] 
[INFO] [stdout] running 2 tests
[INFO] [stdout] test store::dashmap::dashmap_test::test ... ok
[INFO] [stdout] test store::redis::redis_test::test ... FAILED
[INFO] [stdout] 
[INFO] [stdout] failures:
[INFO] [stdout] 
[INFO] [stdout] ---- store::redis::redis_test::test stdout ----
[INFO] [stdout] thread 'store::redis::redis_test::test' panicked at 'called `Result::unwrap()` on an `Err` value: RedisError(Network is unreachable (os error 101))', magnetite_cache/src/store/redis.rs:140:18
[INFO] [stdout] stack backtrace:
[INFO] [stdout]    0:     0x562e65d1e340 - std::backtrace_rs::backtrace::libunwind::trace::h34055254b57d8e79
[INFO] [stdout]                                at /rustc/a178d0322ce20e33eac124758e837cbd80a6f633/library/std/src/../../backtrace/src/backtrace/libunwind.rs:90:5
[INFO] [stdout]    1:     0x562e65d1e340 - std::backtrace_rs::backtrace::trace_unsynchronized::h8f1e3fbd9afff6ec
[INFO] [stdout]                                at /rustc/a178d0322ce20e33eac124758e837cbd80a6f633/library/std/src/../../backtrace/src/backtrace/mod.rs:66:5
[INFO] [stdout]    2:     0x562e65d1e340 - std::sys_common::backtrace::_print_fmt::h3a99a796b770c360
[INFO] [stdout]                                at /rustc/a178d0322ce20e33eac124758e837cbd80a6f633/library/std/src/sys_common/backtrace.rs:67:5
[INFO] [stdout]    3:     0x562e65d1e340 - <std::sys_common::backtrace::_print::DisplayBacktrace as core::fmt::Display>::fmt::h32d1f94a80615d18
[INFO] [stdout]                                at /rustc/a178d0322ce20e33eac124758e837cbd80a6f633/library/std/src/sys_common/backtrace.rs:46:22
[INFO] [stdout]    4:     0x562e65d412bc - core::fmt::write::h306731c068f7162c
[INFO] [stdout]                                at /rustc/a178d0322ce20e33eac124758e837cbd80a6f633/library/core/src/fmt/mod.rs:1110:17
[INFO] [stdout]    5:     0x562e65d19375 - std::io::Write::write_fmt::h87f19b0a2cd190bc
[INFO] [stdout]                                at /rustc/a178d0322ce20e33eac124758e837cbd80a6f633/library/std/src/io/mod.rs:1588:15
[INFO] [stdout]    6:     0x562e65d204cb - std::sys_common::backtrace::_print::h5abaa2601a852287
[INFO] [stdout]                                at /rustc/a178d0322ce20e33eac124758e837cbd80a6f633/library/std/src/sys_common/backtrace.rs:49:5
[INFO] [stdout]    7:     0x562e65d204cb - std::sys_common::backtrace::print::h8d81445442bb638f
[INFO] [stdout]                                at /rustc/a178d0322ce20e33eac124758e837cbd80a6f633/library/std/src/sys_common/backtrace.rs:36:9
[INFO] [stdout]    8:     0x562e65d204cb - std::panicking::default_hook::{{closure}}::hcfe804496a9fa747
[INFO] [stdout]                                at /rustc/a178d0322ce20e33eac124758e837cbd80a6f633/library/std/src/panicking.rs:208:50
[INFO] [stdout]    9:     0x562e65d1ffdc - std::panicking::default_hook::hbea8e3ccf2ba8901
[INFO] [stdout]                                at /rustc/a178d0322ce20e33eac124758e837cbd80a6f633/library/std/src/panicking.rs:222:9
[INFO] [stdout]   10:     0x562e65d20b94 - std::panicking::rust_panic_with_hook::h7ee9e1a2d0f8975a
[INFO] [stdout]                                at /rustc/a178d0322ce20e33eac124758e837cbd80a6f633/library/std/src/panicking.rs:622:17
[INFO] [stdout]   11:     0x562e65d20677 - std::panicking::begin_panic_handler::{{closure}}::h8ab3b4491718b2c7
[INFO] [stdout]                                at /rustc/a178d0322ce20e33eac124758e837cbd80a6f633/library/std/src/panicking.rs:519:13
[INFO] [stdout]   12:     0x562e65d1e83c - std::sys_common::backtrace::__rust_end_short_backtrace::hd489062ffa586a9f
[INFO] [stdout]                                at /rustc/a178d0322ce20e33eac124758e837cbd80a6f633/library/std/src/sys_common/backtrace.rs:141:18
[INFO] [stdout]   13:     0x562e65d205d9 - rust_begin_unwind
[INFO] [stdout]                                at /rustc/a178d0322ce20e33eac124758e837cbd80a6f633/library/std/src/panicking.rs:515:5
[INFO] [stdout]   14:     0x562e65a51c01 - core::panicking::panic_fmt::hca6330e3e14086b4
[INFO] [stdout]                                at /rustc/a178d0322ce20e33eac124758e837cbd80a6f633/library/core/src/panicking.rs:92:14
[INFO] [stdout]   15:     0x562e65a51cf3 - core::result::unwrap_failed::h6160d2b4bfbb0e87
[INFO] [stdout]                                at /rustc/a178d0322ce20e33eac124758e837cbd80a6f633/library/core/src/result.rs:1355:5
[INFO] [stdout]   16:     0x562e65a98b26 - core::result::Result<T,E>::unwrap::hcf3ba449b32dda95
[INFO] [stdout]                                at /rustc/a178d0322ce20e33eac124758e837cbd80a6f633/library/core/src/result.rs:1037:23
[INFO] [stdout]   17:     0x562e65a6a6d2 - magnetite_cache::store::redis::redis_test::test::{{closure}}::hed97599ccf9d17a2
[INFO] [stdout]                                at /opt/rustwide/workdir/magnetite_cache/src/store/redis.rs:135:25
[INFO] [stdout]   18:     0x562e65aa9b13 - <core::future::from_generator::GenFuture<T> as core::future::future::Future>::poll::h2c14fc02fc018ffd
[INFO] [stdout]                                at /rustc/a178d0322ce20e33eac124758e837cbd80a6f633/library/core/src/future/mod.rs:80:19
[INFO] [stdout]   19:     0x562e65a9508d - <tokio::task::local::RunUntil<T> as core::future::future::Future>::poll::{{closure}}::{{closure}}::h0fc1ebe8d3f15c49
[INFO] [stdout]                                at /opt/rustwide/cargo-home/registry/src/github.com-1ecc6299db9ec823/tokio-1.6.1/src/task/local.rs:634:65
[INFO] [stdout]   20:     0x562e65a56869 - tokio::coop::with_budget::{{closure}}::h88f1d732812b8715
[INFO] [stdout]                                at /opt/rustwide/cargo-home/registry/src/github.com-1ecc6299db9ec823/tokio-1.6.1/src/coop.rs:106:9
[INFO] [stdout]   21:     0x562e65a6d3f5 - std::thread::local::LocalKey<T>::try_with::h4cd382c83f4cf570
[INFO] [stdout]                                at /rustc/a178d0322ce20e33eac124758e837cbd80a6f633/library/std/src/thread/local.rs:400:16
[INFO] [stdout]   22:     0x562e65a6c56c - std::thread::local::LocalKey<T>::with::hb589b7e15ac61231
[INFO] [stdout]                                at /rustc/a178d0322ce20e33eac124758e837cbd80a6f633/library/std/src/thread/local.rs:376:9
[INFO] [stdout]   23:     0x562e65a94e8c - tokio::coop::with_budget::h186d14e76753453f
[INFO] [stdout]                                at /opt/rustwide/cargo-home/registry/src/github.com-1ecc6299db9ec823/tokio-1.6.1/src/coop.rs:99:5
[INFO] [stdout]   24:     0x562e65a94e8c - tokio::coop::budget::h1c466271d63bb74e
[INFO] [stdout]                                at /opt/rustwide/cargo-home/registry/src/github.com-1ecc6299db9ec823/tokio-1.6.1/src/coop.rs:76:5
[INFO] [stdout]   25:     0x562e65a94e8c - <tokio::task::local::RunUntil<T> as core::future::future::Future>::poll::{{closure}}::hc1b87155e7a621ef
[INFO] [stdout]                                at /opt/rustwide/cargo-home/registry/src/github.com-1ecc6299db9ec823/tokio-1.6.1/src/task/local.rs:634:42
[INFO] [stdout]   26:     0x562e65a9a0ec - tokio::macros::scoped_tls::ScopedKey<T>::set::h02cc4340e7a929da
[INFO] [stdout]                                at /opt/rustwide/cargo-home/registry/src/github.com-1ecc6299db9ec823/tokio-1.6.1/src/macros/scoped_tls.rs:61:9
[INFO] [stdout]   27:     0x562e65a92361 - tokio::task::local::LocalSet::with::h9863132da672b271
[INFO] [stdout]                                at /opt/rustwide/cargo-home/registry/src/github.com-1ecc6299db9ec823/tokio-1.6.1/src/task/local.rs:548:9
[INFO] [stdout]   28:     0x562e65a943ce - <tokio::task::local::RunUntil<T> as core::future::future::Future>::poll::h71f6db7cf83f0fe8
[INFO] [stdout]                                at /opt/rustwide/cargo-home/registry/src/github.com-1ecc6299db9ec823/tokio-1.6.1/src/task/local.rs:624:9
[INFO] [stdout]   29:     0x562e65a9291f - tokio::task::local::LocalSet::run_until::{{closure}}::h51b32155e00b307a
[INFO] [stdout]                                at /opt/rustwide/cargo-home/registry/src/github.com-1ecc6299db9ec823/tokio-1.6.1/src/task/local.rs:498:9
[INFO] [stdout]   30:     0x562e65aaa683 - <core::future::from_generator::GenFuture<T> as core::future::future::Future>::poll::h8dbf094abd0d77c4
[INFO] [stdout]                                at /rustc/a178d0322ce20e33eac124758e837cbd80a6f633/library/core/src/future/mod.rs:80:19
[INFO] [stdout]   31:     0x562e65a6456c - <core::pin::Pin<P> as core::future::future::Future>::poll::haf2a8b219c514252
[INFO] [stdout]                                at /rustc/a178d0322ce20e33eac124758e837cbd80a6f633/library/core/src/future/future.rs:119:9
[INFO] [stdout]   32:     0x562e65a87bdc - tokio::runtime::basic_scheduler::Inner<P>::block_on::{{closure}}::{{closure}}::hc0174666705b0557
[INFO] [stdout]                                at /opt/rustwide/cargo-home/registry/src/github.com-1ecc6299db9ec823/tokio-1.6.1/src/runtime/basic_scheduler.rs:213:62
[INFO] [stdout]   33:     0x562e65a56019 - tokio::coop::with_budget::{{closure}}::h13da288594e8e0da
[INFO] [stdout]                                at /opt/rustwide/cargo-home/registry/src/github.com-1ecc6299db9ec823/tokio-1.6.1/src/coop.rs:106:9
[INFO] [stdout]   34:     0x562e65a6ed05 - std::thread::local::LocalKey<T>::try_with::heaac25221625c5de
[INFO] [stdout]                                at /rustc/a178d0322ce20e33eac124758e837cbd80a6f633/library/std/src/thread/local.rs:400:16
[INFO] [stdout]   35:     0x562e65a6c5dc - std::thread::local::LocalKey<T>::with::hbac06625fedb6d6e
[INFO] [stdout]                                at /rustc/a178d0322ce20e33eac124758e837cbd80a6f633/library/std/src/thread/local.rs:376:9
[INFO] [stdout]   36:     0x562e65a8641d - tokio::coop::with_budget::he3bb7800f35a342b
[INFO] [stdout]                                at /opt/rustwide/cargo-home/registry/src/github.com-1ecc6299db9ec823/tokio-1.6.1/src/coop.rs:99:5
[INFO] [stdout]   37:     0x562e65a8641d - tokio::coop::budget::hbf64c121a8440b5e
[INFO] [stdout]                                at /opt/rustwide/cargo-home/registry/src/github.com-1ecc6299db9ec823/tokio-1.6.1/src/coop.rs:76:5
[INFO] [stdout]   38:     0x562e65a8641d - tokio::runtime::basic_scheduler::Inner<P>::block_on::{{closure}}::h810ab1a1bf222e06
[INFO] [stdout]                                at /opt/rustwide/cargo-home/registry/src/github.com-1ecc6299db9ec823/tokio-1.6.1/src/runtime/basic_scheduler.rs:213:39
[INFO] [stdout]   39:     0x562e65a8a388 - tokio::runtime::basic_scheduler::enter::{{closure}}::h443d040c97e33558
[INFO] [stdout]                                at /opt/rustwide/cargo-home/registry/src/github.com-1ecc6299db9ec823/tokio-1.6.1/src/runtime/basic_scheduler.rs:323:29
[INFO] [stdout]   40:     0x562e65a9a7fc - tokio::macros::scoped_tls::ScopedKey<T>::set::hfe45cd0c515c67b3
[INFO] [stdout]                                at /opt/rustwide/cargo-home/registry/src/github.com-1ecc6299db9ec823/tokio-1.6.1/src/macros/scoped_tls.rs:61:9
[INFO] [stdout]   41:     0x562e65a89c18 - tokio::runtime::basic_scheduler::enter::h77fcb0d72b5ee103
[INFO] [stdout]                                at /opt/rustwide/cargo-home/registry/src/github.com-1ecc6299db9ec823/tokio-1.6.1/src/runtime/basic_scheduler.rs:323:5
[INFO] [stdout]   42:     0x562e65a84af5 - tokio::runtime::basic_scheduler::Inner<P>::block_on::hc2786decc9f53d61
[INFO] [stdout]                                at /opt/rustwide/cargo-home/registry/src/github.com-1ecc6299db9ec823/tokio-1.6.1/src/runtime/basic_scheduler.rs:202:9
[INFO] [stdout]   43:     0x562e65a87e39 - tokio::runtime::basic_scheduler::InnerGuard<P>::block_on::h1f69f5452f619161
[INFO] [stdout]                                at /opt/rustwide/cargo-home/registry/src/github.com-1ecc6299db9ec823/tokio-1.6.1/src/runtime/basic_scheduler.rs:481:9
[INFO] [stdout]   44:     0x562e65a880b8 - tokio::runtime::basic_scheduler::BasicScheduler<P>::block_on::h092a736cbd225827
[INFO] [stdout]                                at /opt/rustwide/cargo-home/registry/src/github.com-1ecc6299db9ec823/tokio-1.6.1/src/runtime/basic_scheduler.rs:162:24
[INFO] [stdout]   45:     0x562e65ab223a - tokio::runtime::Runtime::block_on::h0f3a04a0f7742d13
[INFO] [stdout]                                at /opt/rustwide/cargo-home/registry/src/github.com-1ecc6299db9ec823/tokio-1.6.1/src/runtime/mod.rs:450:46
[INFO] [stdout]   46:     0x562e65a925d3 - tokio::task::local::LocalSet::block_on::hf092bf31d463a49f
[INFO] [stdout]                                at /opt/rustwide/cargo-home/registry/src/github.com-1ecc6299db9ec823/tokio-1.6.1/src/task/local.rs:459:9
[INFO] [stdout]   47:     0x562e65ab29ed - actix_rt::runtime::Runtime::block_on::hca3c85395bd254ab
[INFO] [stdout]                                at /opt/rustwide/cargo-home/registry/src/github.com-1ecc6299db9ec823/actix-rt-2.2.0/src/runtime.rs:85:9
[INFO] [stdout]   48:     0x562e65abc39e - actix_rt::system::SystemRunner::block_on::h79b5d97e7a21ebe1
[INFO] [stdout]                                at /opt/rustwide/cargo-home/registry/src/github.com-1ecc6299db9ec823/actix-rt-2.2.0/src/system.rs:186:9
[INFO] [stdout]   49:     0x562e65a6a229 - magnetite_cache::store::redis::redis_test::test::hc92c0c623266aece
[INFO] [stdout]                                at /opt/rustwide/workdir/magnetite_cache/src/store/redis.rs:134:21
[INFO] [stdout]   50:     0x562e65a6a1ba - magnetite_cache::store::redis::redis_test::test::{{closure}}::h0a499542710acc27
[INFO] [stdout]                                at /opt/rustwide/workdir/magnetite_cache/src/store/redis.rs:132:5
[INFO] [stdout]   51:     0x562e65aac92e - core::ops::function::FnOnce::call_once::hcc4270327d1e49c0
[INFO] [stdout]                                at /rustc/a178d0322ce20e33eac124758e837cbd80a6f633/library/core/src/ops/function.rs:227:5
[INFO] [stdout]   52:     0x562e65ae5bc3 - core::ops::function::FnOnce::call_once::h152e7e439ff59e19
[INFO] [stdout]                                at /rustc/a178d0322ce20e33eac124758e837cbd80a6f633/library/core/src/ops/function.rs:227:5
[INFO] [stdout]   53:     0x562e65ae5bc3 - test::__rust_begin_short_backtrace::h0908f3b1fdbb72ab
[INFO] [stdout]                                at /rustc/a178d0322ce20e33eac124758e837cbd80a6f633/library/test/src/lib.rs:577:5
[INFO] [stdout]   54:     0x562e65ae4680 - <alloc::boxed::Box<F,A> as core::ops::function::FnOnce<Args>>::call_once::hf6d2a51e5587546c
[INFO] [stdout]                                at /rustc/a178d0322ce20e33eac124758e837cbd80a6f633/library/alloc/src/boxed.rs:1575:9
[INFO] [stdout]   55:     0x562e65ae4680 - <std::panic::AssertUnwindSafe<F> as core::ops::function::FnOnce<()>>::call_once::h8af660f3a89ef593
[INFO] [stdout]                                at /rustc/a178d0322ce20e33eac124758e837cbd80a6f633/library/std/src/panic.rs:347:9
[INFO] [stdout]   56:     0x562e65ae4680 - std::panicking::try::do_call::hd36aef60f84b6d36
[INFO] [stdout]                                at /rustc/a178d0322ce20e33eac124758e837cbd80a6f633/library/std/src/panicking.rs:401:40
[INFO] [stdout]   57:     0x562e65ae4680 - std::panicking::try::h9932b4480e69817c
[INFO] [stdout]                                at /rustc/a178d0322ce20e33eac124758e837cbd80a6f633/library/std/src/panicking.rs:365:19
[INFO] [stdout]   58:     0x562e65ae4680 - std::panic::catch_unwind::h6aa177099cfff5f8
[INFO] [stdout]                                at /rustc/a178d0322ce20e33eac124758e837cbd80a6f633/library/std/src/panic.rs:434:14
[INFO] [stdout]   59:     0x562e65ae4680 - test::run_test_in_process::h5884d6f2d99e20c3
[INFO] [stdout]                                at /rustc/a178d0322ce20e33eac124758e837cbd80a6f633/library/test/src/lib.rs:600:18
[INFO] [stdout]   60:     0x562e65ae4680 - test::run_test::run_test_inner::{{closure}}::h6fdc58c6d5f5b6e3
[INFO] [stdout]                                at /rustc/a178d0322ce20e33eac124758e837cbd80a6f633/library/test/src/lib.rs:492:39
[INFO] [stdout]   61:     0x562e65abdd32 - test::run_test::run_test_inner::{{closure}}::h408365d67a78ade8
[INFO] [stdout]                                at /rustc/a178d0322ce20e33eac124758e837cbd80a6f633/library/test/src/lib.rs:519:37
[INFO] [stdout]   62:     0x562e65abdd32 - std::sys_common::backtrace::__rust_begin_short_backtrace::hb560b77c4f701523
[INFO] [stdout]                                at /rustc/a178d0322ce20e33eac124758e837cbd80a6f633/library/std/src/sys_common/backtrace.rs:125:18
[INFO] [stdout]   63:     0x562e65ac18e8 - std::thread::Builder::spawn_unchecked::{{closure}}::{{closure}}::hf2e7831dad93c597
[INFO] [stdout]                                at /rustc/a178d0322ce20e33eac124758e837cbd80a6f633/library/std/src/thread/mod.rs:481:17
[INFO] [stdout]   64:     0x562e65ac18e8 - <std::panic::AssertUnwindSafe<F> as core::ops::function::FnOnce<()>>::call_once::hd2e08783d8be4d02
[INFO] [stdout]                                at /rustc/a178d0322ce20e33eac124758e837cbd80a6f633/library/std/src/panic.rs:347:9
[INFO] [stdout]   65:     0x562e65ac18e8 - std::panicking::try::do_call::h062597b7acfd6b82
[INFO] [stdout]                                at /rustc/a178d0322ce20e33eac124758e837cbd80a6f633/library/std/src/panicking.rs:401:40
[INFO] [stdout]   66:     0x562e65ac18e8 - std::panicking::try::h0d7b79db04c14552
[INFO] [stdout]                                at /rustc/a178d0322ce20e33eac124758e837cbd80a6f633/library/std/src/panicking.rs:365:19
[INFO] [stdout]   67:     0x562e65ac18e8 - std::panic::catch_unwind::hb01a0b5e7c8cd43b
[INFO] [stdout]                                at /rustc/a178d0322ce20e33eac124758e837cbd80a6f633/library/std/src/panic.rs:434:14
[INFO] [stdout]   68:     0x562e65ac18e8 - std::thread::Builder::spawn_unchecked::{{closure}}::h5bde48cc887e0d1e
[INFO] [stdout]                                at /rustc/a178d0322ce20e33eac124758e837cbd80a6f633/library/std/src/thread/mod.rs:480:30
[INFO] [stdout]   69:     0x562e65ac18e8 - core::ops::function::FnOnce::call_once{{vtable.shim}}::h745ea30807a29e55
[INFO] [stdout]                                at /rustc/a178d0322ce20e33eac124758e837cbd80a6f633/library/core/src/ops/function.rs:227:5
[INFO] [stdout]   70:     0x562e65d25cf7 - <alloc::boxed::Box<F,A> as core::ops::function::FnOnce<Args>>::call_once::h7ece6cfefaff1005
[INFO] [stdout]                                at /rustc/a178d0322ce20e33eac124758e837cbd80a6f633/library/alloc/src/boxed.rs:1575:9
[INFO] [stdout]   71:     0x562e65d25cf7 - <alloc::boxed::Box<F,A> as core::ops::function::FnOnce<Args>>::call_once::hb8b48e55c21f193e
[INFO] [stdout]                                at /rustc/a178d0322ce20e33eac124758e837cbd80a6f633/library/alloc/src/boxed.rs:1575:9
[INFO] [stdout]   72:     0x562e65d25cf7 - std::sys::unix::thread::Thread::new::thread_start::h8c7c4450dba62914
[INFO] [stdout]                                at /rustc/a178d0322ce20e33eac124758e837cbd80a6f633/library/std/src/sys/unix/thread.rs:71:17
[INFO] [stdout]   73:     0x7f86f75be609 - start_thread
[INFO] [stdout]   74:     0x7f86f738e293 - clone
[INFO] [stdout]   75:                0x0 - <unknown>
[INFO] [stdout] 
[INFO] [stdout] 
[INFO] [stdout] failures:
[INFO] [stdout]     store::redis::redis_test::test
[INFO] [stdout] 
[INFO] [stdout] test result: FAILED. 1 passed; 1 failed; 0 ignored; 0 measured; 0 filtered out; finished in 0.06s
[INFO] [stdout] 
[INFO] [stderr] error: test failed, to rerun pass '-p magnetite_cache --lib'
[INFO] running `Command { std: "docker" "inspect" "3e9abde07428ed119afa124dd5c614d054f51f1dde5480a92b0ad94e9510bc25", kill_on_drop: false }`
[INFO] running `Command { std: "docker" "rm" "-f" "3e9abde07428ed119afa124dd5c614d054f51f1dde5480a92b0ad94e9510bc25", kill_on_drop: false }`
[INFO] [stdout] 3e9abde07428ed119afa124dd5c614d054f51f1dde5480a92b0ad94e9510bc25
