[INFO] cloning repository https://github.com/shmishtopher/VAU
[INFO] running `Command { std: "git" "-c" "credential.helper=" "-c" "credential.helper=/workspace/cargo-home/bin/git-credential-null" "clone" "--bare" "https://github.com/shmishtopher/VAU" "/workspace/cache/git-repos/https%3A%2F%2Fgithub.com%2Fshmishtopher%2FVAU", kill_on_drop: false }`
[INFO] [stderr] Cloning into bare repository '/workspace/cache/git-repos/https%3A%2F%2Fgithub.com%2Fshmishtopher%2FVAU'...
[INFO] running `Command { std: "git" "rev-parse" "HEAD", kill_on_drop: false }`
[INFO] [stdout] e1286ead0bac01487bb97d2cb23a489d72c29195
[INFO] testing shmishtopher/VAU against 1.54.0 for beta-1.55-1
[INFO] running `Command { std: "git" "clone" "/workspace/cache/git-repos/https%3A%2F%2Fgithub.com%2Fshmishtopher%2FVAU" "/workspace/builds/worker-101/source", kill_on_drop: false }`
[INFO] [stderr] Cloning into '/workspace/builds/worker-101/source'...
[INFO] [stderr] done.
[INFO] validating manifest of git repo https://github.com/shmishtopher/VAU on toolchain 1.54.0
[INFO] running `Command { std: "/workspace/cargo-home/bin/cargo" "+1.54.0" "metadata" "--manifest-path" "Cargo.toml" "--no-deps", kill_on_drop: false }`
[INFO] started tweaking git repo https://github.com/shmishtopher/VAU
[INFO] finished tweaking git repo https://github.com/shmishtopher/VAU
[INFO] tweaked toml for git repo https://github.com/shmishtopher/VAU written to /workspace/builds/worker-101/source/Cargo.toml
[INFO] crate git repo https://github.com/shmishtopher/VAU already has a lockfile, it will not be regenerated
[INFO] running `Command { std: "/workspace/cargo-home/bin/cargo" "+1.54.0" "fetch" "--manifest-path" "Cargo.toml", kill_on_drop: false }`
[INFO] [stderr]     Blocking waiting for file lock on package cache
[INFO] running `Command { std: "docker" "create" "-v" "/var/lib/crater-agent-workspace/builds/worker-101/target:/opt/rustwide/target:rw,Z" "-v" "/var/lib/crater-agent-workspace/builds/worker-101/source:/opt/rustwide/workdir:ro,Z" "-v" "/var/lib/crater-agent-workspace/cargo-home:/opt/rustwide/cargo-home:ro,Z" "-v" "/var/lib/crater-agent-workspace/rustup-home:/opt/rustwide/rustup-home:ro,Z" "-e" "SOURCE_DIR=/opt/rustwide/workdir" "-e" "CARGO_TARGET_DIR=/opt/rustwide/target" "-e" "CARGO_HOME=/opt/rustwide/cargo-home" "-e" "RUSTUP_HOME=/opt/rustwide/rustup-home" "-w" "/opt/rustwide/workdir" "-m" "1610612736" "--user" "0:0" "--network" "none" "ghcr.io/rust-lang/crates-build-env/linux@sha256:34b6a614d2c27851fe6cbf88fbd1137609cefab8b10d0615aaeb6fd47975d74e" "/opt/rustwide/cargo-home/bin/cargo" "+1.54.0" "metadata" "--no-deps" "--format-version=1", kill_on_drop: false }`
[INFO] [stdout] b1e35d0c2c49899679b6d4522af41ea48b57053d3ddb1cd9ccb5921e1e1f9e42
[INFO] running `Command { std: "docker" "start" "-a" "b1e35d0c2c49899679b6d4522af41ea48b57053d3ddb1cd9ccb5921e1e1f9e42", kill_on_drop: false }`
[INFO] running `Command { std: "docker" "inspect" "b1e35d0c2c49899679b6d4522af41ea48b57053d3ddb1cd9ccb5921e1e1f9e42", kill_on_drop: false }`
[INFO] running `Command { std: "docker" "rm" "-f" "b1e35d0c2c49899679b6d4522af41ea48b57053d3ddb1cd9ccb5921e1e1f9e42", kill_on_drop: false }`
[INFO] [stdout] b1e35d0c2c49899679b6d4522af41ea48b57053d3ddb1cd9ccb5921e1e1f9e42
[INFO] running `Command { std: "docker" "create" "-v" "/var/lib/crater-agent-workspace/builds/worker-101/target:/opt/rustwide/target:rw,Z" "-v" "/var/lib/crater-agent-workspace/builds/worker-101/source:/opt/rustwide/workdir:ro,Z" "-v" "/var/lib/crater-agent-workspace/cargo-home:/opt/rustwide/cargo-home:ro,Z" "-v" "/var/lib/crater-agent-workspace/rustup-home:/opt/rustwide/rustup-home:ro,Z" "-e" "SOURCE_DIR=/opt/rustwide/workdir" "-e" "CARGO_TARGET_DIR=/opt/rustwide/target" "-e" "CARGO_INCREMENTAL=0" "-e" "RUST_BACKTRACE=full" "-e" "RUSTFLAGS=--cap-lints=warn" "-e" "CARGO_HOME=/opt/rustwide/cargo-home" "-e" "RUSTUP_HOME=/opt/rustwide/rustup-home" "-w" "/opt/rustwide/workdir" "-m" "1610612736" "--user" "0:0" "--network" "none" "ghcr.io/rust-lang/crates-build-env/linux@sha256:34b6a614d2c27851fe6cbf88fbd1137609cefab8b10d0615aaeb6fd47975d74e" "/opt/rustwide/cargo-home/bin/cargo" "+1.54.0" "build" "--frozen" "--message-format=json", kill_on_drop: false }`
[INFO] [stdout] ec8629d85b55f45bfdd9dec572984a866430ffbf89cc4df879cb46f92c2b15fa
[INFO] running `Command { std: "docker" "start" "-a" "ec8629d85b55f45bfdd9dec572984a866430ffbf89cc4df879cb46f92c2b15fa", kill_on_drop: false }`
[INFO] [stderr]     Blocking waiting for file lock on package cache
[INFO] [stderr]    Compiling libc v0.2.84
[INFO] [stderr]    Compiling bitflags v1.2.1
[INFO] [stderr]    Compiling unicode-width v0.1.8
[INFO] [stderr]    Compiling ansi_term v0.11.0
[INFO] [stderr]    Compiling vec_map v0.8.2
[INFO] [stderr]    Compiling strsim v0.8.0
[INFO] [stderr]    Compiling textwrap v0.11.0
[INFO] [stderr]    Compiling atty v0.2.14
[INFO] [stderr]    Compiling clap v2.33.3
[INFO] [stderr]    Compiling vau v0.1.0 (/opt/rustwide/workdir)
[INFO] [stderr]     Finished dev [unoptimized + debuginfo] target(s) in 28.79s
[INFO] running `Command { std: "docker" "inspect" "ec8629d85b55f45bfdd9dec572984a866430ffbf89cc4df879cb46f92c2b15fa", kill_on_drop: false }`
[INFO] running `Command { std: "docker" "rm" "-f" "ec8629d85b55f45bfdd9dec572984a866430ffbf89cc4df879cb46f92c2b15fa", kill_on_drop: false }`
[INFO] [stdout] ec8629d85b55f45bfdd9dec572984a866430ffbf89cc4df879cb46f92c2b15fa
[INFO] running `Command { std: "docker" "create" "-v" "/var/lib/crater-agent-workspace/builds/worker-101/target:/opt/rustwide/target:rw,Z" "-v" "/var/lib/crater-agent-workspace/builds/worker-101/source:/opt/rustwide/workdir:ro,Z" "-v" "/var/lib/crater-agent-workspace/cargo-home:/opt/rustwide/cargo-home:ro,Z" "-v" "/var/lib/crater-agent-workspace/rustup-home:/opt/rustwide/rustup-home:ro,Z" "-e" "SOURCE_DIR=/opt/rustwide/workdir" "-e" "CARGO_TARGET_DIR=/opt/rustwide/target" "-e" "CARGO_INCREMENTAL=0" "-e" "RUST_BACKTRACE=full" "-e" "RUSTFLAGS=--cap-lints=warn" "-e" "CARGO_HOME=/opt/rustwide/cargo-home" "-e" "RUSTUP_HOME=/opt/rustwide/rustup-home" "-w" "/opt/rustwide/workdir" "-m" "1610612736" "--user" "0:0" "--network" "none" "ghcr.io/rust-lang/crates-build-env/linux@sha256:34b6a614d2c27851fe6cbf88fbd1137609cefab8b10d0615aaeb6fd47975d74e" "/opt/rustwide/cargo-home/bin/cargo" "+1.54.0" "test" "--frozen" "--no-run" "--message-format=json", kill_on_drop: false }`
[INFO] [stdout] 1693134b96ef0568c4efbf64ecb4ef270298a7159e12a40148b293b87fac1d65
[INFO] running `Command { std: "docker" "start" "-a" "1693134b96ef0568c4efbf64ecb4ef270298a7159e12a40148b293b87fac1d65", kill_on_drop: false }`
[INFO] [stderr]     Blocking waiting for file lock on package cache
[INFO] [stderr]    Compiling vau v0.1.0 (/opt/rustwide/workdir)
[INFO] [stderr]     Finished test [unoptimized + debuginfo] target(s) in 3.15s
[INFO] running `Command { std: "docker" "inspect" "1693134b96ef0568c4efbf64ecb4ef270298a7159e12a40148b293b87fac1d65", kill_on_drop: false }`
[INFO] running `Command { std: "docker" "rm" "-f" "1693134b96ef0568c4efbf64ecb4ef270298a7159e12a40148b293b87fac1d65", kill_on_drop: false }`
[INFO] [stdout] 1693134b96ef0568c4efbf64ecb4ef270298a7159e12a40148b293b87fac1d65
[INFO] running `Command { std: "docker" "create" "-v" "/var/lib/crater-agent-workspace/builds/worker-101/target:/opt/rustwide/target:rw,Z" "-v" "/var/lib/crater-agent-workspace/builds/worker-101/source:/opt/rustwide/workdir:ro,Z" "-v" "/var/lib/crater-agent-workspace/cargo-home:/opt/rustwide/cargo-home:ro,Z" "-v" "/var/lib/crater-agent-workspace/rustup-home:/opt/rustwide/rustup-home:ro,Z" "-e" "SOURCE_DIR=/opt/rustwide/workdir" "-e" "CARGO_TARGET_DIR=/opt/rustwide/target" "-e" "CARGO_INCREMENTAL=0" "-e" "RUST_BACKTRACE=full" "-e" "RUSTFLAGS=--cap-lints=warn" "-e" "CARGO_HOME=/opt/rustwide/cargo-home" "-e" "RUSTUP_HOME=/opt/rustwide/rustup-home" "-w" "/opt/rustwide/workdir" "-m" "1610612736" "--user" "0:0" "--network" "none" "ghcr.io/rust-lang/crates-build-env/linux@sha256:34b6a614d2c27851fe6cbf88fbd1137609cefab8b10d0615aaeb6fd47975d74e" "/opt/rustwide/cargo-home/bin/cargo" "+1.54.0" "test" "--frozen", kill_on_drop: false }`
[INFO] [stdout] e7c269d096c84975861b052ff22543f169d63258c888587e89cb7a8fb6baec41
[INFO] running `Command { std: "docker" "start" "-a" "e7c269d096c84975861b052ff22543f169d63258c888587e89cb7a8fb6baec41", kill_on_drop: false }`
[INFO] [stderr]     Finished test [unoptimized + debuginfo] target(s) in 0.03s
[INFO] [stderr]      Running unittests (/opt/rustwide/target/debug/deps/common-4266ab3dc2e6e0e8)
[INFO] [stdout] 
[INFO] [stderr]      Running unittests (/opt/rustwide/target/debug/deps/cli-6cb499aa3d7222e6)
[INFO] [stdout] running 0 tests
[INFO] [stdout] 
[INFO] [stdout] test result: ok. 0 passed; 0 failed; 0 ignored; 0 measured; 0 filtered out; finished in 0.00s
[INFO] [stdout] 
[INFO] [stderr]      Running unittests (/opt/rustwide/target/debug/deps/gui-bcc990b44fbb422a)
[INFO] [stdout] 
[INFO] [stdout] running 0 tests
[INFO] [stdout] 
[INFO] [stdout] test result: ok. 0 passed; 0 failed; 0 ignored; 0 measured; 0 filtered out; finished in 0.00s
[INFO] [stdout] 
[INFO] [stderr]    Doc-tests common
[INFO] [stdout] 
[INFO] [stdout] running 0 tests
[INFO] [stdout] 
[INFO] [stdout] test result: ok. 0 passed; 0 failed; 0 ignored; 0 measured; 0 filtered out; finished in 0.00s
[INFO] [stdout] 
[INFO] [stdout] 
[INFO] [stdout] running 3 tests
[INFO] [stdout] test common/lib.rs - (line 7) ... FAILED
[INFO] [stdout] test common/wav.rs - wav (line 7) ... FAILED
[INFO] [stdout] test common/ddb.rs - ddb (line 7) ... FAILED
[INFO] [stdout] 
[INFO] [stdout] failures:
[INFO] [stdout] 
[INFO] [stdout] ---- common/lib.rs - (line 7) stdout ----
[INFO] [stdout] error: expected expression, found `}`
[INFO] [stdout]  --> common/lib.rs:9:1
[INFO] [stdout]   |
[INFO] [stdout] 2 | fn main() { #[allow(non_snake_case)] fn _doctest_main_common_lib_rs_7_0() {
[INFO] [stdout]   |                                                                           - while parsing this struct
[INFO] [stdout] 3 | http://www.apache.org/licenses/LICENSE-2.0
[INFO] [stdout] 4 | } _doctest_main_common_lib_rs_7_0() }
[INFO] [stdout]   | ^ expected expression
[INFO] [stdout] 
[INFO] [stdout] error: struct literal body without path
[INFO] [stdout]  --> common/lib.rs:7:75
[INFO] [stdout]   |
[INFO] [stdout] 2 |   fn main() { #[allow(non_snake_case)] fn _doctest_main_common_lib_rs_7_0() {
[INFO] [stdout]   |  ___________________________________________________________________________^
[INFO] [stdout] 3 | | http://www.apache.org/licenses/LICENSE-2.0
[INFO] [stdout] 4 | | } _doctest_main_common_lib_rs_7_0() }
[INFO] [stdout]   | |_^
[INFO] [stdout]   |
[INFO] [stdout] help: you might have forgotten to add the struct literal inside the block
[INFO] [stdout]   |
[INFO] [stdout] 2 | fn main() { #[allow(non_snake_case)] fn _doctest_main_common_lib_rs_7_0() { SomeStruct {
[INFO] [stdout] 3 | http://www.apache.org/licenses/LICENSE-2.0
[INFO] [stdout] 4 | } } _doctest_main_common_lib_rs_7_0() }
[INFO] [stdout]   |
[INFO] [stdout] 
[INFO] [stdout] error: aborting due to 2 previous errors
[INFO] [stdout] 
[INFO] [stdout] Couldn't compile the test.
[INFO] [stdout] ---- common/wav.rs - wav (line 7) stdout ----
[INFO] [stdout] error: expected expression, found `}`
[INFO] [stdout]  --> common/wav.rs:9:1
[INFO] [stdout]   |
[INFO] [stdout] 2 | fn main() { #[allow(non_snake_case)] fn _doctest_main_common_wav_rs_7_0() {
[INFO] [stdout]   |                                                                           - while parsing this struct
[INFO] [stdout] 3 | http://www.apache.org/licenses/LICENSE-2.0
[INFO] [stdout] 4 | } _doctest_main_common_wav_rs_7_0() }
[INFO] [stdout]   | ^ expected expression
[INFO] [stdout] 
[INFO] [stdout] error: struct literal body without path
[INFO] [stdout]  --> common/wav.rs:7:75
[INFO] [stdout]   |
[INFO] [stdout] 2 |   fn main() { #[allow(non_snake_case)] fn _doctest_main_common_wav_rs_7_0() {
[INFO] [stdout]   |  ___________________________________________________________________________^
[INFO] [stdout] 3 | | http://www.apache.org/licenses/LICENSE-2.0
[INFO] [stdout] 4 | | } _doctest_main_common_wav_rs_7_0() }
[INFO] [stdout]   | |_^
[INFO] [stdout]   |
[INFO] [stdout] help: you might have forgotten to add the struct literal inside the block
[INFO] [stdout]   |
[INFO] [stdout] 2 | fn main() { #[allow(non_snake_case)] fn _doctest_main_common_wav_rs_7_0() { SomeStruct {
[INFO] [stdout] 3 | http://www.apache.org/licenses/LICENSE-2.0
[INFO] [stdout] 4 | } } _doctest_main_common_wav_rs_7_0() }
[INFO] [stdout]   |
[INFO] [stdout] 
[INFO] [stdout] error: aborting due to 2 previous errors
[INFO] [stdout] 
[INFO] [stdout] Couldn't compile the test.
[INFO] [stdout] ---- common/ddb.rs - ddb (line 7) stdout ----
[INFO] [stdout] error: expected expression, found `}`
[INFO] [stdout]  --> common/ddb.rs:9:1
[INFO] [stdout]   |
[INFO] [stdout] 2 | fn main() { #[allow(non_snake_case)] fn _doctest_main_common_ddb_rs_7_0() {
[INFO] [stdout]   |                                                                           - while parsing this struct
[INFO] [stdout] 3 | http://www.apache.org/licenses/LICENSE-2.0
[INFO] [stdout] 4 | } _doctest_main_common_ddb_rs_7_0() }
[INFO] [stdout]   | ^ expected expression
[INFO] [stdout] 
[INFO] [stdout] error: struct literal body without path
[INFO] [stdout]  --> common/ddb.rs:7:75
[INFO] [stdout]   |
[INFO] [stdout] 2 |   fn main() { #[allow(non_snake_case)] fn _doctest_main_common_ddb_rs_7_0() {
[INFO] [stdout]   |  ___________________________________________________________________________^
[INFO] [stdout] 3 | | http://www.apache.org/licenses/LICENSE-2.0
[INFO] [stdout] 4 | | } _doctest_main_common_ddb_rs_7_0() }
[INFO] [stdout]   | |_^
[INFO] [stdout]   |
[INFO] [stdout] help: you might have forgotten to add the struct literal inside the block
[INFO] [stdout]   |
[INFO] [stdout] 2 | fn main() { #[allow(non_snake_case)] fn _doctest_main_common_ddb_rs_7_0() { SomeStruct {
[INFO] [stdout] 3 | http://www.apache.org/licenses/LICENSE-2.0
[INFO] [stdout] 4 | } } _doctest_main_common_ddb_rs_7_0() }
[INFO] [stdout]   |
[INFO] [stdout] 
[INFO] [stdout] error: aborting due to 2 previous errors
[INFO] [stdout] 
[INFO] [stdout] Couldn't compile the test.
[INFO] [stdout] 
[INFO] [stdout] failures:
[INFO] [stdout]     common/ddb.rs - ddb (line 7)
[INFO] [stdout]     common/lib.rs - (line 7)
[INFO] [stdout]     common/wav.rs - wav (line 7)
[INFO] [stdout] 
[INFO] [stdout] test result: FAILED. 0 passed; 3 failed; 0 ignored; 0 measured; 0 filtered out; finished in 0.07s
[INFO] [stdout] 
[INFO] [stderr] error: test failed, to rerun pass '--doc'
[INFO] running `Command { std: "docker" "inspect" "e7c269d096c84975861b052ff22543f169d63258c888587e89cb7a8fb6baec41", kill_on_drop: false }`
[INFO] running `Command { std: "docker" "rm" "-f" "e7c269d096c84975861b052ff22543f169d63258c888587e89cb7a8fb6baec41", kill_on_drop: false }`
[INFO] [stdout] e7c269d096c84975861b052ff22543f169d63258c888587e89cb7a8fb6baec41
