[INFO] cloning repository https://github.com/serxka/imagehead
[INFO] running `Command { std: "git" "-c" "credential.helper=" "-c" "credential.helper=/workspace/cargo-home/bin/git-credential-null" "clone" "--bare" "https://github.com/serxka/imagehead" "/workspace/cache/git-repos/https%3A%2F%2Fgithub.com%2Fserxka%2Fimagehead", kill_on_drop: false }`
[INFO] [stderr] Cloning into bare repository '/workspace/cache/git-repos/https%3A%2F%2Fgithub.com%2Fserxka%2Fimagehead'...
[INFO] running `Command { std: "git" "rev-parse" "HEAD", kill_on_drop: false }`
[INFO] [stdout] 18204b092ff4f91c01452ee6ca194d0ae77d23fa
[INFO] testing serxka/imagehead against 1.54.0 for beta-1.55-1
[INFO] running `Command { std: "git" "clone" "/workspace/cache/git-repos/https%3A%2F%2Fgithub.com%2Fserxka%2Fimagehead" "/workspace/builds/worker-10/source", kill_on_drop: false }`
[INFO] [stderr] Cloning into '/workspace/builds/worker-10/source'...
[INFO] [stderr] done.
[INFO] validating manifest of git repo https://github.com/serxka/imagehead on toolchain 1.54.0
[INFO] running `Command { std: "/workspace/cargo-home/bin/cargo" "+1.54.0" "metadata" "--manifest-path" "Cargo.toml" "--no-deps", kill_on_drop: false }`
[INFO] started tweaking git repo https://github.com/serxka/imagehead
[INFO] finished tweaking git repo https://github.com/serxka/imagehead
[INFO] tweaked toml for git repo https://github.com/serxka/imagehead written to /workspace/builds/worker-10/source/Cargo.toml
[INFO] crate git repo https://github.com/serxka/imagehead already has a lockfile, it will not be regenerated
[INFO] running `Command { std: "/workspace/cargo-home/bin/cargo" "+1.54.0" "fetch" "--manifest-path" "Cargo.toml", kill_on_drop: false }`
[INFO] [stderr]     Blocking waiting for file lock on package cache
[INFO] [stderr]     Blocking waiting for file lock on package cache
[INFO] running `Command { std: "docker" "create" "-v" "/var/lib/crater-agent-workspace/builds/worker-10/target:/opt/rustwide/target:rw,Z" "-v" "/var/lib/crater-agent-workspace/builds/worker-10/source:/opt/rustwide/workdir:ro,Z" "-v" "/var/lib/crater-agent-workspace/cargo-home:/opt/rustwide/cargo-home:ro,Z" "-v" "/var/lib/crater-agent-workspace/rustup-home:/opt/rustwide/rustup-home:ro,Z" "-e" "SOURCE_DIR=/opt/rustwide/workdir" "-e" "CARGO_TARGET_DIR=/opt/rustwide/target" "-e" "CARGO_HOME=/opt/rustwide/cargo-home" "-e" "RUSTUP_HOME=/opt/rustwide/rustup-home" "-w" "/opt/rustwide/workdir" "-m" "1610612736" "--user" "0:0" "--network" "none" "ghcr.io/rust-lang/crates-build-env/linux@sha256:34b6a614d2c27851fe6cbf88fbd1137609cefab8b10d0615aaeb6fd47975d74e" "/opt/rustwide/cargo-home/bin/cargo" "+1.54.0" "metadata" "--no-deps" "--format-version=1", kill_on_drop: false }`
[INFO] [stdout] 2f598cdf89ac768916f83146e6ca36349c80349496df0753e696407aa968e30f
[INFO] running `Command { std: "docker" "start" "-a" "2f598cdf89ac768916f83146e6ca36349c80349496df0753e696407aa968e30f", kill_on_drop: false }`
[INFO] running `Command { std: "docker" "inspect" "2f598cdf89ac768916f83146e6ca36349c80349496df0753e696407aa968e30f", kill_on_drop: false }`
[INFO] running `Command { std: "docker" "rm" "-f" "2f598cdf89ac768916f83146e6ca36349c80349496df0753e696407aa968e30f", kill_on_drop: false }`
[INFO] [stdout] 2f598cdf89ac768916f83146e6ca36349c80349496df0753e696407aa968e30f
[INFO] running `Command { std: "docker" "create" "-v" "/var/lib/crater-agent-workspace/builds/worker-10/target:/opt/rustwide/target:rw,Z" "-v" "/var/lib/crater-agent-workspace/builds/worker-10/source:/opt/rustwide/workdir:ro,Z" "-v" "/var/lib/crater-agent-workspace/cargo-home:/opt/rustwide/cargo-home:ro,Z" "-v" "/var/lib/crater-agent-workspace/rustup-home:/opt/rustwide/rustup-home:ro,Z" "-e" "SOURCE_DIR=/opt/rustwide/workdir" "-e" "CARGO_TARGET_DIR=/opt/rustwide/target" "-e" "CARGO_INCREMENTAL=0" "-e" "RUST_BACKTRACE=full" "-e" "RUSTFLAGS=--cap-lints=warn" "-e" "CARGO_HOME=/opt/rustwide/cargo-home" "-e" "RUSTUP_HOME=/opt/rustwide/rustup-home" "-w" "/opt/rustwide/workdir" "-m" "1610612736" "--user" "0:0" "--network" "none" "ghcr.io/rust-lang/crates-build-env/linux@sha256:34b6a614d2c27851fe6cbf88fbd1137609cefab8b10d0615aaeb6fd47975d74e" "/opt/rustwide/cargo-home/bin/cargo" "+1.54.0" "build" "--frozen" "--message-format=json", kill_on_drop: false }`
[INFO] [stdout] da30fda1d7799f344e20163059cd408defea42440c4fe32b5bc6e236f683327b
[INFO] running `Command { std: "docker" "start" "-a" "da30fda1d7799f344e20163059cd408defea42440c4fe32b5bc6e236f683327b", kill_on_drop: false }`
[INFO] [stderr]     Blocking waiting for file lock on package cache
[INFO] [stderr]    Compiling byteorder v1.3.4
[INFO] [stderr]    Compiling imagehead v0.1.0 (/opt/rustwide/workdir)
[INFO] [stderr]     Finished dev [unoptimized + debuginfo] target(s) in 33.68s
[INFO] running `Command { std: "docker" "inspect" "da30fda1d7799f344e20163059cd408defea42440c4fe32b5bc6e236f683327b", kill_on_drop: false }`
[INFO] running `Command { std: "docker" "rm" "-f" "da30fda1d7799f344e20163059cd408defea42440c4fe32b5bc6e236f683327b", kill_on_drop: false }`
[INFO] [stdout] da30fda1d7799f344e20163059cd408defea42440c4fe32b5bc6e236f683327b
[INFO] running `Command { std: "docker" "create" "-v" "/var/lib/crater-agent-workspace/builds/worker-10/target:/opt/rustwide/target:rw,Z" "-v" "/var/lib/crater-agent-workspace/builds/worker-10/source:/opt/rustwide/workdir:ro,Z" "-v" "/var/lib/crater-agent-workspace/cargo-home:/opt/rustwide/cargo-home:ro,Z" "-v" "/var/lib/crater-agent-workspace/rustup-home:/opt/rustwide/rustup-home:ro,Z" "-e" "SOURCE_DIR=/opt/rustwide/workdir" "-e" "CARGO_TARGET_DIR=/opt/rustwide/target" "-e" "CARGO_INCREMENTAL=0" "-e" "RUST_BACKTRACE=full" "-e" "RUSTFLAGS=--cap-lints=warn" "-e" "CARGO_HOME=/opt/rustwide/cargo-home" "-e" "RUSTUP_HOME=/opt/rustwide/rustup-home" "-w" "/opt/rustwide/workdir" "-m" "1610612736" "--user" "0:0" "--network" "none" "ghcr.io/rust-lang/crates-build-env/linux@sha256:34b6a614d2c27851fe6cbf88fbd1137609cefab8b10d0615aaeb6fd47975d74e" "/opt/rustwide/cargo-home/bin/cargo" "+1.54.0" "test" "--frozen" "--no-run" "--message-format=json", kill_on_drop: false }`
[INFO] [stdout] b98065b38e8714fb80cf6f92cdc5fe83c0ff7af4ced65cedbc8d12e705d9920c
[INFO] running `Command { std: "docker" "start" "-a" "b98065b38e8714fb80cf6f92cdc5fe83c0ff7af4ced65cedbc8d12e705d9920c", kill_on_drop: false }`
[INFO] [stderr]     Blocking waiting for file lock on package cache
[INFO] [stderr]    Compiling imagehead v0.1.0 (/opt/rustwide/workdir)
[INFO] [stderr]     Finished test [unoptimized + debuginfo] target(s) in 16.52s
[INFO] running `Command { std: "docker" "inspect" "b98065b38e8714fb80cf6f92cdc5fe83c0ff7af4ced65cedbc8d12e705d9920c", kill_on_drop: false }`
[INFO] running `Command { std: "docker" "rm" "-f" "b98065b38e8714fb80cf6f92cdc5fe83c0ff7af4ced65cedbc8d12e705d9920c", kill_on_drop: false }`
[INFO] [stdout] b98065b38e8714fb80cf6f92cdc5fe83c0ff7af4ced65cedbc8d12e705d9920c
[INFO] running `Command { std: "docker" "create" "-v" "/var/lib/crater-agent-workspace/builds/worker-10/target:/opt/rustwide/target:rw,Z" "-v" "/var/lib/crater-agent-workspace/builds/worker-10/source:/opt/rustwide/workdir:ro,Z" "-v" "/var/lib/crater-agent-workspace/cargo-home:/opt/rustwide/cargo-home:ro,Z" "-v" "/var/lib/crater-agent-workspace/rustup-home:/opt/rustwide/rustup-home:ro,Z" "-e" "SOURCE_DIR=/opt/rustwide/workdir" "-e" "CARGO_TARGET_DIR=/opt/rustwide/target" "-e" "CARGO_INCREMENTAL=0" "-e" "RUST_BACKTRACE=full" "-e" "RUSTFLAGS=--cap-lints=warn" "-e" "CARGO_HOME=/opt/rustwide/cargo-home" "-e" "RUSTUP_HOME=/opt/rustwide/rustup-home" "-w" "/opt/rustwide/workdir" "-m" "1610612736" "--user" "0:0" "--network" "none" "ghcr.io/rust-lang/crates-build-env/linux@sha256:34b6a614d2c27851fe6cbf88fbd1137609cefab8b10d0615aaeb6fd47975d74e" "/opt/rustwide/cargo-home/bin/cargo" "+1.54.0" "test" "--frozen", kill_on_drop: false }`
[INFO] [stdout] 8b3ed2b1112f17986b2343c25d86e5e0f94be3c7f29e3656389346a129e57154
[INFO] running `Command { std: "docker" "start" "-a" "8b3ed2b1112f17986b2343c25d86e5e0f94be3c7f29e3656389346a129e57154", kill_on_drop: false }`
[INFO] [stderr]     Finished test [unoptimized + debuginfo] target(s) in 0.10s
[INFO] [stderr]      Running unittests (/opt/rustwide/target/debug/deps/imagehead-68c7b88dd07e72e1)
[INFO] [stdout] 
[INFO] [stderr]      Running unittests (/opt/rustwide/target/debug/deps/info-4ccf55033454dc6e)
[INFO] [stdout] running 0 tests
[INFO] [stdout] 
[INFO] [stdout] test result: ok. 0 passed; 0 failed; 0 ignored; 0 measured; 0 filtered out; finished in 0.00s
[INFO] [stdout] 
[INFO] [stderr]    Doc-tests imagehead
[INFO] [stdout] 
[INFO] [stdout] running 0 tests
[INFO] [stdout] 
[INFO] [stdout] test result: ok. 0 passed; 0 failed; 0 ignored; 0 measured; 0 filtered out; finished in 0.00s
[INFO] [stdout] 
[INFO] [stdout] 
[INFO] [stdout] running 1 test
[INFO] [stderr] error: test failed, to rerun pass '--doc'
[INFO] [stdout] test src/lib.rs - ImageMeta::from_bytes (line 43) ... FAILED
[INFO] [stdout] 
[INFO] [stdout] failures:
[INFO] [stdout] 
[INFO] [stdout] ---- src/lib.rs - ImageMeta::from_bytes (line 43) stdout ----
[INFO] [stdout] error: `match` arm body without braces
[INFO] [stdout]  --> src/lib.rs:46:10
[INFO] [stdout]   |
[INFO] [stdout] 5 |     None => panic!("Unknown image format!");
[INFO] [stdout]   |          -- ^^^^^^^^^^^^^^^^^^^^^^^^^^^^^^^- help: use a comma to end a `match` arm expression: `,`
[INFO] [stdout]   |          |  |
[INFO] [stdout]   |          |  this statement is not surrounded by a body
[INFO] [stdout]   |          while parsing the `match` arm starting here
[INFO] [stdout] 
[INFO] [stdout] error[E0433]: failed to resolve: use of undeclared type `ImageMeta`
[INFO] [stdout]  --> src/lib.rs:48:12
[INFO] [stdout]   |
[INFO] [stdout] 7 | assert_eq!(ImageMeta::Png, info.kind);
[INFO] [stdout]   |            ^^^^^^^^^ use of undeclared type `ImageMeta`
[INFO] [stdout] 
[INFO] [stdout] error[E0433]: failed to resolve: use of undeclared type `ImageMeta`
[INFO] [stdout]  --> src/lib.rs:44:18
[INFO] [stdout]   |
[INFO] [stdout] 3 | let info = match ImageMeta::from_bytes(&png_image) {
[INFO] [stdout]   |                  ^^^^^^^^^ not found in this scope
[INFO] [stdout]   |
[INFO] [stdout] help: consider importing this struct
[INFO] [stdout]   |
[INFO] [stdout] 2 | use imagehead::ImageMeta;
[INFO] [stdout]   |
[INFO] [stdout] 
[INFO] [stdout] error[E0425]: cannot find value `png_image` in this scope
[INFO] [stdout]  --> src/lib.rs:44:41
[INFO] [stdout]   |
[INFO] [stdout] 3 | let info = match ImageMeta::from_bytes(&png_image) {
[INFO] [stdout]   |                                         ^^^^^^^^^ not found in this scope
[INFO] [stdout] 
[INFO] [stdout] error: aborting due to 4 previous errors
[INFO] [stdout] 
[INFO] [stdout] Some errors have detailed explanations: E0425, E0433.
[INFO] [stdout] For more information about an error, try `rustc --explain E0425`.
[INFO] [stdout] Couldn't compile the test.
[INFO] [stdout] 
[INFO] [stdout] failures:
[INFO] [stdout]     src/lib.rs - ImageMeta::from_bytes (line 43)
[INFO] [stdout] 
[INFO] [stdout] test result: FAILED. 0 passed; 1 failed; 0 ignored; 0 measured; 0 filtered out; finished in 0.14s
[INFO] [stdout] 
[INFO] running `Command { std: "docker" "inspect" "8b3ed2b1112f17986b2343c25d86e5e0f94be3c7f29e3656389346a129e57154", kill_on_drop: false }`
[INFO] running `Command { std: "docker" "rm" "-f" "8b3ed2b1112f17986b2343c25d86e5e0f94be3c7f29e3656389346a129e57154", kill_on_drop: false }`
[INFO] [stdout] 8b3ed2b1112f17986b2343c25d86e5e0f94be3c7f29e3656389346a129e57154
