[INFO] cloning repository https://github.com/sergii-s/rust-dojo
[INFO] running `Command { std: "git" "-c" "credential.helper=" "-c" "credential.helper=/workspace/cargo-home/bin/git-credential-null" "clone" "--bare" "https://github.com/sergii-s/rust-dojo" "/workspace/cache/git-repos/https%3A%2F%2Fgithub.com%2Fsergii-s%2Frust-dojo", kill_on_drop: false }`
[INFO] [stderr] Cloning into bare repository '/workspace/cache/git-repos/https%3A%2F%2Fgithub.com%2Fsergii-s%2Frust-dojo'...
[INFO] running `Command { std: "git" "rev-parse" "HEAD", kill_on_drop: false }`
[INFO] [stdout] 8163b1fa37f80f3051abd0fdcffa63c20e163b93
[INFO] testing sergii-s/rust-dojo against 1.54.0 for beta-1.55-1
[INFO] running `Command { std: "git" "clone" "/workspace/cache/git-repos/https%3A%2F%2Fgithub.com%2Fsergii-s%2Frust-dojo" "/workspace/builds/worker-18/source", kill_on_drop: false }`
[INFO] [stderr] Cloning into '/workspace/builds/worker-18/source'...
[INFO] [stderr] done.
[INFO] validating manifest of git repo https://github.com/sergii-s/rust-dojo on toolchain 1.54.0
[INFO] running `Command { std: "/workspace/cargo-home/bin/cargo" "+1.54.0" "metadata" "--manifest-path" "Cargo.toml" "--no-deps", kill_on_drop: false }`
[INFO] started tweaking git repo https://github.com/sergii-s/rust-dojo
[INFO] finished tweaking git repo https://github.com/sergii-s/rust-dojo
[INFO] tweaked toml for git repo https://github.com/sergii-s/rust-dojo written to /workspace/builds/worker-18/source/Cargo.toml
[INFO] crate git repo https://github.com/sergii-s/rust-dojo already has a lockfile, it will not be regenerated
[INFO] running `Command { std: "/workspace/cargo-home/bin/cargo" "+1.54.0" "fetch" "--manifest-path" "Cargo.toml", kill_on_drop: false }`
[INFO] [stderr]     Blocking waiting for file lock on package cache
[INFO] [stderr]     Blocking waiting for file lock on package cache
[INFO] running `Command { std: "docker" "create" "-v" "/var/lib/crater-agent-workspace/builds/worker-18/target:/opt/rustwide/target:rw,Z" "-v" "/var/lib/crater-agent-workspace/builds/worker-18/source:/opt/rustwide/workdir:ro,Z" "-v" "/var/lib/crater-agent-workspace/cargo-home:/opt/rustwide/cargo-home:ro,Z" "-v" "/var/lib/crater-agent-workspace/rustup-home:/opt/rustwide/rustup-home:ro,Z" "-e" "SOURCE_DIR=/opt/rustwide/workdir" "-e" "CARGO_TARGET_DIR=/opt/rustwide/target" "-e" "CARGO_HOME=/opt/rustwide/cargo-home" "-e" "RUSTUP_HOME=/opt/rustwide/rustup-home" "-w" "/opt/rustwide/workdir" "-m" "1610612736" "--user" "0:0" "--network" "none" "ghcr.io/rust-lang/crates-build-env/linux@sha256:34b6a614d2c27851fe6cbf88fbd1137609cefab8b10d0615aaeb6fd47975d74e" "/opt/rustwide/cargo-home/bin/cargo" "+1.54.0" "metadata" "--no-deps" "--format-version=1", kill_on_drop: false }`
[INFO] [stdout] a63fa2eead8ab6872ea667b4d0d80f2783ab0d57b935e374815ad29a2a339c58
[INFO] running `Command { std: "docker" "start" "-a" "a63fa2eead8ab6872ea667b4d0d80f2783ab0d57b935e374815ad29a2a339c58", kill_on_drop: false }`
[INFO] running `Command { std: "docker" "inspect" "a63fa2eead8ab6872ea667b4d0d80f2783ab0d57b935e374815ad29a2a339c58", kill_on_drop: false }`
[INFO] running `Command { std: "docker" "rm" "-f" "a63fa2eead8ab6872ea667b4d0d80f2783ab0d57b935e374815ad29a2a339c58", kill_on_drop: false }`
[INFO] [stdout] a63fa2eead8ab6872ea667b4d0d80f2783ab0d57b935e374815ad29a2a339c58
[INFO] running `Command { std: "docker" "create" "-v" "/var/lib/crater-agent-workspace/builds/worker-18/target:/opt/rustwide/target:rw,Z" "-v" "/var/lib/crater-agent-workspace/builds/worker-18/source:/opt/rustwide/workdir:ro,Z" "-v" "/var/lib/crater-agent-workspace/cargo-home:/opt/rustwide/cargo-home:ro,Z" "-v" "/var/lib/crater-agent-workspace/rustup-home:/opt/rustwide/rustup-home:ro,Z" "-e" "SOURCE_DIR=/opt/rustwide/workdir" "-e" "CARGO_TARGET_DIR=/opt/rustwide/target" "-e" "CARGO_INCREMENTAL=0" "-e" "RUST_BACKTRACE=full" "-e" "RUSTFLAGS=--cap-lints=warn" "-e" "CARGO_HOME=/opt/rustwide/cargo-home" "-e" "RUSTUP_HOME=/opt/rustwide/rustup-home" "-w" "/opt/rustwide/workdir" "-m" "1610612736" "--user" "0:0" "--network" "none" "ghcr.io/rust-lang/crates-build-env/linux@sha256:34b6a614d2c27851fe6cbf88fbd1137609cefab8b10d0615aaeb6fd47975d74e" "/opt/rustwide/cargo-home/bin/cargo" "+1.54.0" "build" "--frozen" "--message-format=json", kill_on_drop: false }`
[INFO] [stdout] 9de741a42c1406de613c03f9d1c8c836d0202eb5bb96dd92bdd555be9f2889a1
[INFO] running `Command { std: "docker" "start" "-a" "9de741a42c1406de613c03f9d1c8c836d0202eb5bb96dd92bdd555be9f2889a1", kill_on_drop: false }`
[INFO] [stderr]     Blocking waiting for file lock on package cache
[INFO] [stderr]    Compiling rust-dojo v0.1.0 (/opt/rustwide/workdir)
[INFO] [stdout] warning: unused variable: `e`
[INFO] [stdout]   --> src/rover.rs:28:67
[INFO] [stdout]    |
[INFO] [stdout] 28 |                 let move_count: i32 = move_count.parse().map_err(|e| "not valid number")?;
[INFO] [stdout]    |                                                                   ^ help: if this is intentional, prefix it with an underscore: `_e`
[INFO] [stdout]    |
[INFO] [stdout]    = note: `#[warn(unused_variables)]` on by default
[INFO] [stdout] 
[INFO] [stdout] 
[INFO] [stdout] warning: unused variable: `e`
[INFO] [stdout]   --> src/rover.rs:64:67
[INFO] [stdout]    |
[INFO] [stdout] 64 |                 let move_count: i32 = move_count.parse().map_err(|e| "not valid number")?;
[INFO] [stdout]    |                                                                   ^ help: if this is intentional, prefix it with an underscore: `_e`
[INFO] [stdout] 
[INFO] [stdout] 
[INFO] [stdout] warning: unused variable: `rover`
[INFO] [stdout]    --> src/rover.rs:191:23
[INFO] [stdout]     |
[INFO] [stdout] 191 |     fn execute(&self, rover: &mut Rover) {
[INFO] [stdout]     |                       ^^^^^ help: if this is intentional, prefix it with an underscore: `_rover`
[INFO] [stdout] 
[INFO] [stdout] 
[INFO] [stdout] warning: unused variable: `res1`
[INFO] [stdout]   --> src/sp.rs:49:9
[INFO] [stdout]    |
[INFO] [stdout] 49 |     let res1 = sp1.deref();
[INFO] [stdout]    |         ^^^^ help: if this is intentional, prefix it with an underscore: `_res1`
[INFO] [stdout] 
[INFO] [stdout] 
[INFO] [stdout] warning: unused variable: `res2`
[INFO] [stdout]   --> src/sp.rs:53:9
[INFO] [stdout]    |
[INFO] [stdout] 53 |     let res2 = sp2.deref();
[INFO] [stdout]    |         ^^^^ help: if this is intentional, prefix it with an underscore: `_res2`
[INFO] [stdout] 
[INFO] [stdout] 
[INFO] [stdout] warning: private trait `rover::Command` in public interface (error E0445)
[INFO] [stdout]   --> src/rover.rs:10:5
[INFO] [stdout]    |
[INFO] [stdout] 10 |     fn parse_command<'x>(&self, command: &'x str) -> Result<Box<dyn Command + 'x>, &'static str>;
[INFO] [stdout]    |     ^^^^^^^^^^^^^^^^^^^^^^^^^^^^^^^^^^^^^^^^^^^^^^^^^^^^^^^^^^^^^^^^^^^^^^^^^^^^^^^^^^^^^^^^^^^^^
[INFO] [stdout]    |
[INFO] [stdout]    = note: `#[warn(private_in_public)]` on by default
[INFO] [stdout]    = warning: this was previously accepted by the compiler but is being phased out; it will become a hard error in a future release!
[INFO] [stdout]    = note: for more information, see issue #34537 <https://github.com/rust-lang/rust/issues/34537>
[INFO] [stdout] 
[INFO] [stdout] 
[INFO] [stdout] warning: private trait `rover::Command` in public interface (error E0445)
[INFO] [stdout]   --> src/rover.rs:16:5
[INFO] [stdout]    |
[INFO] [stdout] 16 |     fn parse_command(&self, command: &str) -> Result<Box<dyn Command>, &'static str> {
[INFO] [stdout]    |     ^^^^^^^^^^^^^^^^^^^^^^^^^^^^^^^^^^^^^^^^^^^^^^^^^^^^^^^^^^^^^^^^^^^^^^^^^^^^^^^^
[INFO] [stdout]    |
[INFO] [stdout]    = warning: this was previously accepted by the compiler but is being phased out; it will become a hard error in a future release!
[INFO] [stdout]    = note: for more information, see issue #34537 <https://github.com/rust-lang/rust/issues/34537>
[INFO] [stdout] 
[INFO] [stdout] 
[INFO] [stdout] warning: private trait `rover::Command` in public interface (error E0445)
[INFO] [stdout]   --> src/rover.rs:52:5
[INFO] [stdout]    |
[INFO] [stdout] 52 |     fn parse_command<'x>(&self, command: &'x str) -> Result<Box<dyn Command + 'x>, &'static str> {
[INFO] [stdout]    |     ^^^^^^^^^^^^^^^^^^^^^^^^^^^^^^^^^^^^^^^^^^^^^^^^^^^^^^^^^^^^^^^^^^^^^^^^^^^^^^^^^^^^^^^^^^^^
[INFO] [stdout]    |
[INFO] [stdout]    = warning: this was previously accepted by the compiler but is being phased out; it will become a hard error in a future release!
[INFO] [stdout]    = note: for more information, see issue #34537 <https://github.com/rust-lang/rust/issues/34537>
[INFO] [stdout] 
[INFO] [stdout] 
[INFO] [stdout] warning: associated function is never used: `scan`
[INFO] [stdout]    --> src/rover.rs:202:12
[INFO] [stdout]     |
[INFO] [stdout] 202 |     pub fn scan(&self) -> [&[char]; 3] {
[INFO] [stdout]     |            ^^^^
[INFO] [stdout]     |
[INFO] [stdout]     = note: `#[warn(dead_code)]` on by default
[INFO] [stdout] 
[INFO] [stdout] 
[INFO] [stdout] warning: struct is never constructed: `Type1`
[INFO] [stdout]  --> src/sp.rs:4:8
[INFO] [stdout]   |
[INFO] [stdout] 4 | struct Type1 {
[INFO] [stdout]   |        ^^^^^
[INFO] [stdout] 
[INFO] [stdout] 
[INFO] [stdout] warning: struct is never constructed: `Type2`
[INFO] [stdout]  --> src/sp.rs:8:8
[INFO] [stdout]   |
[INFO] [stdout] 8 | struct Type2 {
[INFO] [stdout]   |        ^^^^^
[INFO] [stdout] 
[INFO] [stdout] 
[INFO] [stdout] warning: variant is never constructed: `Own`
[INFO] [stdout]   --> src/sp.rs:12:5
[INFO] [stdout]    |
[INFO] [stdout] 12 |     Own(T),
[INFO] [stdout]    |     ^^^^^^
[INFO] [stdout] 
[INFO] [stdout] 
[INFO] [stdout] warning: variant is never constructed: `Not`
[INFO] [stdout]   --> src/sp.rs:13:5
[INFO] [stdout]    |
[INFO] [stdout] 13 |     Not(&'a T),
[INFO] [stdout]    |     ^^^^^^^^^^
[INFO] [stdout] 
[INFO] [stdout] 
[INFO] [stdout] warning: associated function is never used: `from_own`
[INFO] [stdout]   --> src/sp.rs:17:8
[INFO] [stdout]    |
[INFO] [stdout] 17 |     fn from_own(x: T) -> OwnOrNot<'a, T> {
[INFO] [stdout]    |        ^^^^^^^^
[INFO] [stdout] 
[INFO] [stdout] 
[INFO] [stdout] warning: associated function is never used: `from_ref`
[INFO] [stdout]   --> src/sp.rs:20:8
[INFO] [stdout]    |
[INFO] [stdout] 20 |     fn from_ref(x: &'a T) -> OwnOrNot<'a, T> {
[INFO] [stdout]    |        ^^^^^^^^
[INFO] [stdout] 
[INFO] [stdout] 
[INFO] [stdout] warning: function is never used: `create_from_1`
[INFO] [stdout]   --> src/sp.rs:36:4
[INFO] [stdout]    |
[INFO] [stdout] 36 | fn create_from_1(v: &Type1) -> OwnOrNot<String> {
[INFO] [stdout]    |    ^^^^^^^^^^^^^
[INFO] [stdout] 
[INFO] [stdout] 
[INFO] [stdout] warning: function is never used: `create_from_2`
[INFO] [stdout]   --> src/sp.rs:41:4
[INFO] [stdout]    |
[INFO] [stdout] 41 | fn create_from_2(_item: &Type2) -> OwnOrNot<String> {
[INFO] [stdout]    |    ^^^^^^^^^^^^^
[INFO] [stdout] 
[INFO] [stdout] 
[INFO] [stdout] warning: function is never used: `usage`
[INFO] [stdout]   --> src/sp.rs:46:4
[INFO] [stdout]    |
[INFO] [stdout] 46 | fn usage() ->() {
[INFO] [stdout]    |    ^^^^^
[INFO] [stdout] 
[INFO] [stdout] 
[INFO] [stdout] warning: 18 warnings emitted
[INFO] [stdout] 
[INFO] [stdout] 
[INFO] [stderr]     Finished dev [unoptimized + debuginfo] target(s) in 12.49s
[INFO] running `Command { std: "docker" "inspect" "9de741a42c1406de613c03f9d1c8c836d0202eb5bb96dd92bdd555be9f2889a1", kill_on_drop: false }`
[INFO] running `Command { std: "docker" "rm" "-f" "9de741a42c1406de613c03f9d1c8c836d0202eb5bb96dd92bdd555be9f2889a1", kill_on_drop: false }`
[INFO] [stdout] 9de741a42c1406de613c03f9d1c8c836d0202eb5bb96dd92bdd555be9f2889a1
[INFO] running `Command { std: "docker" "create" "-v" "/var/lib/crater-agent-workspace/builds/worker-18/target:/opt/rustwide/target:rw,Z" "-v" "/var/lib/crater-agent-workspace/builds/worker-18/source:/opt/rustwide/workdir:ro,Z" "-v" "/var/lib/crater-agent-workspace/cargo-home:/opt/rustwide/cargo-home:ro,Z" "-v" "/var/lib/crater-agent-workspace/rustup-home:/opt/rustwide/rustup-home:ro,Z" "-e" "SOURCE_DIR=/opt/rustwide/workdir" "-e" "CARGO_TARGET_DIR=/opt/rustwide/target" "-e" "CARGO_INCREMENTAL=0" "-e" "RUST_BACKTRACE=full" "-e" "RUSTFLAGS=--cap-lints=warn" "-e" "CARGO_HOME=/opt/rustwide/cargo-home" "-e" "RUSTUP_HOME=/opt/rustwide/rustup-home" "-w" "/opt/rustwide/workdir" "-m" "1610612736" "--user" "0:0" "--network" "none" "ghcr.io/rust-lang/crates-build-env/linux@sha256:34b6a614d2c27851fe6cbf88fbd1137609cefab8b10d0615aaeb6fd47975d74e" "/opt/rustwide/cargo-home/bin/cargo" "+1.54.0" "test" "--frozen" "--no-run" "--message-format=json", kill_on_drop: false }`
[INFO] [stdout] 5d2dd4eb069be87cd36ce04bd9cf84e01d624f5ea4a2e876e507e814b31daede
[INFO] running `Command { std: "docker" "start" "-a" "5d2dd4eb069be87cd36ce04bd9cf84e01d624f5ea4a2e876e507e814b31daede", kill_on_drop: false }`
[INFO] [stderr]    Compiling rust-dojo v0.1.0 (/opt/rustwide/workdir)
[INFO] [stdout] warning: unused variable: `e`
[INFO] [stdout]   --> src/rover.rs:28:67
[INFO] [stdout]    |
[INFO] [stdout] 28 |                 let move_count: i32 = move_count.parse().map_err(|e| "not valid number")?;
[INFO] [stdout]    |                                                                   ^ help: if this is intentional, prefix it with an underscore: `_e`
[INFO] [stdout]    |
[INFO] [stdout]    = note: `#[warn(unused_variables)]` on by default
[INFO] [stdout] 
[INFO] [stdout] 
[INFO] [stdout] warning: unused variable: `e`
[INFO] [stdout]   --> src/rover.rs:64:67
[INFO] [stdout]    |
[INFO] [stdout] 64 |                 let move_count: i32 = move_count.parse().map_err(|e| "not valid number")?;
[INFO] [stdout]    |                                                                   ^ help: if this is intentional, prefix it with an underscore: `_e`
[INFO] [stdout] 
[INFO] [stdout] 
[INFO] [stdout] warning: unused variable: `rover`
[INFO] [stdout]    --> src/rover.rs:191:23
[INFO] [stdout]     |
[INFO] [stdout] 191 |     fn execute(&self, rover: &mut Rover) {
[INFO] [stdout]     |                       ^^^^^ help: if this is intentional, prefix it with an underscore: `_rover`
[INFO] [stdout] 
[INFO] [stdout] 
[INFO] [stdout] warning: value assigned to `x` is never read
[INFO] [stdout]    --> src/rover.rs:456:13
[INFO] [stdout]     |
[INFO] [stdout] 456 |             x = 2;
[INFO] [stdout]     |             ^
[INFO] [stdout]     |
[INFO] [stdout]     = note: `#[warn(unused_assignments)]` on by default
[INFO] [stdout]     = help: maybe it is overwritten before being read?
[INFO] [stdout] 
[INFO] [stdout] 
[INFO] [stdout] warning: unused variable: `res1`
[INFO] [stdout]   --> src/sp.rs:49:9
[INFO] [stdout]    |
[INFO] [stdout] 49 |     let res1 = sp1.deref();
[INFO] [stdout]    |         ^^^^ help: if this is intentional, prefix it with an underscore: `_res1`
[INFO] [stdout] 
[INFO] [stdout] 
[INFO] [stdout] warning: unused variable: `res2`
[INFO] [stdout]   --> src/sp.rs:53:9
[INFO] [stdout]    |
[INFO] [stdout] 53 |     let res2 = sp2.deref();
[INFO] [stdout]    |         ^^^^ help: if this is intentional, prefix it with an underscore: `_res2`
[INFO] [stdout] 
[INFO] [stdout] 
[INFO] [stdout] warning: variable does not need to be mutable
[INFO] [stdout]    --> src/rover.rs:445:17
[INFO] [stdout]     |
[INFO] [stdout] 445 |             let mut map = vec![vec!['O'; 10]; 10];
[INFO] [stdout]     |                 ----^^^
[INFO] [stdout]     |                 |
[INFO] [stdout]     |                 help: remove this `mut`
[INFO] [stdout]     |
[INFO] [stdout]     = note: `#[warn(unused_mut)]` on by default
[INFO] [stdout] 
[INFO] [stdout] 
[INFO] [stdout] warning: variable does not need to be mutable
[INFO] [stdout]    --> src/rover.rs:447:17
[INFO] [stdout]     |
[INFO] [stdout] 447 |             let mut rover = Rover {
[INFO] [stdout]     |                 ----^^^^^
[INFO] [stdout]     |                 |
[INFO] [stdout]     |                 help: remove this `mut`
[INFO] [stdout] 
[INFO] [stdout] 
[INFO] [stdout] warning: private trait `rover::Command` in public interface (error E0445)
[INFO] [stdout]   --> src/rover.rs:10:5
[INFO] [stdout]    |
[INFO] [stdout] 10 |     fn parse_command<'x>(&self, command: &'x str) -> Result<Box<dyn Command + 'x>, &'static str>;
[INFO] [stdout]    |     ^^^^^^^^^^^^^^^^^^^^^^^^^^^^^^^^^^^^^^^^^^^^^^^^^^^^^^^^^^^^^^^^^^^^^^^^^^^^^^^^^^^^^^^^^^^^^
[INFO] [stdout]    |
[INFO] [stdout]    = note: `#[warn(private_in_public)]` on by default
[INFO] [stdout]    = warning: this was previously accepted by the compiler but is being phased out; it will become a hard error in a future release!
[INFO] [stdout]    = note: for more information, see issue #34537 <https://github.com/rust-lang/rust/issues/34537>
[INFO] [stdout] 
[INFO] [stdout] 
[INFO] [stdout] warning: private trait `rover::Command` in public interface (error E0445)
[INFO] [stdout]   --> src/rover.rs:16:5
[INFO] [stdout]    |
[INFO] [stdout] 16 |     fn parse_command(&self, command: &str) -> Result<Box<dyn Command>, &'static str> {
[INFO] [stdout]    |     ^^^^^^^^^^^^^^^^^^^^^^^^^^^^^^^^^^^^^^^^^^^^^^^^^^^^^^^^^^^^^^^^^^^^^^^^^^^^^^^^
[INFO] [stdout]    |
[INFO] [stdout]    = warning: this was previously accepted by the compiler but is being phased out; it will become a hard error in a future release!
[INFO] [stdout]    = note: for more information, see issue #34537 <https://github.com/rust-lang/rust/issues/34537>
[INFO] [stdout] 
[INFO] [stdout] 
[INFO] [stdout] warning: private trait `rover::Command` in public interface (error E0445)
[INFO] [stdout]   --> src/rover.rs:52:5
[INFO] [stdout]    |
[INFO] [stdout] 52 |     fn parse_command<'x>(&self, command: &'x str) -> Result<Box<dyn Command + 'x>, &'static str> {
[INFO] [stdout]    |     ^^^^^^^^^^^^^^^^^^^^^^^^^^^^^^^^^^^^^^^^^^^^^^^^^^^^^^^^^^^^^^^^^^^^^^^^^^^^^^^^^^^^^^^^^^^^
[INFO] [stdout]    |
[INFO] [stdout]    = warning: this was previously accepted by the compiler but is being phased out; it will become a hard error in a future release!
[INFO] [stdout]    = note: for more information, see issue #34537 <https://github.com/rust-lang/rust/issues/34537>
[INFO] [stdout] 
[INFO] [stdout] 
[INFO] [stdout] warning: struct is never constructed: `Type1`
[INFO] [stdout]  --> src/sp.rs:4:8
[INFO] [stdout]   |
[INFO] [stdout] 4 | struct Type1 {
[INFO] [stdout]   |        ^^^^^
[INFO] [stdout]   |
[INFO] [stdout]   = note: `#[warn(dead_code)]` on by default
[INFO] [stdout] 
[INFO] [stdout] 
[INFO] [stdout] warning: struct is never constructed: `Type2`
[INFO] [stdout]  --> src/sp.rs:8:8
[INFO] [stdout]   |
[INFO] [stdout] 8 | struct Type2 {
[INFO] [stdout]   |        ^^^^^
[INFO] [stdout] 
[INFO] [stdout] 
[INFO] [stdout] warning: variant is never constructed: `Own`
[INFO] [stdout]   --> src/sp.rs:12:5
[INFO] [stdout]    |
[INFO] [stdout] 12 |     Own(T),
[INFO] [stdout]    |     ^^^^^^
[INFO] [stdout] 
[INFO] [stdout] 
[INFO] [stdout] warning: variant is never constructed: `Not`
[INFO] [stdout]   --> src/sp.rs:13:5
[INFO] [stdout]    |
[INFO] [stdout] 13 |     Not(&'a T),
[INFO] [stdout]    |     ^^^^^^^^^^
[INFO] [stdout] 
[INFO] [stdout] 
[INFO] [stdout] warning: associated function is never used: `from_own`
[INFO] [stdout]   --> src/sp.rs:17:8
[INFO] [stdout]    |
[INFO] [stdout] 17 |     fn from_own(x: T) -> OwnOrNot<'a, T> {
[INFO] [stdout]    |        ^^^^^^^^
[INFO] [stdout] 
[INFO] [stdout] 
[INFO] [stdout] warning: associated function is never used: `from_ref`
[INFO] [stdout]   --> src/sp.rs:20:8
[INFO] [stdout]    |
[INFO] [stdout] 20 |     fn from_ref(x: &'a T) -> OwnOrNot<'a, T> {
[INFO] [stdout]    |        ^^^^^^^^
[INFO] [stdout] 
[INFO] [stdout] 
[INFO] [stdout] warning: function is never used: `create_from_1`
[INFO] [stdout]   --> src/sp.rs:36:4
[INFO] [stdout]    |
[INFO] [stdout] 36 | fn create_from_1(v: &Type1) -> OwnOrNot<String> {
[INFO] [stdout]    |    ^^^^^^^^^^^^^
[INFO] [stdout] 
[INFO] [stdout] 
[INFO] [stdout] warning: function is never used: `create_from_2`
[INFO] [stdout]   --> src/sp.rs:41:4
[INFO] [stdout]    |
[INFO] [stdout] 41 | fn create_from_2(_item: &Type2) -> OwnOrNot<String> {
[INFO] [stdout]    |    ^^^^^^^^^^^^^
[INFO] [stdout] 
[INFO] [stdout] 
[INFO] [stdout] warning: function is never used: `usage`
[INFO] [stdout]   --> src/sp.rs:46:4
[INFO] [stdout]    |
[INFO] [stdout] 46 | fn usage() ->() {
[INFO] [stdout]    |    ^^^^^
[INFO] [stdout] 
[INFO] [stdout] 
[INFO] [stdout] warning: 20 warnings emitted
[INFO] [stdout] 
[INFO] [stdout] 
[INFO] [stderr]     Finished test [unoptimized + debuginfo] target(s) in 0.68s
[INFO] running `Command { std: "docker" "inspect" "5d2dd4eb069be87cd36ce04bd9cf84e01d624f5ea4a2e876e507e814b31daede", kill_on_drop: false }`
[INFO] running `Command { std: "docker" "rm" "-f" "5d2dd4eb069be87cd36ce04bd9cf84e01d624f5ea4a2e876e507e814b31daede", kill_on_drop: false }`
[INFO] [stdout] 5d2dd4eb069be87cd36ce04bd9cf84e01d624f5ea4a2e876e507e814b31daede
[INFO] running `Command { std: "docker" "create" "-v" "/var/lib/crater-agent-workspace/builds/worker-18/target:/opt/rustwide/target:rw,Z" "-v" "/var/lib/crater-agent-workspace/builds/worker-18/source:/opt/rustwide/workdir:ro,Z" "-v" "/var/lib/crater-agent-workspace/cargo-home:/opt/rustwide/cargo-home:ro,Z" "-v" "/var/lib/crater-agent-workspace/rustup-home:/opt/rustwide/rustup-home:ro,Z" "-e" "SOURCE_DIR=/opt/rustwide/workdir" "-e" "CARGO_TARGET_DIR=/opt/rustwide/target" "-e" "CARGO_INCREMENTAL=0" "-e" "RUST_BACKTRACE=full" "-e" "RUSTFLAGS=--cap-lints=warn" "-e" "CARGO_HOME=/opt/rustwide/cargo-home" "-e" "RUSTUP_HOME=/opt/rustwide/rustup-home" "-w" "/opt/rustwide/workdir" "-m" "1610612736" "--user" "0:0" "--network" "none" "ghcr.io/rust-lang/crates-build-env/linux@sha256:34b6a614d2c27851fe6cbf88fbd1137609cefab8b10d0615aaeb6fd47975d74e" "/opt/rustwide/cargo-home/bin/cargo" "+1.54.0" "test" "--frozen", kill_on_drop: false }`
[INFO] [stdout] 38c24264ca54e26622d521c27cc0d77e9348af81ef48f6173f3cdf56a54a6646
[INFO] running `Command { std: "docker" "start" "-a" "38c24264ca54e26622d521c27cc0d77e9348af81ef48f6173f3cdf56a54a6646", kill_on_drop: false }`
[INFO] [stderr] warning: unused variable: `e`
[INFO] [stderr]   --> src/rover.rs:28:67
[INFO] [stderr]    |
[INFO] [stderr] 28 |                 let move_count: i32 = move_count.parse().map_err(|e| "not valid number")?;
[INFO] [stderr]    |                                                                   ^ help: if this is intentional, prefix it with an underscore: `_e`
[INFO] [stderr]    |
[INFO] [stderr]    = note: `#[warn(unused_variables)]` on by default
[INFO] [stderr] 
[INFO] [stderr] warning: unused variable: `e`
[INFO] [stderr]   --> src/rover.rs:64:67
[INFO] [stderr]    |
[INFO] [stderr] 64 |                 let move_count: i32 = move_count.parse().map_err(|e| "not valid number")?;
[INFO] [stderr]    |                                                                   ^ help: if this is intentional, prefix it with an underscore: `_e`
[INFO] [stderr] 
[INFO] [stderr] warning: unused variable: `rover`
[INFO] [stderr]    --> src/rover.rs:191:23
[INFO] [stderr]     |
[INFO] [stderr] 191 |     fn execute(&self, rover: &mut Rover) {
[INFO] [stderr]     |                       ^^^^^ help: if this is intentional, prefix it with an underscore: `_rover`
[INFO] [stderr] 
[INFO] [stderr] warning: value assigned to `x` is never read
[INFO] [stderr]    --> src/rover.rs:456:13
[INFO] [stderr]     |
[INFO] [stderr] 456 |             x = 2;
[INFO] [stderr]     |             ^
[INFO] [stderr]     |
[INFO] [stderr]     = note: `#[warn(unused_assignments)]` on by default
[INFO] [stderr]     = help: maybe it is overwritten before being read?
[INFO] [stderr] 
[INFO] [stderr] warning: unused variable: `res1`
[INFO] [stderr]   --> src/sp.rs:49:9
[INFO] [stderr]    |
[INFO] [stderr] 49 |     let res1 = sp1.deref();
[INFO] [stderr]    |         ^^^^ help: if this is intentional, prefix it with an underscore: `_res1`
[INFO] [stderr] 
[INFO] [stderr] warning: unused variable: `res2`
[INFO] [stderr]   --> src/sp.rs:53:9
[INFO] [stderr]    |
[INFO] [stderr] 53 |     let res2 = sp2.deref();
[INFO] [stderr]    |         ^^^^ help: if this is intentional, prefix it with an underscore: `_res2`
[INFO] [stderr] 
[INFO] [stderr] warning: variable does not need to be mutable
[INFO] [stderr]    --> src/rover.rs:445:17
[INFO] [stderr]     |
[INFO] [stderr] 445 |             let mut map = vec![vec!['O'; 10]; 10];
[INFO] [stderr]     |                 ----^^^
[INFO] [stderr]     |                 |
[INFO] [stderr]     |                 help: remove this `mut`
[INFO] [stderr]     |
[INFO] [stderr]     = note: `#[warn(unused_mut)]` on by default
[INFO] [stderr] 
[INFO] [stderr] warning: variable does not need to be mutable
[INFO] [stderr]    --> src/rover.rs:447:17
[INFO] [stderr]     |
[INFO] [stderr] 447 |             let mut rover = Rover {
[INFO] [stderr]     |                 ----^^^^^
[INFO] [stderr]     |                 |
[INFO] [stderr]     |                 help: remove this `mut`
[INFO] [stderr] 
[INFO] [stderr] warning: private trait `rover::Command` in public interface (error E0445)
[INFO] [stderr]   --> src/rover.rs:10:5
[INFO] [stderr]    |
[INFO] [stderr] 10 |     fn parse_command<'x>(&self, command: &'x str) -> Result<Box<dyn Command + 'x>, &'static str>;
[INFO] [stderr]    |     ^^^^^^^^^^^^^^^^^^^^^^^^^^^^^^^^^^^^^^^^^^^^^^^^^^^^^^^^^^^^^^^^^^^^^^^^^^^^^^^^^^^^^^^^^^^^^
[INFO] [stderr]    |
[INFO] [stderr]    = note: `#[warn(private_in_public)]` on by default
[INFO] [stderr]    = warning: this was previously accepted by the compiler but is being phased out; it will become a hard error in a future release!
[INFO] [stderr]    = note: for more information, see issue #34537 <https://github.com/rust-lang/rust/issues/34537>
[INFO] [stderr] 
[INFO] [stderr] warning: private trait `rover::Command` in public interface (error E0445)
[INFO] [stderr]   --> src/rover.rs:16:5
[INFO] [stderr]    |
[INFO] [stderr] 16 |     fn parse_command(&self, command: &str) -> Result<Box<dyn Command>, &'static str> {
[INFO] [stderr]    |     ^^^^^^^^^^^^^^^^^^^^^^^^^^^^^^^^^^^^^^^^^^^^^^^^^^^^^^^^^^^^^^^^^^^^^^^^^^^^^^^^
[INFO] [stderr]    |
[INFO] [stderr]    = warning: this was previously accepted by the compiler but is being phased out; it will become a hard error in a future release!
[INFO] [stderr]    = note: for more information, see issue #34537 <https://github.com/rust-lang/rust/issues/34537>
[INFO] [stderr] 
[INFO] [stderr] warning: private trait `rover::Command` in public interface (error E0445)
[INFO] [stderr]   --> src/rover.rs:52:5
[INFO] [stderr]    |
[INFO] [stderr] 52 |     fn parse_command<'x>(&self, command: &'x str) -> Result<Box<dyn Command + 'x>, &'static str> {
[INFO] [stderr]    |     ^^^^^^^^^^^^^^^^^^^^^^^^^^^^^^^^^^^^^^^^^^^^^^^^^^^^^^^^^^^^^^^^^^^^^^^^^^^^^^^^^^^^^^^^^^^^
[INFO] [stderr]    |
[INFO] [stderr]    = warning: this was previously accepted by the compiler but is being phased out; it will become a hard error in a future release!
[INFO] [stderr]    = note: for more information, see issue #34537 <https://github.com/rust-lang/rust/issues/34537>
[INFO] [stderr] 
[INFO] [stderr] warning: struct is never constructed: `Type1`
[INFO] [stderr]  --> src/sp.rs:4:8
[INFO] [stderr]   |
[INFO] [stderr] 4 | struct Type1 {
[INFO] [stderr]   |        ^^^^^
[INFO] [stderr]   |
[INFO] [stderr]   = note: `#[warn(dead_code)]` on by default
[INFO] [stderr] 
[INFO] [stderr] warning: struct is never constructed: `Type2`
[INFO] [stderr]  --> src/sp.rs:8:8
[INFO] [stderr]   |
[INFO] [stderr] 8 | struct Type2 {
[INFO] [stderr]   |        ^^^^^
[INFO] [stderr] 
[INFO] [stderr] warning: variant is never constructed: `Own`
[INFO] [stderr]   --> src/sp.rs:12:5
[INFO] [stderr]    |
[INFO] [stderr] 12 |     Own(T),
[INFO] [stderr]    |     ^^^^^^
[INFO] [stderr] 
[INFO] [stderr] warning: variant is never constructed: `Not`
[INFO] [stderr]   --> src/sp.rs:13:5
[INFO] [stderr]    |
[INFO] [stderr] 13 |     Not(&'a T),
[INFO] [stderr]    |     ^^^^^^^^^^
[INFO] [stderr] 
[INFO] [stderr] warning: associated function is never used: `from_own`
[INFO] [stderr]   --> src/sp.rs:17:8
[INFO] [stderr]    |
[INFO] [stderr] 17 |     fn from_own(x: T) -> OwnOrNot<'a, T> {
[INFO] [stderr]    |        ^^^^^^^^
[INFO] [stderr] 
[INFO] [stderr] warning: associated function is never used: `from_ref`
[INFO] [stderr]   --> src/sp.rs:20:8
[INFO] [stderr]    |
[INFO] [stderr] 20 |     fn from_ref(x: &'a T) -> OwnOrNot<'a, T> {
[INFO] [stderr]    |        ^^^^^^^^
[INFO] [stderr] 
[INFO] [stderr] warning: function is never used: `create_from_1`
[INFO] [stderr]   --> src/sp.rs:36:4
[INFO] [stderr]    |
[INFO] [stderr] 36 | fn create_from_1(v: &Type1) -> OwnOrNot<String> {
[INFO] [stderr]    |    ^^^^^^^^^^^^^
[INFO] [stderr] 
[INFO] [stderr] warning: function is never used: `create_from_2`
[INFO] [stderr]   --> src/sp.rs:41:4
[INFO] [stderr]    |
[INFO] [stderr] 41 | fn create_from_2(_item: &Type2) -> OwnOrNot<String> {
[INFO] [stderr]    |    ^^^^^^^^^^^^^
[INFO] [stderr] 
[INFO] [stderr] warning: function is never used: `usage`
[INFO] [stderr]   --> src/sp.rs:46:4
[INFO] [stderr]    |
[INFO] [stderr] 46 | fn usage() ->() {
[INFO] [stderr]    |    ^^^^^
[INFO] [stderr] 
[INFO] [stderr] warning: 20 warnings emitted
[INFO] [stderr] 
[INFO] [stderr]     Finished test [unoptimized + debuginfo] target(s) in 0.02s
[INFO] [stderr]      Running unittests (/opt/rustwide/target/debug/deps/rust_dojo-c4f74b11a5adacef)
[INFO] [stdout] 
[INFO] [stdout] running 13 tests
[INFO] [stdout] test rover::tests::it_works ... ok
[INFO] [stdout] test rover::tests::it_works_move_2 ... ok
[INFO] [stdout] test rover::tests::it_works_move_3 ... ok
[INFO] [stdout] test rover::tests::it_works_move_4 ... ok
[INFO] [stdout] test rover::tests::it_works_move_5 ... ok
[INFO] [stdout] test rover::tests::it_works_move_backward_5 ... ok
[INFO] [stdout] test rover::tests::it_works_move_backward_6 ... ok
[INFO] [stdout] test rover::tests::it_works_move_backward_8 ... ok
[INFO] [stdout] test rover::tests::it_works_move_backward_7 ... ok
[INFO] [stdout] test rover::tests::it_works_turn_left ... ok
[INFO] [stdout] test rover::tests::it_works_turn_left_2 ... ok
[INFO] [stdout] test rover::tests::it_works_print ... FAILED
[INFO] [stderr] error: test failed, to rerun pass '--bin rust-dojo'
[INFO] [stdout] test rover::tests::it_works_scan ... FAILED
[INFO] [stdout] 
[INFO] [stdout] failures:
[INFO] [stdout] 
[INFO] [stdout] ---- rover::tests::it_works_print stdout ----
[INFO] [stdout] xxxx-aaaa
[INFO] [stdout] thread 'rover::tests::it_works_print' panicked at 'assertion failed: `(left == right)`
[INFO] [stdout]   left: `North`,
[INFO] [stdout]  right: `West`', src/rover.rs:437:9
[INFO] [stdout] stack backtrace:
[INFO] [stdout]    0:     0x5618b86416c0 - std::backtrace_rs::backtrace::libunwind::trace::h34055254b57d8e79
[INFO] [stdout]                                at /rustc/a178d0322ce20e33eac124758e837cbd80a6f633/library/std/src/../../backtrace/src/backtrace/libunwind.rs:90:5
[INFO] [stdout]    1:     0x5618b86416c0 - std::backtrace_rs::backtrace::trace_unsynchronized::h8f1e3fbd9afff6ec
[INFO] [stdout]                                at /rustc/a178d0322ce20e33eac124758e837cbd80a6f633/library/std/src/../../backtrace/src/backtrace/mod.rs:66:5
[INFO] [stdout]    2:     0x5618b86416c0 - std::sys_common::backtrace::_print_fmt::h3a99a796b770c360
[INFO] [stdout]                                at /rustc/a178d0322ce20e33eac124758e837cbd80a6f633/library/std/src/sys_common/backtrace.rs:67:5
[INFO] [stdout]    3:     0x5618b86416c0 - <std::sys_common::backtrace::_print::DisplayBacktrace as core::fmt::Display>::fmt::h32d1f94a80615d18
[INFO] [stdout]                                at /rustc/a178d0322ce20e33eac124758e837cbd80a6f633/library/std/src/sys_common/backtrace.rs:46:22
[INFO] [stdout]    4:     0x5618b8663ebc - core::fmt::write::h306731c068f7162c
[INFO] [stdout]                                at /rustc/a178d0322ce20e33eac124758e837cbd80a6f633/library/core/src/fmt/mod.rs:1110:17
[INFO] [stdout]    5:     0x5618b863e5e5 - std::io::Write::write_fmt::h87f19b0a2cd190bc
[INFO] [stdout]                                at /rustc/a178d0322ce20e33eac124758e837cbd80a6f633/library/std/src/io/mod.rs:1588:15
[INFO] [stdout]    6:     0x5618b864382b - std::sys_common::backtrace::_print::h5abaa2601a852287
[INFO] [stdout]                                at /rustc/a178d0322ce20e33eac124758e837cbd80a6f633/library/std/src/sys_common/backtrace.rs:49:5
[INFO] [stdout]    7:     0x5618b864382b - std::sys_common::backtrace::print::h8d81445442bb638f
[INFO] [stdout]                                at /rustc/a178d0322ce20e33eac124758e837cbd80a6f633/library/std/src/sys_common/backtrace.rs:36:9
[INFO] [stdout]    8:     0x5618b864382b - std::panicking::default_hook::{{closure}}::hcfe804496a9fa747
[INFO] [stdout]                                at /rustc/a178d0322ce20e33eac124758e837cbd80a6f633/library/std/src/panicking.rs:208:50
[INFO] [stdout]    9:     0x5618b864333c - std::panicking::default_hook::hbea8e3ccf2ba8901
[INFO] [stdout]                                at /rustc/a178d0322ce20e33eac124758e837cbd80a6f633/library/std/src/panicking.rs:222:9
[INFO] [stdout]   10:     0x5618b8643ef4 - std::panicking::rust_panic_with_hook::h7ee9e1a2d0f8975a
[INFO] [stdout]                                at /rustc/a178d0322ce20e33eac124758e837cbd80a6f633/library/std/src/panicking.rs:622:17
[INFO] [stdout]   11:     0x5618b86439d7 - std::panicking::begin_panic_handler::{{closure}}::h8ab3b4491718b2c7
[INFO] [stdout]                                at /rustc/a178d0322ce20e33eac124758e837cbd80a6f633/library/std/src/panicking.rs:519:13
[INFO] [stdout]   12:     0x5618b8641bbc - std::sys_common::backtrace::__rust_end_short_backtrace::hd489062ffa586a9f
[INFO] [stdout]                                at /rustc/a178d0322ce20e33eac124758e837cbd80a6f633/library/std/src/sys_common/backtrace.rs:141:18
[INFO] [stdout]   13:     0x5618b8643939 - rust_begin_unwind
[INFO] [stdout]                                at /rustc/a178d0322ce20e33eac124758e837cbd80a6f633/library/std/src/panicking.rs:515:5
[INFO] [stdout]   14:     0x5618b85dd651 - core::panicking::panic_fmt::hca6330e3e14086b4
[INFO] [stdout]                                at /rustc/a178d0322ce20e33eac124758e837cbd80a6f633/library/core/src/panicking.rs:92:14
[INFO] [stdout]   15:     0x5618b86627d8 - core::panicking::assert_failed_inner::h33b45280069a80ed
[INFO] [stdout]   16:     0x5618b85ef19a - core::panicking::assert_failed::h2ddc84da9f61e27a
[INFO] [stdout]                                at /rustc/a178d0322ce20e33eac124758e837cbd80a6f633/library/core/src/panicking.rs:117:5
[INFO] [stdout]   17:     0x5618b85ed5b4 - rust_dojo::rover::tests::it_works_print::h0d06adcddb4cf2ee
[INFO] [stdout]                                at /opt/rustwide/workdir/src/rover.rs:437:9
[INFO] [stdout]   18:     0x5618b85ed33a - rust_dojo::rover::tests::it_works_print::{{closure}}::h0fa9369d5632659b
[INFO] [stdout]                                at /opt/rustwide/workdir/src/rover.rs:424:5
[INFO] [stdout]   19:     0x5618b85e41fe - core::ops::function::FnOnce::call_once::headf9ac51a6ec771
[INFO] [stdout]                                at /rustc/a178d0322ce20e33eac124758e837cbd80a6f633/library/core/src/ops/function.rs:227:5
[INFO] [stdout]   20:     0x5618b8618bc3 - core::ops::function::FnOnce::call_once::h152e7e439ff59e19
[INFO] [stdout]                                at /rustc/a178d0322ce20e33eac124758e837cbd80a6f633/library/core/src/ops/function.rs:227:5
[INFO] [stdout]   21:     0x5618b8618bc3 - test::__rust_begin_short_backtrace::h0908f3b1fdbb72ab
[INFO] [stdout]                                at /rustc/a178d0322ce20e33eac124758e837cbd80a6f633/library/test/src/lib.rs:577:5
[INFO] [stdout]   22:     0x5618b8617680 - <alloc::boxed::Box<F,A> as core::ops::function::FnOnce<Args>>::call_once::hf6d2a51e5587546c
[INFO] [stdout]                                at /rustc/a178d0322ce20e33eac124758e837cbd80a6f633/library/alloc/src/boxed.rs:1575:9
[INFO] [stdout]   23:     0x5618b8617680 - <std::panic::AssertUnwindSafe<F> as core::ops::function::FnOnce<()>>::call_once::h8af660f3a89ef593
[INFO] [stdout]                                at /rustc/a178d0322ce20e33eac124758e837cbd80a6f633/library/std/src/panic.rs:347:9
[INFO] [stdout]   24:     0x5618b8617680 - std::panicking::try::do_call::hd36aef60f84b6d36
[INFO] [stdout]                                at /rustc/a178d0322ce20e33eac124758e837cbd80a6f633/library/std/src/panicking.rs:401:40
[INFO] [stdout]   25:     0x5618b8617680 - std::panicking::try::h9932b4480e69817c
[INFO] [stdout]                                at /rustc/a178d0322ce20e33eac124758e837cbd80a6f633/library/std/src/panicking.rs:365:19
[INFO] [stdout]   26:     0x5618b8617680 - std::panic::catch_unwind::h6aa177099cfff5f8
[INFO] [stdout]                                at /rustc/a178d0322ce20e33eac124758e837cbd80a6f633/library/std/src/panic.rs:434:14
[INFO] [stdout]   27:     0x5618b8617680 - test::run_test_in_process::h5884d6f2d99e20c3
[INFO] [stdout]                                at /rustc/a178d0322ce20e33eac124758e837cbd80a6f633/library/test/src/lib.rs:600:18
[INFO] [stdout]   28:     0x5618b8617680 - test::run_test::run_test_inner::{{closure}}::h6fdc58c6d5f5b6e3
[INFO] [stdout]                                at /rustc/a178d0322ce20e33eac124758e837cbd80a6f633/library/test/src/lib.rs:492:39
[INFO] [stdout]   29:     0x5618b85f0d32 - test::run_test::run_test_inner::{{closure}}::h408365d67a78ade8
[INFO] [stdout]                                at /rustc/a178d0322ce20e33eac124758e837cbd80a6f633/library/test/src/lib.rs:519:37
[INFO] [stdout]   30:     0x5618b85f0d32 - std::sys_common::backtrace::__rust_begin_short_backtrace::hb560b77c4f701523
[INFO] [stdout]                                at /rustc/a178d0322ce20e33eac124758e837cbd80a6f633/library/std/src/sys_common/backtrace.rs:125:18
[INFO] [stdout]   31:     0x5618b85f48e8 - std::thread::Builder::spawn_unchecked::{{closure}}::{{closure}}::hf2e7831dad93c597
[INFO] [stdout]                                at /rustc/a178d0322ce20e33eac124758e837cbd80a6f633/library/std/src/thread/mod.rs:481:17
[INFO] [stdout]   32:     0x5618b85f48e8 - <std::panic::AssertUnwindSafe<F> as core::ops::function::FnOnce<()>>::call_once::hd2e08783d8be4d02
[INFO] [stdout]                                at /rustc/a178d0322ce20e33eac124758e837cbd80a6f633/library/std/src/panic.rs:347:9
[INFO] [stdout]   33:     0x5618b85f48e8 - std::panicking::try::do_call::h062597b7acfd6b82
[INFO] [stdout]                                at /rustc/a178d0322ce20e33eac124758e837cbd80a6f633/library/std/src/panicking.rs:401:40
[INFO] [stdout]   34:     0x5618b85f48e8 - std::panicking::try::h0d7b79db04c14552
[INFO] [stdout]                                at /rustc/a178d0322ce20e33eac124758e837cbd80a6f633/library/std/src/panicking.rs:365:19
[INFO] [stdout]   35:     0x5618b85f48e8 - std::panic::catch_unwind::hb01a0b5e7c8cd43b
[INFO] [stdout]                                at /rustc/a178d0322ce20e33eac124758e837cbd80a6f633/library/std/src/panic.rs:434:14
[INFO] [stdout]   36:     0x5618b85f48e8 - std::thread::Builder::spawn_unchecked::{{closure}}::h5bde48cc887e0d1e
[INFO] [stdout]                                at /rustc/a178d0322ce20e33eac124758e837cbd80a6f633/library/std/src/thread/mod.rs:480:30
[INFO] [stdout]   37:     0x5618b85f48e8 - core::ops::function::FnOnce::call_once{{vtable.shim}}::h745ea30807a29e55
[INFO] [stdout]                                at /rustc/a178d0322ce20e33eac124758e837cbd80a6f633/library/core/src/ops/function.rs:227:5
[INFO] [stdout]   38:     0x5618b86489b7 - <alloc::boxed::Box<F,A> as core::ops::function::FnOnce<Args>>::call_once::h7ece6cfefaff1005
[INFO] [stdout]                                at /rustc/a178d0322ce20e33eac124758e837cbd80a6f633/library/alloc/src/boxed.rs:1575:9
[INFO] [stdout]   39:     0x5618b86489b7 - <alloc::boxed::Box<F,A> as core::ops::function::FnOnce<Args>>::call_once::hb8b48e55c21f193e
[INFO] [stdout]                                at /rustc/a178d0322ce20e33eac124758e837cbd80a6f633/library/alloc/src/boxed.rs:1575:9
[INFO] [stdout]   40:     0x5618b86489b7 - std::sys::unix::thread::Thread::new::thread_start::h8c7c4450dba62914
[INFO] [stdout]                                at /rustc/a178d0322ce20e33eac124758e837cbd80a6f633/library/std/src/sys/unix/thread.rs:71:17
[INFO] [stdout]   41:     0x7f946f9ea609 - start_thread
[INFO] [stdout]   42:     0x7f946f7bc293 - clone
[INFO] [stdout]   43:                0x0 - <unknown>
[INFO] [stdout] 
[INFO] [stdout] ---- rover::tests::it_works_scan stdout ----
[INFO] [stdout] thread 'rover::tests::it_works_scan' panicked at 'assertion failed: `(left == right)`
[INFO] [stdout]   left: `[['O', 'O', 'O'], ['O', 'O', 'O'], ['O', 'O', 'O']]`,
[INFO] [stdout]  right: `[['O', 'X', 'O'], ['O', 'O', 'O'], ['O', 'O', 'Y']]`', src/rover.rs:459:13
[INFO] [stdout] stack backtrace:
[INFO] [stdout]    0:     0x5618b86416c0 - std::backtrace_rs::backtrace::libunwind::trace::h34055254b57d8e79
[INFO] [stdout]                                at /rustc/a178d0322ce20e33eac124758e837cbd80a6f633/library/std/src/../../backtrace/src/backtrace/libunwind.rs:90:5
[INFO] [stdout]    1:     0x5618b86416c0 - std::backtrace_rs::backtrace::trace_unsynchronized::h8f1e3fbd9afff6ec
[INFO] [stdout]                                at /rustc/a178d0322ce20e33eac124758e837cbd80a6f633/library/std/src/../../backtrace/src/backtrace/mod.rs:66:5
[INFO] [stdout]    2:     0x5618b86416c0 - std::sys_common::backtrace::_print_fmt::h3a99a796b770c360
[INFO] [stdout]                                at /rustc/a178d0322ce20e33eac124758e837cbd80a6f633/library/std/src/sys_common/backtrace.rs:67:5
[INFO] [stdout]    3:     0x5618b86416c0 - <std::sys_common::backtrace::_print::DisplayBacktrace as core::fmt::Display>::fmt::h32d1f94a80615d18
[INFO] [stdout]                                at /rustc/a178d0322ce20e33eac124758e837cbd80a6f633/library/std/src/sys_common/backtrace.rs:46:22
[INFO] [stdout]    4:     0x5618b8663ebc - core::fmt::write::h306731c068f7162c
[INFO] [stdout]                                at /rustc/a178d0322ce20e33eac124758e837cbd80a6f633/library/core/src/fmt/mod.rs:1110:17
[INFO] [stdout]    5:     0x5618b863e5e5 - std::io::Write::write_fmt::h87f19b0a2cd190bc
[INFO] [stdout]                                at /rustc/a178d0322ce20e33eac124758e837cbd80a6f633/library/std/src/io/mod.rs:1588:15
[INFO] [stdout]    6:     0x5618b864382b - std::sys_common::backtrace::_print::h5abaa2601a852287
[INFO] [stdout]                                at /rustc/a178d0322ce20e33eac124758e837cbd80a6f633/library/std/src/sys_common/backtrace.rs:49:5
[INFO] [stdout]    7:     0x5618b864382b - std::sys_common::backtrace::print::h8d81445442bb638f
[INFO] [stdout]                                at /rustc/a178d0322ce20e33eac124758e837cbd80a6f633/library/std/src/sys_common/backtrace.rs:36:9
[INFO] [stdout]    8:     0x5618b864382b - std::panicking::default_hook::{{closure}}::hcfe804496a9fa747
[INFO] [stdout]                                at /rustc/a178d0322ce20e33eac124758e837cbd80a6f633/library/std/src/panicking.rs:208:50
[INFO] [stdout]    9:     0x5618b864333c - std::panicking::default_hook::hbea8e3ccf2ba8901
[INFO] [stdout]                                at /rustc/a178d0322ce20e33eac124758e837cbd80a6f633/library/std/src/panicking.rs:222:9
[INFO] [stdout]   10:     0x5618b8643ef4 - std::panicking::rust_panic_with_hook::h7ee9e1a2d0f8975a
[INFO] [stdout]                                at /rustc/a178d0322ce20e33eac124758e837cbd80a6f633/library/std/src/panicking.rs:622:17
[INFO] [stdout]   11:     0x5618b86439d7 - std::panicking::begin_panic_handler::{{closure}}::h8ab3b4491718b2c7
[INFO] [stdout]                                at /rustc/a178d0322ce20e33eac124758e837cbd80a6f633/library/std/src/panicking.rs:519:13
[INFO] [stdout]   12:     0x5618b8641bbc - std::sys_common::backtrace::__rust_end_short_backtrace::hd489062ffa586a9f
[INFO] [stdout]                                at /rustc/a178d0322ce20e33eac124758e837cbd80a6f633/library/std/src/sys_common/backtrace.rs:141:18
[INFO] [stdout]   13:     0x5618b8643939 - rust_begin_unwind
[INFO] [stdout]                                at /rustc/a178d0322ce20e33eac124758e837cbd80a6f633/library/std/src/panicking.rs:515:5
[INFO] [stdout]   14:     0x5618b85dd651 - core::panicking::panic_fmt::hca6330e3e14086b4
[INFO] [stdout]                                at /rustc/a178d0322ce20e33eac124758e837cbd80a6f633/library/core/src/panicking.rs:92:14
[INFO] [stdout]   15:     0x5618b86627d8 - core::panicking::assert_failed_inner::h33b45280069a80ed
[INFO] [stdout]   16:     0x5618b85ef1fe - core::panicking::assert_failed::h5062288efc8980cc
[INFO] [stdout]                                at /rustc/a178d0322ce20e33eac124758e837cbd80a6f633/library/core/src/panicking.rs:117:5
[INFO] [stdout]   17:     0x5618b85ed8b6 - rust_dojo::rover::tests::it_works_scan::h1778415db943a362
[INFO] [stdout]                                at /opt/rustwide/workdir/src/rover.rs:459:13
[INFO] [stdout]   18:     0x5618b85ed5fa - rust_dojo::rover::tests::it_works_scan::{{closure}}::h599583543e05f782
[INFO] [stdout]                                at /opt/rustwide/workdir/src/rover.rs:441:5
[INFO] [stdout]   19:     0x5618b85e3f7e - core::ops::function::FnOnce::call_once::h2db2c4cd22855ff6
[INFO] [stdout]                                at /rustc/a178d0322ce20e33eac124758e837cbd80a6f633/library/core/src/ops/function.rs:227:5
[INFO] [stdout]   20:     0x5618b8618bc3 - core::ops::function::FnOnce::call_once::h152e7e439ff59e19
[INFO] [stdout]                                at /rustc/a178d0322ce20e33eac124758e837cbd80a6f633/library/core/src/ops/function.rs:227:5
[INFO] [stdout]   21:     0x5618b8618bc3 - test::__rust_begin_short_backtrace::h0908f3b1fdbb72ab
[INFO] [stdout]                                at /rustc/a178d0322ce20e33eac124758e837cbd80a6f633/library/test/src/lib.rs:577:5
[INFO] [stdout]   22:     0x5618b8617680 - <alloc::boxed::Box<F,A> as core::ops::function::FnOnce<Args>>::call_once::hf6d2a51e5587546c
[INFO] [stdout]                                at /rustc/a178d0322ce20e33eac124758e837cbd80a6f633/library/alloc/src/boxed.rs:1575:9
[INFO] [stdout]   23:     0x5618b8617680 - <std::panic::AssertUnwindSafe<F> as core::ops::function::FnOnce<()>>::call_once::h8af660f3a89ef593
[INFO] [stdout]                                at /rustc/a178d0322ce20e33eac124758e837cbd80a6f633/library/std/src/panic.rs:347:9
[INFO] [stdout]   24:     0x5618b8617680 - std::panicking::try::do_call::hd36aef60f84b6d36
[INFO] [stdout]                                at /rustc/a178d0322ce20e33eac124758e837cbd80a6f633/library/std/src/panicking.rs:401:40
[INFO] [stdout]   25:     0x5618b8617680 - std::panicking::try::h9932b4480e69817c
[INFO] [stdout]                                at /rustc/a178d0322ce20e33eac124758e837cbd80a6f633/library/std/src/panicking.rs:365:19
[INFO] [stdout]   26:     0x5618b8617680 - std::panic::catch_unwind::h6aa177099cfff5f8
[INFO] [stdout]                                at /rustc/a178d0322ce20e33eac124758e837cbd80a6f633/library/std/src/panic.rs:434:14
[INFO] [stdout]   27:     0x5618b8617680 - test::run_test_in_process::h5884d6f2d99e20c3
[INFO] [stdout]                                at /rustc/a178d0322ce20e33eac124758e837cbd80a6f633/library/test/src/lib.rs:600:18
[INFO] [stdout]   28:     0x5618b8617680 - test::run_test::run_test_inner::{{closure}}::h6fdc58c6d5f5b6e3
[INFO] [stdout]                                at /rustc/a178d0322ce20e33eac124758e837cbd80a6f633/library/test/src/lib.rs:492:39
[INFO] [stdout]   29:     0x5618b85f0d32 - test::run_test::run_test_inner::{{closure}}::h408365d67a78ade8
[INFO] [stdout]                                at /rustc/a178d0322ce20e33eac124758e837cbd80a6f633/library/test/src/lib.rs:519:37
[INFO] [stdout]   30:     0x5618b85f0d32 - std::sys_common::backtrace::__rust_begin_short_backtrace::hb560b77c4f701523
[INFO] [stdout]                                at /rustc/a178d0322ce20e33eac124758e837cbd80a6f633/library/std/src/sys_common/backtrace.rs:125:18
[INFO] [stdout]   31:     0x5618b85f48e8 - std::thread::Builder::spawn_unchecked::{{closure}}::{{closure}}::hf2e7831dad93c597
[INFO] [stdout]                                at /rustc/a178d0322ce20e33eac124758e837cbd80a6f633/library/std/src/thread/mod.rs:481:17
[INFO] [stdout]   32:     0x5618b85f48e8 - <std::panic::AssertUnwindSafe<F> as core::ops::function::FnOnce<()>>::call_once::hd2e08783d8be4d02
[INFO] [stdout]                                at /rustc/a178d0322ce20e33eac124758e837cbd80a6f633/library/std/src/panic.rs:347:9
[INFO] [stdout]   33:     0x5618b85f48e8 - std::panicking::try::do_call::h062597b7acfd6b82
[INFO] [stdout]                                at /rustc/a178d0322ce20e33eac124758e837cbd80a6f633/library/std/src/panicking.rs:401:40
[INFO] [stdout]   34:     0x5618b85f48e8 - std::panicking::try::h0d7b79db04c14552
[INFO] [stdout]                                at /rustc/a178d0322ce20e33eac124758e837cbd80a6f633/library/std/src/panicking.rs:365:19
[INFO] [stdout]   35:     0x5618b85f48e8 - std::panic::catch_unwind::hb01a0b5e7c8cd43b
[INFO] [stdout]                                at /rustc/a178d0322ce20e33eac124758e837cbd80a6f633/library/std/src/panic.rs:434:14
[INFO] [stdout]   36:     0x5618b85f48e8 - std::thread::Builder::spawn_unchecked::{{closure}}::h5bde48cc887e0d1e
[INFO] [stdout]                                at /rustc/a178d0322ce20e33eac124758e837cbd80a6f633/library/std/src/thread/mod.rs:480:30
[INFO] [stdout]   37:     0x5618b85f48e8 - core::ops::function::FnOnce::call_once{{vtable.shim}}::h745ea30807a29e55
[INFO] [stdout]                                at /rustc/a178d0322ce20e33eac124758e837cbd80a6f633/library/core/src/ops/function.rs:227:5
[INFO] [stdout]   38:     0x5618b86489b7 - <alloc::boxed::Box<F,A> as core::ops::function::FnOnce<Args>>::call_once::h7ece6cfefaff1005
[INFO] [stdout]                                at /rustc/a178d0322ce20e33eac124758e837cbd80a6f633/library/alloc/src/boxed.rs:1575:9
[INFO] [stdout]   39:     0x5618b86489b7 - <alloc::boxed::Box<F,A> as core::ops::function::FnOnce<Args>>::call_once::hb8b48e55c21f193e
[INFO] [stdout]                                at /rustc/a178d0322ce20e33eac124758e837cbd80a6f633/library/alloc/src/boxed.rs:1575:9
[INFO] [stdout]   40:     0x5618b86489b7 - std::sys::unix::thread::Thread::new::thread_start::h8c7c4450dba62914
[INFO] [stdout]                                at /rustc/a178d0322ce20e33eac124758e837cbd80a6f633/library/std/src/sys/unix/thread.rs:71:17
[INFO] [stdout]   41:     0x7f946f9ea609 - start_thread
[INFO] [stdout]   42:     0x7f946f7bc293 - clone
[INFO] [stdout]   43:                0x0 - <unknown>
[INFO] [stdout] 
[INFO] [stdout] 
[INFO] [stdout] failures:
[INFO] [stdout]     rover::tests::it_works_print
[INFO] [stdout]     rover::tests::it_works_scan
[INFO] [stdout] 
[INFO] [stdout] test result: FAILED. 11 passed; 2 failed; 0 ignored; 0 measured; 0 filtered out; finished in 0.02s
[INFO] [stdout] 
[INFO] running `Command { std: "docker" "inspect" "38c24264ca54e26622d521c27cc0d77e9348af81ef48f6173f3cdf56a54a6646", kill_on_drop: false }`
[INFO] running `Command { std: "docker" "rm" "-f" "38c24264ca54e26622d521c27cc0d77e9348af81ef48f6173f3cdf56a54a6646", kill_on_drop: false }`
[INFO] [stdout] 38c24264ca54e26622d521c27cc0d77e9348af81ef48f6173f3cdf56a54a6646
