[INFO] cloning repository https://github.com/seeyarh/tobq
[INFO] running `Command { std: "git" "-c" "credential.helper=" "-c" "credential.helper=/workspace/cargo-home/bin/git-credential-null" "clone" "--bare" "https://github.com/seeyarh/tobq" "/workspace/cache/git-repos/https%3A%2F%2Fgithub.com%2Fseeyarh%2Ftobq", kill_on_drop: false }`
[INFO] [stderr] Cloning into bare repository '/workspace/cache/git-repos/https%3A%2F%2Fgithub.com%2Fseeyarh%2Ftobq'...
[INFO] running `Command { std: "git" "rev-parse" "HEAD", kill_on_drop: false }`
[INFO] [stdout] 011c5d39a7f794c83a331ecce7e33ac4da36fc3b
[INFO] testing seeyarh/tobq against beta-2021-08-01 for beta-1.55-1
[INFO] running `Command { std: "git" "clone" "/workspace/cache/git-repos/https%3A%2F%2Fgithub.com%2Fseeyarh%2Ftobq" "/workspace/builds/worker-1/source", kill_on_drop: false }`
[INFO] [stderr] Cloning into '/workspace/builds/worker-1/source'...
[INFO] [stderr] done.
[INFO] validating manifest of git repo https://github.com/seeyarh/tobq on toolchain beta-2021-08-01
[INFO] running `Command { std: "/workspace/cargo-home/bin/cargo" "+beta-2021-08-01" "metadata" "--manifest-path" "Cargo.toml" "--no-deps", kill_on_drop: false }`
[INFO] started tweaking git repo https://github.com/seeyarh/tobq
[INFO] finished tweaking git repo https://github.com/seeyarh/tobq
[INFO] tweaked toml for git repo https://github.com/seeyarh/tobq written to /workspace/builds/worker-1/source/Cargo.toml
[INFO] crate git repo https://github.com/seeyarh/tobq already has a lockfile, it will not be regenerated
[INFO] running `Command { std: "/workspace/cargo-home/bin/cargo" "+beta-2021-08-01" "fetch" "--manifest-path" "Cargo.toml", kill_on_drop: false }`
[INFO] [stderr]  Downloading crates ...
[INFO] [stderr]   Downloaded seahash v4.1.0
[INFO] [stderr]   Downloaded yup-oauth2 v5.1.0
[INFO] [stderr]   Downloaded gcp-bigquery-client v0.9.0
[INFO] running `Command { std: "docker" "create" "-v" "/var/lib/crater-agent-workspace/builds/worker-1/target:/opt/rustwide/target:rw,Z" "-v" "/var/lib/crater-agent-workspace/builds/worker-1/source:/opt/rustwide/workdir:ro,Z" "-v" "/var/lib/crater-agent-workspace/cargo-home:/opt/rustwide/cargo-home:ro,Z" "-v" "/var/lib/crater-agent-workspace/rustup-home:/opt/rustwide/rustup-home:ro,Z" "-e" "SOURCE_DIR=/opt/rustwide/workdir" "-e" "CARGO_TARGET_DIR=/opt/rustwide/target" "-e" "CARGO_HOME=/opt/rustwide/cargo-home" "-e" "RUSTUP_HOME=/opt/rustwide/rustup-home" "-w" "/opt/rustwide/workdir" "-m" "1610612736" "--user" "0:0" "--network" "none" "ghcr.io/rust-lang/crates-build-env/linux@sha256:34b6a614d2c27851fe6cbf88fbd1137609cefab8b10d0615aaeb6fd47975d74e" "/opt/rustwide/cargo-home/bin/cargo" "+beta-2021-08-01" "metadata" "--no-deps" "--format-version=1", kill_on_drop: false }`
[INFO] [stderr] WARNING: Your kernel does not support swap limit capabilities or the cgroup is not mounted. Memory limited without swap.
[INFO] [stdout] 3d5b128a56497146765c36c70c2be7cf67c330e9de48dc3f94897a395222e20d
[INFO] running `Command { std: "docker" "start" "-a" "3d5b128a56497146765c36c70c2be7cf67c330e9de48dc3f94897a395222e20d", kill_on_drop: false }`
[INFO] running `Command { std: "docker" "inspect" "3d5b128a56497146765c36c70c2be7cf67c330e9de48dc3f94897a395222e20d", kill_on_drop: false }`
[INFO] running `Command { std: "docker" "rm" "-f" "3d5b128a56497146765c36c70c2be7cf67c330e9de48dc3f94897a395222e20d", kill_on_drop: false }`
[INFO] [stdout] 3d5b128a56497146765c36c70c2be7cf67c330e9de48dc3f94897a395222e20d
[INFO] running `Command { std: "docker" "create" "-v" "/var/lib/crater-agent-workspace/builds/worker-1/target:/opt/rustwide/target:rw,Z" "-v" "/var/lib/crater-agent-workspace/builds/worker-1/source:/opt/rustwide/workdir:ro,Z" "-v" "/var/lib/crater-agent-workspace/cargo-home:/opt/rustwide/cargo-home:ro,Z" "-v" "/var/lib/crater-agent-workspace/rustup-home:/opt/rustwide/rustup-home:ro,Z" "-e" "SOURCE_DIR=/opt/rustwide/workdir" "-e" "CARGO_TARGET_DIR=/opt/rustwide/target" "-e" "CARGO_INCREMENTAL=0" "-e" "RUST_BACKTRACE=full" "-e" "RUSTFLAGS=--cap-lints=warn" "-e" "CARGO_HOME=/opt/rustwide/cargo-home" "-e" "RUSTUP_HOME=/opt/rustwide/rustup-home" "-w" "/opt/rustwide/workdir" "-m" "1610612736" "--user" "0:0" "--network" "none" "ghcr.io/rust-lang/crates-build-env/linux@sha256:34b6a614d2c27851fe6cbf88fbd1137609cefab8b10d0615aaeb6fd47975d74e" "/opt/rustwide/cargo-home/bin/cargo" "+beta-2021-08-01" "build" "--frozen" "--message-format=json", kill_on_drop: false }`
[INFO] [stdout] 187666440ecbbbaf2d3aafcfbd113aace5e94e8a8962cb0190ed860eecf43e46
[INFO] [stderr] WARNING: Your kernel does not support swap limit capabilities or the cgroup is not mounted. Memory limited without swap.
[INFO] running `Command { std: "docker" "start" "-a" "187666440ecbbbaf2d3aafcfbd113aace5e94e8a8962cb0190ed860eecf43e46", kill_on_drop: false }`
[INFO] [stderr]    Compiling futures-channel v0.3.15
[INFO] [stderr]    Compiling seahash v4.1.0
[INFO] [stderr]    Compiling os_str_bytes v2.4.0
[INFO] [stderr]    Compiling tokio v1.8.1
[INFO] [stderr]    Compiling futures-macro v0.3.15
[INFO] [stderr]    Compiling futures-util v0.3.15
[INFO] [stderr]    Compiling instant v0.1.10
[INFO] [stderr]    Compiling ring v0.16.20
[INFO] [stderr]    Compiling tracing-core v0.1.18
[INFO] [stderr]    Compiling sharded-slab v0.1.1
[INFO] [stderr]    Compiling regex-automata v0.1.10
[INFO] [stderr]    Compiling textwrap v0.12.1
[INFO] [stderr]    Compiling regex v1.5.4
[INFO] [stderr]    Compiling signal-hook-registry v1.4.0
[INFO] [stderr]    Compiling socket2 v0.4.0
[INFO] [stderr]    Compiling time v0.1.44
[INFO] [stderr]    Compiling syn v1.0.73
[INFO] [stderr]    Compiling parking_lot_core v0.8.3
[INFO] [stderr]    Compiling tracing-log v0.1.2
[INFO] [stderr]    Compiling parking_lot v0.11.1
[INFO] [stderr]    Compiling matchers v0.0.1
[INFO] [stderr]    Compiling sct v0.6.1
[INFO] [stderr]    Compiling webpki v0.21.4
[INFO] [stderr]    Compiling ct-logs v0.8.0
[INFO] [stderr]    Compiling rustls v0.19.1
[INFO] [stderr]    Compiling proc-macro-error v1.0.4
[INFO] [stderr]    Compiling tokio-macros v1.3.0
[INFO] [stderr]    Compiling serde_derive v1.0.126
[INFO] [stderr]    Compiling tracing-attributes v0.1.15
[INFO] [stderr]    Compiling thiserror-impl v1.0.26
[INFO] [stderr]    Compiling clap_derive v3.0.0-beta.2
[INFO] [stderr]    Compiling rustls-native-certs v0.5.0
[INFO] [stderr]    Compiling thiserror v1.0.26
[INFO] [stderr]    Compiling tracing v0.1.26
[INFO] [stderr]    Compiling clap v3.0.0-beta.2
[INFO] [stderr]    Compiling futures-executor v0.3.15
[INFO] [stderr]    Compiling serde v1.0.126
[INFO] [stderr]    Compiling futures v0.3.15
[INFO] [stderr]    Compiling tokio-util v0.6.7
[INFO] [stderr]    Compiling tokio-rustls v0.22.0
[INFO] [stderr]    Compiling tokio-native-tls v0.3.0
[INFO] [stderr]    Compiling tokio-stream v0.1.7
[INFO] [stderr]    Compiling h2 v0.3.3
[INFO] [stderr]    Compiling serde_json v1.0.64
[INFO] [stderr]    Compiling chrono v0.4.19
[INFO] [stderr]    Compiling serde_urlencoded v0.7.0
[INFO] [stderr]    Compiling tracing-serde v0.1.2
[INFO] [stderr]    Compiling tracing-subscriber v0.2.19
[INFO] [stderr]    Compiling hyper v0.14.10
[INFO] [stderr]    Compiling hyper-rustls v0.22.1
[INFO] [stderr]    Compiling hyper-tls v0.5.0
[INFO] [stderr]    Compiling reqwest v0.11.4
[INFO] [stderr]    Compiling yup-oauth2 v5.1.0
[INFO] [stderr]    Compiling gcp-bigquery-client v0.9.0
[INFO] [stderr]    Compiling tobq v0.1.0 (/opt/rustwide/workdir)
[INFO] [stderr]     Finished dev [unoptimized + debuginfo] target(s) in 1m 17s
[INFO] running `Command { std: "docker" "inspect" "187666440ecbbbaf2d3aafcfbd113aace5e94e8a8962cb0190ed860eecf43e46", kill_on_drop: false }`
[INFO] running `Command { std: "docker" "rm" "-f" "187666440ecbbbaf2d3aafcfbd113aace5e94e8a8962cb0190ed860eecf43e46", kill_on_drop: false }`
[INFO] [stdout] 187666440ecbbbaf2d3aafcfbd113aace5e94e8a8962cb0190ed860eecf43e46
[INFO] running `Command { std: "docker" "create" "-v" "/var/lib/crater-agent-workspace/builds/worker-1/target:/opt/rustwide/target:rw,Z" "-v" "/var/lib/crater-agent-workspace/builds/worker-1/source:/opt/rustwide/workdir:ro,Z" "-v" "/var/lib/crater-agent-workspace/cargo-home:/opt/rustwide/cargo-home:ro,Z" "-v" "/var/lib/crater-agent-workspace/rustup-home:/opt/rustwide/rustup-home:ro,Z" "-e" "SOURCE_DIR=/opt/rustwide/workdir" "-e" "CARGO_TARGET_DIR=/opt/rustwide/target" "-e" "CARGO_INCREMENTAL=0" "-e" "RUST_BACKTRACE=full" "-e" "RUSTFLAGS=--cap-lints=warn" "-e" "CARGO_HOME=/opt/rustwide/cargo-home" "-e" "RUSTUP_HOME=/opt/rustwide/rustup-home" "-w" "/opt/rustwide/workdir" "-m" "1610612736" "--user" "0:0" "--network" "none" "ghcr.io/rust-lang/crates-build-env/linux@sha256:34b6a614d2c27851fe6cbf88fbd1137609cefab8b10d0615aaeb6fd47975d74e" "/opt/rustwide/cargo-home/bin/cargo" "+beta-2021-08-01" "test" "--frozen" "--no-run" "--message-format=json", kill_on_drop: false }`
[INFO] [stdout] bc0ac39f68bf9456f605495f7c83275a038696bb39eaebea24cfbb44893ab604
[INFO] [stderr] WARNING: Your kernel does not support swap limit capabilities or the cgroup is not mounted. Memory limited without swap.
[INFO] running `Command { std: "docker" "start" "-a" "bc0ac39f68bf9456f605495f7c83275a038696bb39eaebea24cfbb44893ab604", kill_on_drop: false }`
[INFO] [stderr]    Compiling tobq v0.1.0 (/opt/rustwide/workdir)
[INFO] [stderr]     Finished test [unoptimized + debuginfo] target(s) in 15.02s
[INFO] running `Command { std: "docker" "inspect" "bc0ac39f68bf9456f605495f7c83275a038696bb39eaebea24cfbb44893ab604", kill_on_drop: false }`
[INFO] running `Command { std: "docker" "rm" "-f" "bc0ac39f68bf9456f605495f7c83275a038696bb39eaebea24cfbb44893ab604", kill_on_drop: false }`
[INFO] [stdout] bc0ac39f68bf9456f605495f7c83275a038696bb39eaebea24cfbb44893ab604
[INFO] running `Command { std: "docker" "create" "-v" "/var/lib/crater-agent-workspace/builds/worker-1/target:/opt/rustwide/target:rw,Z" "-v" "/var/lib/crater-agent-workspace/builds/worker-1/source:/opt/rustwide/workdir:ro,Z" "-v" "/var/lib/crater-agent-workspace/cargo-home:/opt/rustwide/cargo-home:ro,Z" "-v" "/var/lib/crater-agent-workspace/rustup-home:/opt/rustwide/rustup-home:ro,Z" "-e" "SOURCE_DIR=/opt/rustwide/workdir" "-e" "CARGO_TARGET_DIR=/opt/rustwide/target" "-e" "CARGO_INCREMENTAL=0" "-e" "RUST_BACKTRACE=full" "-e" "RUSTFLAGS=--cap-lints=warn" "-e" "CARGO_HOME=/opt/rustwide/cargo-home" "-e" "RUSTUP_HOME=/opt/rustwide/rustup-home" "-w" "/opt/rustwide/workdir" "-m" "1610612736" "--user" "0:0" "--network" "none" "ghcr.io/rust-lang/crates-build-env/linux@sha256:34b6a614d2c27851fe6cbf88fbd1137609cefab8b10d0615aaeb6fd47975d74e" "/opt/rustwide/cargo-home/bin/cargo" "+beta-2021-08-01" "test" "--frozen", kill_on_drop: false }`
[INFO] [stdout] e7ac8bfc3ee8afbc859481bc5e2db63034acd6e5178cf09f59a3ac9c654f09a7
[INFO] [stderr] WARNING: Your kernel does not support swap limit capabilities or the cgroup is not mounted. Memory limited without swap.
[INFO] running `Command { std: "docker" "start" "-a" "e7ac8bfc3ee8afbc859481bc5e2db63034acd6e5178cf09f59a3ac9c654f09a7", kill_on_drop: false }`
[INFO] [stderr]     Finished test [unoptimized + debuginfo] target(s) in 0.12s
[INFO] [stderr]      Running unittests (/opt/rustwide/target/debug/deps/tobq-52d3c313f7e23345)
[INFO] [stdout] 
[INFO] [stdout] running 1 test
[INFO] [stdout] test integration_tests::tobq_happy ... FAILED
[INFO] [stdout] 
[INFO] [stdout] failures:
[INFO] [stdout] 
[INFO] [stdout] ---- integration_tests::tobq_happy stdout ----
[INFO] [stdout] thread 'integration_tests::tobq_happy' panicked at 'Environment variable PROJECT_ID: NotPresent', /opt/rustwide/cargo-home/registry/src/github.com-1ecc6299db9ec823/gcp-bigquery-client-0.9.0/src/lib.rs:158:45
[INFO] [stdout] stack backtrace:
[INFO] [stdout]    0:     0x5625f5163df0 - std::backtrace_rs::backtrace::libunwind::trace::hff4d1766e93f64f1
[INFO] [stdout]                                at /rustc/53fd98ca776cb875bc9e5514f56b52eb74f9e7a9/library/std/src/../../backtrace/src/backtrace/libunwind.rs:90:5
[INFO] [stdout]    1:     0x5625f5163df0 - std::backtrace_rs::backtrace::trace_unsynchronized::h56bbc8eb78770bcb
[INFO] [stdout]                                at /rustc/53fd98ca776cb875bc9e5514f56b52eb74f9e7a9/library/std/src/../../backtrace/src/backtrace/mod.rs:66:5
[INFO] [stdout]    2:     0x5625f5163df0 - std::sys_common::backtrace::_print_fmt::h5c8e75464faca780
[INFO] [stdout]                                at /rustc/53fd98ca776cb875bc9e5514f56b52eb74f9e7a9/library/std/src/sys_common/backtrace.rs:67:5
[INFO] [stdout]    3:     0x5625f5163df0 - <std::sys_common::backtrace::_print::DisplayBacktrace as core::fmt::Display>::fmt::h48b88277def8b362
[INFO] [stderr] error: test failed, to rerun pass '--lib'
[INFO] [stdout]                                at /rustc/53fd98ca776cb875bc9e5514f56b52eb74f9e7a9/library/std/src/sys_common/backtrace.rs:46:22
[INFO] [stdout]    4:     0x5625f5187cac - core::fmt::write::h3381b3176fe2b3d3
[INFO] [stdout]                                at /rustc/53fd98ca776cb875bc9e5514f56b52eb74f9e7a9/library/core/src/fmt/mod.rs:1115:17
[INFO] [stdout]    5:     0x5625f515d535 - std::io::Write::write_fmt::h5f34a676f60246b5
[INFO] [stdout]                                at /rustc/53fd98ca776cb875bc9e5514f56b52eb74f9e7a9/library/std/src/io/mod.rs:1665:15
[INFO] [stdout]    6:     0x5625f5165fdb - std::sys_common::backtrace::_print::ha537687d6c17dd0d
[INFO] [stdout]                                at /rustc/53fd98ca776cb875bc9e5514f56b52eb74f9e7a9/library/std/src/sys_common/backtrace.rs:49:5
[INFO] [stdout]    7:     0x5625f5165fdb - std::sys_common::backtrace::print::h61376ae57d131d72
[INFO] [stdout]                                at /rustc/53fd98ca776cb875bc9e5514f56b52eb74f9e7a9/library/std/src/sys_common/backtrace.rs:36:9
[INFO] [stdout]    8:     0x5625f5165fdb - std::panicking::default_hook::{{closure}}::h0f7208c0b9644a54
[INFO] [stdout]                                at /rustc/53fd98ca776cb875bc9e5514f56b52eb74f9e7a9/library/std/src/panicking.rs:208:50
[INFO] [stdout]    9:     0x5625f5165aec - std::panicking::default_hook::hdac7fc06578c14ce
[INFO] [stdout]                                at /rustc/53fd98ca776cb875bc9e5514f56b52eb74f9e7a9/library/std/src/panicking.rs:222:9
[INFO] [stdout]   10:     0x5625f51666a4 - std::panicking::rust_panic_with_hook::h72b21c283da3d1ef
[INFO] [stdout]                                at /rustc/53fd98ca776cb875bc9e5514f56b52eb74f9e7a9/library/std/src/panicking.rs:622:17
[INFO] [stdout]   11:     0x5625f5166187 - std::panicking::begin_panic_handler::{{closure}}::he5778f1729cff84a
[INFO] [stdout]                                at /rustc/53fd98ca776cb875bc9e5514f56b52eb74f9e7a9/library/std/src/panicking.rs:519:13
[INFO] [stdout]   12:     0x5625f51642cc - std::sys_common::backtrace::__rust_end_short_backtrace::h2d11ca8b453b4b1d
[INFO] [stdout]                                at /rustc/53fd98ca776cb875bc9e5514f56b52eb74f9e7a9/library/std/src/sys_common/backtrace.rs:141:18
[INFO] [stdout]   13:     0x5625f51660e9 - rust_begin_unwind
[INFO] [stdout]                                at /rustc/53fd98ca776cb875bc9e5514f56b52eb74f9e7a9/library/std/src/panicking.rs:515:5
[INFO] [stdout]   14:     0x5625f45b1ac1 - core::panicking::panic_fmt::hf9de31d4acbce4db
[INFO] [stdout]                                at /rustc/53fd98ca776cb875bc9e5514f56b52eb74f9e7a9/library/core/src/panicking.rs:92:14
[INFO] [stdout]   15:     0x5625f45b1bb3 - core::result::unwrap_failed::ha0c84e81219e5878
[INFO] [stdout]                                at /rustc/53fd98ca776cb875bc9e5514f56b52eb74f9e7a9/library/core/src/result.rs:1599:5
[INFO] [stdout]   16:     0x5625f49feedf - core::result::Result<T,E>::expect::ha5c5b468a2b624d1
[INFO] [stdout]                                at /rustc/53fd98ca776cb875bc9e5514f56b52eb74f9e7a9/library/core/src/result.rs:1241:23
[INFO] [stdout]   17:     0x5625f49fe5fb - gcp_bigquery_client::env_vars::hacc059e2f375734f
[INFO] [stdout]                                at /opt/rustwide/cargo-home/registry/src/github.com-1ecc6299db9ec823/gcp-bigquery-client-0.9.0/src/lib.rs:158:22
[INFO] [stdout]   18:     0x5625f46d5db1 - tobq::integration_tests::tobq_happy::{{closure}}::h189c0d52a413ca6b
[INFO] [stdout]                                at /opt/rustwide/workdir/src/lib.rs:155:74
[INFO] [stdout]   19:     0x5625f46336db - <core::future::from_generator::GenFuture<T> as core::future::future::Future>::poll::h18bf468a1c402c1d
[INFO] [stdout]                                at /rustc/53fd98ca776cb875bc9e5514f56b52eb74f9e7a9/library/core/src/future/mod.rs:80:19
[INFO] [stdout]   20:     0x5625f472ef4f - <core::pin::Pin<P> as core::future::future::Future>::poll::h8b102dfb34bde9ab
[INFO] [stdout]                                at /rustc/53fd98ca776cb875bc9e5514f56b52eb74f9e7a9/library/core/src/future/future.rs:119:9
[INFO] [stdout]   21:     0x5625f467b3e0 - tokio::runtime::basic_scheduler::Inner<P>::block_on::{{closure}}::{{closure}}::h9181291cbe4c6194
[INFO] [stdout]                                at /opt/rustwide/cargo-home/registry/src/github.com-1ecc6299db9ec823/tokio-1.8.1/src/runtime/basic_scheduler.rs:213:62
[INFO] [stdout]   22:     0x5625f474c78c - tokio::coop::with_budget::{{closure}}::h1b782dfa58f9d6a1
[INFO] [stdout]                                at /opt/rustwide/cargo-home/registry/src/github.com-1ecc6299db9ec823/tokio-1.8.1/src/coop.rs:106:9
[INFO] [stdout]   23:     0x5625f47407c1 - std::thread::local::LocalKey<T>::try_with::h443a9c742c88ce1e
[INFO] [stdout]                                at /rustc/53fd98ca776cb875bc9e5514f56b52eb74f9e7a9/library/std/src/thread/local.rs:399:16
[INFO] [stdout]   24:     0x5625f47404ed - std::thread::local::LocalKey<T>::with::had0df60173d33192
[INFO] [stdout]                                at /rustc/53fd98ca776cb875bc9e5514f56b52eb74f9e7a9/library/std/src/thread/local.rs:375:9
[INFO] [stdout]   25:     0x5625f467ab0c - tokio::coop::with_budget::hc7eb35f28b4f345f
[INFO] [stdout]                                at /opt/rustwide/cargo-home/registry/src/github.com-1ecc6299db9ec823/tokio-1.8.1/src/coop.rs:99:5
[INFO] [stdout]   26:     0x5625f467ab0c - tokio::coop::budget::h2ba1e7b4d47de936
[INFO] [stdout]                                at /opt/rustwide/cargo-home/registry/src/github.com-1ecc6299db9ec823/tokio-1.8.1/src/coop.rs:76:5
[INFO] [stdout]   27:     0x5625f467ab0c - tokio::runtime::basic_scheduler::Inner<P>::block_on::{{closure}}::hfb6cfb3d14ca6cdb
[INFO] [stdout]                                at /opt/rustwide/cargo-home/registry/src/github.com-1ecc6299db9ec823/tokio-1.8.1/src/runtime/basic_scheduler.rs:213:39
[INFO] [stdout]   28:     0x5625f467bf21 - tokio::runtime::basic_scheduler::enter::{{closure}}::h088b245fe0e5d8c3
[INFO] [stdout]                                at /opt/rustwide/cargo-home/registry/src/github.com-1ecc6299db9ec823/tokio-1.8.1/src/runtime/basic_scheduler.rs:323:29
[INFO] [stdout]   29:     0x5625f46e720d - tokio::macros::scoped_tls::ScopedKey<T>::set::h5fcad1a77960b709
[INFO] [stdout]                                at /opt/rustwide/cargo-home/registry/src/github.com-1ecc6299db9ec823/tokio-1.8.1/src/macros/scoped_tls.rs:61:9
[INFO] [stdout]   30:     0x5625f467be9c - tokio::runtime::basic_scheduler::enter::h705128beef39c1fa
[INFO] [stdout]                                at /opt/rustwide/cargo-home/registry/src/github.com-1ecc6299db9ec823/tokio-1.8.1/src/runtime/basic_scheduler.rs:323:5
[INFO] [stdout]   31:     0x5625f467a7eb - tokio::runtime::basic_scheduler::Inner<P>::block_on::h1f5a405a98c104b6
[INFO] [stdout]                                at /opt/rustwide/cargo-home/registry/src/github.com-1ecc6299db9ec823/tokio-1.8.1/src/runtime/basic_scheduler.rs:202:9
[INFO] [stdout]   32:     0x5625f467b474 - tokio::runtime::basic_scheduler::InnerGuard<P>::block_on::h1520832bfde8a4e2
[INFO] [stdout]                                at /opt/rustwide/cargo-home/registry/src/github.com-1ecc6299db9ec823/tokio-1.8.1/src/runtime/basic_scheduler.rs:516:9
[INFO] [stdout]   33:     0x5625f467b792 - tokio::runtime::basic_scheduler::BasicScheduler<P>::block_on::h34b231c8cc352fbb
[INFO] [stdout]                                at /opt/rustwide/cargo-home/registry/src/github.com-1ecc6299db9ec823/tokio-1.8.1/src/runtime/basic_scheduler.rs:162:24
[INFO] [stdout]   34:     0x5625f46f776e - tokio::runtime::Runtime::block_on::h98618736c804c8d8
[INFO] [stdout]                                at /opt/rustwide/cargo-home/registry/src/github.com-1ecc6299db9ec823/tokio-1.8.1/src/runtime/mod.rs:450:46
[INFO] [stdout]   35:     0x5625f46d5aa7 - tobq::integration_tests::tobq_happy::h44f5d5ebeb2a0e1c
[INFO] [stdout]                                at /opt/rustwide/workdir/src/lib.rs:234:9
[INFO] [stdout]   36:     0x5625f46d59ba - tobq::integration_tests::tobq_happy::{{closure}}::hdf29ff8023cd3a07
[INFO] [stdout]                                at /opt/rustwide/workdir/src/lib.rs:153:11
[INFO] [stdout]   37:     0x5625f469a46e - core::ops::function::FnOnce::call_once::hd4c2b3aaae3d7e45
[INFO] [stdout]                                at /rustc/53fd98ca776cb875bc9e5514f56b52eb74f9e7a9/library/core/src/ops/function.rs:227:5
[INFO] [stdout]   38:     0x5625f47e4c53 - core::ops::function::FnOnce::call_once::hbb52c4519d3137b0
[INFO] [stdout]                                at /rustc/53fd98ca776cb875bc9e5514f56b52eb74f9e7a9/library/core/src/ops/function.rs:227:5
[INFO] [stdout]   39:     0x5625f47e4c53 - test::__rust_begin_short_backtrace::h86fe3a2a5a5121af
[INFO] [stdout]                                at /rustc/53fd98ca776cb875bc9e5514f56b52eb74f9e7a9/library/test/src/lib.rs:578:5
[INFO] [stdout]   40:     0x5625f47e3708 - <alloc::boxed::Box<F,A> as core::ops::function::FnOnce<Args>>::call_once::hfd956bc3d57399be
[INFO] [stdout]                                at /rustc/53fd98ca776cb875bc9e5514f56b52eb74f9e7a9/library/alloc/src/boxed.rs:1572:9
[INFO] [stdout]   41:     0x5625f47e3708 - <std::panic::AssertUnwindSafe<F> as core::ops::function::FnOnce<()>>::call_once::h40dc93e0ddb5938a
[INFO] [stdout]                                at /rustc/53fd98ca776cb875bc9e5514f56b52eb74f9e7a9/library/std/src/panic.rs:347:9
[INFO] [stdout]   42:     0x5625f47e3708 - std::panicking::try::do_call::h90d07750cb47c562
[INFO] [stdout]                                at /rustc/53fd98ca776cb875bc9e5514f56b52eb74f9e7a9/library/std/src/panicking.rs:401:40
[INFO] [stdout]   43:     0x5625f47e3708 - std::panicking::try::h063c84733ad2a629
[INFO] [stdout]                                at /rustc/53fd98ca776cb875bc9e5514f56b52eb74f9e7a9/library/std/src/panicking.rs:365:19
[INFO] [stdout]   44:     0x5625f47e3708 - std::panic::catch_unwind::h0c464836a84e7c08
[INFO] [stdout]                                at /rustc/53fd98ca776cb875bc9e5514f56b52eb74f9e7a9/library/std/src/panic.rs:434:14
[INFO] [stdout]   45:     0x5625f47e3708 - test::run_test_in_process::h5cb06ef620b157fc
[INFO] [stdout]                                at /rustc/53fd98ca776cb875bc9e5514f56b52eb74f9e7a9/library/test/src/lib.rs:601:18
[INFO] [stdout]   46:     0x5625f47e3708 - test::run_test::run_test_inner::{{closure}}::h76f677f4b93f9828
[INFO] [stdout]                                at /rustc/53fd98ca776cb875bc9e5514f56b52eb74f9e7a9/library/test/src/lib.rs:493:39
[INFO] [stdout]   47:     0x5625f47b1e9d - test::run_test::run_test_inner::{{closure}}::h366d01fe04f4d67a
[INFO] [stdout]                                at /rustc/53fd98ca776cb875bc9e5514f56b52eb74f9e7a9/library/test/src/lib.rs:520:37
[INFO] [stdout]   48:     0x5625f47b1e9d - std::sys_common::backtrace::__rust_begin_short_backtrace::h7dfa0de4eb395af2
[INFO] [stdout]                                at /rustc/53fd98ca776cb875bc9e5514f56b52eb74f9e7a9/library/std/src/sys_common/backtrace.rs:125:18
[INFO] [stdout]   49:     0x5625f47b6668 - std::thread::Builder::spawn_unchecked::{{closure}}::{{closure}}::hf0a74bb58798037f
[INFO] [stdout]                                at /rustc/53fd98ca776cb875bc9e5514f56b52eb74f9e7a9/library/std/src/thread/mod.rs:476:17
[INFO] [stdout]   50:     0x5625f47b6668 - <std::panic::AssertUnwindSafe<F> as core::ops::function::FnOnce<()>>::call_once::hb024e854818586ac
[INFO] [stdout]                                at /rustc/53fd98ca776cb875bc9e5514f56b52eb74f9e7a9/library/std/src/panic.rs:347:9
[INFO] [stdout]   51:     0x5625f47b6668 - std::panicking::try::do_call::hb2dd9f1d0d48e41d
[INFO] [stdout]                                at /rustc/53fd98ca776cb875bc9e5514f56b52eb74f9e7a9/library/std/src/panicking.rs:401:40
[INFO] [stdout]   52:     0x5625f47b6668 - std::panicking::try::h4717ae7bac8b2bf3
[INFO] [stdout]                                at /rustc/53fd98ca776cb875bc9e5514f56b52eb74f9e7a9/library/std/src/panicking.rs:365:19
[INFO] [stdout]   53:     0x5625f47b6668 - std::panic::catch_unwind::h0dc8a061326ce8d8
[INFO] [stdout]                                at /rustc/53fd98ca776cb875bc9e5514f56b52eb74f9e7a9/library/std/src/panic.rs:434:14
[INFO] [stdout]   54:     0x5625f47b6668 - std::thread::Builder::spawn_unchecked::{{closure}}::haa369e2d6fd00aa1
[INFO] [stdout]                                at /rustc/53fd98ca776cb875bc9e5514f56b52eb74f9e7a9/library/std/src/thread/mod.rs:475:30
[INFO] [stdout]   55:     0x5625f47b6668 - core::ops::function::FnOnce::call_once{{vtable.shim}}::h36dcf3de8b056f17
[INFO] [stdout]                                at /rustc/53fd98ca776cb875bc9e5514f56b52eb74f9e7a9/library/core/src/ops/function.rs:227:5
[INFO] [stdout]   56:     0x5625f516bbe7 - <alloc::boxed::Box<F,A> as core::ops::function::FnOnce<Args>>::call_once::h65c29e4642be2358
[INFO] [stdout]                                at /rustc/53fd98ca776cb875bc9e5514f56b52eb74f9e7a9/library/alloc/src/boxed.rs:1572:9
[INFO] [stdout]   57:     0x5625f516bbe7 - <alloc::boxed::Box<F,A> as core::ops::function::FnOnce<Args>>::call_once::hd0f8f7fbbd9fffbf
[INFO] [stdout]                                at /rustc/53fd98ca776cb875bc9e5514f56b52eb74f9e7a9/library/alloc/src/boxed.rs:1572:9
[INFO] [stdout]   58:     0x5625f516bbe7 - std::sys::unix::thread::Thread::new::thread_start::h2fd22fee3ca77b65
[INFO] [stdout]                                at /rustc/53fd98ca776cb875bc9e5514f56b52eb74f9e7a9/library/std/src/sys/unix/thread.rs:74:17
[INFO] [stdout]   59:     0x7f9e6ae88609 - start_thread
[INFO] [stdout]   60:     0x7f9e6ac58293 - clone
[INFO] [stdout]   61:                0x0 - <unknown>
[INFO] [stdout] 
[INFO] [stdout] 
[INFO] [stdout] failures:
[INFO] [stdout]     integration_tests::tobq_happy
[INFO] [stdout] 
[INFO] [stdout] test result: FAILED. 0 passed; 1 failed; 0 ignored; 0 measured; 0 filtered out; finished in 0.08s
[INFO] [stdout] 
[INFO] running `Command { std: "docker" "inspect" "e7ac8bfc3ee8afbc859481bc5e2db63034acd6e5178cf09f59a3ac9c654f09a7", kill_on_drop: false }`
[INFO] running `Command { std: "docker" "rm" "-f" "e7ac8bfc3ee8afbc859481bc5e2db63034acd6e5178cf09f59a3ac9c654f09a7", kill_on_drop: false }`
[INFO] [stdout] e7ac8bfc3ee8afbc859481bc5e2db63034acd6e5178cf09f59a3ac9c654f09a7
