[INFO] cloning repository https://github.com/sebglazebrook/rust-shell
[INFO] running `Command { std: "git" "-c" "credential.helper=" "-c" "credential.helper=/workspace/cargo-home/bin/git-credential-null" "clone" "--bare" "https://github.com/sebglazebrook/rust-shell" "/workspace/cache/git-repos/https%3A%2F%2Fgithub.com%2Fsebglazebrook%2Frust-shell", kill_on_drop: false }`
[INFO] [stderr] Cloning into bare repository '/workspace/cache/git-repos/https%3A%2F%2Fgithub.com%2Fsebglazebrook%2Frust-shell'...
[INFO] running `Command { std: "git" "rev-parse" "HEAD", kill_on_drop: false }`
[INFO] [stdout] ed6285943a472e1569bd3c198b0dd64e84e1ecf6
[INFO] testing sebglazebrook/rust-shell against 1.54.0 for beta-1.55-1
[INFO] running `Command { std: "git" "clone" "/workspace/cache/git-repos/https%3A%2F%2Fgithub.com%2Fsebglazebrook%2Frust-shell" "/workspace/builds/worker-3/source", kill_on_drop: false }`
[INFO] [stderr] Cloning into '/workspace/builds/worker-3/source'...
[INFO] [stderr] done.
[INFO] validating manifest of git repo https://github.com/sebglazebrook/rust-shell on toolchain 1.54.0
[INFO] running `Command { std: "/workspace/cargo-home/bin/cargo" "+1.54.0" "metadata" "--manifest-path" "Cargo.toml" "--no-deps", kill_on_drop: false }`
[INFO] started tweaking git repo https://github.com/sebglazebrook/rust-shell
[INFO] finished tweaking git repo https://github.com/sebglazebrook/rust-shell
[INFO] tweaked toml for git repo https://github.com/sebglazebrook/rust-shell written to /workspace/builds/worker-3/source/Cargo.toml
[INFO] crate git repo https://github.com/sebglazebrook/rust-shell already has a lockfile, it will not be regenerated
[INFO] running `Command { std: "/workspace/cargo-home/bin/cargo" "+1.54.0" "fetch" "--manifest-path" "Cargo.toml", kill_on_drop: false }`
[INFO] running `Command { std: "docker" "create" "-v" "/var/lib/crater-agent-workspace/builds/worker-3/target:/opt/rustwide/target:rw,Z" "-v" "/var/lib/crater-agent-workspace/builds/worker-3/source:/opt/rustwide/workdir:ro,Z" "-v" "/var/lib/crater-agent-workspace/cargo-home:/opt/rustwide/cargo-home:ro,Z" "-v" "/var/lib/crater-agent-workspace/rustup-home:/opt/rustwide/rustup-home:ro,Z" "-e" "SOURCE_DIR=/opt/rustwide/workdir" "-e" "CARGO_TARGET_DIR=/opt/rustwide/target" "-e" "CARGO_HOME=/opt/rustwide/cargo-home" "-e" "RUSTUP_HOME=/opt/rustwide/rustup-home" "-w" "/opt/rustwide/workdir" "-m" "1610612736" "--user" "0:0" "--network" "none" "ghcr.io/rust-lang/crates-build-env/linux@sha256:34b6a614d2c27851fe6cbf88fbd1137609cefab8b10d0615aaeb6fd47975d74e" "/opt/rustwide/cargo-home/bin/cargo" "+1.54.0" "metadata" "--no-deps" "--format-version=1", kill_on_drop: false }`
[INFO] [stderr] WARNING: Your kernel does not support swap limit capabilities or the cgroup is not mounted. Memory limited without swap.
[INFO] [stdout] 94a84213ea45db980fa65a9fc2566b46a000ed30f653d6dfaede909d4430a1f4
[INFO] running `Command { std: "docker" "start" "-a" "94a84213ea45db980fa65a9fc2566b46a000ed30f653d6dfaede909d4430a1f4", kill_on_drop: false }`
[INFO] running `Command { std: "docker" "inspect" "94a84213ea45db980fa65a9fc2566b46a000ed30f653d6dfaede909d4430a1f4", kill_on_drop: false }`
[INFO] running `Command { std: "docker" "rm" "-f" "94a84213ea45db980fa65a9fc2566b46a000ed30f653d6dfaede909d4430a1f4", kill_on_drop: false }`
[INFO] [stdout] 94a84213ea45db980fa65a9fc2566b46a000ed30f653d6dfaede909d4430a1f4
[INFO] running `Command { std: "docker" "create" "-v" "/var/lib/crater-agent-workspace/builds/worker-3/target:/opt/rustwide/target:rw,Z" "-v" "/var/lib/crater-agent-workspace/builds/worker-3/source:/opt/rustwide/workdir:ro,Z" "-v" "/var/lib/crater-agent-workspace/cargo-home:/opt/rustwide/cargo-home:ro,Z" "-v" "/var/lib/crater-agent-workspace/rustup-home:/opt/rustwide/rustup-home:ro,Z" "-e" "SOURCE_DIR=/opt/rustwide/workdir" "-e" "CARGO_TARGET_DIR=/opt/rustwide/target" "-e" "CARGO_INCREMENTAL=0" "-e" "RUST_BACKTRACE=full" "-e" "RUSTFLAGS=--cap-lints=warn" "-e" "CARGO_HOME=/opt/rustwide/cargo-home" "-e" "RUSTUP_HOME=/opt/rustwide/rustup-home" "-w" "/opt/rustwide/workdir" "-m" "1610612736" "--user" "0:0" "--network" "none" "ghcr.io/rust-lang/crates-build-env/linux@sha256:34b6a614d2c27851fe6cbf88fbd1137609cefab8b10d0615aaeb6fd47975d74e" "/opt/rustwide/cargo-home/bin/cargo" "+1.54.0" "build" "--frozen" "--message-format=json", kill_on_drop: false }`
[INFO] [stderr] WARNING: Your kernel does not support swap limit capabilities or the cgroup is not mounted. Memory limited without swap.
[INFO] [stdout] 2e1dba621127c7f07db2338b14467787542ba7c761bec3a24c91d8343f111456
[INFO] running `Command { std: "docker" "start" "-a" "2e1dba621127c7f07db2338b14467787542ba7c761bec3a24c91d8343f111456", kill_on_drop: false }`
[INFO] [stderr]    Compiling rust-shell v0.1.0 (/opt/rustwide/workdir)
[INFO] [stdout] warning: unused variable: `command_string`
[INFO] [stdout]  --> src/lib.rs:9:25
[INFO] [stdout]   |
[INFO] [stdout] 9 |     pub fn parse(&self, command_string: &str) -> CommandProxy {
[INFO] [stdout]   |                         ^^^^^^^^^^^^^^ help: if this is intentional, prefix it with an underscore: `_command_string`
[INFO] [stdout]   |
[INFO] [stdout]   = note: `#[warn(unused_variables)]` on by default
[INFO] [stdout] 
[INFO] [stdout] 
[INFO] [stdout] warning: struct is never constructed: `Parser`
[INFO] [stdout]  --> src/lib.rs:1:8
[INFO] [stdout]   |
[INFO] [stdout] 1 | struct Parser;
[INFO] [stdout]   |        ^^^^^^
[INFO] [stdout]   |
[INFO] [stdout]   = note: `#[warn(dead_code)]` on by default
[INFO] [stdout] 
[INFO] [stdout] 
[INFO] [stdout] warning: associated function is never used: `new`
[INFO] [stdout]  --> src/lib.rs:5:12
[INFO] [stdout]   |
[INFO] [stdout] 5 |     pub fn new() -> Self {
[INFO] [stdout]   |            ^^^
[INFO] [stdout] 
[INFO] [stdout] 
[INFO] [stdout] warning: associated function is never used: `parse`
[INFO] [stdout]  --> src/lib.rs:9:12
[INFO] [stdout]   |
[INFO] [stdout] 9 |     pub fn parse(&self, command_string: &str) -> CommandProxy {
[INFO] [stdout]   |            ^^^^^
[INFO] [stdout] 
[INFO] [stdout] 
[INFO] [stdout] warning: struct is never constructed: `CommandProxy`
[INFO] [stdout]   --> src/lib.rs:16:8
[INFO] [stdout]    |
[INFO] [stdout] 16 | struct CommandProxy<'a> {
[INFO] [stdout]    |        ^^^^^^^^^^^^
[INFO] [stdout] 
[INFO] [stdout] 
[INFO] [stdout] warning: associated function is never used: `new`
[INFO] [stdout]   --> src/lib.rs:23:12
[INFO] [stdout]    |
[INFO] [stdout] 23 |     pub fn new() -> Self {
[INFO] [stdout]    |            ^^^
[INFO] [stdout] 
[INFO] [stdout] 
[INFO] [stdout] warning: associated function is never used: `name`
[INFO] [stdout]   --> src/lib.rs:27:12
[INFO] [stdout]    |
[INFO] [stdout] 27 |     pub fn name(&mut self, name: &'a str) {
[INFO] [stdout]    |            ^^^^
[INFO] [stdout] 
[INFO] [stdout] 
[INFO] [stdout] warning: 7 warnings emitted
[INFO] [stdout] 
[INFO] [stdout] 
[INFO] [stderr]     Finished dev [unoptimized + debuginfo] target(s) in 1.14s
[INFO] running `Command { std: "docker" "inspect" "2e1dba621127c7f07db2338b14467787542ba7c761bec3a24c91d8343f111456", kill_on_drop: false }`
[INFO] running `Command { std: "docker" "rm" "-f" "2e1dba621127c7f07db2338b14467787542ba7c761bec3a24c91d8343f111456", kill_on_drop: false }`
[INFO] [stdout] 2e1dba621127c7f07db2338b14467787542ba7c761bec3a24c91d8343f111456
[INFO] running `Command { std: "docker" "create" "-v" "/var/lib/crater-agent-workspace/builds/worker-3/target:/opt/rustwide/target:rw,Z" "-v" "/var/lib/crater-agent-workspace/builds/worker-3/source:/opt/rustwide/workdir:ro,Z" "-v" "/var/lib/crater-agent-workspace/cargo-home:/opt/rustwide/cargo-home:ro,Z" "-v" "/var/lib/crater-agent-workspace/rustup-home:/opt/rustwide/rustup-home:ro,Z" "-e" "SOURCE_DIR=/opt/rustwide/workdir" "-e" "CARGO_TARGET_DIR=/opt/rustwide/target" "-e" "CARGO_INCREMENTAL=0" "-e" "RUST_BACKTRACE=full" "-e" "RUSTFLAGS=--cap-lints=warn" "-e" "CARGO_HOME=/opt/rustwide/cargo-home" "-e" "RUSTUP_HOME=/opt/rustwide/rustup-home" "-w" "/opt/rustwide/workdir" "-m" "1610612736" "--user" "0:0" "--network" "none" "ghcr.io/rust-lang/crates-build-env/linux@sha256:34b6a614d2c27851fe6cbf88fbd1137609cefab8b10d0615aaeb6fd47975d74e" "/opt/rustwide/cargo-home/bin/cargo" "+1.54.0" "test" "--frozen" "--no-run" "--message-format=json", kill_on_drop: false }`
[INFO] [stdout] 55b3ecef17eac8745197d0ae6b4b75525022c1deb69b1ac65770c7cd0a13f27a
[INFO] [stderr] WARNING: Your kernel does not support swap limit capabilities or the cgroup is not mounted. Memory limited without swap.
[INFO] running `Command { std: "docker" "start" "-a" "55b3ecef17eac8745197d0ae6b4b75525022c1deb69b1ac65770c7cd0a13f27a", kill_on_drop: false }`
[INFO] [stderr]     Blocking waiting for file lock on package cache
[INFO] [stderr]     Blocking waiting for file lock on package cache
[INFO] [stdout] warning: unused variable: `command_string`
[INFO] [stdout]  --> src/lib.rs:9:25
[INFO] [stdout]   |
[INFO] [stdout] 9 |     pub fn parse(&self, command_string: &str) -> CommandProxy {
[INFO] [stdout]   |                         ^^^^^^^^^^^^^^ help: if this is intentional, prefix it with an underscore: `_command_string`
[INFO] [stdout]   |
[INFO] [stdout]   = note: `#[warn(unused_variables)]` on by default
[INFO] [stdout] 
[INFO] [stdout] 
[INFO] [stderr]    Compiling rust-shell v0.1.0 (/opt/rustwide/workdir)
[INFO] [stdout] warning: struct is never constructed: `Parser`
[INFO] [stdout]  --> src/lib.rs:1:8
[INFO] [stdout]   |
[INFO] [stdout] 1 | struct Parser;
[INFO] [stdout]   |        ^^^^^^
[INFO] [stdout]   |
[INFO] [stdout]   = note: `#[warn(dead_code)]` on by default
[INFO] [stdout] 
[INFO] [stdout] 
[INFO] [stdout] warning: associated function is never used: `new`
[INFO] [stdout]  --> src/lib.rs:5:12
[INFO] [stdout]   |
[INFO] [stdout] 5 |     pub fn new() -> Self {
[INFO] [stdout]   |            ^^^
[INFO] [stdout] 
[INFO] [stdout] 
[INFO] [stdout] warning: associated function is never used: `parse`
[INFO] [stdout]  --> src/lib.rs:9:12
[INFO] [stdout]   |
[INFO] [stdout] 9 |     pub fn parse(&self, command_string: &str) -> CommandProxy {
[INFO] [stdout]   |            ^^^^^
[INFO] [stdout] 
[INFO] [stdout] 
[INFO] [stdout] warning: struct is never constructed: `CommandProxy`
[INFO] [stdout]   --> src/lib.rs:16:8
[INFO] [stdout]    |
[INFO] [stdout] 16 | struct CommandProxy<'a> {
[INFO] [stdout]    |        ^^^^^^^^^^^^
[INFO] [stdout] 
[INFO] [stdout] 
[INFO] [stdout] warning: associated function is never used: `new`
[INFO] [stdout]   --> src/lib.rs:23:12
[INFO] [stdout]    |
[INFO] [stdout] 23 |     pub fn new() -> Self {
[INFO] [stdout]    |            ^^^
[INFO] [stdout] 
[INFO] [stdout] 
[INFO] [stdout] warning: associated function is never used: `name`
[INFO] [stdout]   --> src/lib.rs:27:12
[INFO] [stdout]    |
[INFO] [stdout] 27 |     pub fn name(&mut self, name: &'a str) {
[INFO] [stdout]    |            ^^^^
[INFO] [stdout] 
[INFO] [stdout] 
[INFO] [stdout] warning: 7 warnings emitted
[INFO] [stdout] 
[INFO] [stdout] 
[INFO] [stdout] warning: unused variable: `command_string`
[INFO] [stdout]  --> src/lib.rs:9:25
[INFO] [stdout]   |
[INFO] [stdout] 9 |     pub fn parse(&self, command_string: &str) -> CommandProxy {
[INFO] [stdout]   |                         ^^^^^^^^^^^^^^ help: if this is intentional, prefix it with an underscore: `_command_string`
[INFO] [stdout]   |
[INFO] [stdout]   = note: `#[warn(unused_variables)]` on by default
[INFO] [stdout] 
[INFO] [stdout] 
[INFO] [stdout] warning: 1 warning emitted
[INFO] [stdout] 
[INFO] [stdout] 
[INFO] [stderr]     Finished test [unoptimized + debuginfo] target(s) in 0.92s
[INFO] running `Command { std: "docker" "inspect" "55b3ecef17eac8745197d0ae6b4b75525022c1deb69b1ac65770c7cd0a13f27a", kill_on_drop: false }`
[INFO] running `Command { std: "docker" "rm" "-f" "55b3ecef17eac8745197d0ae6b4b75525022c1deb69b1ac65770c7cd0a13f27a", kill_on_drop: false }`
[INFO] [stdout] 55b3ecef17eac8745197d0ae6b4b75525022c1deb69b1ac65770c7cd0a13f27a
[INFO] running `Command { std: "docker" "create" "-v" "/var/lib/crater-agent-workspace/builds/worker-3/target:/opt/rustwide/target:rw,Z" "-v" "/var/lib/crater-agent-workspace/builds/worker-3/source:/opt/rustwide/workdir:ro,Z" "-v" "/var/lib/crater-agent-workspace/cargo-home:/opt/rustwide/cargo-home:ro,Z" "-v" "/var/lib/crater-agent-workspace/rustup-home:/opt/rustwide/rustup-home:ro,Z" "-e" "SOURCE_DIR=/opt/rustwide/workdir" "-e" "CARGO_TARGET_DIR=/opt/rustwide/target" "-e" "CARGO_INCREMENTAL=0" "-e" "RUST_BACKTRACE=full" "-e" "RUSTFLAGS=--cap-lints=warn" "-e" "CARGO_HOME=/opt/rustwide/cargo-home" "-e" "RUSTUP_HOME=/opt/rustwide/rustup-home" "-w" "/opt/rustwide/workdir" "-m" "1610612736" "--user" "0:0" "--network" "none" "ghcr.io/rust-lang/crates-build-env/linux@sha256:34b6a614d2c27851fe6cbf88fbd1137609cefab8b10d0615aaeb6fd47975d74e" "/opt/rustwide/cargo-home/bin/cargo" "+1.54.0" "test" "--frozen", kill_on_drop: false }`
[INFO] [stderr] WARNING: Your kernel does not support swap limit capabilities or the cgroup is not mounted. Memory limited without swap.
[INFO] [stdout] f39795398ad4b732a95164e6bf939586068f2d81e60207b90a5815b94197b43e
[INFO] running `Command { std: "docker" "start" "-a" "f39795398ad4b732a95164e6bf939586068f2d81e60207b90a5815b94197b43e", kill_on_drop: false }`
[INFO] [stderr]     Blocking waiting for file lock on package cache
[INFO] [stdout] 
[INFO] [stderr] warning: unused variable: `command_string`
[INFO] [stdout] running 2 tests
[INFO] [stderr]  --> src/lib.rs:9:25
[INFO] [stdout] test command_without_args ... ok
[INFO] [stderr]   |
[INFO] [stderr] 9 |     pub fn parse(&self, command_string: &str) -> CommandProxy {
[INFO] [stderr]   |                         ^^^^^^^^^^^^^^ help: if this is intentional, prefix it with an underscore: `_command_string`
[INFO] [stderr]   |
[INFO] [stderr]   = note: `#[warn(unused_variables)]` on by default
[INFO] [stderr] 
[INFO] [stderr] warning: struct is never constructed: `Parser`
[INFO] [stderr]  --> src/lib.rs:1:8
[INFO] [stderr]   |
[INFO] [stderr] 1 | struct Parser;
[INFO] [stderr]   |        ^^^^^^
[INFO] [stderr]   |
[INFO] [stderr]   = note: `#[warn(dead_code)]` on by default
[INFO] [stderr] 
[INFO] [stderr] warning: associated function is never used: `new`
[INFO] [stderr]  --> src/lib.rs:5:12
[INFO] [stderr]   |
[INFO] [stderr] 5 |     pub fn new() -> Self {
[INFO] [stderr]   |            ^^^
[INFO] [stderr] 
[INFO] [stderr] warning: associated function is never used: `parse`
[INFO] [stderr]  --> src/lib.rs:9:12
[INFO] [stderr]   |
[INFO] [stderr] 9 |     pub fn parse(&self, command_string: &str) -> CommandProxy {
[INFO] [stderr]   |            ^^^^^
[INFO] [stderr] 
[INFO] [stderr] warning: struct is never constructed: `CommandProxy`
[INFO] [stderr]   --> src/lib.rs:16:8
[INFO] [stderr]    |
[INFO] [stderr] 16 | struct CommandProxy<'a> {
[INFO] [stderr]    |        ^^^^^^^^^^^^
[INFO] [stderr] 
[INFO] [stderr] warning: associated function is never used: `new`
[INFO] [stderr]   --> src/lib.rs:23:12
[INFO] [stderr]    |
[INFO] [stderr] 23 |     pub fn new() -> Self {
[INFO] [stderr]    |            ^^^
[INFO] [stderr] 
[INFO] [stderr] warning: associated function is never used: `name`
[INFO] [stderr]   --> src/lib.rs:27:12
[INFO] [stderr]    |
[INFO] [stderr] 27 |     pub fn name(&mut self, name: &'a str) {
[INFO] [stderr]    |            ^^^^
[INFO] [stderr] 
[INFO] [stderr] warning: 7 warnings emitted
[INFO] [stderr] 
[INFO] [stderr] warning: unused variable: `command_string`
[INFO] [stderr]  --> src/lib.rs:9:25
[INFO] [stderr]   |
[INFO] [stderr] 9 |     pub fn parse(&self, command_string: &str) -> CommandProxy {
[INFO] [stderr]   |                         ^^^^^^^^^^^^^^ help: if this is intentional, prefix it with an underscore: `_command_string`
[INFO] [stderr]   |
[INFO] [stderr]   = note: `#[warn(unused_variables)]` on by default
[INFO] [stderr] 
[INFO] [stderr] warning: 1 warning emitted
[INFO] [stderr] 
[INFO] [stderr]     Finished test [unoptimized + debuginfo] target(s) in 0.29s
[INFO] [stderr]      Running unittests (/opt/rustwide/target/debug/deps/rust_shell-f5e7c57254c1676f)
[INFO] [stdout] test command_with_args ... FAILED
[INFO] [stdout] 
[INFO] [stdout] failures:
[INFO] [stdout] 
[INFO] [stdout] ---- command_with_args stdout ----
[INFO] [stdout] thread 'command_with_args' panicked at 'assertion failed: `(left == right)`
[INFO] [stdout]   left: `[]`,
[INFO] [stdout]  right: `["-la"]`', src/lib.rs:47:5
[INFO] [stdout] stack backtrace:
[INFO] [stdout]    0:     0x5557572cf110 - std::backtrace_rs::backtrace::libunwind::trace::h34055254b57d8e79
[INFO] [stdout]                                at /rustc/a178d0322ce20e33eac124758e837cbd80a6f633/library/std/src/../../backtrace/src/backtrace/libunwind.rs:90:5
[INFO] [stdout]    1:     0x5557572cf110 - std::backtrace_rs::backtrace::trace_unsynchronized::h8f1e3fbd9afff6ec
[INFO] [stdout]                                at /rustc/a178d0322ce20e33eac124758e837cbd80a6f633/library/std/src/../../backtrace/src/backtrace/mod.rs:66:5
[INFO] [stdout]    2:     0x5557572cf110 - std::sys_common::backtrace::_print_fmt::h3a99a796b770c360
[INFO] [stdout]                                at /rustc/a178d0322ce20e33eac124758e837cbd80a6f633/library/std/src/sys_common/backtrace.rs:67:5
[INFO] [stdout]    3:     0x5557572cf110 - <std::sys_common::backtrace::_print::DisplayBacktrace as core::fmt::Display>::fmt::h32d1f94a80615d18
[INFO] [stdout]                                at /rustc/a178d0322ce20e33eac124758e837cbd80a6f633/library/std/src/sys_common/backtrace.rs:46:22
[INFO] [stdout]    4:     0x5557572f190c - core::fmt::write::h306731c068f7162c
[INFO] [stdout]                                at /rustc/a178d0322ce20e33eac124758e837cbd80a6f633/library/core/src/fmt/mod.rs:1110:17
[INFO] [stdout]    5:     0x5557572cc035 - std::io::Write::write_fmt::h87f19b0a2cd190bc
[INFO] [stdout]                                at /rustc/a178d0322ce20e33eac124758e837cbd80a6f633/library/std/src/io/mod.rs:1588:15
[INFO] [stdout]    6:     0x5557572d127b - std::sys_common::backtrace::_print::h5abaa2601a852287
[INFO] [stdout]                                at /rustc/a178d0322ce20e33eac124758e837cbd80a6f633/library/std/src/sys_common/backtrace.rs:49:5
[INFO] [stdout]    7:     0x5557572d127b - std::sys_common::backtrace::print::h8d81445442bb638f
[INFO] [stdout]                                at /rustc/a178d0322ce20e33eac124758e837cbd80a6f633/library/std/src/sys_common/backtrace.rs:36:9
[INFO] [stdout]    8:     0x5557572d127b - std::panicking::default_hook::{{closure}}::hcfe804496a9fa747
[INFO] [stdout]                                at /rustc/a178d0322ce20e33eac124758e837cbd80a6f633/library/std/src/panicking.rs:208:50
[INFO] [stdout]    9:     0x5557572d0d8c - std::panicking::default_hook::hbea8e3ccf2ba8901
[INFO] [stdout]                                at /rustc/a178d0322ce20e33eac124758e837cbd80a6f633/library/std/src/panicking.rs:222:9
[INFO] [stdout]   10:     0x5557572d1944 - std::panicking::rust_panic_with_hook::h7ee9e1a2d0f8975a
[INFO] [stdout]                                at /rustc/a178d0322ce20e33eac124758e837cbd80a6f633/library/std/src/panicking.rs:622:17
[INFO] [stdout]   11:     0x5557572d1427 - std::panicking::begin_panic_handler::{{closure}}::h8ab3b4491718b2c7
[INFO] [stdout]                                at /rustc/a178d0322ce20e33eac124758e837cbd80a6f633/library/std/src/panicking.rs:519:13
[INFO] [stdout]   12:     0x5557572cf60c - std::sys_common::backtrace::__rust_end_short_backtrace::hd489062ffa586a9f
[INFO] [stdout]                                at /rustc/a178d0322ce20e33eac124758e837cbd80a6f633/library/std/src/sys_common/backtrace.rs:141:18
[INFO] [stdout]   13:     0x5557572d1389 - rust_begin_unwind
[INFO] [stdout]                                at /rustc/a178d0322ce20e33eac124758e837cbd80a6f633/library/std/src/panicking.rs:515:5
[INFO] [stdout]   14:     0x55575727a641 - core::panicking::panic_fmt::hca6330e3e14086b4
[INFO] [stdout]                                at /rustc/a178d0322ce20e33eac124758e837cbd80a6f633/library/core/src/panicking.rs:92:14
[INFO] [stdout]   15:     0x5557572f0228 - core::panicking::assert_failed_inner::h33b45280069a80ed
[INFO] [stdout]   16:     0x55575727e2aa - core::panicking::assert_failed::hac04401247ce687c
[INFO] [stdout]                                at /rustc/a178d0322ce20e33eac124758e837cbd80a6f633/library/core/src/panicking.rs:117:5
[INFO] [stdout]   17:     0x55575727d13f - rust_shell::command_with_args::he0a726386a044d8b
[INFO] [stdout]                                at /opt/rustwide/workdir/src/lib.rs:47:5
[INFO] [stdout]   18:     0x55575727cf2a - rust_shell::command_with_args::{{closure}}::ha021dde6fd3ab618
[INFO] [stdout]                                at /opt/rustwide/workdir/src/lib.rs:42:1
[INFO] [stdout]   19:     0x55575727d81e - core::ops::function::FnOnce::call_once::h1331a9dd71710c0d
[INFO] [stdout]                                at /rustc/a178d0322ce20e33eac124758e837cbd80a6f633/library/core/src/ops/function.rs:227:5
[INFO] [stdout]   20:     0x5557572a6613 - core::ops::function::FnOnce::call_once::h152e7e439ff59e19
[INFO] [stdout]                                at /rustc/a178d0322ce20e33eac124758e837cbd80a6f633/library/core/src/ops/function.rs:227:5
[INFO] [stdout]   21:     0x5557572a6613 - test::__rust_begin_short_backtrace::h0908f3b1fdbb72ab
[INFO] [stdout]                                at /rustc/a178d0322ce20e33eac124758e837cbd80a6f633/library/test/src/lib.rs:577:5
[INFO] [stdout]   22:     0x5557572a50d0 - <alloc::boxed::Box<F,A> as core::ops::function::FnOnce<Args>>::call_once::hf6d2a51e5587546c
[INFO] [stdout]                                at /rustc/a178d0322ce20e33eac124758e837cbd80a6f633/library/alloc/src/boxed.rs:1575:9
[INFO] [stdout]   23:     0x5557572a50d0 - <std::panic::AssertUnwindSafe<F> as core::ops::function::FnOnce<()>>::call_once::h8af660f3a89ef593
[INFO] [stdout]                                at /rustc/a178d0322ce20e33eac124758e837cbd80a6f633/library/std/src/panic.rs:347:9
[INFO] [stdout]   24:     0x5557572a50d0 - std::panicking::try::do_call::hd36aef60f84b6d36
[INFO] [stdout]                                at /rustc/a178d0322ce20e33eac124758e837cbd80a6f633/library/std/src/panicking.rs:401:40
[INFO] [stdout]   25:     0x5557572a50d0 - std::panicking::try::h9932b4480e69817c
[INFO] [stdout]                                at /rustc/a178d0322ce20e33eac124758e837cbd80a6f633/library/std/src/panicking.rs:365:19
[INFO] [stdout]   26:     0x5557572a50d0 - std::panic::catch_unwind::h6aa177099cfff5f8
[INFO] [stdout]                                at /rustc/a178d0322ce20e33eac124758e837cbd80a6f633/library/std/src/panic.rs:434:14
[INFO] [stdout]   27:     0x5557572a50d0 - test::run_test_in_process::h5884d6f2d99e20c3
[INFO] [stdout]                                at /rustc/a178d0322ce20e33eac124758e837cbd80a6f633/library/test/src/lib.rs:600:18
[INFO] [stdout]   28:     0x5557572a50d0 - test::run_test::run_test_inner::{{closure}}::h6fdc58c6d5f5b6e3
[INFO] [stdout]                                at /rustc/a178d0322ce20e33eac124758e837cbd80a6f633/library/test/src/lib.rs:492:39
[INFO] [stdout]   29:     0x55575727e782 - test::run_test::run_test_inner::{{closure}}::h408365d67a78ade8
[INFO] [stdout]                                at /rustc/a178d0322ce20e33eac124758e837cbd80a6f633/library/test/src/lib.rs:519:37
[INFO] [stdout]   30:     0x55575727e782 - std::sys_common::backtrace::__rust_begin_short_backtrace::hb560b77c4f701523
[INFO] [stdout]                                at /rustc/a178d0322ce20e33eac124758e837cbd80a6f633/library/std/src/sys_common/backtrace.rs:125:18
[INFO] [stdout]   31:     0x555757282338 - std::thread::Builder::spawn_unchecked::{{closure}}::{{closure}}::hf2e7831dad93c597
[INFO] [stdout]                                at /rustc/a178d0322ce20e33eac124758e837cbd80a6f633/library/std/src/thread/mod.rs:481:17
[INFO] [stdout]   32:     0x555757282338 - <std::panic::AssertUnwindSafe<F> as core::ops::function::FnOnce<()>>::call_once::hd2e08783d8be4d02
[INFO] [stdout]                                at /rustc/a178d0322ce20e33eac124758e837cbd80a6f633/library/std/src/panic.rs:347:9
[INFO] [stdout]   33:     0x555757282338 - std::panicking::try::do_call::h062597b7acfd6b82
[INFO] [stdout]                                at /rustc/a178d0322ce20e33eac124758e837cbd80a6f633/library/std/src/panicking.rs:401:40
[INFO] [stdout]   34:     0x555757282338 - std::panicking::try::h0d7b79db04c14552
[INFO] [stdout]                                at /rustc/a178d0322ce20e33eac124758e837cbd80a6f633/library/std/src/panicking.rs:365:19
[INFO] [stdout]   35:     0x555757282338 - std::panic::catch_unwind::hb01a0b5e7c8cd43b
[INFO] [stdout]                                at /rustc/a178d0322ce20e33eac124758e837cbd80a6f633/library/std/src/panic.rs:434:14
[INFO] [stdout]   36:     0x555757282338 - std::thread::Builder::spawn_unchecked::{{closure}}::h5bde48cc887e0d1e
[INFO] [stdout]                                at /rustc/a178d0322ce20e33eac124758e837cbd80a6f633/library/std/src/thread/mod.rs:480:30
[INFO] [stdout]   37:     0x555757282338 - core::ops::function::FnOnce::call_once{{vtable.shim}}::h745ea30807a29e55
[INFO] [stdout]                                at /rustc/a178d0322ce20e33eac124758e837cbd80a6f633/library/core/src/ops/function.rs:227:5
[INFO] [stdout]   38:     0x5557572d6407 - <alloc::boxed::Box<F,A> as core::ops::function::FnOnce<Args>>::call_once::h7ece6cfefaff1005
[INFO] [stdout]                                at /rustc/a178d0322ce20e33eac124758e837cbd80a6f633/library/alloc/src/boxed.rs:1575:9
[INFO] [stdout]   39:     0x5557572d6407 - <alloc::boxed::Box<F,A> as core::ops::function::FnOnce<Args>>::call_once::hb8b48e55c21f193e
[INFO] [stdout]                                at /rustc/a178d0322ce20e33eac124758e837cbd80a6f633/library/alloc/src/boxed.rs:1575:9
[INFO] [stdout]   40:     0x5557572d6407 - std::sys::unix::thread::Thread::new::thread_start::h8c7c4450dba62914
[INFO] [stdout]                                at /rustc/a178d0322ce20e33eac124758e837cbd80a6f633/library/std/src/sys/unix/thread.rs:71:17
[INFO] [stdout]   41:     0x7f6b8be6e609 - start_thread
[INFO] [stdout]   42:     0x7f6b8bc40293 - clone
[INFO] [stdout]   43:                0x0 - <unknown>
[INFO] [stdout] 
[INFO] [stdout] 
[INFO] [stdout] failures:
[INFO] [stdout]     command_with_args
[INFO] [stdout] 
[INFO] [stdout] test result: FAILED. 1 passed; 1 failed; 0 ignored; 0 measured; 0 filtered out; finished in 0.01s
[INFO] [stdout] 
[INFO] [stderr] error: test failed, to rerun pass '--lib'
[INFO] running `Command { std: "docker" "inspect" "f39795398ad4b732a95164e6bf939586068f2d81e60207b90a5815b94197b43e", kill_on_drop: false }`
[INFO] running `Command { std: "docker" "rm" "-f" "f39795398ad4b732a95164e6bf939586068f2d81e60207b90a5815b94197b43e", kill_on_drop: false }`
[INFO] [stdout] f39795398ad4b732a95164e6bf939586068f2d81e60207b90a5815b94197b43e
