[INFO] cloning repository https://github.com/seb-odessa/agent_disp
[INFO] running `Command { std: "git" "-c" "credential.helper=" "-c" "credential.helper=/workspace/cargo-home/bin/git-credential-null" "clone" "--bare" "https://github.com/seb-odessa/agent_disp" "/workspace/cache/git-repos/https%3A%2F%2Fgithub.com%2Fseb-odessa%2Fagent_disp", kill_on_drop: false }`
[INFO] [stderr] Cloning into bare repository '/workspace/cache/git-repos/https%3A%2F%2Fgithub.com%2Fseb-odessa%2Fagent_disp'...
[INFO] running `Command { std: "git" "rev-parse" "HEAD", kill_on_drop: false }`
[INFO] [stdout] 71857397b4f7f6c219c56debc857bdd3a1608884
[INFO] testing seb-odessa/agent_disp against 1.54.0 for beta-1.55-1
[INFO] running `Command { std: "git" "clone" "/workspace/cache/git-repos/https%3A%2F%2Fgithub.com%2Fseb-odessa%2Fagent_disp" "/workspace/builds/worker-6/source", kill_on_drop: false }`
[INFO] [stderr] Cloning into '/workspace/builds/worker-6/source'...
[INFO] [stderr] done.
[INFO] validating manifest of git repo https://github.com/seb-odessa/agent_disp on toolchain 1.54.0
[INFO] running `Command { std: "/workspace/cargo-home/bin/cargo" "+1.54.0" "metadata" "--manifest-path" "Cargo.toml" "--no-deps", kill_on_drop: false }`
[INFO] started tweaking git repo https://github.com/seb-odessa/agent_disp
[INFO] finished tweaking git repo https://github.com/seb-odessa/agent_disp
[INFO] tweaked toml for git repo https://github.com/seb-odessa/agent_disp written to /workspace/builds/worker-6/source/Cargo.toml
[INFO] crate git repo https://github.com/seb-odessa/agent_disp already has a lockfile, it will not be regenerated
[INFO] running `Command { std: "/workspace/cargo-home/bin/cargo" "+1.54.0" "fetch" "--manifest-path" "Cargo.toml", kill_on_drop: false }`
[INFO] [stderr]  Downloading crates ...
[INFO] [stderr]   Downloaded env_logger v0.3.2
[INFO] [stderr]   Downloaded regex-syntax v0.3.0
[INFO] [stderr]   Downloaded regex v0.1.58
[INFO] running `Command { std: "docker" "create" "-v" "/var/lib/crater-agent-workspace/builds/worker-6/target:/opt/rustwide/target:rw,Z" "-v" "/var/lib/crater-agent-workspace/builds/worker-6/source:/opt/rustwide/workdir:ro,Z" "-v" "/var/lib/crater-agent-workspace/cargo-home:/opt/rustwide/cargo-home:ro,Z" "-v" "/var/lib/crater-agent-workspace/rustup-home:/opt/rustwide/rustup-home:ro,Z" "-e" "SOURCE_DIR=/opt/rustwide/workdir" "-e" "CARGO_TARGET_DIR=/opt/rustwide/target" "-e" "CARGO_HOME=/opt/rustwide/cargo-home" "-e" "RUSTUP_HOME=/opt/rustwide/rustup-home" "-w" "/opt/rustwide/workdir" "-m" "1610612736" "--user" "0:0" "--network" "none" "ghcr.io/rust-lang/crates-build-env/linux@sha256:34b6a614d2c27851fe6cbf88fbd1137609cefab8b10d0615aaeb6fd47975d74e" "/opt/rustwide/cargo-home/bin/cargo" "+1.54.0" "metadata" "--no-deps" "--format-version=1", kill_on_drop: false }`
[INFO] [stderr] WARNING: Your kernel does not support swap limit capabilities or the cgroup is not mounted. Memory limited without swap.
[INFO] [stdout] 39f0e704c82a830c9c43e84f10f541dd26c2580ead4f5df550c18a9c7d2ce094
[INFO] running `Command { std: "docker" "start" "-a" "39f0e704c82a830c9c43e84f10f541dd26c2580ead4f5df550c18a9c7d2ce094", kill_on_drop: false }`
[INFO] running `Command { std: "docker" "inspect" "39f0e704c82a830c9c43e84f10f541dd26c2580ead4f5df550c18a9c7d2ce094", kill_on_drop: false }`
[INFO] running `Command { std: "docker" "rm" "-f" "39f0e704c82a830c9c43e84f10f541dd26c2580ead4f5df550c18a9c7d2ce094", kill_on_drop: false }`
[INFO] [stdout] 39f0e704c82a830c9c43e84f10f541dd26c2580ead4f5df550c18a9c7d2ce094
[INFO] running `Command { std: "docker" "create" "-v" "/var/lib/crater-agent-workspace/builds/worker-6/target:/opt/rustwide/target:rw,Z" "-v" "/var/lib/crater-agent-workspace/builds/worker-6/source:/opt/rustwide/workdir:ro,Z" "-v" "/var/lib/crater-agent-workspace/cargo-home:/opt/rustwide/cargo-home:ro,Z" "-v" "/var/lib/crater-agent-workspace/rustup-home:/opt/rustwide/rustup-home:ro,Z" "-e" "SOURCE_DIR=/opt/rustwide/workdir" "-e" "CARGO_TARGET_DIR=/opt/rustwide/target" "-e" "CARGO_INCREMENTAL=0" "-e" "RUST_BACKTRACE=full" "-e" "RUSTFLAGS=--cap-lints=warn" "-e" "CARGO_HOME=/opt/rustwide/cargo-home" "-e" "RUSTUP_HOME=/opt/rustwide/rustup-home" "-w" "/opt/rustwide/workdir" "-m" "1610612736" "--user" "0:0" "--network" "none" "ghcr.io/rust-lang/crates-build-env/linux@sha256:34b6a614d2c27851fe6cbf88fbd1137609cefab8b10d0615aaeb6fd47975d74e" "/opt/rustwide/cargo-home/bin/cargo" "+1.54.0" "build" "--frozen" "--message-format=json", kill_on_drop: false }`
[INFO] [stderr] WARNING: Your kernel does not support swap limit capabilities or the cgroup is not mounted. Memory limited without swap.
[INFO] [stdout] 8011cf5d830ed4ada9f8d3a16b398db69a1ed116d3230edc389753f4cf6404cd
[INFO] running `Command { std: "docker" "start" "-a" "8011cf5d830ed4ada9f8d3a16b398db69a1ed116d3230edc389753f4cf6404cd", kill_on_drop: false }`
[INFO] [stderr]    Compiling libc v0.2.4
[INFO] [stderr]    Compiling regex-syntax v0.3.0
[INFO] [stderr]    Compiling memchr v0.1.10
[INFO] [stderr]    Compiling log v0.3.5
[INFO] [stderr]    Compiling rand v0.3.12
[INFO] [stderr]    Compiling aho-corasick v0.5.1
[INFO] [stderr]    Compiling regex v0.1.58
[INFO] [stderr]    Compiling env_logger v0.3.2
[INFO] [stderr]    Compiling agent_disp v0.1.0 (/opt/rustwide/workdir)
[INFO] [stderr]     Finished dev [unoptimized + debuginfo] target(s) in 4.19s
[INFO] running `Command { std: "docker" "inspect" "8011cf5d830ed4ada9f8d3a16b398db69a1ed116d3230edc389753f4cf6404cd", kill_on_drop: false }`
[INFO] running `Command { std: "docker" "rm" "-f" "8011cf5d830ed4ada9f8d3a16b398db69a1ed116d3230edc389753f4cf6404cd", kill_on_drop: false }`
[INFO] [stdout] 8011cf5d830ed4ada9f8d3a16b398db69a1ed116d3230edc389753f4cf6404cd
[INFO] running `Command { std: "docker" "create" "-v" "/var/lib/crater-agent-workspace/builds/worker-6/target:/opt/rustwide/target:rw,Z" "-v" "/var/lib/crater-agent-workspace/builds/worker-6/source:/opt/rustwide/workdir:ro,Z" "-v" "/var/lib/crater-agent-workspace/cargo-home:/opt/rustwide/cargo-home:ro,Z" "-v" "/var/lib/crater-agent-workspace/rustup-home:/opt/rustwide/rustup-home:ro,Z" "-e" "SOURCE_DIR=/opt/rustwide/workdir" "-e" "CARGO_TARGET_DIR=/opt/rustwide/target" "-e" "CARGO_INCREMENTAL=0" "-e" "RUST_BACKTRACE=full" "-e" "RUSTFLAGS=--cap-lints=warn" "-e" "CARGO_HOME=/opt/rustwide/cargo-home" "-e" "RUSTUP_HOME=/opt/rustwide/rustup-home" "-w" "/opt/rustwide/workdir" "-m" "1610612736" "--user" "0:0" "--network" "none" "ghcr.io/rust-lang/crates-build-env/linux@sha256:34b6a614d2c27851fe6cbf88fbd1137609cefab8b10d0615aaeb6fd47975d74e" "/opt/rustwide/cargo-home/bin/cargo" "+1.54.0" "test" "--frozen" "--no-run" "--message-format=json", kill_on_drop: false }`
[INFO] [stdout] 38cb2ac43785d1ccc817c8db45e2b1a5372b43a98ae9aad38255a9663cd1fdaa
[INFO] [stderr] WARNING: Your kernel does not support swap limit capabilities or the cgroup is not mounted. Memory limited without swap.
[INFO] running `Command { std: "docker" "start" "-a" "38cb2ac43785d1ccc817c8db45e2b1a5372b43a98ae9aad38255a9663cd1fdaa", kill_on_drop: false }`
[INFO] [stderr]    Compiling agent_disp v0.1.0 (/opt/rustwide/workdir)
[INFO] [stderr]     Finished test [unoptimized + debuginfo] target(s) in 0.90s
[INFO] running `Command { std: "docker" "inspect" "38cb2ac43785d1ccc817c8db45e2b1a5372b43a98ae9aad38255a9663cd1fdaa", kill_on_drop: false }`
[INFO] running `Command { std: "docker" "rm" "-f" "38cb2ac43785d1ccc817c8db45e2b1a5372b43a98ae9aad38255a9663cd1fdaa", kill_on_drop: false }`
[INFO] [stdout] 38cb2ac43785d1ccc817c8db45e2b1a5372b43a98ae9aad38255a9663cd1fdaa
[INFO] running `Command { std: "docker" "create" "-v" "/var/lib/crater-agent-workspace/builds/worker-6/target:/opt/rustwide/target:rw,Z" "-v" "/var/lib/crater-agent-workspace/builds/worker-6/source:/opt/rustwide/workdir:ro,Z" "-v" "/var/lib/crater-agent-workspace/cargo-home:/opt/rustwide/cargo-home:ro,Z" "-v" "/var/lib/crater-agent-workspace/rustup-home:/opt/rustwide/rustup-home:ro,Z" "-e" "SOURCE_DIR=/opt/rustwide/workdir" "-e" "CARGO_TARGET_DIR=/opt/rustwide/target" "-e" "CARGO_INCREMENTAL=0" "-e" "RUST_BACKTRACE=full" "-e" "RUSTFLAGS=--cap-lints=warn" "-e" "CARGO_HOME=/opt/rustwide/cargo-home" "-e" "RUSTUP_HOME=/opt/rustwide/rustup-home" "-w" "/opt/rustwide/workdir" "-m" "1610612736" "--user" "0:0" "--network" "none" "ghcr.io/rust-lang/crates-build-env/linux@sha256:34b6a614d2c27851fe6cbf88fbd1137609cefab8b10d0615aaeb6fd47975d74e" "/opt/rustwide/cargo-home/bin/cargo" "+1.54.0" "test" "--frozen", kill_on_drop: false }`
[INFO] [stderr] WARNING: Your kernel does not support swap limit capabilities or the cgroup is not mounted. Memory limited without swap.
[INFO] [stdout] cdda86b11e9ed0efb8b73bc599e1ad504e4a831513e75f8e9a00222e1a365b5d
[INFO] running `Command { std: "docker" "start" "-a" "cdda86b11e9ed0efb8b73bc599e1ad504e4a831513e75f8e9a00222e1a365b5d", kill_on_drop: false }`
[INFO] [stderr]     Finished test [unoptimized + debuginfo] target(s) in 0.06s
[INFO] [stderr]      Running unittests (/opt/rustwide/target/debug/deps/lib-2c47ccb32b6d8fb9)
[INFO] [stdout] 
[INFO] [stdout] running 0 tests
[INFO] [stdout] 
[INFO] [stdout] test result: ok. 0 passed; 0 failed; 0 ignored; 0 measured; 0 filtered out; finished in 0.00s
[INFO] [stdout] 
[INFO] [stderr]      Running unittests (/opt/rustwide/target/debug/deps/agent_disp-7dc7bd97ef94e162)
[INFO] [stdout] 
[INFO] [stdout] running 0 tests
[INFO] [stdout] 
[INFO] [stdout] test result: ok. 0 passed; 0 failed; 0 ignored; 0 measured; 0 filtered out; finished in 0.00s
[INFO] [stdout] 
[INFO] [stderr]    Doc-tests lib
[INFO] [stdout] 
[INFO] [stdout] running 1 test
[INFO] [stdout] test src/lib/lib.rs - (line 6) ... FAILED
[INFO] [stdout] 
[INFO] [stdout] failures:
[INFO] [stdout] 
[INFO] [stdout] ---- src/lib/lib.rs - (line 6) stdout ----
[INFO] [stdout] error[E0432]: unresolved import `lib::message`
[INFO] [stdout]   --> src/lib/lib.rs:19:10
[INFO] [stdout]    |
[INFO] [stdout] 14 | use lib::message::{Message, Task};
[INFO] [stdout]    |          ^^^^^^^ could not find `message` in `lib`
[INFO] [stdout] 
[INFO] [stdout] error: aborting due to previous error
[INFO] [stdout] 
[INFO] [stdout] For more information about this error, try `rustc --explain E0432`.
[INFO] [stdout] Couldn't compile the test.
[INFO] [stdout] 
[INFO] [stdout] failures:
[INFO] [stdout]     src/lib/lib.rs - (line 6)
[INFO] [stdout] 
[INFO] [stdout] test result: FAILED. 0 passed; 1 failed; 0 ignored; 0 measured; 0 filtered out; finished in 0.15s
[INFO] [stdout] 
[INFO] [stderr] error: test failed, to rerun pass '--doc'
[INFO] running `Command { std: "docker" "inspect" "cdda86b11e9ed0efb8b73bc599e1ad504e4a831513e75f8e9a00222e1a365b5d", kill_on_drop: false }`
[INFO] running `Command { std: "docker" "rm" "-f" "cdda86b11e9ed0efb8b73bc599e1ad504e4a831513e75f8e9a00222e1a365b5d", kill_on_drop: false }`
[INFO] [stdout] cdda86b11e9ed0efb8b73bc599e1ad504e4a831513e75f8e9a00222e1a365b5d
