[INFO] cloning repository https://github.com/scalefactory/hcdl
[INFO] running `Command { std: "git" "-c" "credential.helper=" "-c" "credential.helper=/workspace/cargo-home/bin/git-credential-null" "clone" "--bare" "https://github.com/scalefactory/hcdl" "/workspace/cache/git-repos/https%3A%2F%2Fgithub.com%2Fscalefactory%2Fhcdl", kill_on_drop: false }`
[INFO] [stderr] Cloning into bare repository '/workspace/cache/git-repos/https%3A%2F%2Fgithub.com%2Fscalefactory%2Fhcdl'...
[INFO] running `Command { std: "git" "rev-parse" "HEAD", kill_on_drop: false }`
[INFO] [stdout] cfb71190081aa9641a423f557fc6b6fee5ec3d96
[INFO] testing scalefactory/hcdl against 1.54.0 for beta-1.55-1
[INFO] running `Command { std: "git" "clone" "/workspace/cache/git-repos/https%3A%2F%2Fgithub.com%2Fscalefactory%2Fhcdl" "/workspace/builds/worker-4/source", kill_on_drop: false }`
[INFO] [stderr] Cloning into '/workspace/builds/worker-4/source'...
[INFO] [stderr] done.
[INFO] validating manifest of git repo https://github.com/scalefactory/hcdl on toolchain 1.54.0
[INFO] running `Command { std: "/workspace/cargo-home/bin/cargo" "+1.54.0" "metadata" "--manifest-path" "Cargo.toml" "--no-deps", kill_on_drop: false }`
[INFO] started tweaking git repo https://github.com/scalefactory/hcdl
[INFO] finished tweaking git repo https://github.com/scalefactory/hcdl
[INFO] tweaked toml for git repo https://github.com/scalefactory/hcdl written to /workspace/builds/worker-4/source/Cargo.toml
[INFO] crate git repo https://github.com/scalefactory/hcdl already has a lockfile, it will not be regenerated
[INFO] running `Command { std: "/workspace/cargo-home/bin/cargo" "+1.54.0" "fetch" "--manifest-path" "Cargo.toml", kill_on_drop: false }`
[INFO] running `Command { std: "docker" "create" "-v" "/var/lib/crater-agent-workspace/builds/worker-4/target:/opt/rustwide/target:rw,Z" "-v" "/var/lib/crater-agent-workspace/builds/worker-4/source:/opt/rustwide/workdir:ro,Z" "-v" "/var/lib/crater-agent-workspace/cargo-home:/opt/rustwide/cargo-home:ro,Z" "-v" "/var/lib/crater-agent-workspace/rustup-home:/opt/rustwide/rustup-home:ro,Z" "-e" "SOURCE_DIR=/opt/rustwide/workdir" "-e" "CARGO_TARGET_DIR=/opt/rustwide/target" "-e" "CARGO_HOME=/opt/rustwide/cargo-home" "-e" "RUSTUP_HOME=/opt/rustwide/rustup-home" "-w" "/opt/rustwide/workdir" "-m" "1610612736" "--user" "0:0" "--network" "none" "ghcr.io/rust-lang/crates-build-env/linux@sha256:34b6a614d2c27851fe6cbf88fbd1137609cefab8b10d0615aaeb6fd47975d74e" "/opt/rustwide/cargo-home/bin/cargo" "+1.54.0" "metadata" "--no-deps" "--format-version=1", kill_on_drop: false }`
[INFO] [stderr] WARNING: Your kernel does not support swap limit capabilities or the cgroup is not mounted. Memory limited without swap.
[INFO] [stdout] e7538cd82c063fce90159f98c40bc02e8d60835e4dc1c4aa27f2be634965e7e7
[INFO] running `Command { std: "docker" "start" "-a" "e7538cd82c063fce90159f98c40bc02e8d60835e4dc1c4aa27f2be634965e7e7", kill_on_drop: false }`
[INFO] running `Command { std: "docker" "inspect" "e7538cd82c063fce90159f98c40bc02e8d60835e4dc1c4aa27f2be634965e7e7", kill_on_drop: false }`
[INFO] running `Command { std: "docker" "rm" "-f" "e7538cd82c063fce90159f98c40bc02e8d60835e4dc1c4aa27f2be634965e7e7", kill_on_drop: false }`
[INFO] [stdout] e7538cd82c063fce90159f98c40bc02e8d60835e4dc1c4aa27f2be634965e7e7
[INFO] running `Command { std: "docker" "create" "-v" "/var/lib/crater-agent-workspace/builds/worker-4/target:/opt/rustwide/target:rw,Z" "-v" "/var/lib/crater-agent-workspace/builds/worker-4/source:/opt/rustwide/workdir:ro,Z" "-v" "/var/lib/crater-agent-workspace/cargo-home:/opt/rustwide/cargo-home:ro,Z" "-v" "/var/lib/crater-agent-workspace/rustup-home:/opt/rustwide/rustup-home:ro,Z" "-e" "SOURCE_DIR=/opt/rustwide/workdir" "-e" "CARGO_TARGET_DIR=/opt/rustwide/target" "-e" "CARGO_INCREMENTAL=0" "-e" "RUST_BACKTRACE=full" "-e" "RUSTFLAGS=--cap-lints=warn" "-e" "CARGO_HOME=/opt/rustwide/cargo-home" "-e" "RUSTUP_HOME=/opt/rustwide/rustup-home" "-w" "/opt/rustwide/workdir" "-m" "1610612736" "--user" "0:0" "--network" "none" "ghcr.io/rust-lang/crates-build-env/linux@sha256:34b6a614d2c27851fe6cbf88fbd1137609cefab8b10d0615aaeb6fd47975d74e" "/opt/rustwide/cargo-home/bin/cargo" "+1.54.0" "build" "--frozen" "--message-format=json", kill_on_drop: false }`
[INFO] [stdout] f6274bb7be5c49c6a7b15c8d8fd585a4363eb68875a0c65c3e5ad2f4c3351983
[INFO] [stderr] WARNING: Your kernel does not support swap limit capabilities or the cgroup is not mounted. Memory limited without swap.
[INFO] running `Command { std: "docker" "start" "-a" "f6274bb7be5c49c6a7b15c8d8fd585a4363eb68875a0c65c3e5ad2f4c3351983", kill_on_drop: false }`
[INFO] [stderr]    Compiling syn v1.0.70
[INFO] [stderr]    Compiling once_cell v1.7.2
[INFO] [stderr]    Compiling rle-decode-fast v1.0.1
[INFO] [stderr]    Compiling iowrap v0.2.0
[INFO] [stderr]    Compiling tokio v1.5.0
[INFO] [stderr]    Compiling num-bigint v0.3.2
[INFO] [stderr]    Compiling futures-channel v0.3.14
[INFO] [stderr]    Compiling tracing v0.1.25
[INFO] [stderr]    Compiling term_size v0.3.2
[INFO] [stderr]    Compiling dirs-sys v0.3.6
[INFO] [stderr]    Compiling chrono v0.4.19
[INFO] [stderr]    Compiling console v0.14.1
[INFO] [stderr]    Compiling tempfile v3.2.0
[INFO] [stderr]    Compiling textwrap v0.11.0
[INFO] [stderr]    Compiling libflate_lz77 v1.1.0
[INFO] [stderr]    Compiling ring v0.16.20
[INFO] [stderr]    Compiling clap v2.33.3
[INFO] [stderr]    Compiling dirs v3.0.2
[INFO] [stderr]    Compiling libflate v1.1.0
[INFO] [stderr]    Compiling indicatif v0.15.0
[INFO] [stderr]    Compiling webpki v0.21.4
[INFO] [stderr]    Compiling sct v0.6.1
[INFO] [stderr]    Compiling rustls v0.19.1
[INFO] [stderr]    Compiling webpki-roots v0.21.1
[INFO] [stderr]    Compiling num-rational v0.3.2
[INFO] [stderr]    Compiling num v0.3.1
[INFO] [stderr]    Compiling gpgrv v0.3.0
[INFO] [stderr]    Compiling tokio-macros v1.1.0
[INFO] [stderr]    Compiling futures-macro v0.3.14
[INFO] [stderr]    Compiling serde_derive v1.0.125
[INFO] [stderr]    Compiling pin-project-internal v1.0.7
[INFO] [stderr]    Compiling thiserror-impl v1.0.24
[INFO] [stderr]    Compiling futures-util v0.3.14
[INFO] [stderr]    Compiling thiserror v1.0.24
[INFO] [stderr]    Compiling zip v0.5.12
[INFO] [stderr]    Compiling pin-project v1.0.7
[INFO] [stderr]    Compiling tokio-util v0.6.6
[INFO] [stderr]    Compiling tokio-rustls v0.22.0
[INFO] [stderr]    Compiling async-compression v0.3.8
[INFO] [stderr]    Compiling serde v1.0.125
[INFO] [stderr]    Compiling h2 v0.3.2
[INFO] [stderr]    Compiling serde_urlencoded v0.7.0
[INFO] [stderr]    Compiling serde_json v1.0.64
[INFO] [stderr]    Compiling hyper v0.14.7
[INFO] [stderr]    Compiling hyper-rustls v0.22.1
[INFO] [stderr]    Compiling reqwest v0.11.3
[INFO] [stderr]    Compiling hcdl v0.11.0 (/opt/rustwide/workdir)
[INFO] [stderr]     Finished dev [unoptimized + debuginfo] target(s) in 1m 11s
[INFO] running `Command { std: "docker" "inspect" "f6274bb7be5c49c6a7b15c8d8fd585a4363eb68875a0c65c3e5ad2f4c3351983", kill_on_drop: false }`
[INFO] running `Command { std: "docker" "rm" "-f" "f6274bb7be5c49c6a7b15c8d8fd585a4363eb68875a0c65c3e5ad2f4c3351983", kill_on_drop: false }`
[INFO] [stdout] f6274bb7be5c49c6a7b15c8d8fd585a4363eb68875a0c65c3e5ad2f4c3351983
[INFO] running `Command { std: "docker" "create" "-v" "/var/lib/crater-agent-workspace/builds/worker-4/target:/opt/rustwide/target:rw,Z" "-v" "/var/lib/crater-agent-workspace/builds/worker-4/source:/opt/rustwide/workdir:ro,Z" "-v" "/var/lib/crater-agent-workspace/cargo-home:/opt/rustwide/cargo-home:ro,Z" "-v" "/var/lib/crater-agent-workspace/rustup-home:/opt/rustwide/rustup-home:ro,Z" "-e" "SOURCE_DIR=/opt/rustwide/workdir" "-e" "CARGO_TARGET_DIR=/opt/rustwide/target" "-e" "CARGO_INCREMENTAL=0" "-e" "RUST_BACKTRACE=full" "-e" "RUSTFLAGS=--cap-lints=warn" "-e" "CARGO_HOME=/opt/rustwide/cargo-home" "-e" "RUSTUP_HOME=/opt/rustwide/rustup-home" "-w" "/opt/rustwide/workdir" "-m" "1610612736" "--user" "0:0" "--network" "none" "ghcr.io/rust-lang/crates-build-env/linux@sha256:34b6a614d2c27851fe6cbf88fbd1137609cefab8b10d0615aaeb6fd47975d74e" "/opt/rustwide/cargo-home/bin/cargo" "+1.54.0" "test" "--frozen" "--no-run" "--message-format=json", kill_on_drop: false }`
[INFO] [stdout] eede4c91e4057a40ef904e84c64dc46c94b5ee7251e47ad71b1dcdf08fa845bf
[INFO] [stderr] WARNING: Your kernel does not support swap limit capabilities or the cgroup is not mounted. Memory limited without swap.
[INFO] running `Command { std: "docker" "start" "-a" "eede4c91e4057a40ef904e84c64dc46c94b5ee7251e47ad71b1dcdf08fa845bf", kill_on_drop: false }`
[INFO] [stderr]    Compiling diff v0.1.12
[INFO] [stderr]    Compiling colored v2.0.0
[INFO] [stderr]    Compiling assert-json-diff v2.0.1
[INFO] [stderr]    Compiling pretty_assertions v0.7.2
[INFO] [stderr]    Compiling mockito v0.30.0
[INFO] [stderr]    Compiling hcdl v0.11.0 (/opt/rustwide/workdir)
[INFO] [stderr]     Finished test [unoptimized + debuginfo] target(s) in 12.94s
[INFO] running `Command { std: "docker" "inspect" "eede4c91e4057a40ef904e84c64dc46c94b5ee7251e47ad71b1dcdf08fa845bf", kill_on_drop: false }`
[INFO] running `Command { std: "docker" "rm" "-f" "eede4c91e4057a40ef904e84c64dc46c94b5ee7251e47ad71b1dcdf08fa845bf", kill_on_drop: false }`
[INFO] [stdout] eede4c91e4057a40ef904e84c64dc46c94b5ee7251e47ad71b1dcdf08fa845bf
[INFO] running `Command { std: "docker" "create" "-v" "/var/lib/crater-agent-workspace/builds/worker-4/target:/opt/rustwide/target:rw,Z" "-v" "/var/lib/crater-agent-workspace/builds/worker-4/source:/opt/rustwide/workdir:ro,Z" "-v" "/var/lib/crater-agent-workspace/cargo-home:/opt/rustwide/cargo-home:ro,Z" "-v" "/var/lib/crater-agent-workspace/rustup-home:/opt/rustwide/rustup-home:ro,Z" "-e" "SOURCE_DIR=/opt/rustwide/workdir" "-e" "CARGO_TARGET_DIR=/opt/rustwide/target" "-e" "CARGO_INCREMENTAL=0" "-e" "RUST_BACKTRACE=full" "-e" "RUSTFLAGS=--cap-lints=warn" "-e" "CARGO_HOME=/opt/rustwide/cargo-home" "-e" "RUSTUP_HOME=/opt/rustwide/rustup-home" "-w" "/opt/rustwide/workdir" "-m" "1610612736" "--user" "0:0" "--network" "none" "ghcr.io/rust-lang/crates-build-env/linux@sha256:34b6a614d2c27851fe6cbf88fbd1137609cefab8b10d0615aaeb6fd47975d74e" "/opt/rustwide/cargo-home/bin/cargo" "+1.54.0" "test" "--frozen", kill_on_drop: false }`
[INFO] [stdout] 79b404750a89288250fb46b459f814c8a76a81c7bd5e33c88c56be0980197f70
[INFO] [stderr] WARNING: Your kernel does not support swap limit capabilities or the cgroup is not mounted. Memory limited without swap.
[INFO] running `Command { std: "docker" "start" "-a" "79b404750a89288250fb46b459f814c8a76a81c7bd5e33c88c56be0980197f70", kill_on_drop: false }`
[INFO] [stderr]     Finished test [unoptimized + debuginfo] target(s) in 0.12s
[INFO] [stderr]      Running unittests (/opt/rustwide/target/debug/deps/hcdl-909bdb75c4d68a89)
[INFO] [stdout] 
[INFO] [stdout] running 26 tests
[INFO] [stdout] test client::product_version::tests::test_shasums_url ... ok
[INFO] [stdout] test client::product_version::tests::test_build ... ok
[INFO] [stdout] test client::product_version::tests::test_shasums_signature_url ... ok
[INFO] [stdout] test shasums::tests::test_content ... ok
[INFO] [stdout] test shasums::tests::test_parse_empty_content ... ok
[INFO] [stdout] test client::version_check::tests::test_display ... ok
[INFO] [stdout] test shasums::tests::test_check_bad_no_such_filename ... ok
[INFO] [stdout] test shasums::tests::test_parse_ok ... ok
[INFO] [stdout] test shasums::tests::test_check_bad_checksum ... ok
[INFO] [stdout] test install::tests::test_install_dir_not_dir ... ok
[INFO] [stdout] test signature::tests::test_signature_check_bad_gpg_key ... ok
[INFO] [stdout] test shasums::tests::test_check_ok ... ok
[INFO] [stdout] test signature::tests::test_signature_check_bad_signature ... ok
[INFO] [stdout] test crc32::tests::test_check_err_non_existant_file ... ok
[INFO] [stdout] test shasums::tests::test_shasum ... ok
[INFO] [stdout] test crc32::tests::test_check_err_bad_checksum ... ok
[INFO] [stdout] test crc32::tests::test_check_ok ... ok
[INFO] [stdout] test client::tests::test_check_version_ok ... ok
[INFO] [stdout] test signature::tests::test_signature_check_known_bad_signature ... ok
[INFO] [stdout] test shasums::tests::test_parse_panic_single_column - should panic ... ok
[INFO] [stdout] test shasums::tests::test_parse_panic_extra_column - should panic ... ok
[INFO] [stdout] test signature::tests::test_signature_check_ok ... ok
[INFO] [stdout] test client::tests::test_get_signature ... FAILED
[INFO] [stdout] test client::tests::test_get_bytes ... ok
[INFO] [stdout] test client::tests::test_get_text ... ok
[INFO] [stdout] test client::tests::test_get_version ... ok
[INFO] [stdout] 
[INFO] [stdout] failures:
[INFO] [stdout] 
[INFO] [stdout] ---- client::tests::test_get_signature stdout ----
[INFO] [stdout] thread 'client::tests::test_get_signature' panicked at 'called `Result::unwrap()` on an `Err` value: error sending request for url (https://releases.hashicorp.com/terraform/0.12.26/terraform_0.12.26_SHA256SUMS.sig): error trying to connect: dns error: failed to lookup address information: Temporary failure in name resolution
[INFO] [stdout] 
[INFO] [stdout] Caused by:
[INFO] [stdout]     0: error trying to connect: dns error: failed to lookup address information: Temporary failure in name resolution
[INFO] [stdout]     1: dns error: failed to lookup address information: Temporary failure in name resolution
[INFO] [stdout]     2: failed to lookup address information: Temporary failure in name resolution', src/client.rs:385:59
[INFO] [stdout] stack backtrace:
[INFO] [stdout]    0:     0x560667e5cb20 - std::backtrace_rs::backtrace::libunwind::trace::h34055254b57d8e79
[INFO] [stdout]                                at /rustc/a178d0322ce20e33eac124758e837cbd80a6f633/library/std/src/../../backtrace/src/backtrace/libunwind.rs:90:5
[INFO] [stdout]    1:     0x560667e5cb20 - std::backtrace_rs::backtrace::trace_unsynchronized::h8f1e3fbd9afff6ec
[INFO] [stdout]                                at /rustc/a178d0322ce20e33eac124758e837cbd80a6f633/library/std/src/../../backtrace/src/backtrace/mod.rs:66:5
[INFO] [stdout]    2:     0x560667e5cb20 - std::sys_common::backtrace::_print_fmt::h3a99a796b770c360
[INFO] [stdout]                                at /rustc/a178d0322ce20e33eac124758e837cbd80a6f633/library/std/src/sys_common/backtrace.rs:67:5
[INFO] [stdout]    3:     0x560667e5cb20 - <std::sys_common::backtrace::_print::DisplayBacktrace as core::fmt::Display>::fmt::h32d1f94a80615d18
[INFO] [stdout]                                at /rustc/a178d0322ce20e33eac124758e837cbd80a6f633/library/std/src/sys_common/backtrace.rs:46:22
[INFO] [stdout]    4:     0x560667e8111c - core::fmt::write::h306731c068f7162c
[INFO] [stdout]                                at /rustc/a178d0322ce20e33eac124758e837cbd80a6f633/library/core/src/fmt/mod.rs:1110:17
[INFO] [stdout]    5:     0x560667e558d5 - std::io::Write::write_fmt::h87f19b0a2cd190bc
[INFO] [stdout]                                at /rustc/a178d0322ce20e33eac124758e837cbd80a6f633/library/std/src/io/mod.rs:1588:15
[INFO] [stdout]    6:     0x560667e5ed5b - std::sys_common::backtrace::_print::h5abaa2601a852287
[INFO] [stdout]                                at /rustc/a178d0322ce20e33eac124758e837cbd80a6f633/library/std/src/sys_common/backtrace.rs:49:5
[INFO] [stdout]    7:     0x560667e5ed5b - std::sys_common::backtrace::print::h8d81445442bb638f
[INFO] [stdout]                                at /rustc/a178d0322ce20e33eac124758e837cbd80a6f633/library/std/src/sys_common/backtrace.rs:36:9
[INFO] [stdout]    8:     0x560667e5ed5b - std::panicking::default_hook::{{closure}}::hcfe804496a9fa747
[INFO] [stdout]                                at /rustc/a178d0322ce20e33eac124758e837cbd80a6f633/library/std/src/panicking.rs:208:50
[INFO] [stdout]    9:     0x560667e5e86c - std::panicking::default_hook::hbea8e3ccf2ba8901
[INFO] [stdout]                                at /rustc/a178d0322ce20e33eac124758e837cbd80a6f633/library/std/src/panicking.rs:222:9
[INFO] [stdout]   10:     0x560667e5f424 - std::panicking::rust_panic_with_hook::h7ee9e1a2d0f8975a
[INFO] [stdout]                                at /rustc/a178d0322ce20e33eac124758e837cbd80a6f633/library/std/src/panicking.rs:622:17
[INFO] [stdout]   11:     0x560667e5ef07 - std::panicking::begin_panic_handler::{{closure}}::h8ab3b4491718b2c7
[INFO] [stdout]                                at /rustc/a178d0322ce20e33eac124758e837cbd80a6f633/library/std/src/panicking.rs:519:13
[INFO] [stdout]   12:     0x560667e5d01c - std::sys_common::backtrace::__rust_end_short_backtrace::hd489062ffa586a9f
[INFO] [stdout]                                at /rustc/a178d0322ce20e33eac124758e837cbd80a6f633/library/std/src/sys_common/backtrace.rs:141:18
[INFO] [stdout]   13:     0x560667e5ee69 - rust_begin_unwind
[INFO] [stdout]                                at /rustc/a178d0322ce20e33eac124758e837cbd80a6f633/library/std/src/panicking.rs:515:5
[INFO] [stdout]   14:     0x5606673b8d31 - core::panicking::panic_fmt::hca6330e3e14086b4
[INFO] [stdout]                                at /rustc/a178d0322ce20e33eac124758e837cbd80a6f633/library/core/src/panicking.rs:92:14
[INFO] [stdout]   15:     0x5606673b8e23 - core::result::unwrap_failed::h6160d2b4bfbb0e87
[INFO] [stdout]                                at /rustc/a178d0322ce20e33eac124758e837cbd80a6f633/library/core/src/result.rs:1355:5
[INFO] [stdout]   16:     0x56066748c1db - core::result::Result<T,E>::unwrap::hbffe2d3231b2db62
[INFO] [stdout]                                at /rustc/a178d0322ce20e33eac124758e837cbd80a6f633/library/core/src/result.rs:1037:23
[INFO] [stdout]   17:     0x5606674868f0 - hcdl::client::tests::test_get_signature::{{closure}}::hbf56678d2a826ebc
[INFO] [stdout]                                at /opt/rustwide/workdir/src/client.rs:385:22
[INFO] [stdout]   18:     0x56066740b57b - <core::future::from_generator::GenFuture<T> as core::future::future::Future>::poll::hf0dde9de0fb82d58
[INFO] [stdout]                                at /rustc/a178d0322ce20e33eac124758e837cbd80a6f633/library/core/src/future/mod.rs:80:19
[INFO] [stdout]   19:     0x56066744c2cf - <core::pin::Pin<P> as core::future::future::Future>::poll::h14d31f225674b1ac
[INFO] [stdout]                                at /rustc/a178d0322ce20e33eac124758e837cbd80a6f633/library/core/src/future/future.rs:119:9
[INFO] [stdout]   20:     0x5606674da3f0 - tokio::runtime::basic_scheduler::Inner<P>::block_on::{{closure}}::{{closure}}::h77babe587a0ebcd4
[INFO] [stdout]                                at /opt/rustwide/cargo-home/registry/src/github.com-1ecc6299db9ec823/tokio-1.5.0/src/runtime/basic_scheduler.rs:213:62
[INFO] [stdout]   21:     0x5606674a1bec - tokio::coop::with_budget::{{closure}}::hca4d29b836d40f59
[INFO] [stdout]                                at /opt/rustwide/cargo-home/registry/src/github.com-1ecc6299db9ec823/tokio-1.5.0/src/coop.rs:106:9
[INFO] [stdout]   22:     0x5606674111d1 - std::thread::local::LocalKey<T>::try_with::h4c6489a3e39c5d1b
[INFO] [stdout]                                at /rustc/a178d0322ce20e33eac124758e837cbd80a6f633/library/std/src/thread/local.rs:400:16
[INFO] [stdout]   23:     0x56066740f9cd - std::thread::local::LocalKey<T>::with::h0316297e6c5f36fa
[INFO] [stdout]                                at /rustc/a178d0322ce20e33eac124758e837cbd80a6f633/library/std/src/thread/local.rs:376:9
[INFO] [stdout]   24:     0x5606674d9a5c - tokio::coop::with_budget::h3e0aa2a70755d0f8
[INFO] [stdout]                                at /opt/rustwide/cargo-home/registry/src/github.com-1ecc6299db9ec823/tokio-1.5.0/src/coop.rs:99:5
[INFO] [stdout]   25:     0x5606674d9a5c - tokio::coop::budget::h4bae5419b38d81e8
[INFO] [stdout]                                at /opt/rustwide/cargo-home/registry/src/github.com-1ecc6299db9ec823/tokio-1.5.0/src/coop.rs:76:5
[INFO] [stdout]   26:     0x5606674d9a5c - tokio::runtime::basic_scheduler::Inner<P>::block_on::{{closure}}::he6f126088e37ec21
[INFO] [stdout]                                at /opt/rustwide/cargo-home/registry/src/github.com-1ecc6299db9ec823/tokio-1.5.0/src/runtime/basic_scheduler.rs:213:39
[INFO] [stdout]   27:     0x5606674dd6b1 - tokio::runtime::basic_scheduler::enter::{{closure}}::haffdac809fa54b8b
[INFO] [stdout]                                at /opt/rustwide/cargo-home/registry/src/github.com-1ecc6299db9ec823/tokio-1.5.0/src/runtime/basic_scheduler.rs:323:29
[INFO] [stdout]   28:     0x56066744b96d - tokio::macros::scoped_tls::ScopedKey<T>::set::h50b04a2720f8ba37
[INFO] [stdout]                                at /opt/rustwide/cargo-home/registry/src/github.com-1ecc6299db9ec823/tokio-1.5.0/src/macros/scoped_tls.rs:61:9
[INFO] [stdout]   29:     0x5606674dcb5c - tokio::runtime::basic_scheduler::enter::h4c578c8203a2e75a
[INFO] [stdout]                                at /opt/rustwide/cargo-home/registry/src/github.com-1ecc6299db9ec823/tokio-1.5.0/src/runtime/basic_scheduler.rs:323:5
[INFO] [stdout]   30:     0x5606674d6c5b - tokio::runtime::basic_scheduler::Inner<P>::block_on::hb1b97addcb328aae
[INFO] [stdout]                                at /opt/rustwide/cargo-home/registry/src/github.com-1ecc6299db9ec823/tokio-1.5.0/src/runtime/basic_scheduler.rs:202:9
[INFO] [stdout]   31:     0x5606674daaf4 - tokio::runtime::basic_scheduler::InnerGuard<P>::block_on::h204107d64c2c2fa2
[INFO] [stdout]                                at /opt/rustwide/cargo-home/registry/src/github.com-1ecc6299db9ec823/tokio-1.5.0/src/runtime/basic_scheduler.rs:481:9
[INFO] [stdout]   32:     0x5606674db5d8 - tokio::runtime::basic_scheduler::BasicScheduler<P>::block_on::h93579569009d3458
[INFO] [stdout]                                at /opt/rustwide/cargo-home/registry/src/github.com-1ecc6299db9ec823/tokio-1.5.0/src/runtime/basic_scheduler.rs:162:24
[INFO] [stdout]   33:     0x5606674969e6 - tokio::runtime::Runtime::block_on::h507e5ae6790c0197
[INFO] [stdout]                                at /opt/rustwide/cargo-home/registry/src/github.com-1ecc6299db9ec823/tokio-1.5.0/src/runtime/mod.rs:450:46
[INFO] [stdout]   34:     0x5606674852a1 - hcdl::client::tests::test_get_signature::hce8aba839960d28f
[INFO] [stdout]                                at /opt/rustwide/workdir/src/client.rs:342:5
[INFO] [stdout]   35:     0x5606674851ca - hcdl::client::tests::test_get_signature::{{closure}}::hd2c007e6b35c9d2e
[INFO] [stdout]                                at /opt/rustwide/workdir/src/client.rs:342:5
[INFO] [stdout]   36:     0x5606673fb6ee - core::ops::function::FnOnce::call_once::hd0e55e9df8b027cd
[INFO] [stdout]                                at /rustc/a178d0322ce20e33eac124758e837cbd80a6f633/library/core/src/ops/function.rs:227:5
[INFO] [stdout]   37:     0x56066750a023 - core::ops::function::FnOnce::call_once::h152e7e439ff59e19
[INFO] [stdout]                                at /rustc/a178d0322ce20e33eac124758e837cbd80a6f633/library/core/src/ops/function.rs:227:5
[INFO] [stdout]   38:     0x56066750a023 - test::__rust_begin_short_backtrace::h0908f3b1fdbb72ab
[INFO] [stdout]                                at /rustc/a178d0322ce20e33eac124758e837cbd80a6f633/library/test/src/lib.rs:577:5
[INFO] [stdout]   39:     0x560667508ae0 - <alloc::boxed::Box<F,A> as core::ops::function::FnOnce<Args>>::call_once::hf6d2a51e5587546c
[INFO] [stdout]                                at /rustc/a178d0322ce20e33eac124758e837cbd80a6f633/library/alloc/src/boxed.rs:1575:9
[INFO] [stdout]   40:     0x560667508ae0 - <std::panic::AssertUnwindSafe<F> as core::ops::function::FnOnce<()>>::call_once::h8af660f3a89ef593
[INFO] [stdout]                                at /rustc/a178d0322ce20e33eac124758e837cbd80a6f633/library/std/src/panic.rs:347:9
[INFO] [stdout]   41:     0x560667508ae0 - std::panicking::try::do_call::hd36aef60f84b6d36
[INFO] [stdout]                                at /rustc/a178d0322ce20e33eac124758e837cbd80a6f633/library/std/src/panicking.rs:401:40
[INFO] [stdout]   42:     0x560667508ae0 - std::panicking::try::h9932b4480e69817c
[INFO] [stdout]                                at /rustc/a178d0322ce20e33eac124758e837cbd80a6f633/library/std/src/panicking.rs:365:19
[INFO] [stdout]   43:     0x560667508ae0 - std::panic::catch_unwind::h6aa177099cfff5f8
[INFO] [stdout]                                at /rustc/a178d0322ce20e33eac124758e837cbd80a6f633/library/std/src/panic.rs:434:14
[INFO] [stdout]   44:     0x560667508ae0 - test::run_test_in_process::h5884d6f2d99e20c3
[INFO] [stdout]                                at /rustc/a178d0322ce20e33eac124758e837cbd80a6f633/library/test/src/lib.rs:600:18
[INFO] [stdout]   45:     0x560667508ae0 - test::run_test::run_test_inner::{{closure}}::h6fdc58c6d5f5b6e3
[INFO] [stdout]                                at /rustc/a178d0322ce20e33eac124758e837cbd80a6f633/library/test/src/lib.rs:492:39
[INFO] [stdout]   46:     0x5606674e2192 - test::run_test::run_test_inner::{{closure}}::h408365d67a78ade8
[INFO] [stdout]                                at /rustc/a178d0322ce20e33eac124758e837cbd80a6f633/library/test/src/lib.rs:519:37
[INFO] [stdout]   47:     0x5606674e2192 - std::sys_common::backtrace::__rust_begin_short_backtrace::hb560b77c4f701523
[INFO] [stdout]                                at /rustc/a178d0322ce20e33eac124758e837cbd80a6f633/library/std/src/sys_common/backtrace.rs:125:18
[INFO] [stdout]   48:     0x5606674e5d48 - std::thread::Builder::spawn_unchecked::{{closure}}::{{closure}}::hf2e7831dad93c597
[INFO] [stdout]                                at /rustc/a178d0322ce20e33eac124758e837cbd80a6f633/library/std/src/thread/mod.rs:481:17
[INFO] [stdout]   49:     0x5606674e5d48 - <std::panic::AssertUnwindSafe<F> as core::ops::function::FnOnce<()>>::call_once::hd2e08783d8be4d02
[INFO] [stdout]                                at /rustc/a178d0322ce20e33eac124758e837cbd80a6f633/library/std/src/panic.rs:347:9
[INFO] [stdout]   50:     0x5606674e5d48 - std::panicking::try::do_call::h062597b7acfd6b82
[INFO] [stdout]                                at /rustc/a178d0322ce20e33eac124758e837cbd80a6f633/library/std/src/panicking.rs:401:40
[INFO] [stdout]   51:     0x5606674e5d48 - std::panicking::try::h0d7b79db04c14552
[INFO] [stdout]                                at /rustc/a178d0322ce20e33eac124758e837cbd80a6f633/library/std/src/panicking.rs:365:19
[INFO] [stdout]   52:     0x5606674e5d48 - std::panic::catch_unwind::hb01a0b5e7c8cd43b
[INFO] [stdout]                                at /rustc/a178d0322ce20e33eac124758e837cbd80a6f633/library/std/src/panic.rs:434:14
[INFO] [stdout]   53:     0x5606674e5d48 - std::thread::Builder::spawn_unchecked::{{closure}}::h5bde48cc887e0d1e
[INFO] [stdout]                                at /rustc/a178d0322ce20e33eac124758e837cbd80a6f633/library/std/src/thread/mod.rs:480:30
[INFO] [stdout]   54:     0x5606674e5d48 - core::ops::function::FnOnce::call_once{{vtable.shim}}::h745ea30807a29e55
[INFO] [stdout]                                at /rustc/a178d0322ce20e33eac124758e837cbd80a6f633/library/core/src/ops/function.rs:227:5
[INFO] [stdout]   55:     0x560667e64ca7 - <alloc::boxed::Box<F,A> as core::ops::function::FnOnce<Args>>::call_once::h7ece6cfefaff1005
[INFO] [stdout]                                at /rustc/a178d0322ce20e33eac124758e837cbd80a6f633/library/alloc/src/boxed.rs:1575:9
[INFO] [stdout]   56:     0x560667e64ca7 - <alloc::boxed::Box<F,A> as core::ops::function::FnOnce<Args>>::call_once::hb8b48e55c21f193e
[INFO] [stdout]                                at /rustc/a178d0322ce20e33eac124758e837cbd80a6f633/library/alloc/src/boxed.rs:1575:9
[INFO] [stdout]   57:     0x560667e64ca7 - std::sys::unix::thread::Thread::new::thread_start::h8c7c4450dba62914
[INFO] [stdout]                                at /rustc/a178d0322ce20e33eac124758e837cbd80a6f633/library/std/src/sys/unix/thread.rs:71:17
[INFO] [stdout]   58:     0x7fd07fccf609 - start_thread
[INFO] [stdout]   59:     0x7fd07faa1293 - clone
[INFO] [stdout]   60:                0x0 - <unknown>
[INFO] [stdout] 
[INFO] [stdout] 
[INFO] [stdout] failures:
[INFO] [stdout]     client::tests::test_get_signature
[INFO] [stdout] 
[INFO] [stdout] test result: FAILED. 25 passed; 1 failed; 0 ignored; 0 measured; 0 filtered out; finished in 0.07s
[INFO] [stdout] 
[INFO] [stderr] error: test failed, to rerun pass '--bin hcdl'
[INFO] running `Command { std: "docker" "inspect" "79b404750a89288250fb46b459f814c8a76a81c7bd5e33c88c56be0980197f70", kill_on_drop: false }`
[INFO] running `Command { std: "docker" "rm" "-f" "79b404750a89288250fb46b459f814c8a76a81c7bd5e33c88c56be0980197f70", kill_on_drop: false }`
[INFO] [stdout] 79b404750a89288250fb46b459f814c8a76a81c7bd5e33c88c56be0980197f70
