[INFO] cloning repository https://github.com/sbeckeriv/drawlings
[INFO] running `Command { std: "git" "-c" "credential.helper=" "-c" "credential.helper=/workspace/cargo-home/bin/git-credential-null" "clone" "--bare" "https://github.com/sbeckeriv/drawlings" "/workspace/cache/git-repos/https%3A%2F%2Fgithub.com%2Fsbeckeriv%2Fdrawlings", kill_on_drop: false }`
[INFO] [stderr] Cloning into bare repository '/workspace/cache/git-repos/https%3A%2F%2Fgithub.com%2Fsbeckeriv%2Fdrawlings'...
[INFO] running `Command { std: "git" "rev-parse" "HEAD", kill_on_drop: false }`
[INFO] [stdout] be51de3cd0e2cf43d9ab800b781f8e04b3fca18c
[INFO] testing sbeckeriv/drawlings against 1.54.0 for beta-1.55-1
[INFO] running `Command { std: "git" "clone" "/workspace/cache/git-repos/https%3A%2F%2Fgithub.com%2Fsbeckeriv%2Fdrawlings" "/workspace/builds/worker-1/source", kill_on_drop: false }`
[INFO] [stderr] Cloning into '/workspace/builds/worker-1/source'...
[INFO] [stderr] done.
[INFO] validating manifest of git repo https://github.com/sbeckeriv/drawlings on toolchain 1.54.0
[INFO] running `Command { std: "/workspace/cargo-home/bin/cargo" "+1.54.0" "metadata" "--manifest-path" "Cargo.toml" "--no-deps", kill_on_drop: false }`
[INFO] started tweaking git repo https://github.com/sbeckeriv/drawlings
[INFO] finished tweaking git repo https://github.com/sbeckeriv/drawlings
[INFO] tweaked toml for git repo https://github.com/sbeckeriv/drawlings written to /workspace/builds/worker-1/source/Cargo.toml
[INFO] crate git repo https://github.com/sbeckeriv/drawlings already has a lockfile, it will not be regenerated
[INFO] running `Command { std: "/workspace/cargo-home/bin/cargo" "+1.54.0" "fetch" "--manifest-path" "Cargo.toml", kill_on_drop: false }`
[INFO] [stderr]     Blocking waiting for file lock on package cache
[INFO] running `Command { std: "docker" "create" "-v" "/var/lib/crater-agent-workspace/builds/worker-1/target:/opt/rustwide/target:rw,Z" "-v" "/var/lib/crater-agent-workspace/builds/worker-1/source:/opt/rustwide/workdir:ro,Z" "-v" "/var/lib/crater-agent-workspace/cargo-home:/opt/rustwide/cargo-home:ro,Z" "-v" "/var/lib/crater-agent-workspace/rustup-home:/opt/rustwide/rustup-home:ro,Z" "-e" "SOURCE_DIR=/opt/rustwide/workdir" "-e" "CARGO_TARGET_DIR=/opt/rustwide/target" "-e" "CARGO_HOME=/opt/rustwide/cargo-home" "-e" "RUSTUP_HOME=/opt/rustwide/rustup-home" "-w" "/opt/rustwide/workdir" "-m" "1610612736" "--user" "0:0" "--network" "none" "ghcr.io/rust-lang/crates-build-env/linux@sha256:34b6a614d2c27851fe6cbf88fbd1137609cefab8b10d0615aaeb6fd47975d74e" "/opt/rustwide/cargo-home/bin/cargo" "+1.54.0" "metadata" "--no-deps" "--format-version=1", kill_on_drop: false }`
[INFO] [stdout] 900dd6e4d09ddb5584265f31e0be24d676c8824cbf0fc2112b943b6cafd123f0
[INFO] running `Command { std: "docker" "start" "-a" "900dd6e4d09ddb5584265f31e0be24d676c8824cbf0fc2112b943b6cafd123f0", kill_on_drop: false }`
[INFO] running `Command { std: "docker" "inspect" "900dd6e4d09ddb5584265f31e0be24d676c8824cbf0fc2112b943b6cafd123f0", kill_on_drop: false }`
[INFO] running `Command { std: "docker" "rm" "-f" "900dd6e4d09ddb5584265f31e0be24d676c8824cbf0fc2112b943b6cafd123f0", kill_on_drop: false }`
[INFO] [stdout] 900dd6e4d09ddb5584265f31e0be24d676c8824cbf0fc2112b943b6cafd123f0
[INFO] running `Command { std: "docker" "create" "-v" "/var/lib/crater-agent-workspace/builds/worker-1/target:/opt/rustwide/target:rw,Z" "-v" "/var/lib/crater-agent-workspace/builds/worker-1/source:/opt/rustwide/workdir:ro,Z" "-v" "/var/lib/crater-agent-workspace/cargo-home:/opt/rustwide/cargo-home:ro,Z" "-v" "/var/lib/crater-agent-workspace/rustup-home:/opt/rustwide/rustup-home:ro,Z" "-e" "SOURCE_DIR=/opt/rustwide/workdir" "-e" "CARGO_TARGET_DIR=/opt/rustwide/target" "-e" "CARGO_INCREMENTAL=0" "-e" "RUST_BACKTRACE=full" "-e" "RUSTFLAGS=--cap-lints=warn" "-e" "CARGO_HOME=/opt/rustwide/cargo-home" "-e" "RUSTUP_HOME=/opt/rustwide/rustup-home" "-w" "/opt/rustwide/workdir" "-m" "1610612736" "--user" "0:0" "--network" "none" "ghcr.io/rust-lang/crates-build-env/linux@sha256:34b6a614d2c27851fe6cbf88fbd1137609cefab8b10d0615aaeb6fd47975d74e" "/opt/rustwide/cargo-home/bin/cargo" "+1.54.0" "build" "--frozen" "--message-format=json", kill_on_drop: false }`
[INFO] [stdout] 3c39f450be6d0fb400bfaa0e02cc2d307c1f43298d3a52c53008726ca7b998f9
[INFO] running `Command { std: "docker" "start" "-a" "3c39f450be6d0fb400bfaa0e02cc2d307c1f43298d3a52c53008726ca7b998f9", kill_on_drop: false }`
[INFO] [stderr]     Blocking waiting for file lock on package cache
[INFO] [stderr]    Compiling libc v0.2.98
[INFO] [stderr]    Compiling cfg-if v1.0.0
[INFO] [stderr]    Compiling cc v1.0.69
[INFO] [stderr]    Compiling pkg-config v0.3.19
[INFO] [stderr]    Compiling crossbeam-utils v0.8.5
[INFO] [stderr]    Compiling ucd-trie v0.1.3
[INFO] [stderr]    Compiling crossbeam-epoch v0.9.5
[INFO] [stderr]    Compiling scopeguard v1.1.0
[INFO] [stderr]    Compiling proc-macro2 v1.0.28
[INFO] [stderr]    Compiling rayon-core v1.9.1
[INFO] [stderr]    Compiling version_check v0.9.3
[INFO] [stderr]    Compiling crc32fast v1.2.1
[INFO] [stderr]    Compiling log v0.4.14
[INFO] [stderr]    Compiling adler32 v1.2.0
[INFO] [stderr]    Compiling syn v1.0.74
[INFO] [stderr]    Compiling either v1.6.1
[INFO] [stderr]    Compiling byteorder v1.4.3
[INFO] [stderr]    Compiling memchr v2.4.0
[INFO] [stderr]    Compiling adler v1.0.2
[INFO] [stderr]    Compiling weezl v0.1.5
[INFO] [stderr]    Compiling color_quant v1.1.0
[INFO] [stderr]    Compiling serde v1.0.126
[INFO] [stderr]    Compiling scoped_threadpool v0.1.9
[INFO] [stderr]    Compiling same-file v1.0.6
[INFO] [stderr]    Compiling bytemuck v1.7.2
[INFO] [stderr]    Compiling plotters-backend v0.3.2
[INFO] [stderr]    Compiling unicode-segmentation v1.8.0
[INFO] [stderr]    Compiling regex-syntax v0.6.25
[INFO] [stderr]    Compiling quick-error v1.2.3
[INFO] [stderr]    Compiling float-ord v0.2.0
[INFO] [stderr]    Compiling termcolor v1.1.2
[INFO] [stderr]    Compiling hashbrown v0.11.2
[INFO] [stderr]    Compiling strsim v0.10.0
[INFO] [stderr]    Compiling ttf-parser v0.12.3
[INFO] [stderr]    Compiling os_str_bytes v2.4.0
[INFO] [stderr]    Compiling memoffset v0.6.4
[INFO] [stderr]    Compiling num-traits v0.2.14
[INFO] [stderr]    Compiling num-integer v0.1.44
[INFO] [stderr]    Compiling rayon v1.5.1
[INFO] [stderr]    Compiling miniz_oxide v0.4.4
[INFO] [stderr]    Compiling num-rational v0.3.2
[INFO] [stderr]    Compiling num-iter v0.1.42
[INFO] [stderr]    Compiling indexmap v1.7.0
[INFO] [stderr]    Compiling textwrap v0.12.1
[INFO] [stderr]    Compiling humantime v1.3.0
[INFO] [stderr]    Compiling miniz_oxide v0.3.7
[INFO] [stderr]    Compiling walkdir v2.3.2
[INFO] [stderr]    Compiling pest v2.1.3
[INFO] [stderr]    Compiling deflate v0.8.6
[INFO] [stderr]    Compiling plotters-svg v0.3.1
[INFO] [stderr]    Compiling gif v0.11.2
[INFO] [stderr]    Compiling cmake v0.1.45
[INFO] [stderr]    Compiling heck v0.3.3
[INFO] [stderr]    Compiling proc-macro-error-attr v1.0.4
[INFO] [stderr]    Compiling proc-macro-error v1.0.4
[INFO] [stderr]    Compiling crossbeam-channel v0.5.1
[INFO] [stderr]    Compiling png v0.16.8
[INFO] [stderr]    Compiling servo-fontconfig-sys v5.1.0
[INFO] [stderr]    Compiling quote v1.0.9
[INFO] [stderr]    Compiling aho-corasick v0.7.18
[INFO] [stderr]    Compiling freetype-sys v0.13.1
[INFO] [stderr]    Compiling expat-sys v2.1.6
[INFO] [stderr]    Compiling crossbeam-deque v0.8.0
[INFO] [stderr]    Compiling num_cpus v1.13.0
[INFO] [stderr]    Compiling dirs-sys-next v0.1.2
[INFO] [stderr]    Compiling atty v0.2.14
[INFO] [stderr]    Compiling time v0.1.44
[INFO] [stderr]    Compiling semver-parser v0.10.2
[INFO] [stderr]    Compiling dirs-next v2.0.0
[INFO] [stderr]    Compiling semver v0.11.0
[INFO] [stderr]    Compiling regex v1.5.4
[INFO] [stderr]    Compiling rustc_version v0.3.3
[INFO] [stderr]    Compiling freetype v0.7.0
[INFO] [stderr]    Compiling servo-fontconfig v0.5.1
[INFO] [stderr]    Compiling chrono v0.4.19
[INFO] [stderr]    Compiling pathfinder_simd v0.5.1
[INFO] [stderr]    Compiling env_logger v0.7.1
[INFO] [stderr]    Compiling pathfinder_geometry v0.5.1
[INFO] [stderr]    Compiling toml v0.5.8
[INFO] [stderr]    Compiling font-kit v0.10.1
[INFO] [stderr]    Compiling jpeg-decoder v0.1.22
[INFO] [stderr]    Compiling tiff v0.6.1
[INFO] [stderr]    Compiling image v0.23.14
[INFO] [stderr]    Compiling clap_derive v3.0.0-beta.2
[INFO] [stderr]    Compiling serde_derive v1.0.126
[INFO] [stderr]    Compiling clap v3.0.0-beta.2
[INFO] [stderr]    Compiling plotters-bitmap v0.3.1
[INFO] [stderr]    Compiling plotters v0.3.1
[INFO] [stderr]    Compiling drawlings v0.1.0 (/opt/rustwide/workdir)
[INFO] [stderr]     Finished dev [unoptimized + debuginfo] target(s) in 1m 19s
[INFO] running `Command { std: "docker" "inspect" "3c39f450be6d0fb400bfaa0e02cc2d307c1f43298d3a52c53008726ca7b998f9", kill_on_drop: false }`
[INFO] running `Command { std: "docker" "rm" "-f" "3c39f450be6d0fb400bfaa0e02cc2d307c1f43298d3a52c53008726ca7b998f9", kill_on_drop: false }`
[INFO] [stdout] 3c39f450be6d0fb400bfaa0e02cc2d307c1f43298d3a52c53008726ca7b998f9
[INFO] running `Command { std: "docker" "create" "-v" "/var/lib/crater-agent-workspace/builds/worker-1/target:/opt/rustwide/target:rw,Z" "-v" "/var/lib/crater-agent-workspace/builds/worker-1/source:/opt/rustwide/workdir:ro,Z" "-v" "/var/lib/crater-agent-workspace/cargo-home:/opt/rustwide/cargo-home:ro,Z" "-v" "/var/lib/crater-agent-workspace/rustup-home:/opt/rustwide/rustup-home:ro,Z" "-e" "SOURCE_DIR=/opt/rustwide/workdir" "-e" "CARGO_TARGET_DIR=/opt/rustwide/target" "-e" "CARGO_INCREMENTAL=0" "-e" "RUST_BACKTRACE=full" "-e" "RUSTFLAGS=--cap-lints=warn" "-e" "CARGO_HOME=/opt/rustwide/cargo-home" "-e" "RUSTUP_HOME=/opt/rustwide/rustup-home" "-w" "/opt/rustwide/workdir" "-m" "1610612736" "--user" "0:0" "--network" "none" "ghcr.io/rust-lang/crates-build-env/linux@sha256:34b6a614d2c27851fe6cbf88fbd1137609cefab8b10d0615aaeb6fd47975d74e" "/opt/rustwide/cargo-home/bin/cargo" "+1.54.0" "test" "--frozen" "--no-run" "--message-format=json", kill_on_drop: false }`
[INFO] [stdout] c9dadce9b5a8fa2868c23ef6e58b4b46b1a8dec993ee5f8c7319f0aceaf67cf9
[INFO] running `Command { std: "docker" "start" "-a" "c9dadce9b5a8fa2868c23ef6e58b4b46b1a8dec993ee5f8c7319f0aceaf67cf9", kill_on_drop: false }`
[INFO] [stderr]    Compiling float-cmp v0.9.0
[INFO] [stderr]    Compiling drawlings v0.1.0 (/opt/rustwide/workdir)
[INFO] [stdout] warning: function `TOP` should have a snake case name
[INFO] [stdout]    --> src/tracing.rs:515:21
[INFO] [stdout]     |
[INFO] [stdout] 515 |     direction_test!(TOP);
[INFO] [stdout]     |                     ^^^ help: convert the identifier to snake case: `top`
[INFO] [stdout]     |
[INFO] [stdout]     = note: `#[warn(non_snake_case)]` on by default
[INFO] [stdout] 
[INFO] [stdout] 
[INFO] [stdout] warning: function `RIGHT_TOP` should have a snake case name
[INFO] [stdout]    --> src/tracing.rs:516:21
[INFO] [stdout]     |
[INFO] [stdout] 516 |     direction_test!(RIGHT_TOP);
[INFO] [stdout]     |                     ^^^^^^^^^ help: convert the identifier to snake case: `right_top`
[INFO] [stdout] 
[INFO] [stdout] 
[INFO] [stdout] warning: function `LEFT_TOP` should have a snake case name
[INFO] [stdout]    --> src/tracing.rs:517:21
[INFO] [stdout]     |
[INFO] [stdout] 517 |     direction_test!(LEFT_TOP);
[INFO] [stdout]     |                     ^^^^^^^^ help: convert the identifier to snake case: `left_top`
[INFO] [stdout] 
[INFO] [stdout] 
[INFO] [stdout] warning: function `LEFT` should have a snake case name
[INFO] [stdout]    --> src/tracing.rs:518:21
[INFO] [stdout]     |
[INFO] [stdout] 518 |     direction_test!(LEFT);
[INFO] [stdout]     |                     ^^^^ help: convert the identifier to snake case: `left`
[INFO] [stdout] 
[INFO] [stdout] 
[INFO] [stdout] warning: function `RIGHT` should have a snake case name
[INFO] [stdout]    --> src/tracing.rs:519:21
[INFO] [stdout]     |
[INFO] [stdout] 519 |     direction_test!(RIGHT);
[INFO] [stdout]     |                     ^^^^^ help: convert the identifier to snake case: `right`
[INFO] [stdout] 
[INFO] [stdout] 
[INFO] [stdout] warning: function `LEFT_BOTTOM` should have a snake case name
[INFO] [stdout]    --> src/tracing.rs:520:21
[INFO] [stdout]     |
[INFO] [stdout] 520 |     direction_test!(LEFT_BOTTOM);
[INFO] [stdout]     |                     ^^^^^^^^^^^ help: convert the identifier to snake case: `left_bottom`
[INFO] [stdout] 
[INFO] [stdout] 
[INFO] [stdout] warning: function `RIGHT_BOTTOM` should have a snake case name
[INFO] [stdout]    --> src/tracing.rs:521:21
[INFO] [stdout]     |
[INFO] [stdout] 521 |     direction_test!(RIGHT_BOTTOM);
[INFO] [stdout]     |                     ^^^^^^^^^^^^ help: convert the identifier to snake case: `right_bottom`
[INFO] [stdout] 
[INFO] [stdout] 
[INFO] [stdout] warning: function `BOTTOM` should have a snake case name
[INFO] [stdout]    --> src/tracing.rs:522:21
[INFO] [stdout]     |
[INFO] [stdout] 522 |     direction_test!(BOTTOM);
[INFO] [stdout]     |                     ^^^^^^ help: convert the identifier to snake case: `bottom`
[INFO] [stdout] 
[INFO] [stdout] 
[INFO] [stdout] warning: 8 warnings emitted
[INFO] [stdout] 
[INFO] [stdout] 
[INFO] [stderr]     Finished test [unoptimized + debuginfo] target(s) in 5.45s
[INFO] running `Command { std: "docker" "inspect" "c9dadce9b5a8fa2868c23ef6e58b4b46b1a8dec993ee5f8c7319f0aceaf67cf9", kill_on_drop: false }`
[INFO] running `Command { std: "docker" "rm" "-f" "c9dadce9b5a8fa2868c23ef6e58b4b46b1a8dec993ee5f8c7319f0aceaf67cf9", kill_on_drop: false }`
[INFO] [stdout] c9dadce9b5a8fa2868c23ef6e58b4b46b1a8dec993ee5f8c7319f0aceaf67cf9
[INFO] running `Command { std: "docker" "create" "-v" "/var/lib/crater-agent-workspace/builds/worker-1/target:/opt/rustwide/target:rw,Z" "-v" "/var/lib/crater-agent-workspace/builds/worker-1/source:/opt/rustwide/workdir:ro,Z" "-v" "/var/lib/crater-agent-workspace/cargo-home:/opt/rustwide/cargo-home:ro,Z" "-v" "/var/lib/crater-agent-workspace/rustup-home:/opt/rustwide/rustup-home:ro,Z" "-e" "SOURCE_DIR=/opt/rustwide/workdir" "-e" "CARGO_TARGET_DIR=/opt/rustwide/target" "-e" "CARGO_INCREMENTAL=0" "-e" "RUST_BACKTRACE=full" "-e" "RUSTFLAGS=--cap-lints=warn" "-e" "CARGO_HOME=/opt/rustwide/cargo-home" "-e" "RUSTUP_HOME=/opt/rustwide/rustup-home" "-w" "/opt/rustwide/workdir" "-m" "1610612736" "--user" "0:0" "--network" "none" "ghcr.io/rust-lang/crates-build-env/linux@sha256:34b6a614d2c27851fe6cbf88fbd1137609cefab8b10d0615aaeb6fd47975d74e" "/opt/rustwide/cargo-home/bin/cargo" "+1.54.0" "test" "--frozen", kill_on_drop: false }`
[INFO] [stdout] a736bd186a58ccacc861ab562a4178a2323539caa11f162a057561ee41e9b7e6
[INFO] running `Command { std: "docker" "start" "-a" "a736bd186a58ccacc861ab562a4178a2323539caa11f162a057561ee41e9b7e6", kill_on_drop: false }`
[INFO] [stderr] warning: function `TOP` should have a snake case name
[INFO] [stderr]    --> src/tracing.rs:515:21
[INFO] [stderr]     |
[INFO] [stderr] 515 |     direction_test!(TOP);
[INFO] [stderr]     |                     ^^^ help: convert the identifier to snake case: `top`
[INFO] [stderr]     |
[INFO] [stderr]     = note: `#[warn(non_snake_case)]` on by default
[INFO] [stderr] 
[INFO] [stderr] warning: function `RIGHT_TOP` should have a snake case name
[INFO] [stderr]    --> src/tracing.rs:516:21
[INFO] [stderr]     |
[INFO] [stderr] 516 |     direction_test!(RIGHT_TOP);
[INFO] [stderr]     |                     ^^^^^^^^^ help: convert the identifier to snake case: `right_top`
[INFO] [stderr] 
[INFO] [stderr] warning: function `LEFT_TOP` should have a snake case name
[INFO] [stderr]    --> src/tracing.rs:517:21
[INFO] [stderr]     |
[INFO] [stderr] 517 |     direction_test!(LEFT_TOP);
[INFO] [stderr]     |                     ^^^^^^^^ help: convert the identifier to snake case: `left_top`
[INFO] [stderr] 
[INFO] [stderr] warning: function `LEFT` should have a snake case name
[INFO] [stderr]    --> src/tracing.rs:518:21
[INFO] [stderr]     |
[INFO] [stderr] 518 |     direction_test!(LEFT);
[INFO] [stderr]     |                     ^^^^ help: convert the identifier to snake case: `left`
[INFO] [stderr] 
[INFO] [stderr] warning: function `RIGHT` should have a snake case name
[INFO] [stderr]    --> src/tracing.rs:519:21
[INFO] [stderr]     |
[INFO] [stderr] 519 |     direction_test!(RIGHT);
[INFO] [stderr]     |                     ^^^^^ help: convert the identifier to snake case: `right`
[INFO] [stderr] 
[INFO] [stderr] warning: function `LEFT_BOTTOM` should have a snake case name
[INFO] [stderr]    --> src/tracing.rs:520:21
[INFO] [stderr]     |
[INFO] [stderr] 520 |     direction_test!(LEFT_BOTTOM);
[INFO] [stderr]     |                     ^^^^^^^^^^^ help: convert the identifier to snake case: `left_bottom`
[INFO] [stderr] 
[INFO] [stderr] warning: function `RIGHT_BOTTOM` should have a snake case name
[INFO] [stderr]    --> src/tracing.rs:521:21
[INFO] [stderr]     |
[INFO] [stderr] 521 |     direction_test!(RIGHT_BOTTOM);
[INFO] [stderr]     |                     ^^^^^^^^^^^^ help: convert the identifier to snake case: `right_bottom`
[INFO] [stderr] 
[INFO] [stderr] warning: function `BOTTOM` should have a snake case name
[INFO] [stderr]    --> src/tracing.rs:522:21
[INFO] [stderr]     |
[INFO] [stderr] 522 |     direction_test!(BOTTOM);
[INFO] [stderr]     |                     ^^^^^^ help: convert the identifier to snake case: `bottom`
[INFO] [stderr] 
[INFO] [stderr] warning: 8 warnings emitted
[INFO] [stderr] 
[INFO] [stderr]     Finished test [unoptimized + debuginfo] target(s) in 0.09s
[INFO] [stdout] 
[INFO] [stderr]      Running unittests (/opt/rustwide/target/debug/deps/drawlings-b1ac90468f8e238f)
[INFO] [stdout] running 24 tests
[INFO] [stdout] test disk::tests::test_points_to_radius ... ok
[INFO] [stdout] test point::tests::test_add ... ok
[INFO] [stdout] test tracing::tests::LEFT ... ok
[INFO] [stdout] test tracing::tests::LEFT_BOTTOM ... ok
[INFO] [stdout] test tracing::tests::RIGHT ... ok
[INFO] [stdout] test tracing::tests::LEFT_TOP ... ok
[INFO] [stdout] test tracing::tests::RIGHT_BOTTOM ... ok
[INFO] [stdout] test tracing::tests::RIGHT_TOP ... ok
[INFO] [stdout] test tracing::tests::TOP ... ok
[INFO] [stdout] test tracing::tests::test_at_the_start ... ok
[INFO] [stdout] test tracing::tests::BOTTOM ... ok
[INFO] [stdout] test point::tests::test_sub ... ok
[INFO] [stdout] test tracing::tests::test_no_other_side_of_the_gap ... ok
[INFO] [stdout] test tracing::tests::test_get_points_of_color_no_match ... ok
[INFO] [stdout] test tracing::tests::test_first_spot ... ok
[INFO] [stdout] test tracing::tests::test_full_circle ... ok
[INFO] [stdout] test tracing::tests::test_get_points_of_color ... ok
[INFO] [stdout] test tracing::tests::test_gap_connected_line ... ok
[INFO] [stdout] test tracing::tests::test_next_direction_to_far ... ok
[INFO] [stdout] test tracing::tests::test_close_broken_circle ... ok
[INFO] [stdout] test tracing::tests::test_other_side_of_the_gap ... ok
[INFO] [stdout] test tracing::tests::test_no_gap_connected_line ... ok
[INFO] [stdout] test tracing::tests::test_broken_circle - should panic ... ok
[INFO] [stdout] test disk::tests::test_disk_image ... FAILED
[INFO] [stdout] 
[INFO] [stdout] failures:
[INFO] [stdout] 
[INFO] [stdout] ---- disk::tests::test_disk_image stdout ----
[INFO] [stdout] thread 'disk::tests::test_disk_image' panicked at 'Unable to write result to file: BackendError(DrawingError(ImageError(IoError(Os { code: 30, kind: Other, message: "Read-only file system" }))))', src/disk.rs:51:20
[INFO] [stdout] stack backtrace:
[INFO] [stdout]    0:     0x55bbf78d5790 - std::backtrace_rs::backtrace::libunwind::trace::h34055254b57d8e79
[INFO] [stdout]                                at /rustc/a178d0322ce20e33eac124758e837cbd80a6f633/library/std/src/../../backtrace/src/backtrace/libunwind.rs:90:5
[INFO] [stdout]    1:     0x55bbf78d5790 - std::backtrace_rs::backtrace::trace_unsynchronized::h8f1e3fbd9afff6ec
[INFO] [stdout]                                at /rustc/a178d0322ce20e33eac124758e837cbd80a6f633/library/std/src/../../backtrace/src/backtrace/mod.rs:66:5
[INFO] [stdout]    2:     0x55bbf78d5790 - std::sys_common::backtrace::_print_fmt::h3a99a796b770c360
[INFO] [stdout]                                at /rustc/a178d0322ce20e33eac124758e837cbd80a6f633/library/std/src/sys_common/backtrace.rs:67:5
[INFO] [stdout]    3:     0x55bbf78d5790 - <std::sys_common::backtrace::_print::DisplayBacktrace as core::fmt::Display>::fmt::h32d1f94a80615d18
[INFO] [stdout]                                at /rustc/a178d0322ce20e33eac124758e837cbd80a6f633/library/std/src/sys_common/backtrace.rs:46:22
[INFO] [stdout]    4:     0x55bbf78f9c6c - core::fmt::write::h306731c068f7162c
[INFO] [stdout]                                at /rustc/a178d0322ce20e33eac124758e837cbd80a6f633/library/core/src/fmt/mod.rs:1110:17
[INFO] [stdout]    5:     0x55bbf78d21b5 - std::io::Write::write_fmt::h87f19b0a2cd190bc
[INFO] [stdout]                                at /rustc/a178d0322ce20e33eac124758e837cbd80a6f633/library/std/src/io/mod.rs:1588:15
[INFO] [stdout]    6:     0x55bbf78d796b - std::sys_common::backtrace::_print::h5abaa2601a852287
[INFO] [stdout]                                at /rustc/a178d0322ce20e33eac124758e837cbd80a6f633/library/std/src/sys_common/backtrace.rs:49:5
[INFO] [stdout]    7:     0x55bbf78d796b - std::sys_common::backtrace::print::h8d81445442bb638f
[INFO] [stdout]                                at /rustc/a178d0322ce20e33eac124758e837cbd80a6f633/library/std/src/sys_common/backtrace.rs:36:9
[INFO] [stdout]    8:     0x55bbf78d796b - std::panicking::default_hook::{{closure}}::hcfe804496a9fa747
[INFO] [stdout]                                at /rustc/a178d0322ce20e33eac124758e837cbd80a6f633/library/std/src/panicking.rs:208:50
[INFO] [stdout]    9:     0x55bbf78d747c - std::panicking::default_hook::hbea8e3ccf2ba8901
[INFO] [stdout]                                at /rustc/a178d0322ce20e33eac124758e837cbd80a6f633/library/std/src/panicking.rs:222:9
[INFO] [stdout]   10:     0x55bbf78d8034 - std::panicking::rust_panic_with_hook::h7ee9e1a2d0f8975a
[INFO] [stdout]                                at /rustc/a178d0322ce20e33eac124758e837cbd80a6f633/library/std/src/panicking.rs:622:17
[INFO] [stdout]   11:     0x55bbf78d7b17 - std::panicking::begin_panic_handler::{{closure}}::h8ab3b4491718b2c7
[INFO] [stdout]                                at /rustc/a178d0322ce20e33eac124758e837cbd80a6f633/library/std/src/panicking.rs:519:13
[INFO] [stdout]   12:     0x55bbf78d5c8c - std::sys_common::backtrace::__rust_end_short_backtrace::hd489062ffa586a9f
[INFO] [stdout]                                at /rustc/a178d0322ce20e33eac124758e837cbd80a6f633/library/std/src/sys_common/backtrace.rs:141:18
[INFO] [stdout]   13:     0x55bbf78d7a79 - rust_begin_unwind
[INFO] [stdout]                                at /rustc/a178d0322ce20e33eac124758e837cbd80a6f633/library/std/src/panicking.rs:515:5
[INFO] [stdout]   14:     0x55bbf7459b31 - core::panicking::panic_fmt::hca6330e3e14086b4
[INFO] [stdout]                                at /rustc/a178d0322ce20e33eac124758e837cbd80a6f633/library/core/src/panicking.rs:92:14
[INFO] [stdout]   15:     0x55bbf7459c23 - core::result::unwrap_failed::h6160d2b4bfbb0e87
[INFO] [stdout]                                at /rustc/a178d0322ce20e33eac124758e837cbd80a6f633/library/core/src/result.rs:1355:5
[INFO] [stdout]   16:     0x55bbf7480f35 - core::result::Result<T,E>::expect::hba256a356a8fd7b4
[INFO] [stdout]                                at /rustc/a178d0322ce20e33eac124758e837cbd80a6f633/library/core/src/result.rs:997:23
[INFO] [stdout]   17:     0x55bbf7487cbc - drawlings::disk::disk_image::h1f41329e8cd151d2
[INFO] [stdout]                                at /opt/rustwide/workdir/src/disk.rs:51:5
[INFO] [stdout]   18:     0x55bbf749da8d - drawlings::disk::tests::test_disk_image::h439fb2a5beeb6151
[INFO] [stdout]                                at /opt/rustwide/workdir/src/disk.rs:118:9
[INFO] [stdout]   19:     0x55bbf749d78a - drawlings::disk::tests::test_disk_image::{{closure}}::hbd2d29875a1fa469
[INFO] [stdout]                                at /opt/rustwide/workdir/src/disk.rs:110:5
[INFO] [stdout]   20:     0x55bbf747ec2e - core::ops::function::FnOnce::call_once::h941abc33a7c6bef0
[INFO] [stdout]                                at /rustc/a178d0322ce20e33eac124758e837cbd80a6f633/library/core/src/ops/function.rs:227:5
[INFO] [stdout]   21:     0x55bbf74e71d3 - core::ops::function::FnOnce::call_once::h152e7e439ff59e19
[INFO] [stdout]                                at /rustc/a178d0322ce20e33eac124758e837cbd80a6f633/library/core/src/ops/function.rs:227:5
[INFO] [stdout]   22:     0x55bbf74e71d3 - test::__rust_begin_short_backtrace::h0908f3b1fdbb72ab
[INFO] [stdout]                                at /rustc/a178d0322ce20e33eac124758e837cbd80a6f633/library/test/src/lib.rs:577:5
[INFO] [stdout]   23:     0x55bbf74e5c90 - <alloc::boxed::Box<F,A> as core::ops::function::FnOnce<Args>>::call_once::hf6d2a51e5587546c
[INFO] [stdout]                                at /rustc/a178d0322ce20e33eac124758e837cbd80a6f633/library/alloc/src/boxed.rs:1575:9
[INFO] [stdout]   24:     0x55bbf74e5c90 - <std::panic::AssertUnwindSafe<F> as core::ops::function::FnOnce<()>>::call_once::h8af660f3a89ef593
[INFO] [stdout]                                at /rustc/a178d0322ce20e33eac124758e837cbd80a6f633/library/std/src/panic.rs:347:9
[INFO] [stdout]   25:     0x55bbf74e5c90 - std::panicking::try::do_call::hd36aef60f84b6d36
[INFO] [stdout]                                at /rustc/a178d0322ce20e33eac124758e837cbd80a6f633/library/std/src/panicking.rs:401:40
[INFO] [stdout]   26:     0x55bbf74e5c90 - std::panicking::try::h9932b4480e69817c
[INFO] [stdout]                                at /rustc/a178d0322ce20e33eac124758e837cbd80a6f633/library/std/src/panicking.rs:365:19
[INFO] [stdout]   27:     0x55bbf74e5c90 - std::panic::catch_unwind::h6aa177099cfff5f8
[INFO] [stdout]                                at /rustc/a178d0322ce20e33eac124758e837cbd80a6f633/library/std/src/panic.rs:434:14
[INFO] [stdout]   28:     0x55bbf74e5c90 - test::run_test_in_process::h5884d6f2d99e20c3
[INFO] [stdout]                                at /rustc/a178d0322ce20e33eac124758e837cbd80a6f633/library/test/src/lib.rs:600:18
[INFO] [stdout]   29:     0x55bbf74e5c90 - test::run_test::run_test_inner::{{closure}}::h6fdc58c6d5f5b6e3
[INFO] [stdout]                                at /rustc/a178d0322ce20e33eac124758e837cbd80a6f633/library/test/src/lib.rs:492:39
[INFO] [stdout]   30:     0x55bbf74bf342 - test::run_test::run_test_inner::{{closure}}::h408365d67a78ade8
[INFO] [stdout]                                at /rustc/a178d0322ce20e33eac124758e837cbd80a6f633/library/test/src/lib.rs:519:37
[INFO] [stdout]   31:     0x55bbf74bf342 - std::sys_common::backtrace::__rust_begin_short_backtrace::hb560b77c4f701523
[INFO] [stdout]                                at /rustc/a178d0322ce20e33eac124758e837cbd80a6f633/library/std/src/sys_common/backtrace.rs:125:18
[INFO] [stdout]   32:     0x55bbf74c2ef8 - std::thread::Builder::spawn_unchecked::{{closure}}::{{closure}}::hf2e7831dad93c597
[INFO] [stdout]                                at /rustc/a178d0322ce20e33eac124758e837cbd80a6f633/library/std/src/thread/mod.rs:481:17
[INFO] [stdout]   33:     0x55bbf74c2ef8 - <std::panic::AssertUnwindSafe<F> as core::ops::function::FnOnce<()>>::call_once::hd2e08783d8be4d02
[INFO] [stdout]                                at /rustc/a178d0322ce20e33eac124758e837cbd80a6f633/library/std/src/panic.rs:347:9
[INFO] [stdout]   34:     0x55bbf74c2ef8 - std::panicking::try::do_call::h062597b7acfd6b82
[INFO] [stdout]                                at /rustc/a178d0322ce20e33eac124758e837cbd80a6f633/library/std/src/panicking.rs:401:40
[INFO] [stdout]   35:     0x55bbf74c2ef8 - std::panicking::try::h0d7b79db04c14552
[INFO] [stdout]                                at /rustc/a178d0322ce20e33eac124758e837cbd80a6f633/library/std/src/panicking.rs:365:19
[INFO] [stdout]   36:     0x55bbf74c2ef8 - std::panic::catch_unwind::hb01a0b5e7c8cd43b
[INFO] [stdout]                                at /rustc/a178d0322ce20e33eac124758e837cbd80a6f633/library/std/src/panic.rs:434:14
[INFO] [stdout]   37:     0x55bbf74c2ef8 - std::thread::Builder::spawn_unchecked::{{closure}}::h5bde48cc887e0d1e
[INFO] [stdout]                                at /rustc/a178d0322ce20e33eac124758e837cbd80a6f633/library/std/src/thread/mod.rs:480:30
[INFO] [stdout]   38:     0x55bbf74c2ef8 - core::ops::function::FnOnce::call_once{{vtable.shim}}::h745ea30807a29e55
[INFO] [stdout]                                at /rustc/a178d0322ce20e33eac124758e837cbd80a6f633/library/core/src/ops/function.rs:227:5
[INFO] [stdout]   39:     0x55bbf78dcc57 - <alloc::boxed::Box<F,A> as core::ops::function::FnOnce<Args>>::call_once::h7ece6cfefaff1005
[INFO] [stdout]                                at /rustc/a178d0322ce20e33eac124758e837cbd80a6f633/library/alloc/src/boxed.rs:1575:9
[INFO] [stdout]   40:     0x55bbf78dcc57 - <alloc::boxed::Box<F,A> as core::ops::function::FnOnce<Args>>::call_once::hb8b48e55c21f193e
[INFO] [stdout]                                at /rustc/a178d0322ce20e33eac124758e837cbd80a6f633/library/alloc/src/boxed.rs:1575:9
[INFO] [stdout]   41:     0x55bbf78dcc57 - std::sys::unix::thread::Thread::new::thread_start::h8c7c4450dba62914
[INFO] [stdout]                                at /rustc/a178d0322ce20e33eac124758e837cbd80a6f633/library/std/src/sys/unix/thread.rs:71:17
[INFO] [stdout]   42:     0x7fa92ce2b609 - start_thread
[INFO] [stdout]   43:     0x7fa92cbfb293 - clone
[INFO] [stdout]   44:                0x0 - <unknown>
[INFO] [stdout] 
[INFO] [stdout] 
[INFO] [stdout] failures:
[INFO] [stdout]     disk::tests::test_disk_image
[INFO] [stdout] 
[INFO] [stdout] test result: FAILED. 23 passed; 1 failed; 0 ignored; 0 measured; 0 filtered out; finished in 0.08s
[INFO] [stdout] 
[INFO] [stderr] error: test failed, to rerun pass '--bin drawlings'
[INFO] running `Command { std: "docker" "inspect" "a736bd186a58ccacc861ab562a4178a2323539caa11f162a057561ee41e9b7e6", kill_on_drop: false }`
[INFO] running `Command { std: "docker" "rm" "-f" "a736bd186a58ccacc861ab562a4178a2323539caa11f162a057561ee41e9b7e6", kill_on_drop: false }`
[INFO] [stdout] a736bd186a58ccacc861ab562a4178a2323539caa11f162a057561ee41e9b7e6
