[INFO] cloning repository https://github.com/sbdchd/squawk
[INFO] running `Command { std: "git" "-c" "credential.helper=" "-c" "credential.helper=/workspace/cargo-home/bin/git-credential-null" "clone" "--bare" "https://github.com/sbdchd/squawk" "/workspace/cache/git-repos/https%3A%2F%2Fgithub.com%2Fsbdchd%2Fsquawk", kill_on_drop: false }`
[INFO] [stderr] Cloning into bare repository '/workspace/cache/git-repos/https%3A%2F%2Fgithub.com%2Fsbdchd%2Fsquawk'...
[INFO] running `Command { std: "git" "rev-parse" "HEAD", kill_on_drop: false }`
[INFO] [stdout] efa9027af1b2e41a44a5bc9ff550b13670adee92
[INFO] testing sbdchd/squawk against 1.54.0 for beta-1.55-1
[INFO] running `Command { std: "git" "clone" "/workspace/cache/git-repos/https%3A%2F%2Fgithub.com%2Fsbdchd%2Fsquawk" "/workspace/builds/worker-15/source", kill_on_drop: false }`
[INFO] [stderr] Cloning into '/workspace/builds/worker-15/source'...
[INFO] [stderr] done.
[INFO] validating manifest of git repo https://github.com/sbdchd/squawk on toolchain 1.54.0
[INFO] running `Command { std: "/workspace/cargo-home/bin/cargo" "+1.54.0" "metadata" "--manifest-path" "Cargo.toml" "--no-deps", kill_on_drop: false }`
[INFO] removed /workspace/builds/worker-15/source/rust-toolchain
[INFO] started tweaking git repo https://github.com/sbdchd/squawk
[INFO] finished tweaking git repo https://github.com/sbdchd/squawk
[INFO] tweaked toml for git repo https://github.com/sbdchd/squawk written to /workspace/builds/worker-15/source/Cargo.toml
[INFO] crate git repo https://github.com/sbdchd/squawk already has a lockfile, it will not be regenerated
[INFO] running `Command { std: "/workspace/cargo-home/bin/cargo" "+1.54.0" "fetch" "--manifest-path" "Cargo.toml", kill_on_drop: false }`
[INFO] [stderr]     Blocking waiting for file lock on package cache
[INFO] running `Command { std: "docker" "create" "-v" "/var/lib/crater-agent-workspace/builds/worker-15/target:/opt/rustwide/target:rw,Z" "-v" "/var/lib/crater-agent-workspace/builds/worker-15/source:/opt/rustwide/workdir:ro,Z" "-v" "/var/lib/crater-agent-workspace/cargo-home:/opt/rustwide/cargo-home:ro,Z" "-v" "/var/lib/crater-agent-workspace/rustup-home:/opt/rustwide/rustup-home:ro,Z" "-e" "SOURCE_DIR=/opt/rustwide/workdir" "-e" "CARGO_TARGET_DIR=/opt/rustwide/target" "-e" "CARGO_HOME=/opt/rustwide/cargo-home" "-e" "RUSTUP_HOME=/opt/rustwide/rustup-home" "-w" "/opt/rustwide/workdir" "-m" "1610612736" "--user" "0:0" "--network" "none" "ghcr.io/rust-lang/crates-build-env/linux@sha256:34b6a614d2c27851fe6cbf88fbd1137609cefab8b10d0615aaeb6fd47975d74e" "/opt/rustwide/cargo-home/bin/cargo" "+1.54.0" "metadata" "--no-deps" "--format-version=1", kill_on_drop: false }`
[INFO] [stdout] e3467bcd6c137afb71bbbf668d05dd47e2ada794a3d075afe6fd9ccf05845511
[INFO] running `Command { std: "docker" "start" "-a" "e3467bcd6c137afb71bbbf668d05dd47e2ada794a3d075afe6fd9ccf05845511", kill_on_drop: false }`
[INFO] running `Command { std: "docker" "inspect" "e3467bcd6c137afb71bbbf668d05dd47e2ada794a3d075afe6fd9ccf05845511", kill_on_drop: false }`
[INFO] running `Command { std: "docker" "rm" "-f" "e3467bcd6c137afb71bbbf668d05dd47e2ada794a3d075afe6fd9ccf05845511", kill_on_drop: false }`
[INFO] [stdout] e3467bcd6c137afb71bbbf668d05dd47e2ada794a3d075afe6fd9ccf05845511
[INFO] running `Command { std: "docker" "create" "-v" "/var/lib/crater-agent-workspace/builds/worker-15/target:/opt/rustwide/target:rw,Z" "-v" "/var/lib/crater-agent-workspace/builds/worker-15/source:/opt/rustwide/workdir:ro,Z" "-v" "/var/lib/crater-agent-workspace/cargo-home:/opt/rustwide/cargo-home:ro,Z" "-v" "/var/lib/crater-agent-workspace/rustup-home:/opt/rustwide/rustup-home:ro,Z" "-e" "SOURCE_DIR=/opt/rustwide/workdir" "-e" "CARGO_TARGET_DIR=/opt/rustwide/target" "-e" "CARGO_INCREMENTAL=0" "-e" "RUST_BACKTRACE=full" "-e" "RUSTFLAGS=--cap-lints=warn" "-e" "CARGO_HOME=/opt/rustwide/cargo-home" "-e" "RUSTUP_HOME=/opt/rustwide/rustup-home" "-w" "/opt/rustwide/workdir" "-m" "1610612736" "--user" "0:0" "--network" "none" "ghcr.io/rust-lang/crates-build-env/linux@sha256:34b6a614d2c27851fe6cbf88fbd1137609cefab8b10d0615aaeb6fd47975d74e" "/opt/rustwide/cargo-home/bin/cargo" "+1.54.0" "build" "--frozen" "--message-format=json", kill_on_drop: false }`
[INFO] [stdout] 096e2f05c055dc8f6c74753f61d6dbc62a131dbcf205b717030d200088dbf893
[INFO] running `Command { std: "docker" "start" "-a" "096e2f05c055dc8f6c74753f61d6dbc62a131dbcf205b717030d200088dbf893", kill_on_drop: false }`
[INFO] [stderr]    Compiling libc v0.2.71
[INFO] [stderr]    Compiling autocfg v1.0.0
[INFO] [stderr]    Compiling cfg-if v0.1.10
[INFO] [stderr]    Compiling lazy_static v1.4.0
[INFO] [stderr]    Compiling proc-macro2 v1.0.18
[INFO] [stderr]    Compiling unicode-xid v0.2.1
[INFO] [stderr]    Compiling syn v1.0.33
[INFO] [stderr]    Compiling log v0.4.8
[INFO] [stderr]    Compiling cc v1.0.55
[INFO] [stderr]    Compiling version_check v0.9.2
[INFO] [stderr]    Compiling memchr v2.3.3
[INFO] [stderr]    Compiling futures v0.1.29
[INFO] [stderr]    Compiling semver-parser v0.7.0
[INFO] [stderr]    Compiling byteorder v1.3.4
[INFO] [stderr]    Compiling maybe-uninit v2.0.0
[INFO] [stderr]    Compiling regex-syntax v0.6.18
[INFO] [stderr]    Compiling bitflags v1.2.1
[INFO] [stderr]    Compiling either v1.5.3
[INFO] [stderr]    Compiling adler32 v1.1.0
[INFO] [stderr]    Compiling gimli v0.21.0
[INFO] [stderr]    Compiling failure_derive v0.1.8
[INFO] [stderr]    Compiling itoa v0.4.6
[INFO] [stderr]    Compiling object v0.20.0
[INFO] [stderr]    Compiling rustc-demangle v0.1.16
[INFO] [stderr]    Compiling autocfg v0.1.7
[INFO] [stderr]    Compiling rand_core v0.4.2
[INFO] [stderr]    Compiling scopeguard v1.1.0
[INFO] [stderr]    Compiling matches v0.1.8
[INFO] [stderr]    Compiling fnv v1.0.7
[INFO] [stderr]    Compiling tinyvec v0.3.3
[INFO] [stderr]    Compiling slab v0.4.2
[INFO] [stderr]    Compiling serde_derive v1.0.114
[INFO] [stderr]    Compiling unicode-width v0.1.7
[INFO] [stderr]    Compiling version_check v0.1.5
[INFO] [stderr]    Compiling glob v0.2.11
[INFO] [stderr]    Compiling pkg-config v0.3.17
[INFO] [stderr]    Compiling serde v1.0.114
[INFO] [stderr]    Compiling proc-macro2 v0.4.30
[INFO] [stderr]    Compiling ryu v1.0.5
[INFO] [stderr]    Compiling strsim v0.8.0
[INFO] [stderr]    Compiling termcolor v1.1.0
[INFO] [stderr]    Compiling ansi_term v0.11.0
[INFO] [stderr]    Compiling unicode-xid v0.1.0
[INFO] [stderr]    Compiling vec_map v0.8.2
[INFO] [stderr]    Compiling quick-error v1.2.3
[INFO] [stderr]    Compiling serde_json v1.0.55
[INFO] [stderr]    Compiling bindgen v0.45.0
[INFO] [stderr]    Compiling foreign-types-shared v0.1.1
[INFO] [stderr]    Compiling percent-encoding v1.0.1
[INFO] [stderr]    Compiling openssl v0.10.30
[INFO] [stderr]    Compiling peeking_take_while v0.1.2
[INFO] [stderr]    Compiling httparse v1.3.4
[INFO] [stderr]    Compiling percent-encoding v2.1.0
[INFO] [stderr]    Compiling make-cmd v0.1.0
[INFO] [stderr]    Compiling crc32fast v1.2.0
[INFO] [stderr]    Compiling native-tls v0.2.4
[INFO] [stderr]    Compiling try-lock v0.2.2
[INFO] [stderr]    Compiling openssl-probe v0.1.2
[INFO] [stderr]    Compiling once_cell v1.4.0
[INFO] [stderr]    Compiling encoding_rs v0.8.23
[INFO] [stderr]    Compiling base64 v0.12.3
[INFO] [stderr]    Compiling mime v0.3.16
[INFO] [stderr]    Compiling unicode-segmentation v1.6.0
[INFO] [stderr]    Compiling spin v0.5.2
[INFO] [stderr]    Compiling dtoa v0.4.6
[INFO] [stderr]    Compiling untrusted v0.7.1
[INFO] [stderr]    Compiling lock_api v0.3.4
[INFO] [stderr]    Compiling unicode-bidi v0.3.4
[INFO] [stderr]    Compiling try_from v0.3.2
[INFO] [stderr]    Compiling miniz_oxide v0.3.7
[INFO] [stderr]    Compiling thread_local v1.0.1
[INFO] [stderr]    Compiling rand_core v0.3.1
[INFO] [stderr]    Compiling rand_jitter v0.1.4
[INFO] [stderr]    Compiling semver v0.9.0
[INFO] [stderr]    Compiling textwrap v0.11.0
[INFO] [stderr]    Compiling unicase v2.6.0
[INFO] [stderr]    Compiling error-chain v0.12.2
[INFO] [stderr]    Compiling proc-macro-error-attr v1.0.3
[INFO] [stderr]    Compiling proc-macro-error v1.0.3
[INFO] [stderr]    Compiling humantime v1.3.0
[INFO] [stderr]    Compiling foreign-types v0.3.2
[INFO] [stderr]    Compiling unicode-normalization v0.1.13
[INFO] [stderr]    Compiling rand_chacha v0.1.1
[INFO] [stderr]    Compiling rand_pcg v0.1.2
[INFO] [stderr]    Compiling rand v0.6.5
[INFO] [stderr]    Compiling crossbeam-utils v0.7.2
[INFO] [stderr]    Compiling memoffset v0.5.4
[INFO] [stderr]    Compiling num-traits v0.2.12
[INFO] [stderr]    Compiling crossbeam-epoch v0.8.2
[INFO] [stderr]    Compiling num-integer v0.1.43
[INFO] [stderr]    Compiling indexmap v1.4.0
[INFO] [stderr]    Compiling num-bigint v0.2.6
[INFO] [stderr]    Compiling nom v4.2.3
[INFO] [stderr]    Compiling rand_isaac v0.1.1
[INFO] [stderr]    Compiling rand_xorshift v0.1.1
[INFO] [stderr]    Compiling rand_hc v0.1.0
[INFO] [stderr]    Compiling clang-sys v0.26.4
[INFO] [stderr]    Compiling heck v0.3.1
[INFO] [stderr]    Compiling rustc_version v0.2.3
[INFO] [stderr]    Compiling tokio-sync v0.1.8
[INFO] [stderr]    Compiling smallvec v0.6.13
[INFO] [stderr]    Compiling aho-corasick v0.7.13
[INFO] [stderr]    Compiling want v0.2.0
[INFO] [stderr]    Compiling libloading v0.5.2
[INFO] [stderr]    Compiling openssl-sys v0.9.58
[INFO] [stderr]    Compiling ring v0.16.15
[INFO] [stderr]    Compiling base64 v0.10.1
[INFO] [stderr]    Compiling quote v0.6.13
[INFO] [stderr]    Compiling parking_lot_core v0.6.2
[INFO] [stderr]    Compiling parking_lot v0.9.0
[INFO] [stderr]    Compiling hyper v0.12.35
[INFO] [stderr]    Compiling quote v1.0.7
[INFO] [stderr]    Compiling mime_guess v2.0.3
[INFO] [stderr]    Compiling iovec v0.1.4
[INFO] [stderr]    Compiling time v0.1.43
[INFO] [stderr]    Compiling num_cpus v1.13.0
[INFO] [stderr]    Compiling atty v0.2.14
[INFO] [stderr]    Compiling net2 v0.2.34
[INFO] [stderr]    Compiling rand_os v0.1.3
[INFO] [stderr]    Compiling flate2 v1.0.14
[INFO] [stderr]    Compiling termios v0.3.2
[INFO] [stderr]    Compiling terminal_size v0.1.12
[INFO] [stderr]    Compiling clap v2.33.1
[INFO] [stderr]    Compiling idna v0.1.5
[INFO] [stderr]    Compiling idna v0.2.0
[INFO] [stderr]    Compiling bytes v0.4.12
[INFO] [stderr]    Compiling futures-cpupool v0.1.8
[INFO] [stderr]    Compiling regex v1.3.9
[INFO] [stderr]    Compiling cexpr v0.3.6
[INFO] [stderr]    Compiling mio v0.6.22
[INFO] [stderr]    Compiling tokio-io v0.1.13
[INFO] [stderr]    Compiling http v0.1.21
[INFO] [stderr]    Compiling tokio-buf v0.1.1
[INFO] [stderr]    Compiling string v0.2.1
[INFO] [stderr]    Compiling tokio-executor v0.1.10
[INFO] [stderr]    Compiling crossbeam-queue v0.2.3
[INFO] [stderr]    Compiling chrono v0.4.11
[INFO] [stderr]    Compiling addr2line v0.12.2
[INFO] [stderr]    Compiling url v2.1.1
[INFO] [stderr]    Compiling tokio-current-thread v0.1.7
[INFO] [stderr]    Compiling tokio-timer v0.2.13
[INFO] [stderr]    Compiling url v1.7.2
[INFO] [stderr]    Compiling crossbeam-deque v0.7.3
[INFO] [stderr]    Compiling tokio-reactor v0.1.12
[INFO] [stderr]    Compiling backtrace v0.3.49
[INFO] [stderr]    Compiling tokio-tcp v0.1.4
[INFO] [stderr]    Compiling uuid v0.7.4
[INFO] [stderr]    Compiling tokio-threadpool v0.1.18
[INFO] [stderr]    Compiling cookie v0.12.0
[INFO] [stderr]    Compiling env_logger v0.6.2
[INFO] [stderr]    Compiling pem v0.8.1
[INFO] [stderr]    Compiling console v0.11.3
[INFO] [stderr]    Compiling publicsuffix v1.5.4
[INFO] [stderr]    Compiling simple_asn1 v0.4.0
[INFO] [stderr]    Compiling simplelog v0.8.0
[INFO] [stderr]    Compiling tokio v0.1.22
[INFO] [stderr]    Compiling http-body v0.1.0
[INFO] [stderr]    Compiling h2 v0.1.26
[INFO] [stderr]    Compiling synstructure v0.12.4
[INFO] [stderr]    Compiling syn-mid v0.5.0
[INFO] [stderr]    Compiling serde_repr v0.1.6
[INFO] [stderr]    Compiling hyper-tls v0.3.2
[INFO] [stderr]    Compiling failure v0.1.8
[INFO] [stderr]    Compiling structopt-derive v0.4.8
[INFO] [stderr]    Compiling which v2.0.1
[INFO] [stderr]    Compiling structopt v0.3.15
[INFO] [stderr]    Compiling libpg_query-sys v0.1.2
[INFO] [stderr]    Compiling serde_urlencoded v0.5.5
[INFO] [stderr]    Compiling cookie_store v0.7.0
[INFO] [stderr]    Compiling jsonwebtoken v7.1.2
[INFO] [stderr]    Compiling reqwest v0.9.24
[INFO] [stderr]    Compiling squawk-github v0.7.2 (/opt/rustwide/workdir/github)
[INFO] [stderr]    Compiling squawk-parser v0.7.2 (/opt/rustwide/workdir/parser)
[INFO] [stderr]    Compiling squawk-linter v0.7.2 (/opt/rustwide/workdir/linter)
[INFO] [stderr]    Compiling squawk v0.7.2 (/opt/rustwide/workdir/cli)
[INFO] [stderr]     Finished dev [unoptimized] target(s) in 2m 30s
[INFO] running `Command { std: "docker" "inspect" "096e2f05c055dc8f6c74753f61d6dbc62a131dbcf205b717030d200088dbf893", kill_on_drop: false }`
[INFO] running `Command { std: "docker" "rm" "-f" "096e2f05c055dc8f6c74753f61d6dbc62a131dbcf205b717030d200088dbf893", kill_on_drop: false }`
[INFO] [stdout] 096e2f05c055dc8f6c74753f61d6dbc62a131dbcf205b717030d200088dbf893
[INFO] running `Command { std: "docker" "create" "-v" "/var/lib/crater-agent-workspace/builds/worker-15/target:/opt/rustwide/target:rw,Z" "-v" "/var/lib/crater-agent-workspace/builds/worker-15/source:/opt/rustwide/workdir:ro,Z" "-v" "/var/lib/crater-agent-workspace/cargo-home:/opt/rustwide/cargo-home:ro,Z" "-v" "/var/lib/crater-agent-workspace/rustup-home:/opt/rustwide/rustup-home:ro,Z" "-e" "SOURCE_DIR=/opt/rustwide/workdir" "-e" "CARGO_TARGET_DIR=/opt/rustwide/target" "-e" "CARGO_INCREMENTAL=0" "-e" "RUST_BACKTRACE=full" "-e" "RUSTFLAGS=--cap-lints=warn" "-e" "CARGO_HOME=/opt/rustwide/cargo-home" "-e" "RUSTUP_HOME=/opt/rustwide/rustup-home" "-w" "/opt/rustwide/workdir" "-m" "1610612736" "--user" "0:0" "--network" "none" "ghcr.io/rust-lang/crates-build-env/linux@sha256:34b6a614d2c27851fe6cbf88fbd1137609cefab8b10d0615aaeb6fd47975d74e" "/opt/rustwide/cargo-home/bin/cargo" "+1.54.0" "test" "--frozen" "--no-run" "--message-format=json", kill_on_drop: false }`
[INFO] [stdout] 3515ead84d055e09d2fa55cadc30c333ae8d0c4f81eaf9952b4a81cba8bd9a01
[INFO] running `Command { std: "docker" "start" "-a" "3515ead84d055e09d2fa55cadc30c333ae8d0c4f81eaf9952b4a81cba8bd9a01", kill_on_drop: false }`
[INFO] [stderr]     Blocking waiting for file lock on package cache
[INFO] [stderr]     Blocking waiting for file lock on package cache
[INFO] [stderr]    Compiling linked-hash-map v0.5.3
[INFO] [stderr]    Compiling difference v2.0.0
[INFO] [stderr]    Compiling clicolors-control v1.0.1
[INFO] [stderr]    Compiling squawk-github v0.7.2 (/opt/rustwide/workdir/github)
[INFO] [stderr]    Compiling console v0.10.3
[INFO] [stderr]    Compiling yaml-rust v0.4.4
[INFO] [stderr]    Compiling serde_yaml v0.8.13
[INFO] [stderr]    Compiling insta v0.16.0
[INFO] [stderr]    Compiling squawk-parser v0.7.2 (/opt/rustwide/workdir/parser)
[INFO] [stderr]    Compiling squawk-linter v0.7.2 (/opt/rustwide/workdir/linter)
[INFO] [stderr]    Compiling squawk v0.7.2 (/opt/rustwide/workdir/cli)
[INFO] [stderr]     Finished test [unoptimized] target(s) in 1m 15s
[INFO] running `Command { std: "docker" "inspect" "3515ead84d055e09d2fa55cadc30c333ae8d0c4f81eaf9952b4a81cba8bd9a01", kill_on_drop: false }`
[INFO] running `Command { std: "docker" "rm" "-f" "3515ead84d055e09d2fa55cadc30c333ae8d0c4f81eaf9952b4a81cba8bd9a01", kill_on_drop: false }`
[INFO] [stdout] 3515ead84d055e09d2fa55cadc30c333ae8d0c4f81eaf9952b4a81cba8bd9a01
[INFO] running `Command { std: "docker" "create" "-v" "/var/lib/crater-agent-workspace/builds/worker-15/target:/opt/rustwide/target:rw,Z" "-v" "/var/lib/crater-agent-workspace/builds/worker-15/source:/opt/rustwide/workdir:ro,Z" "-v" "/var/lib/crater-agent-workspace/cargo-home:/opt/rustwide/cargo-home:ro,Z" "-v" "/var/lib/crater-agent-workspace/rustup-home:/opt/rustwide/rustup-home:ro,Z" "-e" "SOURCE_DIR=/opt/rustwide/workdir" "-e" "CARGO_TARGET_DIR=/opt/rustwide/target" "-e" "CARGO_INCREMENTAL=0" "-e" "RUST_BACKTRACE=full" "-e" "RUSTFLAGS=--cap-lints=warn" "-e" "CARGO_HOME=/opt/rustwide/cargo-home" "-e" "RUSTUP_HOME=/opt/rustwide/rustup-home" "-w" "/opt/rustwide/workdir" "-m" "1610612736" "--user" "0:0" "--network" "none" "ghcr.io/rust-lang/crates-build-env/linux@sha256:34b6a614d2c27851fe6cbf88fbd1137609cefab8b10d0615aaeb6fd47975d74e" "/opt/rustwide/cargo-home/bin/cargo" "+1.54.0" "test" "--frozen", kill_on_drop: false }`
[INFO] [stdout] 9644fd1f7e252955329f81bb2de40ca41315ce4a02ae8fa4e4399945a71b770e
[INFO] running `Command { std: "docker" "start" "-a" "9644fd1f7e252955329f81bb2de40ca41315ce4a02ae8fa4e4399945a71b770e", kill_on_drop: false }`
[INFO] [stderr]     Finished test [unoptimized] target(s) in 0.20s
[INFO] [stderr]      Running unittests (/opt/rustwide/target/debug/deps/squawk-0e817d910d42f680)
[INFO] [stdout] 
[INFO] [stdout] running 9 tests
[INFO] [stdout] test reporter::test_github_comment::test_generating_no_violations_no_files ... ok
[INFO] [stdout] test reporter::test_reporter::test_span_offsets ... ok
[INFO] [stdout] test reporter::test_github_comment::test_generating_comment_no_violations ... ok
[INFO] [stderr]      Running unittests (/opt/rustwide/target/debug/deps/squawk_github-b6ffd8bcbf0d6efd)
[INFO] [stdout] test reporter::test_reporter::test_trimming_sql_newlines ... ok
[INFO] [stderr]      Running unittests (/opt/rustwide/target/debug/deps/squawk_linter-c46354463a42e159)
[INFO] [stdout] test reporter::test_reporter::test_display_violations_tty ... ok
[INFO] [stdout] test reporter::test_reporter::test_display_no_violations_tty ... ok
[INFO] [stdout] test reporter::test_reporter::test_display_violations_json ... ok
[INFO] [stdout] test reporter::test_reporter::test_display_violations_gcc ... ok
[INFO] [stdout] test reporter::test_github_comment::test_generating_comment_multiple_files ... ok
[INFO] [stdout] 
[INFO] [stdout] test result: ok. 9 passed; 0 failed; 0 ignored; 0 measured; 0 filtered out; finished in 0.05s
[INFO] [stdout] 
[INFO] [stdout] 
[INFO] [stdout] running 0 tests
[INFO] [stdout] 
[INFO] [stdout] test result: ok. 0 passed; 0 failed; 0 ignored; 0 measured; 0 filtered out; finished in 0.00s
[INFO] [stdout] 
[INFO] [stdout] 
[INFO] [stdout] running 38 tests
[INFO] [stdout] test rules::adding_foreign_key_constraint::test_rules::test_create_table_with_foreign_key_constraint ... ok
[INFO] [stdout] test rules::adding_not_null_field::test_rules::set_null ... ok
[INFO] [stdout] test rules::adding_foreign_key_constraint::test_rules::test_add_foreign_key_constraint_lock ... ok
[INFO] [stdout] test rules::adding_foreign_key_constraint::test_rules::test_add_foreign_key_constraint_not_valid_validate ... ok
[INFO] [stdout] test rules::ban_char_field::test_rules::test_creating_table_with_char_errors ... ok
[INFO] [stdout] test rules::constraint_missing_not_valid::test_rules::not_valid_validate_in_transaction ... ok
[INFO] [stdout] test rules::adding_not_null_field::test_rules::allow_not_null_field_with_default ... ok
[INFO] [stdout] test rules::prefer_text_field::test_rules::allow_varchar_without_specified_limit ... ok
[INFO] [stdout] test rules::adding_primary_key_constraint::test_rules::test_plain_primary_key ... ok
[INFO] [stdout] test rules::renaming_column::test_rules::test_renaming_column ... ok
[INFO] [stdout] test rules::renaming_table::test_rules::test_renaming_table ... ok
[INFO] [stdout] test rules::require_concurrent_index_creation::test_rules::test_adding_index_non_concurrently ... ok
[INFO] [stdout] test rules::require_concurrent_index_creation::test_rules::test_drop_index_concurrently ... ok
[INFO] [stdout] test test_rules::rules_should_be_sorted ... ok
[INFO] [stdout] test rules::prefer_robust_stmts::test_rules::test_prefer_robust_stmt_okay_cases ... ok
[INFO] [stdout] test rules::prefer_robust_stmts::test_rules::drop_index ... ok
[INFO] [stdout] test rules::prefer_robust_stmts::test_rules::drop_before_add_foreign_key ... ok
[INFO] [stdout] test rules::prefer_robust_stmts::test_rules::drop_before_add ... ok
[INFO] [stdout] test rules::prefer_robust_stmts::test_rules::double_add_after_drop ... ok
[INFO] [stdout] test rules::prefer_robust_stmts::test_rules::drop_index_if_exists ... ok
[INFO] [stdout] test rules::disallow_unique_constraint::test_rules::test_unique_constraint_ok ... ok
[INFO] [stdout] test rules::prefer_robust_stmts::test_rules::test_prefer_robust_stmt_failure_cases ... ok
[INFO] [stdout] test rules::prefer_text_field::test_rules::test_prefer_text_field ... ok
[INFO] [stdout] test rules::prefer_text_field::test_rules::test_increasing_varchar_size ... ok
[INFO] [stdout] test rules::constraint_missing_not_valid::test_rules::test_adding_check_constraint ... ok
[INFO] [stdout] test rules::prefer_text_field::test_rules::test_adding_column_non_text ... ok
[INFO] [stdout] test rules::adding_primary_key_constraint::test_rules::test_serial_primary_key ... ok
[INFO] [stdout] test rules::ban_drop_column::test_rules::test_drop_column ... ok
[INFO] [stdout] test rules::disallow_unique_constraint::test_rules::test_adding_unique_constraint ... ok
[INFO] [stdout] test rules::adding_field_with_default::test_rules::test_adding_field_with_default ... ok
[INFO] [stdout] test rules::adding_not_null_field::test_rules::test_adding_field_that_is_not_nullable ... ok
[INFO] [stdout] test test_rules::test_parsing_rule_kind ... ok
[INFO] [stdout] test rules::bad_drop_database::test_rules::test_ban_drop_database ... ok
[INFO] [stdout] test rules::ban_char_field::test_rules::test_creating_table_with_var_char_and_text_okay ... ok
[INFO] [stdout] test rules::changing_column_type::test_rules::test_changing_field_type ... ok
[INFO] [stdout] test test_rules::test_check_rules_orderin ... ok
[INFO] [stdout] test rules::prefer_text_field::test_rules::test_ensure_ignored_when_new_table ... FAILED
[INFO] [stdout] test rules::constraint_missing_not_valid::test_rules::test_adding_foreign_key ... FAILED
[INFO] [stdout] 
[INFO] [stdout] failures:
[INFO] [stdout] 
[INFO] [stdout] ---- rules::prefer_text_field::test_rules::test_ensure_ignored_when_new_table stdout ----
[INFO] [stdout] ━━━━━━━━━━━━━━━━━━━━━━━━━━━━━ Snapshot Differences ━━━━━━━━━━━━━━━━━━━━━━━━━━━━━
[INFO] [stdout] Snapshot file: linter/src/rules/snapshots/squawk_linter__rules__prefer_text_field__test_rules__ensure_ignored_when_new_table.snap
[INFO] [stdout] Snapshot: ensure_ignored_when_new_table
[INFO] [stdout] Source: linter/src/rules/prefer_text_field.rs:80
[INFO] [stdout] -old snapshot
[INFO] [stdout] +new results
[INFO] [stdout] ────────────────────────────────────────────────────────────────────────────────
[INFO] [stdout] check_sql(sql, &[RuleViolationKind::PreferTextField.to_string()])
[INFO] [stdout] ────────────┬───────────────────────────────────────────────────────────────────
[INFO] [stdout]     9     9 │                 ),
[INFO] [stdout]    10    10 │             },
[INFO] [stdout]    11    11 │             messages: [
[INFO] [stdout]    12    12 │                 Note(
[INFO] [stdout]    13       │-                    "Requires a table scan of the table you\'re altering and a SHARE ROW EXCLUSIVE lock on both tables, which blocks writes to both tables while your table is scanned.",
[INFO] [stdout]          13 │+                    "Requires a table scan of the table you're altering and a SHARE ROW EXCLUSIVE lock on both tables, which blocks writes to both tables while your table is scanned.",
[INFO] [stdout]    14    14 │                 ),
[INFO] [stdout]    15    15 │                 Help(
[INFO] [stdout]    16    16 │                     "Add NOT VALID to the constraint in one transaction and then VALIDATE the constraint in a separate transaction.",
[INFO] [stdout]    17    17 │                 ),
[INFO] [stdout]    18    18 │             ],
[INFO] [stdout] ────────────┴───────────────────────────────────────────────────────────────────
[INFO] [stdout] thread 'rules::prefer_text_field::test_rules::test_ensure_ignored_when_new_table' panicked at 'called `Result::unwrap()` on an `Err` value: Os { code: 30, kind: Other, message: "Read-only file system" }', linter/src/rules/prefer_text_field.rs:80:9
[INFO] [stdout] stack backtrace:
[INFO] [stdout]    0:     0x563f66954dd0 - std::backtrace_rs::backtrace::libunwind::trace::h34055254b57d8e79
[INFO] [stdout]                                at /rustc/a178d0322ce20e33eac124758e837cbd80a6f633/library/std/src/../../backtrace/src/backtrace/libunwind.rs:90:5
[INFO] [stdout]    1:     0x563f66954dd0 - std::backtrace_rs::backtrace::trace_unsynchronized::h8f1e3fbd9afff6ec
[INFO] [stdout]                                at /rustc/a178d0322ce20e33eac124758e837cbd80a6f633/library/std/src/../../backtrace/src/backtrace/mod.rs:66:5
[INFO] [stdout]    2:     0x563f66954dd0 - std::sys_common::backtrace::_print_fmt::h3a99a796b770c360
[INFO] [stdout]                                at /rustc/a178d0322ce20e33eac124758e837cbd80a6f633/library/std/src/sys_common/backtrace.rs:67:5
[INFO] [stdout]    3:     0x563f66954dd0 - <std::sys_common::backtrace::_print::DisplayBacktrace as core::fmt::Display>::fmt::h32d1f94a80615d18
[INFO] [stdout]                                at /rustc/a178d0322ce20e33eac124758e837cbd80a6f633/library/std/src/sys_common/backtrace.rs:46:22
[INFO] [stdout]    4:     0x563f66979a3c - core::fmt::write::h306731c068f7162c
[INFO] [stdout]                                at /rustc/a178d0322ce20e33eac124758e837cbd80a6f633/library/core/src/fmt/mod.rs:1110:17
[INFO] [stdout]    5:     0x563f66951395 - std::io::Write::write_fmt::h87f19b0a2cd190bc
[INFO] [stdout]                                at /rustc/a178d0322ce20e33eac124758e837cbd80a6f633/library/std/src/io/mod.rs:1588:15
[INFO] [stdout]    6:     0x563f66956f6b - std::sys_common::backtrace::_print::h5abaa2601a852287
[INFO] [stdout]                                at /rustc/a178d0322ce20e33eac124758e837cbd80a6f633/library/std/src/sys_common/backtrace.rs:49:5
[INFO] [stdout]    7:     0x563f66956f6b - std::sys_common::backtrace::print::h8d81445442bb638f
[INFO] [stdout]                                at /rustc/a178d0322ce20e33eac124758e837cbd80a6f633/library/std/src/sys_common/backtrace.rs:36:9
[INFO] [stdout]    8:     0x563f66956f6b - std::panicking::default_hook::{{closure}}::hcfe804496a9fa747
[INFO] [stdout]                                at /rustc/a178d0322ce20e33eac124758e837cbd80a6f633/library/std/src/panicking.rs:208:50
[INFO] [stdout]    9:     0x563f66956a7c - std::panicking::default_hook::hbea8e3ccf2ba8901
[INFO] [stdout]                                at /rustc/a178d0322ce20e33eac124758e837cbd80a6f633/library/std/src/panicking.rs:222:9
[INFO] [stdout]   10:     0x563f66957634 - std::panicking::rust_panic_with_hook::h7ee9e1a2d0f8975a
[INFO] [stdout]                                at /rustc/a178d0322ce20e33eac124758e837cbd80a6f633/library/std/src/panicking.rs:622:17
[INFO] [stdout]   11:     0x563f66957117 - std::panicking::begin_panic_handler::{{closure}}::h8ab3b4491718b2c7
[INFO] [stdout]                                at /rustc/a178d0322ce20e33eac124758e837cbd80a6f633/library/std/src/panicking.rs:519:13
[INFO] [stdout]   12:     0x563f669552cc - std::sys_common::backtrace::__rust_end_short_backtrace::hd489062ffa586a9f
[INFO] [stdout]                                at /rustc/a178d0322ce20e33eac124758e837cbd80a6f633/library/std/src/sys_common/backtrace.rs:141:18
[INFO] [stdout]   13:     0x563f66957079 - rust_begin_unwind
[INFO] [stdout]                                at /rustc/a178d0322ce20e33eac124758e837cbd80a6f633/library/std/src/panicking.rs:515:5
[INFO] [stdout]   14:     0x563f6670fef1 - core::panicking::panic_fmt::hca6330e3e14086b4
[INFO] [stdout]                                at /rustc/a178d0322ce20e33eac124758e837cbd80a6f633/library/core/src/panicking.rs:92:14
[INFO] [stdout]   15:     0x563f6670ffe3 - core::result::unwrap_failed::h6160d2b4bfbb0e87
[INFO] [stdout]                                at /rustc/a178d0322ce20e33eac124758e837cbd80a6f633/library/core/src/result.rs:1355:5
[INFO] [stdout]   16:     0x563f66723799 - core::result::Result<T,E>::unwrap::h1378849510590a97
[INFO] [stdout]                                at /rustc/a178d0322ce20e33eac124758e837cbd80a6f633/library/core/src/result.rs:1037:23
[INFO] [stdout]   17:     0x563f6672afd7 - squawk_linter::rules::prefer_text_field::test_rules::test_ensure_ignored_when_new_table::hf7abaf40e6d3d214
[INFO] [stdout]                                at /opt/rustwide/workdir/linter/src/rules/prefer_text_field.rs:80:9
[INFO] [stdout]   18:     0x563f6672ac9a - squawk_linter::rules::prefer_text_field::test_rules::test_ensure_ignored_when_new_table::{{closure}}::hb9cf2c7bf73e8d55
[INFO] [stdout]                                at /opt/rustwide/workdir/linter/src/rules/prefer_text_field.rs:56:5
[INFO] [stdout]   19:     0x563f6673dc2e - core::ops::function::FnOnce::call_once::hd37100a52b1dd410
[INFO] [stdout]                                at /rustc/a178d0322ce20e33eac124758e837cbd80a6f633/library/core/src/ops/function.rs:227:5
[INFO] [stdout]   20:     0x563f66771ab3 - core::ops::function::FnOnce::call_once::h152e7e439ff59e19
[INFO] [stdout]                                at /rustc/a178d0322ce20e33eac124758e837cbd80a6f633/library/core/src/ops/function.rs:227:5
[INFO] [stdout]   21:     0x563f66771ab3 - test::__rust_begin_short_backtrace::h0908f3b1fdbb72ab
[INFO] [stdout]                                at /rustc/a178d0322ce20e33eac124758e837cbd80a6f633/library/test/src/lib.rs:577:5
[INFO] [stdout]   22:     0x563f66770570 - <alloc::boxed::Box<F,A> as core::ops::function::FnOnce<Args>>::call_once::hf6d2a51e5587546c
[INFO] [stdout]                                at /rustc/a178d0322ce20e33eac124758e837cbd80a6f633/library/alloc/src/boxed.rs:1575:9
[INFO] [stdout]   23:     0x563f66770570 - <std::panic::AssertUnwindSafe<F> as core::ops::function::FnOnce<()>>::call_once::h8af660f3a89ef593
[INFO] [stdout]                                at /rustc/a178d0322ce20e33eac124758e837cbd80a6f633/library/std/src/panic.rs:347:9
[INFO] [stdout]   24:     0x563f66770570 - std::panicking::try::do_call::hd36aef60f84b6d36
[INFO] [stdout]                                at /rustc/a178d0322ce20e33eac124758e837cbd80a6f633/library/std/src/panicking.rs:401:40
[INFO] [stdout]   25:     0x563f66770570 - std::panicking::try::h9932b4480e69817c
[INFO] [stdout]                                at /rustc/a178d0322ce20e33eac124758e837cbd80a6f633/library/std/src/panicking.rs:365:19
[INFO] [stdout]   26:     0x563f66770570 - std::panic::catch_unwind::h6aa177099cfff5f8
[INFO] [stdout]                                at /rustc/a178d0322ce20e33eac124758e837cbd80a6f633/library/std/src/panic.rs:434:14
[INFO] [stdout]   27:     0x563f66770570 - test::run_test_in_process::h5884d6f2d99e20c3
[INFO] [stdout]                                at /rustc/a178d0322ce20e33eac124758e837cbd80a6f633/library/test/src/lib.rs:600:18
[INFO] [stdout]   28:     0x563f66770570 - test::run_test::run_test_inner::{{closure}}::h6fdc58c6d5f5b6e3
[INFO] [stdout]                                at /rustc/a178d0322ce20e33eac124758e837cbd80a6f633/library/test/src/lib.rs:492:39
[INFO] [stdout]   29:     0x563f66749c22 - test::run_test::run_test_inner::{{closure}}::h408365d67a78ade8
[INFO] [stdout]                                at /rustc/a178d0322ce20e33eac124758e837cbd80a6f633/library/test/src/lib.rs:519:37
[INFO] [stdout]   30:     0x563f66749c22 - std::sys_common::backtrace::__rust_begin_short_backtrace::hb560b77c4f701523
[INFO] [stdout]                                at /rustc/a178d0322ce20e33eac124758e837cbd80a6f633/library/std/src/sys_common/backtrace.rs:125:18
[INFO] [stdout]   31:     0x563f6674d7d8 - std::thread::Builder::spawn_unchecked::{{closure}}::{{closure}}::hf2e7831dad93c597
[INFO] [stdout]                                at /rustc/a178d0322ce20e33eac124758e837cbd80a6f633/library/std/src/thread/mod.rs:481:17
[INFO] [stdout]   32:     0x563f6674d7d8 - <std::panic::AssertUnwindSafe<F> as core::ops::function::FnOnce<()>>::call_once::hd2e08783d8be4d02
[INFO] [stdout]                                at /rustc/a178d0322ce20e33eac124758e837cbd80a6f633/library/std/src/panic.rs:347:9
[INFO] [stdout]   33:     0x563f6674d7d8 - std::panicking::try::do_call::h062597b7acfd6b82
[INFO] [stdout]                                at /rustc/a178d0322ce20e33eac124758e837cbd80a6f633/library/std/src/panicking.rs:401:40
[INFO] [stdout]   34:     0x563f6674d7d8 - std::panicking::try::h0d7b79db04c14552
[INFO] [stdout]                                at /rustc/a178d0322ce20e33eac124758e837cbd80a6f633/library/std/src/panicking.rs:365:19
[INFO] [stdout]   35:     0x563f6674d7d8 - std::panic::catch_unwind::hb01a0b5e7c8cd43b
[INFO] [stdout]                                at /rustc/a178d0322ce20e33eac124758e837cbd80a6f633/library/std/src/panic.rs:434:14
[INFO] [stdout]   36:     0x563f6674d7d8 - std::thread::Builder::spawn_unchecked::{{closure}}::h5bde48cc887e0d1e
[INFO] [stdout]                                at /rustc/a178d0322ce20e33eac124758e837cbd80a6f633/library/std/src/thread/mod.rs:480:30
[INFO] [stdout]   37:     0x563f6674d7d8 - core::ops::function::FnOnce::call_once{{vtable.shim}}::h745ea30807a29e55
[INFO] [stdout]                                at /rustc/a178d0322ce20e33eac124758e837cbd80a6f633/library/core/src/ops/function.rs:227:5
[INFO] [stdout]   38:     0x563f6695c887 - <alloc::boxed::Box<F,A> as core::ops::function::FnOnce<Args>>::call_once::h7ece6cfefaff1005
[INFO] [stdout]                                at /rustc/a178d0322ce20e33eac124758e837cbd80a6f633/library/alloc/src/boxed.rs:1575:9
[INFO] [stdout]   39:     0x563f6695c887 - <alloc::boxed::Box<F,A> as core::ops::function::FnOnce<Args>>::call_once::hb8b48e55c21f193e
[INFO] [stdout]                                at /rustc/a178d0322ce20e33eac124758e837cbd80a6f633/library/alloc/src/boxed.rs:1575:9
[INFO] [stdout]   40:     0x563f6695c887 - std::sys::unix::thread::Thread::new::thread_start::h8c7c4450dba62914
[INFO] [stdout]                                at /rustc/a178d0322ce20e33eac124758e837cbd80a6f633/library/std/src/sys/unix/thread.rs:71:17
[INFO] [stdout]   41:     0x7f3e772de609 - start_thread
[INFO] [stdout]   42:     0x7f3e7743b293 - clone
[INFO] [stdout]   43:                0x0 - <unknown>
[INFO] [stdout] 
[INFO] [stdout] ---- rules::constraint_missing_not_valid::test_rules::test_adding_foreign_key stdout ----
[INFO] [stdout] ━━━━━━━━━━━━━━━━━━━━━━━━━━━━━ Snapshot Differences ━━━━━━━━━━━━━━━━━━━━━━━━━━━━━
[INFO] [stdout] Snapshot file: linter/src/rules/snapshots/squawk_linter__rules__constraint_missing_not_valid__test_rules__adding_foreign_key.snap
[INFO] [stdout] Snapshot: adding_foreign_key
[INFO] [stdout] Source: linter/src/rules/constraint_missing_not_valid.rs:147
[INFO] [stdout] -old snapshot
[INFO] [stdout] +new results
[INFO] [stdout] ────────────────────────────────────────────────────────────────────────────────
[INFO] [stdout] check_sql(bad_sql, &["prefer-robust-stmts".into()])
[INFO] [stdout] ────────────┬───────────────────────────────────────────────────────────────────
[INFO] [stdout]     9     9 │                 ),
[INFO] [stdout]    10    10 │             },
[INFO] [stdout]    11    11 │             messages: [
[INFO] [stdout]    12    12 │                 Note(
[INFO] [stdout]    13       │-                    "Requires a table scan of the table you\'re altering and a SHARE ROW EXCLUSIVE lock on both tables, which blocks writes to both tables while your table is scanned.",
[INFO] [stdout]          13 │+                    "Requires a table scan of the table you're altering and a SHARE ROW EXCLUSIVE lock on both tables, which blocks writes to both tables while your table is scanned.",
[INFO] [stdout]    14    14 │                 ),
[INFO] [stdout]    15    15 │                 Help(
[INFO] [stdout]    16    16 │                     "Add NOT VALID to the constraint in one transaction and then VALIDATE the constraint in a separate transaction.",
[INFO] [stdout]    17    17 │                 ),
[INFO] [stdout]    18    18 │             ],
[INFO] [stdout] ────────────┴───────────────────────────────────────────────────────────────────
[INFO] [stdout] thread 'rules::constraint_missing_not_valid::test_rules::test_adding_foreign_key' panicked at 'called `Result::unwrap()` on an `Err` value: Os { code: 30, kind: Other, message: "Read-only file system" }', linter/src/rules/constraint_missing_not_valid.rs:147:9
[INFO] [stdout] stack backtrace:
[INFO] [stdout]    0:     0x563f66954dd0 - std::backtrace_rs::backtrace::libunwind::trace::h34055254b57d8e79
[INFO] [stdout]                                at /rustc/a178d0322ce20e33eac124758e837cbd80a6f633/library/std/src/../../backtrace/src/backtrace/libunwind.rs:90:5
[INFO] [stdout]    1:     0x563f66954dd0 - std::backtrace_rs::backtrace::trace_unsynchronized::h8f1e3fbd9afff6ec
[INFO] [stdout]                                at /rustc/a178d0322ce20e33eac124758e837cbd80a6f633/library/std/src/../../backtrace/src/backtrace/mod.rs:66:5
[INFO] [stdout]    2:     0x563f66954dd0 - std::sys_common::backtrace::_print_fmt::h3a99a796b770c360
[INFO] [stdout]                                at /rustc/a178d0322ce20e33eac124758e837cbd80a6f633/library/std/src/sys_common/backtrace.rs:67:5
[INFO] [stdout]    3:     0x563f66954dd0 - <std::sys_common::backtrace::_print::DisplayBacktrace as core::fmt::Display>::fmt::h32d1f94a80615d18
[INFO] [stdout]                                at /rustc/a178d0322ce20e33eac124758e837cbd80a6f633/library/std/src/sys_common/backtrace.rs:46:22
[INFO] [stdout]    4:     0x563f66979a3c - core::fmt::write::h306731c068f7162c
[INFO] [stdout]                                at /rustc/a178d0322ce20e33eac124758e837cbd80a6f633/library/core/src/fmt/mod.rs:1110:17
[INFO] [stdout]    5:     0x563f66951395 - std::io::Write::write_fmt::h87f19b0a2cd190bc
[INFO] [stdout]                                at /rustc/a178d0322ce20e33eac124758e837cbd80a6f633/library/std/src/io/mod.rs:1588:15
[INFO] [stdout]    6:     0x563f66956f6b - std::sys_common::backtrace::_print::h5abaa2601a852287
[INFO] [stdout]                                at /rustc/a178d0322ce20e33eac124758e837cbd80a6f633/library/std/src/sys_common/backtrace.rs:49:5
[INFO] [stdout]    7:     0x563f66956f6b - std::sys_common::backtrace::print::h8d81445442bb638f
[INFO] [stdout]                                at /rustc/a178d0322ce20e33eac124758e837cbd80a6f633/library/std/src/sys_common/backtrace.rs:36:9
[INFO] [stdout]    8:     0x563f66956f6b - std::panicking::default_hook::{{closure}}::hcfe804496a9fa747
[INFO] [stdout]                                at /rustc/a178d0322ce20e33eac124758e837cbd80a6f633/library/std/src/panicking.rs:208:50
[INFO] [stdout]    9:     0x563f66956a7c - std::panicking::default_hook::hbea8e3ccf2ba8901
[INFO] [stdout]                                at /rustc/a178d0322ce20e33eac124758e837cbd80a6f633/library/std/src/panicking.rs:222:9
[INFO] [stdout]   10:     0x563f66957634 - std::panicking::rust_panic_with_hook::h7ee9e1a2d0f8975a
[INFO] [stdout]                                at /rustc/a178d0322ce20e33eac124758e837cbd80a6f633/library/std/src/panicking.rs:622:17
[INFO] [stdout]   11:     0x563f66957117 - std::panicking::begin_panic_handler::{{closure}}::h8ab3b4491718b2c7
[INFO] [stdout]                                at /rustc/a178d0322ce20e33eac124758e837cbd80a6f633/library/std/src/panicking.rs:519:13
[INFO] [stdout]   12:     0x563f669552cc - std::sys_common::backtrace::__rust_end_short_backtrace::hd489062ffa586a9f
[INFO] [stdout]                                at /rustc/a178d0322ce20e33eac124758e837cbd80a6f633/library/std/src/sys_common/backtrace.rs:141:18
[INFO] [stdout]   13:     0x563f66957079 - rust_begin_unwind
[INFO] [stdout]                                at /rustc/a178d0322ce20e33eac124758e837cbd80a6f633/library/std/src/panicking.rs:515:5
[INFO] [stdout]   14:     0x563f6670fef1 - core::panicking::panic_fmt::hca6330e3e14086b4
[INFO] [stdout]                                at /rustc/a178d0322ce20e33eac124758e837cbd80a6f633/library/core/src/panicking.rs:92:14
[INFO] [stdout]   15:     0x563f6670ffe3 - core::result::unwrap_failed::h6160d2b4bfbb0e87
[INFO] [stdout]                                at /rustc/a178d0322ce20e33eac124758e837cbd80a6f633/library/core/src/result.rs:1355:5
[INFO] [stdout]   16:     0x563f66723799 - core::result::Result<T,E>::unwrap::h1378849510590a97
[INFO] [stdout]                                at /rustc/a178d0322ce20e33eac124758e837cbd80a6f633/library/core/src/result.rs:1037:23
[INFO] [stdout]   17:     0x563f66725396 - squawk_linter::rules::constraint_missing_not_valid::test_rules::test_adding_foreign_key::hda6337a4ba9bda6f
[INFO] [stdout]                                at /opt/rustwide/workdir/linter/src/rules/constraint_missing_not_valid.rs:147:9
[INFO] [stdout]   18:     0x563f6672502a - squawk_linter::rules::constraint_missing_not_valid::test_rules::test_adding_foreign_key::{{closure}}::hf268235872b2d873
[INFO] [stdout]                                at /opt/rustwide/workdir/linter/src/rules/constraint_missing_not_valid.rs:141:5
[INFO] [stdout]   19:     0x563f6673dbee - core::ops::function::FnOnce::call_once::hd362b03b170f43c5
[INFO] [stdout]                                at /rustc/a178d0322ce20e33eac124758e837cbd80a6f633/library/core/src/ops/function.rs:227:5
[INFO] [stdout]   20:     0x563f66771ab3 - core::ops::function::FnOnce::call_once::h152e7e439ff59e19
[INFO] [stdout]                                at /rustc/a178d0322ce20e33eac124758e837cbd80a6f633/library/core/src/ops/function.rs:227:5
[INFO] [stdout]   21:     0x563f66771ab3 - test::__rust_begin_short_backtrace::h0908f3b1fdbb72ab
[INFO] [stdout]                                at /rustc/a178d0322ce20e33eac124758e837cbd80a6f633/library/test/src/lib.rs:577:5
[INFO] [stdout]   22:     0x563f66770570 - <alloc::boxed::Box<F,A> as core::ops::function::FnOnce<Args>>::call_once::hf6d2a51e5587546c
[INFO] [stdout]                                at /rustc/a178d0322ce20e33eac124758e837cbd80a6f633/library/alloc/src/boxed.rs:1575:9
[INFO] [stdout]   23:     0x563f66770570 - <std::panic::AssertUnwindSafe<F> as core::ops::function::FnOnce<()>>::call_once::h8af660f3a89ef593
[INFO] [stdout]                                at /rustc/a178d0322ce20e33eac124758e837cbd80a6f633/library/std/src/panic.rs:347:9
[INFO] [stdout]   24:     0x563f66770570 - std::panicking::try::do_call::hd36aef60f84b6d36
[INFO] [stdout]                                at /rustc/a178d0322ce20e33eac124758e837cbd80a6f633/library/std/src/panicking.rs:401:40
[INFO] [stdout]   25:     0x563f66770570 - std::panicking::try::h9932b4480e69817c
[INFO] [stdout]                                at /rustc/a178d0322ce20e33eac124758e837cbd80a6f633/library/std/src/panicking.rs:365:19
[INFO] [stdout]   26:     0x563f66770570 - std::panic::catch_unwind::h6aa177099cfff5f8
[INFO] [stdout]                                at /rustc/a178d0322ce20e33eac124758e837cbd80a6f633/library/std/src/panic.rs:434:14
[INFO] [stdout]   27:     0x563f66770570 - test::run_test_in_process::h5884d6f2d99e20c3
[INFO] [stdout]                                at /rustc/a178d0322ce20e33eac124758e837cbd80a6f633/library/test/src/lib.rs:600:18
[INFO] [stdout]   28:     0x563f66770570 - test::run_test::run_test_inner::{{closure}}::h6fdc58c6d5f5b6e3
[INFO] [stdout]                                at /rustc/a178d0322ce20e33eac124758e837cbd80a6f633/library/test/src/lib.rs:492:39
[INFO] [stdout]   29:     0x563f66749c22 - test::run_test::run_test_inner::{{closure}}::h408365d67a78ade8
[INFO] [stdout]                                at /rustc/a178d0322ce20e33eac124758e837cbd80a6f633/library/test/src/lib.rs:519:37
[INFO] [stdout]   30:     0x563f66749c22 - std::sys_common::backtrace::__rust_begin_short_backtrace::hb560b77c4f701523
[INFO] [stdout]                                at /rustc/a178d0322ce20e33eac124758e837cbd80a6f633/library/std/src/sys_common/backtrace.rs:125:18
[INFO] [stdout]   31:     0x563f6674d7d8 - std::thread::Builder::spawn_unchecked::{{closure}}::{{closure}}::hf2e7831dad93c597
[INFO] [stdout]                                at /rustc/a178d0322ce20e33eac124758e837cbd80a6f633/library/std/src/thread/mod.rs:481:17
[INFO] [stdout]   32:     0x563f6674d7d8 - <std::panic::AssertUnwindSafe<F> as core::ops::function::FnOnce<()>>::call_once::hd2e08783d8be4d02
[INFO] [stdout]                                at /rustc/a178d0322ce20e33eac124758e837cbd80a6f633/library/std/src/panic.rs:347:9
[INFO] [stdout]   33:     0x563f6674d7d8 - std::panicking::try::do_call::h062597b7acfd6b82
[INFO] [stdout]                                at /rustc/a178d0322ce20e33eac124758e837cbd80a6f633/library/std/src/panicking.rs:401:40
[INFO] [stdout]   34:     0x563f6674d7d8 - std::panicking::try::h0d7b79db04c14552
[INFO] [stdout]                                at /rustc/a178d0322ce20e33eac124758e837cbd80a6f633/library/std/src/panicking.rs:365:19
[INFO] [stdout]   35:     0x563f6674d7d8 - std::panic::catch_unwind::hb01a0b5e7c8cd43b
[INFO] [stdout]                                at /rustc/a178d0322ce20e33eac124758e837cbd80a6f633/library/std/src/panic.rs:434:14
[INFO] [stdout]   36:     0x563f6674d7d8 - std::thread::Builder::spawn_unchecked::{{closure}}::h5bde48cc887e0d1e
[INFO] [stdout]                                at /rustc/a178d0322ce20e33eac124758e837cbd80a6f633/library/std/src/thread/mod.rs:480:30
[INFO] [stdout]   37:     0x563f6674d7d8 - core::ops::function::FnOnce::call_once{{vtable.shim}}::h745ea30807a29e55
[INFO] [stdout]                                at /rustc/a178d0322ce20e33eac124758e837cbd80a6f633/library/core/src/ops/function.rs:227:5
[INFO] [stdout]   38:     0x563f6695c887 - <alloc::boxed::Box<F,A> as core::ops::function::FnOnce<Args>>::call_once::h7ece6cfefaff1005
[INFO] [stdout]                                at /rustc/a178d0322ce20e33eac124758e837cbd80a6f633/library/alloc/src/boxed.rs:1575:9
[INFO] [stdout]   39:     0x563f6695c887 - <alloc::boxed::Box<F,A> as core::ops::function::FnOnce<Args>>::call_once::hb8b48e55c21f193e
[INFO] [stdout]                                at /rustc/a178d0322ce20e33eac124758e837cbd80a6f633/library/alloc/src/boxed.rs:1575:9
[INFO] [stdout]   40:     0x563f6695c887 - std::sys::unix::thread::Thread::new::thread_start::h8c7c4450dba62914
[INFO] [stdout]                                at /rustc/a178d0322ce20e33eac124758e837cbd80a6f633/library/std/src/sys/unix/thread.rs:71:17
[INFO] [stdout]   41:     0x7f3e772de609 - start_thread
[INFO] [stdout]   42:     0x7f3e7743b293 - clone
[INFO] [stdout]   43:                0x0 - <unknown>
[INFO] [stdout] 
[INFO] [stdout] 
[INFO] [stdout] failures:
[INFO] [stdout]     rules::constraint_missing_not_valid::test_rules::test_adding_foreign_key
[INFO] [stdout]     rules::prefer_text_field::test_rules::test_ensure_ignored_when_new_table
[INFO] [stdout] 
[INFO] [stdout] test result: FAILED. 36 passed; 2 failed; 0 ignored; 0 measured; 0 filtered out; finished in 1.01s
[INFO] [stdout] 
[INFO] [stderr] error: test failed, to rerun pass '-p squawk-linter --lib'
[INFO] running `Command { std: "docker" "inspect" "9644fd1f7e252955329f81bb2de40ca41315ce4a02ae8fa4e4399945a71b770e", kill_on_drop: false }`
[INFO] running `Command { std: "docker" "rm" "-f" "9644fd1f7e252955329f81bb2de40ca41315ce4a02ae8fa4e4399945a71b770e", kill_on_drop: false }`
[INFO] [stdout] 9644fd1f7e252955329f81bb2de40ca41315ce4a02ae8fa4e4399945a71b770e
