[INFO] cloning repository https://github.com/sankar-boro/loony-server
[INFO] running `Command { std: "git" "-c" "credential.helper=" "-c" "credential.helper=/workspace/cargo-home/bin/git-credential-null" "clone" "--bare" "https://github.com/sankar-boro/loony-server" "/workspace/cache/git-repos/https%3A%2F%2Fgithub.com%2Fsankar-boro%2Floony-server", kill_on_drop: false }`
[INFO] [stderr] Cloning into bare repository '/workspace/cache/git-repos/https%3A%2F%2Fgithub.com%2Fsankar-boro%2Floony-server'...
[INFO] running `Command { std: "git" "rev-parse" "HEAD", kill_on_drop: false }`
[INFO] [stdout] 88afa98f65b38c88663af4df4725525ab3cc8987
[INFO] testing sankar-boro/loony-server against beta-2021-08-01 for beta-1.55-1
[INFO] running `Command { std: "git" "clone" "/workspace/cache/git-repos/https%3A%2F%2Fgithub.com%2Fsankar-boro%2Floony-server" "/workspace/builds/worker-14/source", kill_on_drop: false }`
[INFO] [stderr] Cloning into '/workspace/builds/worker-14/source'...
[INFO] [stderr] done.
[INFO] validating manifest of git repo https://github.com/sankar-boro/loony-server on toolchain beta-2021-08-01
[INFO] running `Command { std: "/workspace/cargo-home/bin/cargo" "+beta-2021-08-01" "metadata" "--manifest-path" "Cargo.toml" "--no-deps", kill_on_drop: false }`
[INFO] started tweaking git repo https://github.com/sankar-boro/loony-server
[INFO] finished tweaking git repo https://github.com/sankar-boro/loony-server
[INFO] tweaked toml for git repo https://github.com/sankar-boro/loony-server written to /workspace/builds/worker-14/source/Cargo.toml
[INFO] crate git repo https://github.com/sankar-boro/loony-server already has a lockfile, it will not be regenerated
[INFO] running `Command { std: "/workspace/cargo-home/bin/cargo" "+beta-2021-08-01" "fetch" "--manifest-path" "Cargo.toml", kill_on_drop: false }`
[INFO] [stderr]  Downloading crates ...
[INFO] [stderr]   Downloaded histogram v0.6.9
[INFO] [stderr]   Downloaded scylla-macros v0.1.0
[INFO] [stderr]   Downloaded nb-connect v1.0.3
[INFO] [stderr]   Downloaded scylla v0.1.0
[INFO] [stderr]   Downloaded compress v0.2.1
[INFO] running `Command { std: "docker" "create" "-v" "/var/lib/crater-agent-workspace/builds/worker-14/target:/opt/rustwide/target:rw,Z" "-v" "/var/lib/crater-agent-workspace/builds/worker-14/source:/opt/rustwide/workdir:ro,Z" "-v" "/var/lib/crater-agent-workspace/cargo-home:/opt/rustwide/cargo-home:ro,Z" "-v" "/var/lib/crater-agent-workspace/rustup-home:/opt/rustwide/rustup-home:ro,Z" "-e" "SOURCE_DIR=/opt/rustwide/workdir" "-e" "CARGO_TARGET_DIR=/opt/rustwide/target" "-e" "CARGO_HOME=/opt/rustwide/cargo-home" "-e" "RUSTUP_HOME=/opt/rustwide/rustup-home" "-w" "/opt/rustwide/workdir" "-m" "1610612736" "--user" "0:0" "--network" "none" "ghcr.io/rust-lang/crates-build-env/linux@sha256:34b6a614d2c27851fe6cbf88fbd1137609cefab8b10d0615aaeb6fd47975d74e" "/opt/rustwide/cargo-home/bin/cargo" "+beta-2021-08-01" "metadata" "--no-deps" "--format-version=1", kill_on_drop: false }`
[INFO] [stdout] b5702a00a884de71a24129dd90e21ddc66d1322af0f362bd0ac84ccca620bbe6
[INFO] running `Command { std: "docker" "start" "-a" "b5702a00a884de71a24129dd90e21ddc66d1322af0f362bd0ac84ccca620bbe6", kill_on_drop: false }`
[INFO] running `Command { std: "docker" "inspect" "b5702a00a884de71a24129dd90e21ddc66d1322af0f362bd0ac84ccca620bbe6", kill_on_drop: false }`
[INFO] running `Command { std: "docker" "rm" "-f" "b5702a00a884de71a24129dd90e21ddc66d1322af0f362bd0ac84ccca620bbe6", kill_on_drop: false }`
[INFO] [stdout] b5702a00a884de71a24129dd90e21ddc66d1322af0f362bd0ac84ccca620bbe6
[INFO] running `Command { std: "docker" "create" "-v" "/var/lib/crater-agent-workspace/builds/worker-14/target:/opt/rustwide/target:rw,Z" "-v" "/var/lib/crater-agent-workspace/builds/worker-14/source:/opt/rustwide/workdir:ro,Z" "-v" "/var/lib/crater-agent-workspace/cargo-home:/opt/rustwide/cargo-home:ro,Z" "-v" "/var/lib/crater-agent-workspace/rustup-home:/opt/rustwide/rustup-home:ro,Z" "-e" "SOURCE_DIR=/opt/rustwide/workdir" "-e" "CARGO_TARGET_DIR=/opt/rustwide/target" "-e" "CARGO_INCREMENTAL=0" "-e" "RUST_BACKTRACE=full" "-e" "RUSTFLAGS=--cap-lints=warn" "-e" "CARGO_HOME=/opt/rustwide/cargo-home" "-e" "RUSTUP_HOME=/opt/rustwide/rustup-home" "-w" "/opt/rustwide/workdir" "-m" "1610612736" "--user" "0:0" "--network" "none" "ghcr.io/rust-lang/crates-build-env/linux@sha256:34b6a614d2c27851fe6cbf88fbd1137609cefab8b10d0615aaeb6fd47975d74e" "/opt/rustwide/cargo-home/bin/cargo" "+beta-2021-08-01" "build" "--frozen" "--message-format=json", kill_on_drop: false }`
[INFO] [stdout] c1ad77b8b5bb6fd7c1657d2f8668fd320344382577891608a0e7e3ea3b3588f6
[INFO] running `Command { std: "docker" "start" "-a" "c1ad77b8b5bb6fd7c1657d2f8668fd320344382577891608a0e7e3ea3b3588f6", kill_on_drop: false }`
[INFO] [stderr]    Compiling proc-macro2 v1.0.26
[INFO] [stderr]    Compiling libc v0.2.90
[INFO] [stderr]    Compiling syn v1.0.72
[INFO] [stderr]    Compiling value-bag v1.0.0-alpha.6
[INFO] [stderr]    Compiling log v0.4.14
[INFO] [stderr]    Compiling memchr v2.4.0
[INFO] [stderr]    Compiling futures-core v0.3.15
[INFO] [stderr]    Compiling pin-project-lite v0.2.6
[INFO] [stderr]    Compiling futures-io v0.3.15
[INFO] [stderr]    Compiling serde v1.0.118
[INFO] [stderr]    Compiling once_cell v1.7.2
[INFO] [stderr]    Compiling getrandom v0.1.16
[INFO] [stderr]    Compiling futures-task v0.3.15
[INFO] [stderr]    Compiling futures-channel v0.3.15
[INFO] [stderr]    Compiling httparse v1.3.5
[INFO] [stderr]    Compiling futures-sink v0.3.15
[INFO] [stderr]    Compiling safemem v0.3.3
[INFO] [stderr]    Compiling serde_json v1.0.61
[INFO] [stderr]    Compiling snap v1.0.5
[INFO] [stderr]    Compiling modifier v0.1.0
[INFO] [stderr]    Compiling chunked_transfer v0.3.1
[INFO] [stderr]    Compiling groupable v0.2.0
[INFO] [stderr]    Compiling ascii v0.8.7
[INFO] [stderr]    Compiling histogram v0.6.9
[INFO] [stderr]    Compiling uuid v0.8.2
[INFO] [stderr]    Compiling s4nk4r-macro v0.1.0 (/opt/rustwide/workdir/s4nk4r-macro)
[INFO] [stderr]    Compiling s4nk4r-http v0.1.0 (/opt/rustwide/workdir/s4nk4r-http)
[INFO] [stderr]    Compiling num-integer v0.1.44
[INFO] [stderr]    Compiling tinyvec v1.1.1
[INFO] [stderr]    Compiling num-bigint v0.3.2
[INFO] [stderr]    Compiling futures-macro v0.3.15
[INFO] [stderr]    Compiling unicase v2.6.0
[INFO] [stderr]    Compiling futures-util v0.3.15
[INFO] [stderr]    Compiling num-rational v0.3.2
[INFO] [stderr]    Compiling num-iter v0.1.42
[INFO] [stderr]    Compiling tokio v1.6.0
[INFO] [stderr]    Compiling ahash v0.7.2
[INFO] [stderr]    Compiling async-lock v2.3.0
[INFO] [stderr]    Compiling itertools v0.10.0
[INFO] [stderr]    Compiling base64 v0.9.3
[INFO] [stderr]    Compiling fxhash v0.2.1
[INFO] [stderr]    Compiling plugin v0.2.6
[INFO] [stderr]    Compiling num-complex v0.3.1
[INFO] [stderr]    Compiling async-channel v1.6.1
[INFO] [stderr]    Compiling quote v1.0.7
[INFO] [stderr]    Compiling futures-lite v1.11.3
[INFO] [stderr]    Compiling aho-corasick v0.7.18
[INFO] [stderr]    Compiling twoway v0.1.8
[INFO] [stderr]    Compiling buf_redux v0.8.4
[INFO] [stderr]    Compiling unicode-normalization v0.1.17
[INFO] [stderr]    Compiling mime_guess v2.0.3
[INFO] [stderr]    Compiling rand_os v0.1.3
[INFO] [stderr]    Compiling num_cpus v1.13.0
[INFO] [stderr]    Compiling getrandom v0.2.2
[INFO] [stderr]    Compiling time v0.1.43
[INFO] [stderr]    Compiling socket2 v0.3.19
[INFO] [stderr]    Compiling parking_lot_core v0.8.3
[INFO] [stderr]    Compiling signal-hook-registry v1.3.0
[INFO] [stderr]    Compiling socket2 v0.4.0
[INFO] [stderr]    Compiling rand_core v0.5.1
[INFO] [stderr]    Compiling rand_core v0.6.1
[INFO] [stderr]    Compiling rand v0.6.5
[INFO] [stderr]    Compiling regex v1.5.4
[INFO] [stderr]    Compiling chrono v0.4.19
[INFO] [stderr]    Compiling rand_chacha v0.3.0
[INFO] [stderr]    Compiling parking_lot v0.11.1
[INFO] [stderr]    Compiling rand_chacha v0.2.2
[INFO] [stderr]    Compiling nb-connect v1.0.3
[INFO] [stderr]    Compiling idna v0.1.5
[INFO] [stderr]    Compiling rand v0.8.3
[INFO] [stderr]    Compiling rand v0.7.3
[INFO] [stderr]    Compiling blocking v1.0.2
[INFO] [stderr]    Compiling async-executor v1.4.0
[INFO] [stderr]    Compiling phf_generator v0.7.24
[INFO] [stderr]    Compiling bigdecimal v0.2.0
[INFO] [stderr]    Compiling phf_codegen v0.7.24
[INFO] [stderr]    Compiling url v1.7.2
[INFO] [stderr]    Compiling mime_guess v1.8.8
[INFO] [stderr]    Compiling tempfile v3.2.0
[INFO] [stderr]    Compiling num v0.3.1
[INFO] [stderr]    Compiling toml v0.5.8
[INFO] [stderr]    Compiling proc-macro-crate v0.1.5
[INFO] [stderr]    Compiling ctor v0.1.16
[INFO] [stderr]    Compiling tracing-attributes v0.1.15
[INFO] [stderr]    Compiling derivative v2.2.0
[INFO] [stderr]    Compiling pin-project-internal v1.0.1
[INFO] [stderr]    Compiling tokio-macros v1.2.0
[INFO] [stderr]    Compiling num_enum_derive v0.5.1
[INFO] [stderr]    Compiling thiserror-impl v1.0.24
[INFO] [stderr]    Compiling async-attributes v1.1.2
[INFO] [stderr]    Compiling scylla-macros v0.1.0
[INFO] [stderr]    Compiling thiserror v1.0.24
[INFO] [stderr]    Compiling tracing v0.1.26
[INFO] [stderr]    Compiling log v0.3.9
[INFO] [stderr]    Compiling polling v2.0.2
[INFO] [stderr]    Compiling mio v0.7.11
[INFO] [stderr]    Compiling tiny_http v0.6.2
[INFO] [stderr]    Compiling compress v0.2.1
[INFO] [stderr]    Compiling kv-log-macro v1.0.7
[INFO] [stderr]    Compiling mime v0.2.6
[INFO] [stderr]    Compiling mustache v0.9.0
[INFO] [stderr]    Compiling async-io v1.3.1
[INFO] [stderr]    Compiling pin-project v1.0.1
[INFO] [stderr]    Compiling hyper v0.10.16
[INFO] [stderr]    Compiling num_enum v0.5.1
[INFO] [stderr]    Compiling async-global-executor v2.0.2
[INFO] [stderr]    Compiling async-std v1.9.0
[INFO] [stderr]    Compiling futures-executor v0.3.8
[INFO] [stderr]    Compiling futures v0.3.8
[INFO] [stderr]    Compiling s4nk4r-service v0.1.0 (/opt/rustwide/workdir/s4nk4r-service)
[INFO] [stderr]    Compiling iron v0.6.1
[INFO] [stderr]    Compiling nickel v0.11.0
[INFO] [stderr]    Compiling multipart v0.17.1
[INFO] [stderr]    Compiling scylla v0.1.0
[INFO] [stderr]    Compiling http-server v0.1.0 (/opt/rustwide/workdir)
[INFO] [stdout] warning: unused import: `borrow::Borrow`
[INFO] [stdout]  --> src/app.rs:1:11
[INFO] [stdout]   |
[INFO] [stdout] 1 | use std::{borrow::Borrow, cell::RefCell, rc::Rc};
[INFO] [stdout]   |           ^^^^^^^^^^^^^^
[INFO] [stdout]   |
[INFO] [stdout]   = note: `#[warn(unused_imports)]` on by default
[INFO] [stdout] 
[INFO] [stdout] 
[INFO] [stdout] warning: unused imports: `AppService`, `HttpServiceFactory`, `ResourceService`
[INFO] [stdout]  --> src/app.rs:5:22
[INFO] [stdout]   |
[INFO] [stdout] 5 | ...::{AppService, ServiceConfig}, extensions::Extensions, resource::{Resource, ResourceService}, route::Route, service::{AppServiceFactory, HttpServiceFactory...
[INFO] [stdout]   |       ^^^^^^^^^^                                                               ^^^^^^^^^^^^^^^                                              ^^^^^^^^^^^^^^^^^^
[INFO] [stdout] 
[INFO] [stdout] 
[INFO] [stdout] warning: unused import: `futures::executor::block_on`
[INFO] [stdout]  --> src/app.rs:6:5
[INFO] [stdout]   |
[INFO] [stdout] 6 | use futures::executor::block_on;
[INFO] [stdout]   |     ^^^^^^^^^^^^^^^^^^^^^^^^^^^
[INFO] [stdout] 
[INFO] [stdout] 
[INFO] [stdout] warning: unused import: `Service`
[INFO] [stdout]  --> src/server.rs:3:42
[INFO] [stdout]   |
[INFO] [stdout] 3 | use s4nk4r_service::{IntoServiceFactory, Service, ServiceFactory};
[INFO] [stdout]   |                                          ^^^^^^^
[INFO] [stdout] 
[INFO] [stdout] 
[INFO] [stdout] warning: unused imports: `AppServiceFactory`, `HttpRequest`, `ServiceRequest`, `config::AppService`
[INFO] [stdout]  --> src/server.rs:4:36
[INFO] [stdout]   |
[INFO] [stdout] 4 | ...r, config::AppService, connection::Connection, extensions::Extensions, request::{EMPTY_HEADER, HttpRequest, Request}, resource::ResourceService, response::Response, service::{AppServiceFactory, ServiceRequest...
[INFO] [stdout]   |       ^^^^^^^^^^^^^^^^^^                                                                          ^^^^^^^^^^^                                                                     ^^^^^^^^^^^^^^^^^  ^^^^^^^^^^^^^^
[INFO] [stdout] 
[INFO] [stdout] 
[INFO] [stdout] warning: unused import: `async_std::task::block_on`
[INFO] [stdout]  --> src/scope.rs:1:5
[INFO] [stdout]   |
[INFO] [stdout] 1 | use async_std::task::block_on;
[INFO] [stdout]   |     ^^^^^^^^^^^^^^^^^^^^^^^^^
[INFO] [stdout] 
[INFO] [stdout] 
[INFO] [stdout] warning: unused import: `scope::Scope`
[INFO] [stdout]  --> src/config.rs:3:40
[INFO] [stdout]   |
[INFO] [stdout] 3 | use crate::{resource::ResourceService, scope::Scope, service::{AppServiceFactory, HttpServiceFactory, ServiceFactoryWrapper}};
[INFO] [stdout]   |                                        ^^^^^^^^^^^^
[INFO] [stdout] 
[INFO] [stdout] 
[INFO] [stdout] warning: unused import: `Future`
[INFO] [stdout]  --> src/app_service.rs:2:15
[INFO] [stdout]   |
[INFO] [stdout] 2 | use futures::{Future, future::Ready};
[INFO] [stdout]   |               ^^^^^^
[INFO] [stdout] 
[INFO] [stdout] 
[INFO] [stdout] warning: unused import: `std::task::Poll`
[INFO] [stdout]  --> src/app_service.rs:6:5
[INFO] [stdout]   |
[INFO] [stdout] 6 | use std::task::Poll;
[INFO] [stdout]   |     ^^^^^^^^^^^^^^^
[INFO] [stdout] 
[INFO] [stdout] 
[INFO] [stdout] warning: unused import: `crate::resource::Resource`
[INFO] [stdout]   --> src/app_service.rs:11:5
[INFO] [stdout]    |
[INFO] [stdout] 11 | use crate::resource::Resource;
[INFO] [stdout]    |     ^^^^^^^^^^^^^^^^^^^^^^^^^
[INFO] [stdout] 
[INFO] [stdout] 
[INFO] [stdout] warning: unused imports: `ServiceRequest`, `ServiceResponse`
[INFO] [stdout]   --> src/app_service.rs:13:41
[INFO] [stdout]    |
[INFO] [stdout] 13 | use crate::service::{AppServiceFactory, ServiceRequest, ServiceResponse};
[INFO] [stdout]    |                                         ^^^^^^^^^^^^^^  ^^^^^^^^^^^^^^^
[INFO] [stdout] 
[INFO] [stdout] 
[INFO] [stdout] warning: unused variable: `req`
[INFO] [stdout]   --> src/app_service.rs:63:24
[INFO] [stdout]    |
[INFO] [stdout] 63 |     fn call(&mut self, req: Self::Request) -> Self::Future {
[INFO] [stdout]    |                        ^^^ help: if this is intentional, prefix it with an underscore: `_req`
[INFO] [stdout]    |
[INFO] [stdout]    = note: `#[warn(unused_variables)]` on by default
[INFO] [stdout] 
[INFO] [stdout] 
[INFO] [stdout] warning: variable `PA` should have a snake case name
[INFO] [stdout]   --> src/handler.rs:41:21
[INFO] [stdout]    |
[INFO] [stdout] 41 |     fn call(&self, (PA,): (PA,)) -> R {
[INFO] [stdout]    |                     ^^ help: convert the identifier to snake case: `pa`
[INFO] [stdout]    |
[INFO] [stdout]    = note: `#[warn(non_snake_case)]` on by default
[INFO] [stdout] 
[INFO] [stdout] 
[INFO] [stdout] warning: 13 warnings emitted
[INFO] [stdout] 
[INFO] [stdout] 
[INFO] [stderr]     Finished dev [unoptimized + debuginfo] target(s) in 1m 04s
[INFO] running `Command { std: "docker" "inspect" "c1ad77b8b5bb6fd7c1657d2f8668fd320344382577891608a0e7e3ea3b3588f6", kill_on_drop: false }`
[INFO] running `Command { std: "docker" "rm" "-f" "c1ad77b8b5bb6fd7c1657d2f8668fd320344382577891608a0e7e3ea3b3588f6", kill_on_drop: false }`
[INFO] [stdout] c1ad77b8b5bb6fd7c1657d2f8668fd320344382577891608a0e7e3ea3b3588f6
[INFO] running `Command { std: "docker" "create" "-v" "/var/lib/crater-agent-workspace/builds/worker-14/target:/opt/rustwide/target:rw,Z" "-v" "/var/lib/crater-agent-workspace/builds/worker-14/source:/opt/rustwide/workdir:ro,Z" "-v" "/var/lib/crater-agent-workspace/cargo-home:/opt/rustwide/cargo-home:ro,Z" "-v" "/var/lib/crater-agent-workspace/rustup-home:/opt/rustwide/rustup-home:ro,Z" "-e" "SOURCE_DIR=/opt/rustwide/workdir" "-e" "CARGO_TARGET_DIR=/opt/rustwide/target" "-e" "CARGO_INCREMENTAL=0" "-e" "RUST_BACKTRACE=full" "-e" "RUSTFLAGS=--cap-lints=warn" "-e" "CARGO_HOME=/opt/rustwide/cargo-home" "-e" "RUSTUP_HOME=/opt/rustwide/rustup-home" "-w" "/opt/rustwide/workdir" "-m" "1610612736" "--user" "0:0" "--network" "none" "ghcr.io/rust-lang/crates-build-env/linux@sha256:34b6a614d2c27851fe6cbf88fbd1137609cefab8b10d0615aaeb6fd47975d74e" "/opt/rustwide/cargo-home/bin/cargo" "+beta-2021-08-01" "test" "--frozen" "--no-run" "--message-format=json", kill_on_drop: false }`
[INFO] [stdout] 81e986e75e13d85bfa0e3f4c4c6e3a0ba2f17cc3bf36ce27d1183af3bb96865d
[INFO] running `Command { std: "docker" "start" "-a" "81e986e75e13d85bfa0e3f4c4c6e3a0ba2f17cc3bf36ce27d1183af3bb96865d", kill_on_drop: false }`
[INFO] [stderr]     Blocking waiting for file lock on package cache
[INFO] [stderr]     Blocking waiting for file lock on package cache
[INFO] [stderr]    Compiling http-server v0.1.0 (/opt/rustwide/workdir)
[INFO] [stdout] warning: unused import: `borrow::Borrow`
[INFO] [stdout]  --> src/app.rs:1:11
[INFO] [stdout]   |
[INFO] [stdout] 1 | use std::{borrow::Borrow, cell::RefCell, rc::Rc};
[INFO] [stdout]   |           ^^^^^^^^^^^^^^
[INFO] [stdout]   |
[INFO] [stdout]   = note: `#[warn(unused_imports)]` on by default
[INFO] [stdout] 
[INFO] [stdout] 
[INFO] [stdout] warning: unused imports: `AppService`, `HttpServiceFactory`, `ResourceService`
[INFO] [stdout]  --> src/app.rs:5:22
[INFO] [stdout]   |
[INFO] [stdout] 5 | ...::{AppService, ServiceConfig}, extensions::Extensions, resource::{Resource, ResourceService}, route::Route, service::{AppServiceFactory, HttpServiceFactory...
[INFO] [stdout]   |       ^^^^^^^^^^                                                               ^^^^^^^^^^^^^^^                                              ^^^^^^^^^^^^^^^^^^
[INFO] [stdout] 
[INFO] [stdout] 
[INFO] [stdout] warning: unused import: `futures::executor::block_on`
[INFO] [stdout]  --> src/app.rs:6:5
[INFO] [stdout]   |
[INFO] [stdout] 6 | use futures::executor::block_on;
[INFO] [stdout]   |     ^^^^^^^^^^^^^^^^^^^^^^^^^^^
[INFO] [stdout] 
[INFO] [stdout] 
[INFO] [stdout] warning: unused import: `Service`
[INFO] [stdout]  --> src/server.rs:3:42
[INFO] [stdout]   |
[INFO] [stdout] 3 | use s4nk4r_service::{IntoServiceFactory, Service, ServiceFactory};
[INFO] [stdout]   |                                          ^^^^^^^
[INFO] [stdout] 
[INFO] [stdout] 
[INFO] [stdout] warning: unused imports: `AppServiceFactory`, `HttpRequest`, `ServiceRequest`, `config::AppService`
[INFO] [stdout]  --> src/server.rs:4:36
[INFO] [stdout]   |
[INFO] [stdout] 4 | ...r, config::AppService, connection::Connection, extensions::Extensions, request::{EMPTY_HEADER, HttpRequest, Request}, resource::ResourceService, response::Response, service::{AppServiceFactory, ServiceRequest...
[INFO] [stdout]   |       ^^^^^^^^^^^^^^^^^^                                                                          ^^^^^^^^^^^                                                                     ^^^^^^^^^^^^^^^^^  ^^^^^^^^^^^^^^
[INFO] [stdout] 
[INFO] [stdout] 
[INFO] [stdout] warning: unused imports: `FutureExt`, `executor::block_on`
[INFO] [stdout]    --> src/route.rs:152:19
[INFO] [stdout]     |
[INFO] [stdout] 152 |     use futures::{FutureExt, executor::block_on};
[INFO] [stdout]     |                   ^^^^^^^^^  ^^^^^^^^^^^^^^^^^^
[INFO] [stdout] 
[INFO] [stdout] 
[INFO] [stdout] warning: unused import: `crate::request::HttpRequest`
[INFO] [stdout]    --> src/route.rs:154:9
[INFO] [stdout]     |
[INFO] [stdout] 154 |     use crate::request::HttpRequest;
[INFO] [stdout]     |         ^^^^^^^^^^^^^^^^^^^^^^^^^^^
[INFO] [stdout] 
[INFO] [stdout] 
[INFO] [stdout] warning: unused import: `super::*`
[INFO] [stdout]    --> src/route.rs:156:9
[INFO] [stdout]     |
[INFO] [stdout] 156 |     use super::*;
[INFO] [stdout]     |         ^^^^^^^^
[INFO] [stdout] 
[INFO] [stdout] 
[INFO] [stdout] warning: unused import: `async_std::task::block_on`
[INFO] [stdout]  --> src/scope.rs:1:5
[INFO] [stdout]   |
[INFO] [stdout] 1 | use async_std::task::block_on;
[INFO] [stdout]   |     ^^^^^^^^^^^^^^^^^^^^^^^^^
[INFO] [stdout] 
[INFO] [stdout] 
[INFO] [stdout] warning: unused import: `scope::Scope`
[INFO] [stdout]  --> src/config.rs:3:40
[INFO] [stdout]   |
[INFO] [stdout] 3 | use crate::{resource::ResourceService, scope::Scope, service::{AppServiceFactory, HttpServiceFactory, ServiceFactoryWrapper}};
[INFO] [stdout]   |                                        ^^^^^^^^^^^^
[INFO] [stdout] 
[INFO] [stdout] 
[INFO] [stdout] warning: unused import: `Future`
[INFO] [stdout]  --> src/app_service.rs:2:15
[INFO] [stdout]   |
[INFO] [stdout] 2 | use futures::{Future, future::Ready};
[INFO] [stdout]   |               ^^^^^^
[INFO] [stdout] 
[INFO] [stdout] 
[INFO] [stdout] warning: unused import: `std::task::Poll`
[INFO] [stdout]  --> src/app_service.rs:6:5
[INFO] [stdout]   |
[INFO] [stdout] 6 | use std::task::Poll;
[INFO] [stdout]   |     ^^^^^^^^^^^^^^^
[INFO] [stdout] 
[INFO] [stdout] 
[INFO] [stdout] warning: unused import: `crate::resource::Resource`
[INFO] [stdout]   --> src/app_service.rs:11:5
[INFO] [stdout]    |
[INFO] [stdout] 11 | use crate::resource::Resource;
[INFO] [stdout]    |     ^^^^^^^^^^^^^^^^^^^^^^^^^
[INFO] [stdout] 
[INFO] [stdout] 
[INFO] [stdout] warning: unused imports: `ServiceRequest`, `ServiceResponse`
[INFO] [stdout]   --> src/app_service.rs:13:41
[INFO] [stdout]    |
[INFO] [stdout] 13 | use crate::service::{AppServiceFactory, ServiceRequest, ServiceResponse};
[INFO] [stdout]    |                                         ^^^^^^^^^^^^^^  ^^^^^^^^^^^^^^^
[INFO] [stdout] 
[INFO] [stdout] 
[INFO] [stdout] warning: unused variable: `req`
[INFO] [stdout]   --> src/app.rs:74:20
[INFO] [stdout]    |
[INFO] [stdout] 74 |     async fn index(req: DB) -> String {
[INFO] [stdout]    |                    ^^^ help: if this is intentional, prefix it with an underscore: `_req`
[INFO] [stdout]    |
[INFO] [stdout]    = note: `#[warn(unused_variables)]` on by default
[INFO] [stdout] 
[INFO] [stdout] 
[INFO] [stdout] warning: unused variable: `req`
[INFO] [stdout]   --> src/app_service.rs:63:24
[INFO] [stdout]    |
[INFO] [stdout] 63 |     fn call(&mut self, req: Self::Request) -> Self::Future {
[INFO] [stdout]    |                        ^^^ help: if this is intentional, prefix it with an underscore: `_req`
[INFO] [stdout] 
[INFO] [stdout] 
[INFO] [stdout] warning: variable `PA` should have a snake case name
[INFO] [stdout]   --> src/handler.rs:41:21
[INFO] [stdout]    |
[INFO] [stdout] 41 |     fn call(&self, (PA,): (PA,)) -> R {
[INFO] [stdout]    |                     ^^ help: convert the identifier to snake case: `pa`
[INFO] [stdout]    |
[INFO] [stdout]    = note: `#[warn(non_snake_case)]` on by default
[INFO] [stdout] 
[INFO] [stdout] 
[INFO] [stdout] warning: 17 warnings emitted
[INFO] [stdout] 
[INFO] [stdout] 
[INFO] [stderr]     Finished test [unoptimized + debuginfo] target(s) in 4.42s
[INFO] running `Command { std: "docker" "inspect" "81e986e75e13d85bfa0e3f4c4c6e3a0ba2f17cc3bf36ce27d1183af3bb96865d", kill_on_drop: false }`
[INFO] running `Command { std: "docker" "rm" "-f" "81e986e75e13d85bfa0e3f4c4c6e3a0ba2f17cc3bf36ce27d1183af3bb96865d", kill_on_drop: false }`
[INFO] [stdout] 81e986e75e13d85bfa0e3f4c4c6e3a0ba2f17cc3bf36ce27d1183af3bb96865d
[INFO] running `Command { std: "docker" "create" "-v" "/var/lib/crater-agent-workspace/builds/worker-14/target:/opt/rustwide/target:rw,Z" "-v" "/var/lib/crater-agent-workspace/builds/worker-14/source:/opt/rustwide/workdir:ro,Z" "-v" "/var/lib/crater-agent-workspace/cargo-home:/opt/rustwide/cargo-home:ro,Z" "-v" "/var/lib/crater-agent-workspace/rustup-home:/opt/rustwide/rustup-home:ro,Z" "-e" "SOURCE_DIR=/opt/rustwide/workdir" "-e" "CARGO_TARGET_DIR=/opt/rustwide/target" "-e" "CARGO_INCREMENTAL=0" "-e" "RUST_BACKTRACE=full" "-e" "RUSTFLAGS=--cap-lints=warn" "-e" "CARGO_HOME=/opt/rustwide/cargo-home" "-e" "RUSTUP_HOME=/opt/rustwide/rustup-home" "-w" "/opt/rustwide/workdir" "-m" "1610612736" "--user" "0:0" "--network" "none" "ghcr.io/rust-lang/crates-build-env/linux@sha256:34b6a614d2c27851fe6cbf88fbd1137609cefab8b10d0615aaeb6fd47975d74e" "/opt/rustwide/cargo-home/bin/cargo" "+beta-2021-08-01" "test" "--frozen", kill_on_drop: false }`
[INFO] [stdout] 454362142ebd6a9839557e211529f8b4533a52ad84b833d283264ed67d614fd7
[INFO] running `Command { std: "docker" "start" "-a" "454362142ebd6a9839557e211529f8b4533a52ad84b833d283264ed67d614fd7", kill_on_drop: false }`
[INFO] [stderr] warning: unused import: `borrow::Borrow`
[INFO] [stderr]  --> src/app.rs:1:11
[INFO] [stderr]   |
[INFO] [stderr] 1 | use std::{borrow::Borrow, cell::RefCell, rc::Rc};
[INFO] [stderr]   |           ^^^^^^^^^^^^^^
[INFO] [stderr]   |
[INFO] [stderr]   = note: `#[warn(unused_imports)]` on by default
[INFO] [stderr] 
[INFO] [stderr] warning: unused imports: `AppService`, `HttpServiceFactory`, `ResourceService`
[INFO] [stderr]  --> src/app.rs:5:22
[INFO] [stderr]   |
[INFO] [stderr] 5 | ...::{AppService, ServiceConfig}, extensions::Extensions, resource::{Resource, ResourceService}, route::Route, service::{AppServiceFactory, HttpServiceFactory...
[INFO] [stderr]   |       ^^^^^^^^^^                                                               ^^^^^^^^^^^^^^^                                              ^^^^^^^^^^^^^^^^^^
[INFO] [stderr] 
[INFO] [stderr] warning: unused import: `futures::executor::block_on`
[INFO] [stderr]  --> src/app.rs:6:5
[INFO] [stderr]   |
[INFO] [stderr] 6 | use futures::executor::block_on;
[INFO] [stderr]   |     ^^^^^^^^^^^^^^^^^^^^^^^^^^^
[INFO] [stderr] 
[INFO] [stderr] warning: unused import: `Service`
[INFO] [stderr]  --> src/server.rs:3:42
[INFO] [stderr]   |
[INFO] [stderr] 3 | use s4nk4r_service::{IntoServiceFactory, Service, ServiceFactory};
[INFO] [stderr]   |                                          ^^^^^^^
[INFO] [stderr] 
[INFO] [stderr] warning: unused imports: `AppServiceFactory`, `HttpRequest`, `ServiceRequest`, `config::AppService`
[INFO] [stderr]  --> src/server.rs:4:36
[INFO] [stderr]   |
[INFO] [stderr] 4 | ...r, config::AppService, connection::Connection, extensions::Extensions, request::{EMPTY_HEADER, HttpRequest, Request}, resource::ResourceService, response::Response, service::{AppServiceFactory, ServiceRequest...
[INFO] [stderr]   |       ^^^^^^^^^^^^^^^^^^                                                                          ^^^^^^^^^^^                                                                     ^^^^^^^^^^^^^^^^^  ^^^^^^^^^^^^^^
[INFO] [stderr] 
[INFO] [stderr] warning: unused imports: `FutureExt`, `executor::block_on`
[INFO] [stderr]    --> src/route.rs:152:19
[INFO] [stderr]     |
[INFO] [stderr] 152 |     use futures::{FutureExt, executor::block_on};
[INFO] [stderr]     |                   ^^^^^^^^^  ^^^^^^^^^^^^^^^^^^
[INFO] [stderr] 
[INFO] [stderr] warning: unused import: `crate::request::HttpRequest`
[INFO] [stderr]    --> src/route.rs:154:9
[INFO] [stderr]     |
[INFO] [stderr] 154 |     use crate::request::HttpRequest;
[INFO] [stderr]     |         ^^^^^^^^^^^^^^^^^^^^^^^^^^^
[INFO] [stderr] 
[INFO] [stderr] warning: unused import: `super::*`
[INFO] [stderr]    --> src/route.rs:156:9
[INFO] [stderr]     |
[INFO] [stderr] 156 |     use super::*;
[INFO] [stderr]     |         ^^^^^^^^
[INFO] [stderr] 
[INFO] [stderr] warning: unused import: `async_std::task::block_on`
[INFO] [stderr]  --> src/scope.rs:1:5
[INFO] [stderr]   |
[INFO] [stderr] 1 | use async_std::task::block_on;
[INFO] [stderr]   |     ^^^^^^^^^^^^^^^^^^^^^^^^^
[INFO] [stderr] 
[INFO] [stderr] warning: unused import: `scope::Scope`
[INFO] [stderr]  --> src/config.rs:3:40
[INFO] [stderr]   |
[INFO] [stderr] 3 | use crate::{resource::ResourceService, scope::Scope, service::{AppServiceFactory, HttpServiceFactory, ServiceFactoryWrapper}};
[INFO] [stderr]   |                                        ^^^^^^^^^^^^
[INFO] [stderr] 
[INFO] [stderr] warning: unused import: `Future`
[INFO] [stderr]  --> src/app_service.rs:2:15
[INFO] [stderr]   |
[INFO] [stderr] 2 | use futures::{Future, future::Ready};
[INFO] [stderr]   |               ^^^^^^
[INFO] [stderr] 
[INFO] [stderr] warning: unused import: `std::task::Poll`
[INFO] [stderr]  --> src/app_service.rs:6:5
[INFO] [stderr]   |
[INFO] [stderr] 6 | use std::task::Poll;
[INFO] [stderr]   |     ^^^^^^^^^^^^^^^
[INFO] [stderr] 
[INFO] [stderr] warning: unused import: `crate::resource::Resource`
[INFO] [stderr]   --> src/app_service.rs:11:5
[INFO] [stderr]    |
[INFO] [stderr] 11 | use crate::resource::Resource;
[INFO] [stderr]    |     ^^^^^^^^^^^^^^^^^^^^^^^^^
[INFO] [stderr] 
[INFO] [stderr] warning: unused imports: `ServiceRequest`, `ServiceResponse`
[INFO] [stderr]   --> src/app_service.rs:13:41
[INFO] [stderr]    |
[INFO] [stderr] 13 | use crate::service::{AppServiceFactory, ServiceRequest, ServiceResponse};
[INFO] [stderr]    |                                         ^^^^^^^^^^^^^^  ^^^^^^^^^^^^^^^
[INFO] [stderr] 
[INFO] [stderr] warning: unused variable: `req`
[INFO] [stderr]   --> src/app.rs:74:20
[INFO] [stderr]    |
[INFO] [stderr] 74 |     async fn index(req: DB) -> String {
[INFO] [stderr]    |                    ^^^ help: if this is intentional, prefix it with an underscore: `_req`
[INFO] [stderr]    |
[INFO] [stderr]    = note: `#[warn(unused_variables)]` on by default
[INFO] [stderr] 
[INFO] [stderr] warning: unused variable: `req`
[INFO] [stderr]   --> src/app_service.rs:63:24
[INFO] [stderr]    |
[INFO] [stderr] 63 |     fn call(&mut self, req: Self::Request) -> Self::Future {
[INFO] [stderr]    |                        ^^^ help: if this is intentional, prefix it with an underscore: `_req`
[INFO] [stderr] 
[INFO] [stderr] warning: variable `PA` should have a snake case name
[INFO] [stderr]   --> src/handler.rs:41:21
[INFO] [stderr]    |
[INFO] [stderr] 41 |     fn call(&self, (PA,): (PA,)) -> R {
[INFO] [stderr]    |                     ^^ help: convert the identifier to snake case: `pa`
[INFO] [stderr]    |
[INFO] [stderr]    = note: `#[warn(non_snake_case)]` on by default
[INFO] [stderr] 
[INFO] [stderr] warning: `http-server` (bin "http-server" test) generated 17 warnings
[INFO] [stderr]     Finished test [unoptimized + debuginfo] target(s) in 0.10s
[INFO] [stderr]      Running unittests (/opt/rustwide/target/debug/deps/http_server-560c1755a2782638)
[INFO] [stdout] 
[INFO] [stdout] running 3 tests
[INFO] [stdout] test route::tests::route ... ok
[INFO] [stdout] test resource::tests::resource ... ok
[INFO] [stdout] test app::tests::app ... FAILED
[INFO] [stdout] 
[INFO] [stdout] failures:
[INFO] [stdout] 
[INFO] [stdout] ---- app::tests::app stdout ----
[INFO] [stdout] thread 'app::tests::app' panicked at 'assertion failed: `(left == right)`
[INFO] [stdout]   left: `3`,
[INFO] [stdout]  right: `1`', src/app.rs:91:9
[INFO] [stdout] stack backtrace:
[INFO] [stdout]    0:     0x55e75aa18b70 - std::backtrace_rs::backtrace::libunwind::trace::hff4d1766e93f64f1
[INFO] [stdout]                                at /rustc/53fd98ca776cb875bc9e5514f56b52eb74f9e7a9/library/std/src/../../backtrace/src/backtrace/libunwind.rs:90:5
[INFO] [stdout]    1:     0x55e75aa18b70 - std::backtrace_rs::backtrace::trace_unsynchronized::h56bbc8eb78770bcb
[INFO] [stdout]                                at /rustc/53fd98ca776cb875bc9e5514f56b52eb74f9e7a9/library/std/src/../../backtrace/src/backtrace/mod.rs:66:5
[INFO] [stdout]    2:     0x55e75aa18b70 - std::sys_common::backtrace::_print_fmt::h5c8e75464faca780
[INFO] [stdout]                                at /rustc/53fd98ca776cb875bc9e5514f56b52eb74f9e7a9/library/std/src/sys_common/backtrace.rs:67:5
[INFO] [stdout]    3:     0x55e75aa18b70 - <std::sys_common::backtrace::_print::DisplayBacktrace as core::fmt::Display>::fmt::h48b88277def8b362
[INFO] [stdout]                                at /rustc/53fd98ca776cb875bc9e5514f56b52eb74f9e7a9/library/std/src/sys_common/backtrace.rs:46:22
[INFO] [stdout]    4:     0x55e75aa3b5ec - core::fmt::write::h3381b3176fe2b3d3
[INFO] [stdout]                                at /rustc/53fd98ca776cb875bc9e5514f56b52eb74f9e7a9/library/core/src/fmt/mod.rs:1115:17
[INFO] [stdout]    5:     0x55e75aa157c5 - std::io::Write::write_fmt::h5f34a676f60246b5
[INFO] [stdout]                                at /rustc/53fd98ca776cb875bc9e5514f56b52eb74f9e7a9/library/std/src/io/mod.rs:1665:15
[INFO] [stdout]    6:     0x55e75aa1adab - std::sys_common::backtrace::_print::ha537687d6c17dd0d
[INFO] [stdout]                                at /rustc/53fd98ca776cb875bc9e5514f56b52eb74f9e7a9/library/std/src/sys_common/backtrace.rs:49:5
[INFO] [stdout]    7:     0x55e75aa1adab - std::sys_common::backtrace::print::h61376ae57d131d72
[INFO] [stdout]                                at /rustc/53fd98ca776cb875bc9e5514f56b52eb74f9e7a9/library/std/src/sys_common/backtrace.rs:36:9
[INFO] [stdout]    8:     0x55e75aa1adab - std::panicking::default_hook::{{closure}}::h0f7208c0b9644a54
[INFO] [stdout]                                at /rustc/53fd98ca776cb875bc9e5514f56b52eb74f9e7a9/library/std/src/panicking.rs:208:50
[INFO] [stdout]    9:     0x55e75aa1a8bc - std::panicking::default_hook::hdac7fc06578c14ce
[INFO] [stdout]                                at /rustc/53fd98ca776cb875bc9e5514f56b52eb74f9e7a9/library/std/src/panicking.rs:222:9
[INFO] [stdout]   10:     0x55e75aa1b474 - std::panicking::rust_panic_with_hook::h72b21c283da3d1ef
[INFO] [stdout]                                at /rustc/53fd98ca776cb875bc9e5514f56b52eb74f9e7a9/library/std/src/panicking.rs:622:17
[INFO] [stdout]   11:     0x55e75aa1af57 - std::panicking::begin_panic_handler::{{closure}}::he5778f1729cff84a
[INFO] [stdout]                                at /rustc/53fd98ca776cb875bc9e5514f56b52eb74f9e7a9/library/std/src/panicking.rs:519:13
[INFO] [stdout]   12:     0x55e75aa1904c - std::sys_common::backtrace::__rust_end_short_backtrace::h2d11ca8b453b4b1d
[INFO] [stdout]                                at /rustc/53fd98ca776cb875bc9e5514f56b52eb74f9e7a9/library/std/src/sys_common/backtrace.rs:141:18
[INFO] [stdout]   13:     0x55e75aa1aeb9 - rust_begin_unwind
[INFO] [stdout]                                at /rustc/53fd98ca776cb875bc9e5514f56b52eb74f9e7a9/library/std/src/panicking.rs:515:5
[INFO] [stdout]   14:     0x55e75a7d78d1 - core::panicking::panic_fmt::hf9de31d4acbce4db
[INFO] [stdout]                                at /rustc/53fd98ca776cb875bc9e5514f56b52eb74f9e7a9/library/core/src/panicking.rs:92:14
[INFO] [stdout]   15:     0x55e75aa39ec8 - core::panicking::assert_failed_inner::h62e8cb2847a6e7ec
[INFO] [stdout]   16:     0x55e75a9e916a - core::panicking::assert_failed::hffc634ce869be5e3
[INFO] [stdout]                                at /rustc/53fd98ca776cb875bc9e5514f56b52eb74f9e7a9/library/core/src/panicking.rs:117:5
[INFO] [stdout]   17:     0x55e75a809a55 - http_server::app::tests::app::hbfdb45fc73ed51c0
[INFO] [stdout]                                at /opt/rustwide/workdir/src/app.rs:91:9
[INFO] [stdout]   18:     0x55e75a80991a - http_server::app::tests::app::{{closure}}::h8af6344b7dc9348f
[INFO] [stdout]                                at /opt/rustwide/workdir/src/app.rs:79:5
[INFO] [stdout]   19:     0x55e75a816b5e - core::ops::function::FnOnce::call_once::heb36719fd89e4867
[INFO] [stdout]                                at /rustc/53fd98ca776cb875bc9e5514f56b52eb74f9e7a9/library/core/src/ops/function.rs:227:5
[INFO] [stdout]   20:     0x55e75a84d9f3 - core::ops::function::FnOnce::call_once::hbb52c4519d3137b0
[INFO] [stdout]                                at /rustc/53fd98ca776cb875bc9e5514f56b52eb74f9e7a9/library/core/src/ops/function.rs:227:5
[INFO] [stdout]   21:     0x55e75a84d9f3 - test::__rust_begin_short_backtrace::h86fe3a2a5a5121af
[INFO] [stdout]                                at /rustc/53fd98ca776cb875bc9e5514f56b52eb74f9e7a9/library/test/src/lib.rs:578:5
[INFO] [stdout]   22:     0x55e75a84c4a8 - <alloc::boxed::Box<F,A> as core::ops::function::FnOnce<Args>>::call_once::hfd956bc3d57399be
[INFO] [stdout]                                at /rustc/53fd98ca776cb875bc9e5514f56b52eb74f9e7a9/library/alloc/src/boxed.rs:1572:9
[INFO] [stdout]   23:     0x55e75a84c4a8 - <std::panic::AssertUnwindSafe<F> as core::ops::function::FnOnce<()>>::call_once::h40dc93e0ddb5938a
[INFO] [stdout]                                at /rustc/53fd98ca776cb875bc9e5514f56b52eb74f9e7a9/library/std/src/panic.rs:347:9
[INFO] [stdout]   24:     0x55e75a84c4a8 - std::panicking::try::do_call::h90d07750cb47c562
[INFO] [stdout]                                at /rustc/53fd98ca776cb875bc9e5514f56b52eb74f9e7a9/library/std/src/panicking.rs:401:40
[INFO] [stdout]   25:     0x55e75a84c4a8 - std::panicking::try::h063c84733ad2a629
[INFO] [stdout]                                at /rustc/53fd98ca776cb875bc9e5514f56b52eb74f9e7a9/library/std/src/panicking.rs:365:19
[INFO] [stdout]   26:     0x55e75a84c4a8 - std::panic::catch_unwind::h0c464836a84e7c08
[INFO] [stdout]                                at /rustc/53fd98ca776cb875bc9e5514f56b52eb74f9e7a9/library/std/src/panic.rs:434:14
[INFO] [stdout]   27:     0x55e75a84c4a8 - test::run_test_in_process::h5cb06ef620b157fc
[INFO] [stdout]                                at /rustc/53fd98ca776cb875bc9e5514f56b52eb74f9e7a9/library/test/src/lib.rs:601:18
[INFO] [stdout]   28:     0x55e75a84c4a8 - test::run_test::run_test_inner::{{closure}}::h76f677f4b93f9828
[INFO] [stdout]                                at /rustc/53fd98ca776cb875bc9e5514f56b52eb74f9e7a9/library/test/src/lib.rs:493:39
[INFO] [stdout]   29:     0x55e75a81ac3d - test::run_test::run_test_inner::{{closure}}::h366d01fe04f4d67a
[INFO] [stdout]                                at /rustc/53fd98ca776cb875bc9e5514f56b52eb74f9e7a9/library/test/src/lib.rs:520:37
[INFO] [stdout]   30:     0x55e75a81ac3d - std::sys_common::backtrace::__rust_begin_short_backtrace::h7dfa0de4eb395af2
[INFO] [stdout]                                at /rustc/53fd98ca776cb875bc9e5514f56b52eb74f9e7a9/library/std/src/sys_common/backtrace.rs:125:18
[INFO] [stdout]   31:     0x55e75a81f408 - std::thread::Builder::spawn_unchecked::{{closure}}::{{closure}}::hf0a74bb58798037f
[INFO] [stdout]                                at /rustc/53fd98ca776cb875bc9e5514f56b52eb74f9e7a9/library/std/src/thread/mod.rs:476:17
[INFO] [stdout]   32:     0x55e75a81f408 - <std::panic::AssertUnwindSafe<F> as core::ops::function::FnOnce<()>>::call_once::hb024e854818586ac
[INFO] [stdout]                                at /rustc/53fd98ca776cb875bc9e5514f56b52eb74f9e7a9/library/std/src/panic.rs:347:9
[INFO] [stdout]   33:     0x55e75a81f408 - std::panicking::try::do_call::hb2dd9f1d0d48e41d
[INFO] [stdout]                                at /rustc/53fd98ca776cb875bc9e5514f56b52eb74f9e7a9/library/std/src/panicking.rs:401:40
[INFO] [stdout]   34:     0x55e75a81f408 - std::panicking::try::h4717ae7bac8b2bf3
[INFO] [stdout]                                at /rustc/53fd98ca776cb875bc9e5514f56b52eb74f9e7a9/library/std/src/panicking.rs:365:19
[INFO] [stdout]   35:     0x55e75a81f408 - std::panic::catch_unwind::h0dc8a061326ce8d8
[INFO] [stdout]                                at /rustc/53fd98ca776cb875bc9e5514f56b52eb74f9e7a9/library/std/src/panic.rs:434:14
[INFO] [stdout]   36:     0x55e75a81f408 - std::thread::Builder::spawn_unchecked::{{closure}}::haa369e2d6fd00aa1
[INFO] [stdout]                                at /rustc/53fd98ca776cb875bc9e5514f56b52eb74f9e7a9/library/std/src/thread/mod.rs:475:30
[INFO] [stdout]   37:     0x55e75a81f408 - core::ops::function::FnOnce::call_once{{vtable.shim}}::h36dcf3de8b056f17
[INFO] [stdout]                                at /rustc/53fd98ca776cb875bc9e5514f56b52eb74f9e7a9/library/core/src/ops/function.rs:227:5
[INFO] [stdout]   38:     0x55e75aa20157 - <alloc::boxed::Box<F,A> as core::ops::function::FnOnce<Args>>::call_once::h65c29e4642be2358
[INFO] [stdout]                                at /rustc/53fd98ca776cb875bc9e5514f56b52eb74f9e7a9/library/alloc/src/boxed.rs:1572:9
[INFO] [stdout]   39:     0x55e75aa20157 - <alloc::boxed::Box<F,A> as core::ops::function::FnOnce<Args>>::call_once::hd0f8f7fbbd9fffbf
[INFO] [stdout]                                at /rustc/53fd98ca776cb875bc9e5514f56b52eb74f9e7a9/library/alloc/src/boxed.rs:1572:9
[INFO] [stdout]   40:     0x55e75aa20157 - std::sys::unix::thread::Thread::new::thread_start::h2fd22fee3ca77b65
[INFO] [stdout]                                at /rustc/53fd98ca776cb875bc9e5514f56b52eb74f9e7a9/library/std/src/sys/unix/thread.rs:74:17
[INFO] [stdout]   41:     0x7f3da6bb9609 - start_thread
[INFO] [stdout]   42:     0x7f3da698b293 - clone
[INFO] [stdout]   43:                0x0 - <unknown>
[INFO] [stdout] 
[INFO] [stdout] 
[INFO] [stdout] failures:
[INFO] [stdout]     app::tests::app
[INFO] [stdout] 
[INFO] [stdout] test result: FAILED. 2 passed; 1 failed; 0 ignored; 0 measured; 0 filtered out; finished in 0.03s
[INFO] [stdout] 
[INFO] [stderr] error: test failed, to rerun pass '--bin http-server'
[INFO] running `Command { std: "docker" "inspect" "454362142ebd6a9839557e211529f8b4533a52ad84b833d283264ed67d614fd7", kill_on_drop: false }`
[INFO] running `Command { std: "docker" "rm" "-f" "454362142ebd6a9839557e211529f8b4533a52ad84b833d283264ed67d614fd7", kill_on_drop: false }`
[INFO] [stdout] 454362142ebd6a9839557e211529f8b4533a52ad84b833d283264ed67d614fd7
