[INFO] cloning repository https://github.com/saingsab/bombcampaign-rust
[INFO] running `Command { std: "git" "-c" "credential.helper=" "-c" "credential.helper=/workspace/cargo-home/bin/git-credential-null" "clone" "--bare" "https://github.com/saingsab/bombcampaign-rust" "/workspace/cache/git-repos/https%3A%2F%2Fgithub.com%2Fsaingsab%2Fbombcampaign-rust", kill_on_drop: false }`
[INFO] [stderr] Cloning into bare repository '/workspace/cache/git-repos/https%3A%2F%2Fgithub.com%2Fsaingsab%2Fbombcampaign-rust'...
[INFO] running `Command { std: "git" "rev-parse" "HEAD", kill_on_drop: false }`
[INFO] [stdout] 9a54bc7148e2763d086bc7d12bf0edc80261bf29
[INFO] testing saingsab/bombcampaign-rust against beta-2021-08-01 for beta-1.55-1
[INFO] running `Command { std: "git" "clone" "/workspace/cache/git-repos/https%3A%2F%2Fgithub.com%2Fsaingsab%2Fbombcampaign-rust" "/workspace/builds/worker-11/source", kill_on_drop: false }`
[INFO] [stderr] Cloning into '/workspace/builds/worker-11/source'...
[INFO] [stderr] done.
[INFO] validating manifest of git repo https://github.com/saingsab/bombcampaign-rust on toolchain beta-2021-08-01
[INFO] running `Command { std: "/workspace/cargo-home/bin/cargo" "+beta-2021-08-01" "metadata" "--manifest-path" "Cargo.toml" "--no-deps", kill_on_drop: false }`
[INFO] started tweaking git repo https://github.com/saingsab/bombcampaign-rust
[INFO] finished tweaking git repo https://github.com/saingsab/bombcampaign-rust
[INFO] tweaked toml for git repo https://github.com/saingsab/bombcampaign-rust written to /workspace/builds/worker-11/source/Cargo.toml
[INFO] crate git repo https://github.com/saingsab/bombcampaign-rust already has a lockfile, it will not be regenerated
[INFO] running `Command { std: "/workspace/cargo-home/bin/cargo" "+beta-2021-08-01" "fetch" "--manifest-path" "Cargo.toml", kill_on_drop: false }`
[INFO] running `Command { std: "docker" "create" "-v" "/var/lib/crater-agent-workspace/builds/worker-11/target:/opt/rustwide/target:rw,Z" "-v" "/var/lib/crater-agent-workspace/builds/worker-11/source:/opt/rustwide/workdir:ro,Z" "-v" "/var/lib/crater-agent-workspace/cargo-home:/opt/rustwide/cargo-home:ro,Z" "-v" "/var/lib/crater-agent-workspace/rustup-home:/opt/rustwide/rustup-home:ro,Z" "-e" "SOURCE_DIR=/opt/rustwide/workdir" "-e" "CARGO_TARGET_DIR=/opt/rustwide/target" "-e" "CARGO_HOME=/opt/rustwide/cargo-home" "-e" "RUSTUP_HOME=/opt/rustwide/rustup-home" "-w" "/opt/rustwide/workdir" "-m" "1610612736" "--user" "0:0" "--network" "none" "ghcr.io/rust-lang/crates-build-env/linux@sha256:34b6a614d2c27851fe6cbf88fbd1137609cefab8b10d0615aaeb6fd47975d74e" "/opt/rustwide/cargo-home/bin/cargo" "+beta-2021-08-01" "metadata" "--no-deps" "--format-version=1", kill_on_drop: false }`
[INFO] [stdout] 17fb8f064602935b70520aa627f05e7a636289bb240ea1cbb25411b73788914a
[INFO] running `Command { std: "docker" "start" "-a" "17fb8f064602935b70520aa627f05e7a636289bb240ea1cbb25411b73788914a", kill_on_drop: false }`
[INFO] running `Command { std: "docker" "inspect" "17fb8f064602935b70520aa627f05e7a636289bb240ea1cbb25411b73788914a", kill_on_drop: false }`
[INFO] running `Command { std: "docker" "rm" "-f" "17fb8f064602935b70520aa627f05e7a636289bb240ea1cbb25411b73788914a", kill_on_drop: false }`
[INFO] [stdout] 17fb8f064602935b70520aa627f05e7a636289bb240ea1cbb25411b73788914a
[INFO] running `Command { std: "docker" "create" "-v" "/var/lib/crater-agent-workspace/builds/worker-11/target:/opt/rustwide/target:rw,Z" "-v" "/var/lib/crater-agent-workspace/builds/worker-11/source:/opt/rustwide/workdir:ro,Z" "-v" "/var/lib/crater-agent-workspace/cargo-home:/opt/rustwide/cargo-home:ro,Z" "-v" "/var/lib/crater-agent-workspace/rustup-home:/opt/rustwide/rustup-home:ro,Z" "-e" "SOURCE_DIR=/opt/rustwide/workdir" "-e" "CARGO_TARGET_DIR=/opt/rustwide/target" "-e" "CARGO_INCREMENTAL=0" "-e" "RUST_BACKTRACE=full" "-e" "RUSTFLAGS=--cap-lints=warn" "-e" "CARGO_HOME=/opt/rustwide/cargo-home" "-e" "RUSTUP_HOME=/opt/rustwide/rustup-home" "-w" "/opt/rustwide/workdir" "-m" "1610612736" "--user" "0:0" "--network" "none" "ghcr.io/rust-lang/crates-build-env/linux@sha256:34b6a614d2c27851fe6cbf88fbd1137609cefab8b10d0615aaeb6fd47975d74e" "/opt/rustwide/cargo-home/bin/cargo" "+beta-2021-08-01" "build" "--frozen" "--message-format=json", kill_on_drop: false }`
[INFO] [stdout] c6cd1c7abc1b99c5739fb5235cc53a435d08c3019318e41b249bd3429f75098a
[INFO] running `Command { std: "docker" "start" "-a" "c6cd1c7abc1b99c5739fb5235cc53a435d08c3019318e41b249bd3429f75098a", kill_on_drop: false }`
[INFO] [stderr]    Compiling syn v1.0.56
[INFO] [stderr]    Compiling libc v0.2.81
[INFO] [stderr]    Compiling proc-macro-nested v0.1.6
[INFO] [stderr]    Compiling once_cell v1.5.2
[INFO] [stderr]    Compiling pin-project-internal v0.4.27
[INFO] [stderr]    Compiling futures-io v0.3.8
[INFO] [stderr]    Compiling smallvec v1.5.1
[INFO] [stderr]    Compiling tinyvec_macros v0.1.0
[INFO] [stderr]    Compiling serde_derive v1.0.118
[INFO] [stderr]    Compiling adler v0.2.3
[INFO] [stderr]    Compiling copyless v0.1.5
[INFO] [stderr]    Compiling either v1.6.1
[INFO] [stderr]    Compiling serde v1.0.118
[INFO] [stderr]    Compiling gimli v0.23.0
[INFO] [stderr]    Compiling unicode-segmentation v1.7.1
[INFO] [stderr]    Compiling cc v1.0.66
[INFO] [stderr]    Compiling const_fn v0.4.4
[INFO] [stderr]    Compiling object v0.22.0
[INFO] [stderr]    Compiling rustc-demangle v0.1.18
[INFO] [stderr]    Compiling match_cfg v0.1.0
[INFO] [stderr]    Compiling pin-project-lite v0.2.0
[INFO] [stderr]    Compiling linked-hash-map v0.5.3
[INFO] [stderr]    Compiling encoding_rs v0.8.26
[INFO] [stderr]    Compiling serde_json v1.0.60
[INFO] [stderr]    Compiling base64 v0.13.0
[INFO] [stderr]    Compiling futures-channel v0.3.8
[INFO] [stderr]    Compiling instant v0.1.9
[INFO] [stderr]    Compiling lock_api v0.4.2
[INFO] [stderr]    Compiling miniz_oxide v0.4.3
[INFO] [stderr]    Compiling standback v0.2.13
[INFO] [stderr]    Compiling indexmap v1.6.1
[INFO] [stderr]    Compiling time v0.2.23
[INFO] [stderr]    Compiling cookie v0.14.3
[INFO] [stderr]    Compiling bytestring v0.1.5
[INFO] [stderr]    Compiling form_urlencoded v1.0.0
[INFO] [stderr]    Compiling http v0.2.2
[INFO] [stderr]    Compiling tinyvec v1.1.0
[INFO] [stderr]    Compiling tracing v0.1.22
[INFO] [stderr]    Compiling fxhash v0.2.1
[INFO] [stderr]    Compiling futures-task v0.3.8
[INFO] [stderr]    Compiling lru-cache v0.1.2
[INFO] [stderr]    Compiling sha-1 v0.9.2
[INFO] [stderr]    Compiling heck v0.3.2
[INFO] [stderr]    Compiling unicode-normalization v0.1.16
[INFO] [stderr]    Compiling brotli-sys v0.3.2
[INFO] [stderr]    Compiling iovec v0.1.4
[INFO] [stderr]    Compiling net2 v0.2.37
[INFO] [stderr]    Compiling signal-hook-registry v1.3.0
[INFO] [stderr]    Compiling num_cpus v1.13.0
[INFO] [stderr]    Compiling parking_lot_core v0.8.2
[INFO] [stderr]    Compiling getrandom v0.1.15
[INFO] [stderr]    Compiling hostname v0.3.1
[INFO] [stderr]    Compiling socket2 v0.3.19
[INFO] [stderr]    Compiling flate2 v1.0.19
[INFO] [stderr]    Compiling resolv-conf v0.7.0
[INFO] [stderr]    Compiling rand_core v0.5.1
[INFO] [stderr]    Compiling threadpool v1.8.1
[INFO] [stderr]    Compiling parking_lot v0.11.1
[INFO] [stderr]    Compiling idna v0.2.0
[INFO] [stderr]    Compiling rand_chacha v0.2.2
[INFO] [stderr]    Compiling mio v0.6.23
[INFO] [stderr]    Compiling rand v0.7.3
[INFO] [stderr]    Compiling addr2line v0.14.0
[INFO] [stderr]    Compiling mio-uds v0.6.8
[INFO] [stderr]    Compiling url v2.2.0
[INFO] [stderr]    Compiling backtrace v0.3.55
[INFO] [stderr]    Compiling tokio v0.2.24
[INFO] [stderr]    Compiling brotli2 v0.3.2
[INFO] [stderr]    Compiling tokio-util v0.3.1
[INFO] [stderr]    Compiling pin-project-internal v1.0.2
[INFO] [stderr]    Compiling futures-macro v0.3.8
[INFO] [stderr]    Compiling derive_more v0.99.11
[INFO] [stderr]    Compiling actix-macros v0.1.3
[INFO] [stderr]    Compiling thiserror-impl v1.0.23
[INFO] [stderr]    Compiling async-trait v0.1.42
[INFO] [stderr]    Compiling time-macros-impl v0.1.1
[INFO] [stderr]    Compiling enum-as-inner v0.3.3
[INFO] [stderr]    Compiling actix-web-codegen v0.4.0
[INFO] [stderr]    Compiling time-macros v0.1.1
[INFO] [stderr]    Compiling thiserror v1.0.23
[INFO] [stderr]    Compiling pin-project v0.4.27
[INFO] [stderr]    Compiling actix-codec v0.3.0
[INFO] [stderr]    Compiling tracing-futures v0.2.4
[INFO] [stderr]    Compiling pin-project v1.0.2
[INFO] [stderr]    Compiling futures-util v0.3.8
[INFO] [stderr]    Compiling actix-threadpool v0.3.3
[INFO] [stderr]    Compiling actix-service v1.0.6
[INFO] [stderr]    Compiling actix-rt v1.1.1
[INFO] [stderr]    Compiling futures v0.3.8
[INFO] [stderr]    Compiling h2 v0.2.7
[INFO] [stderr]    Compiling trust-dns-proto v0.19.6
[INFO] [stderr]    Compiling actix-utils v2.0.0
[INFO] [stderr]    Compiling actix-server v1.0.4
[INFO] [stderr]    Compiling actix-tls v2.0.0
[INFO] [stderr]    Compiling serde_urlencoded v0.7.0
[INFO] [stderr]    Compiling actix-router v0.2.5
[INFO] [stderr]    Compiling actix-testing v1.0.1
[INFO] [stderr]    Compiling trust-dns-resolver v0.19.6
[INFO] [stderr]    Compiling actix-connect v2.0.0
[INFO] [stderr]    Compiling actix-http v2.2.0
[INFO] [stderr]    Compiling awc v2.0.3
[INFO] [stderr]    Compiling actix-web v3.3.2
[INFO] [stderr]    Compiling bombcampaign-rust v0.1.0 (/opt/rustwide/workdir)
[INFO] [stderr]     Finished dev [unoptimized + debuginfo] target(s) in 1m 45s
[INFO] running `Command { std: "docker" "inspect" "c6cd1c7abc1b99c5739fb5235cc53a435d08c3019318e41b249bd3429f75098a", kill_on_drop: false }`
[INFO] running `Command { std: "docker" "rm" "-f" "c6cd1c7abc1b99c5739fb5235cc53a435d08c3019318e41b249bd3429f75098a", kill_on_drop: false }`
[INFO] [stdout] c6cd1c7abc1b99c5739fb5235cc53a435d08c3019318e41b249bd3429f75098a
[INFO] running `Command { std: "docker" "create" "-v" "/var/lib/crater-agent-workspace/builds/worker-11/target:/opt/rustwide/target:rw,Z" "-v" "/var/lib/crater-agent-workspace/builds/worker-11/source:/opt/rustwide/workdir:ro,Z" "-v" "/var/lib/crater-agent-workspace/cargo-home:/opt/rustwide/cargo-home:ro,Z" "-v" "/var/lib/crater-agent-workspace/rustup-home:/opt/rustwide/rustup-home:ro,Z" "-e" "SOURCE_DIR=/opt/rustwide/workdir" "-e" "CARGO_TARGET_DIR=/opt/rustwide/target" "-e" "CARGO_INCREMENTAL=0" "-e" "RUST_BACKTRACE=full" "-e" "RUSTFLAGS=--cap-lints=warn" "-e" "CARGO_HOME=/opt/rustwide/cargo-home" "-e" "RUSTUP_HOME=/opt/rustwide/rustup-home" "-w" "/opt/rustwide/workdir" "-m" "1610612736" "--user" "0:0" "--network" "none" "ghcr.io/rust-lang/crates-build-env/linux@sha256:34b6a614d2c27851fe6cbf88fbd1137609cefab8b10d0615aaeb6fd47975d74e" "/opt/rustwide/cargo-home/bin/cargo" "+beta-2021-08-01" "test" "--frozen" "--no-run" "--message-format=json", kill_on_drop: false }`
[INFO] [stdout] d5cbb79023a7c7a01f27e366314d1316222ad7493943109d8c71253e237550e9
[INFO] running `Command { std: "docker" "start" "-a" "d5cbb79023a7c7a01f27e366314d1316222ad7493943109d8c71253e237550e9", kill_on_drop: false }`
[INFO] [stderr]    Compiling openssl v0.10.32
[INFO] [stderr]    Compiling native-tls v0.2.6
[INFO] [stderr]    Compiling openssl-sys v0.9.60
[INFO] [stderr]    Compiling http-body v0.3.1
[INFO] [stderr]    Compiling hyper v0.13.9
[INFO] [stderr]    Compiling tokio-tls v0.3.1
[INFO] [stderr]    Compiling hyper-tls v0.4.3
[INFO] [stderr]    Compiling reqwest v0.10.10
[INFO] [stderr]    Compiling bombcampaign-rust v0.1.0 (/opt/rustwide/workdir)
[INFO] [stderr]     Finished test [unoptimized + debuginfo] target(s) in 22.34s
[INFO] running `Command { std: "docker" "inspect" "d5cbb79023a7c7a01f27e366314d1316222ad7493943109d8c71253e237550e9", kill_on_drop: false }`
[INFO] running `Command { std: "docker" "rm" "-f" "d5cbb79023a7c7a01f27e366314d1316222ad7493943109d8c71253e237550e9", kill_on_drop: false }`
[INFO] [stdout] d5cbb79023a7c7a01f27e366314d1316222ad7493943109d8c71253e237550e9
[INFO] running `Command { std: "docker" "create" "-v" "/var/lib/crater-agent-workspace/builds/worker-11/target:/opt/rustwide/target:rw,Z" "-v" "/var/lib/crater-agent-workspace/builds/worker-11/source:/opt/rustwide/workdir:ro,Z" "-v" "/var/lib/crater-agent-workspace/cargo-home:/opt/rustwide/cargo-home:ro,Z" "-v" "/var/lib/crater-agent-workspace/rustup-home:/opt/rustwide/rustup-home:ro,Z" "-e" "SOURCE_DIR=/opt/rustwide/workdir" "-e" "CARGO_TARGET_DIR=/opt/rustwide/target" "-e" "CARGO_INCREMENTAL=0" "-e" "RUST_BACKTRACE=full" "-e" "RUSTFLAGS=--cap-lints=warn" "-e" "CARGO_HOME=/opt/rustwide/cargo-home" "-e" "RUSTUP_HOME=/opt/rustwide/rustup-home" "-w" "/opt/rustwide/workdir" "-m" "1610612736" "--user" "0:0" "--network" "none" "ghcr.io/rust-lang/crates-build-env/linux@sha256:34b6a614d2c27851fe6cbf88fbd1137609cefab8b10d0615aaeb6fd47975d74e" "/opt/rustwide/cargo-home/bin/cargo" "+beta-2021-08-01" "test" "--frozen", kill_on_drop: false }`
[INFO] [stdout] 7e3950cb6b7264e93081fc3d9fdedf6086c56bdb1616bcc3c0d0b239b0e22074
[INFO] running `Command { std: "docker" "start" "-a" "7e3950cb6b7264e93081fc3d9fdedf6086c56bdb1616bcc3c0d0b239b0e22074", kill_on_drop: false }`
[INFO] [stderr]     Finished test [unoptimized + debuginfo] target(s) in 0.15s
[INFO] [stderr]      Running unittests (/opt/rustwide/target/debug/deps/bombcampaign_rust-492f4adcfed0ae26)
[INFO] [stdout] 
[INFO] [stderr]      Running unittests (/opt/rustwide/target/debug/deps/bombcampaign_rust-dece36e136f73a02)
[INFO] [stdout] running 0 tests
[INFO] [stderr]      Running tests/health_check.rs (/opt/rustwide/target/debug/deps/health_check-088e1e341257ca73)
[INFO] [stdout] 
[INFO] [stdout] test result: ok. 0 passed; 0 failed; 0 ignored; 0 measured; 0 filtered out; finished in 0.00s
[INFO] [stdout] 
[INFO] [stdout] 
[INFO] [stdout] running 0 tests
[INFO] [stdout] 
[INFO] [stdout] test result: ok. 0 passed; 0 failed; 0 ignored; 0 measured; 0 filtered out; finished in 0.00s
[INFO] [stdout] 
[INFO] [stdout] 
[INFO] [stdout] running 3 tests
[INFO] [stdout] test health_check_works ... ok
[INFO] [stdout] test subscribe_returns_a_200_for_valid_form_data ... FAILED
[INFO] [stdout] test subscribe_returns_a_400_when_data_is_missing ... FAILED
[INFO] [stdout] 
[INFO] [stdout] failures:
[INFO] [stdout] 
[INFO] [stdout] ---- subscribe_returns_a_200_for_valid_form_data stdout ----
[INFO] [stdout] thread 'subscribe_returns_a_200_for_valid_form_data' panicked at 'assertion failed: `(left == right)`
[INFO] [stdout]   left: `200`,
[INFO] [stdout]  right: `404`', tests/health_check.rs:47:5
[INFO] [stdout] stack backtrace:
[INFO] [stdout]    0:     0x55a949ad1210 - std::backtrace_rs::backtrace::libunwind::trace::hff4d1766e93f64f1
[INFO] [stdout]                                at /rustc/53fd98ca776cb875bc9e5514f56b52eb74f9e7a9/library/std/src/../../backtrace/src/backtrace/libunwind.rs:90:5
[INFO] [stdout]    1:     0x55a949ad1210 - std::backtrace_rs::backtrace::trace_unsynchronized::h56bbc8eb78770bcb
[INFO] [stdout]                                at /rustc/53fd98ca776cb875bc9e5514f56b52eb74f9e7a9/library/std/src/../../backtrace/src/backtrace/mod.rs:66:5
[INFO] [stdout]    2:     0x55a949ad1210 - std::sys_common::backtrace::_print_fmt::h5c8e75464faca780
[INFO] [stdout]                                at /rustc/53fd98ca776cb875bc9e5514f56b52eb74f9e7a9/library/std/src/sys_common/backtrace.rs:67:5
[INFO] [stdout]    3:     0x55a949ad1210 - <std::sys_common::backtrace::_print::DisplayBacktrace as core::fmt::Display>::fmt::h48b88277def8b362
[INFO] [stdout]                                at /rustc/53fd98ca776cb875bc9e5514f56b52eb74f9e7a9/library/std/src/sys_common/backtrace.rs:46:22
[INFO] [stdout]    4:     0x55a949af4b7c - core::fmt::write::h3381b3176fe2b3d3
[INFO] [stdout]                                at /rustc/53fd98ca776cb875bc9e5514f56b52eb74f9e7a9/library/core/src/fmt/mod.rs:1115:17
[INFO] [stdout]    5:     0x55a949ac9b85 - std::io::Write::write_fmt::h5f34a676f60246b5
[INFO] [stdout]                                at /rustc/53fd98ca776cb875bc9e5514f56b52eb74f9e7a9/library/std/src/io/mod.rs:1665:15
[INFO] [stdout]    6:     0x55a949ad33fb - std::sys_common::backtrace::_print::ha537687d6c17dd0d
[INFO] [stdout]                                at /rustc/53fd98ca776cb875bc9e5514f56b52eb74f9e7a9/library/std/src/sys_common/backtrace.rs:49:5
[INFO] [stdout]    7:     0x55a949ad33fb - std::sys_common::backtrace::print::h61376ae57d131d72
[INFO] [stdout]                                at /rustc/53fd98ca776cb875bc9e5514f56b52eb74f9e7a9/library/std/src/sys_common/backtrace.rs:36:9
[INFO] [stdout]    8:     0x55a949ad33fb - std::panicking::default_hook::{{closure}}::h0f7208c0b9644a54
[INFO] [stdout]                                at /rustc/53fd98ca776cb875bc9e5514f56b52eb74f9e7a9/library/std/src/panicking.rs:208:50
[INFO] [stdout]    9:     0x55a949ad2f0c - std::panicking::default_hook::hdac7fc06578c14ce
[INFO] [stdout]                                at /rustc/53fd98ca776cb875bc9e5514f56b52eb74f9e7a9/library/std/src/panicking.rs:222:9
[INFO] [stdout]   10:     0x55a949ad3ac4 - std::panicking::rust_panic_with_hook::h72b21c283da3d1ef
[INFO] [stdout]                                at /rustc/53fd98ca776cb875bc9e5514f56b52eb74f9e7a9/library/std/src/panicking.rs:622:17
[INFO] [stdout]   11:     0x55a949ad35a7 - std::panicking::begin_panic_handler::{{closure}}::he5778f1729cff84a
[INFO] [stdout]                                at /rustc/53fd98ca776cb875bc9e5514f56b52eb74f9e7a9/library/std/src/panicking.rs:519:13
[INFO] [stdout]   12:     0x55a949ad16ec - std::sys_common::backtrace::__rust_end_short_backtrace::h2d11ca8b453b4b1d
[INFO] [stdout]                                at /rustc/53fd98ca776cb875bc9e5514f56b52eb74f9e7a9/library/std/src/sys_common/backtrace.rs:141:18
[INFO] [stdout]   13:     0x55a949ad3509 - rust_begin_unwind
[INFO] [stdout]                                at /rustc/53fd98ca776cb875bc9e5514f56b52eb74f9e7a9/library/std/src/panicking.rs:515:5
[INFO] [stdout]   14:     0x55a9491f9a91 - core::panicking::panic_fmt::hf9de31d4acbce4db
[INFO] [stdout]                                at /rustc/53fd98ca776cb875bc9e5514f56b52eb74f9e7a9/library/core/src/panicking.rs:92:14
[INFO] [stdout]   15:     0x55a949af3458 - core::panicking::assert_failed_inner::h62e8cb2847a6e7ec
[INFO] [stdout]   16:     0x55a94981feba - core::panicking::assert_failed::h0547ea53313ed1a5
[INFO] [stdout]                                at /rustc/53fd98ca776cb875bc9e5514f56b52eb74f9e7a9/library/core/src/panicking.rs:117:5
[INFO] [stdout]   17:     0x55a94920e71b - health_check::subscribe_returns_a_200_for_valid_form_data::{{closure}}::hea1e2aea0a1d266a
[INFO] [stdout]                                at /opt/rustwide/workdir/tests/health_check.rs:47:5
[INFO] [stdout]   18:     0x55a9491fd6db - <core::future::from_generator::GenFuture<T> as core::future::future::Future>::poll::h9ce949c54549289a
[INFO] [stdout]                                at /rustc/53fd98ca776cb875bc9e5514f56b52eb74f9e7a9/library/core/src/future/mod.rs:80:19
[INFO] [stdout]   19:     0x55a949203856 - <tokio::task::local::RunUntil<T> as core::future::future::Future>::poll::{{closure}}::{{closure}}::hc3e7fd6abca5896a
[INFO] [stdout]                                at /opt/rustwide/cargo-home/registry/src/github.com-1ecc6299db9ec823/tokio-0.2.24/src/task/local.rs:528:65
[INFO] [stdout]   20:     0x55a94920b3fc - tokio::coop::with_budget::{{closure}}::hf6e56a1743f41634
[INFO] [stdout]                                at /opt/rustwide/cargo-home/registry/src/github.com-1ecc6299db9ec823/tokio-0.2.24/src/coop.rs:127:9
[INFO] [stdout]   21:     0x55a9491fb3a1 - std::thread::local::LocalKey<T>::try_with::h5576622d9978148d
[INFO] [stdout]                                at /rustc/53fd98ca776cb875bc9e5514f56b52eb74f9e7a9/library/std/src/thread/local.rs:399:16
[INFO] [stdout]   22:     0x55a9491fa4dd - std::thread::local::LocalKey<T>::with::h1cf6cf247f73d1a2
[INFO] [stdout]                                at /rustc/53fd98ca776cb875bc9e5514f56b52eb74f9e7a9/library/std/src/thread/local.rs:375:9
[INFO] [stdout]   23:     0x55a9492031fb - tokio::coop::with_budget::hdc492f1c76b9a4a4
[INFO] [stdout]                                at /opt/rustwide/cargo-home/registry/src/github.com-1ecc6299db9ec823/tokio-0.2.24/src/coop.rs:120:5
[INFO] [stdout]   24:     0x55a9492031fb - tokio::coop::budget::h73732b33b96481b7
[INFO] [stdout]                                at /opt/rustwide/cargo-home/registry/src/github.com-1ecc6299db9ec823/tokio-0.2.24/src/coop.rs:96:5
[INFO] [stdout]   25:     0x55a9492031fb - <tokio::task::local::RunUntil<T> as core::future::future::Future>::poll::{{closure}}::h0df6d058abd49a08
[INFO] [stdout]                                at /opt/rustwide/cargo-home/registry/src/github.com-1ecc6299db9ec823/tokio-0.2.24/src/task/local.rs:528:42
[INFO] [stdout]   26:     0x55a9491fcc8d - tokio::macros::scoped_tls::ScopedKey<T>::set::h1b9e012dc7c839d2
[INFO] [stdout]                                at /opt/rustwide/cargo-home/registry/src/github.com-1ecc6299db9ec823/tokio-0.2.24/src/macros/scoped_tls.rs:63:9
[INFO] [stdout]   27:     0x55a94920216a - tokio::task::local::LocalSet::with::h337c917008385534
[INFO] [stdout]                                at /opt/rustwide/cargo-home/registry/src/github.com-1ecc6299db9ec823/tokio-0.2.24/src/task/local.rs:442:9
[INFO] [stdout]   28:     0x55a949203032 - <tokio::task::local::RunUntil<T> as core::future::future::Future>::poll::h2c435d83d7ee7b2f
[INFO] [stdout]                                at /opt/rustwide/cargo-home/registry/src/github.com-1ecc6299db9ec823/tokio-0.2.24/src/task/local.rs:518:9
[INFO] [stdout]   29:     0x55a949202aad - tokio::task::local::LocalSet::run_until::{{closure}}::hf41ad7e51fc01ecf
[INFO] [stdout]                                at /opt/rustwide/cargo-home/registry/src/github.com-1ecc6299db9ec823/tokio-0.2.24/src/task/local.rs:392:9
[INFO] [stdout]   30:     0x55a9491fd76b - <core::future::from_generator::GenFuture<T> as core::future::future::Future>::poll::hb1a4956a5e400197
[INFO] [stdout]                                at /rustc/53fd98ca776cb875bc9e5514f56b52eb74f9e7a9/library/core/src/future/mod.rs:80:19
[INFO] [stdout]   31:     0x55a949208060 - tokio::runtime::basic_scheduler::BasicScheduler<P>::block_on::{{closure}}::{{closure}}::hcb0864ac33744b52
[INFO] [stdout]                                at /opt/rustwide/cargo-home/registry/src/github.com-1ecc6299db9ec823/tokio-0.2.24/src/runtime/basic_scheduler.rs:131:58
[INFO] [stdout]   32:     0x55a94920b2cc - tokio::coop::with_budget::{{closure}}::hf56f13089b0c0a94
[INFO] [stdout]                                at /opt/rustwide/cargo-home/registry/src/github.com-1ecc6299db9ec823/tokio-0.2.24/src/coop.rs:127:9
[INFO] [stdout]   33:     0x55a9491fb9d1 - std::thread::local::LocalKey<T>::try_with::h9ecedc1c1c173343
[INFO] [stdout]                                at /rustc/53fd98ca776cb875bc9e5514f56b52eb74f9e7a9/library/std/src/thread/local.rs:399:16
[INFO] [stdout]   34:     0x55a9491faa4d - std::thread::local::LocalKey<T>::with::hd36a649ef5e0a7e5
[INFO] [stdout]                                at /rustc/53fd98ca776cb875bc9e5514f56b52eb74f9e7a9/library/std/src/thread/local.rs:375:9
[INFO] [stdout]   35:     0x55a949206f9b - tokio::coop::with_budget::h9efe485052237a38
[INFO] [stdout]                                at /opt/rustwide/cargo-home/registry/src/github.com-1ecc6299db9ec823/tokio-0.2.24/src/coop.rs:120:5
[INFO] [stdout]   36:     0x55a949206f9b - tokio::coop::budget::h7a1041664dc55844
[INFO] [stdout]                                at /opt/rustwide/cargo-home/registry/src/github.com-1ecc6299db9ec823/tokio-0.2.24/src/coop.rs:96:5
[INFO] [stdout]   37:     0x55a949206f9b - tokio::runtime::basic_scheduler::BasicScheduler<P>::block_on::{{closure}}::h82b701366a03e18b
[INFO] [stdout]                                at /opt/rustwide/cargo-home/registry/src/github.com-1ecc6299db9ec823/tokio-0.2.24/src/runtime/basic_scheduler.rs:131:35
[INFO] [stdout]   38:     0x55a949208ca1 - tokio::runtime::basic_scheduler::enter::{{closure}}::h79083bee21c39a96
[INFO] [stdout]                                at /opt/rustwide/cargo-home/registry/src/github.com-1ecc6299db9ec823/tokio-0.2.24/src/runtime/basic_scheduler.rs:213:29
[INFO] [stdout]   39:     0x55a9491fcea0 - tokio::macros::scoped_tls::ScopedKey<T>::set::h3cc53f676d039b9f
[INFO] [stdout]                                at /opt/rustwide/cargo-home/registry/src/github.com-1ecc6299db9ec823/tokio-0.2.24/src/macros/scoped_tls.rs:63:9
[INFO] [stdout]   40:     0x55a9492087fe - tokio::runtime::basic_scheduler::enter::hcf8a2274231f20be
[INFO] [stdout]                                at /opt/rustwide/cargo-home/registry/src/github.com-1ecc6299db9ec823/tokio-0.2.24/src/runtime/basic_scheduler.rs:213:5
[INFO] [stdout]   41:     0x55a949206460 - tokio::runtime::basic_scheduler::BasicScheduler<P>::block_on::ha6ecaa6f129597ae
[INFO] [stdout]                                at /opt/rustwide/cargo-home/registry/src/github.com-1ecc6299db9ec823/tokio-0.2.24/src/runtime/basic_scheduler.rs:123:9
[INFO] [stdout]   42:     0x55a94920d672 - tokio::runtime::Runtime::block_on::{{closure}}::h6edba39598b811f7
[INFO] [stdout]                                at /opt/rustwide/cargo-home/registry/src/github.com-1ecc6299db9ec823/tokio-0.2.24/src/runtime/mod.rs:444:34
[INFO] [stdout]   43:     0x55a9491fe2e2 - tokio::runtime::context::enter::h369ffd26113054bb
[INFO] [stdout]                                at /opt/rustwide/cargo-home/registry/src/github.com-1ecc6299db9ec823/tokio-0.2.24/src/runtime/context.rs:72:5
[INFO] [stdout]   44:     0x55a94920481a - tokio::runtime::handle::Handle::enter::h55c8191d367de83f
[INFO] [stdout]                                at /opt/rustwide/cargo-home/registry/src/github.com-1ecc6299db9ec823/tokio-0.2.24/src/runtime/handle.rs:76:9
[INFO] [stdout]   45:     0x55a94920d44d - tokio::runtime::Runtime::block_on::h4566df5afc389ce7
[INFO] [stdout]                                at /opt/rustwide/cargo-home/registry/src/github.com-1ecc6299db9ec823/tokio-0.2.24/src/runtime/mod.rs:441:9
[INFO] [stdout]   46:     0x55a949202314 - tokio::task::local::LocalSet::block_on::he23e4fce7840ca35
[INFO] [stdout]                                at /opt/rustwide/cargo-home/registry/src/github.com-1ecc6299db9ec823/tokio-0.2.24/src/task/local.rs:353:9
[INFO] [stdout]   47:     0x55a9491fd4b3 - actix_rt::runtime::Runtime::block_on::h51016ada885af109
[INFO] [stdout]                                at /opt/rustwide/cargo-home/registry/src/github.com-1ecc6299db9ec823/actix-rt-1.1.1/src/runtime.rs:89:9
[INFO] [stdout]   48:     0x55a94920a122 - actix_rt::builder::SystemRunner::block_on::h35413e34a5197d9a
[INFO] [stdout]                                at /opt/rustwide/cargo-home/registry/src/github.com-1ecc6299db9ec823/actix-rt-1.1.1/src/builder.rs:187:19
[INFO] [stdout]   49:     0x55a94920e12e - health_check::subscribe_returns_a_200_for_valid_form_data::h04c043c6046ab0c8
[INFO] [stdout]                                at /opt/rustwide/workdir/tests/health_check.rs:33:1
[INFO] [stdout]   50:     0x55a94920e0ca - health_check::subscribe_returns_a_200_for_valid_form_data::{{closure}}::h2e8118299137341e
[INFO] [stdout]                                at /opt/rustwide/workdir/tests/health_check.rs:33:1
[INFO] [stdout]   51:     0x55a9491fec8e - core::ops::function::FnOnce::call_once::h5ff9377eeced07d4
[INFO] [stdout]                                at /rustc/53fd98ca776cb875bc9e5514f56b52eb74f9e7a9/library/core/src/ops/function.rs:227:5
[INFO] [stdout]   52:     0x55a94946a2e3 - core::ops::function::FnOnce::call_once::hbb52c4519d3137b0
[INFO] [stdout]                                at /rustc/53fd98ca776cb875bc9e5514f56b52eb74f9e7a9/library/core/src/ops/function.rs:227:5
[INFO] [stdout]   53:     0x55a94946a2e3 - test::__rust_begin_short_backtrace::h86fe3a2a5a5121af
[INFO] [stdout]                                at /rustc/53fd98ca776cb875bc9e5514f56b52eb74f9e7a9/library/test/src/lib.rs:578:5
[INFO] [stdout]   54:     0x55a949468d98 - <alloc::boxed::Box<F,A> as core::ops::function::FnOnce<Args>>::call_once::hfd956bc3d57399be
[INFO] [stdout]                                at /rustc/53fd98ca776cb875bc9e5514f56b52eb74f9e7a9/library/alloc/src/boxed.rs:1572:9
[INFO] [stdout]   55:     0x55a949468d98 - <std::panic::AssertUnwindSafe<F> as core::ops::function::FnOnce<()>>::call_once::h40dc93e0ddb5938a
[INFO] [stdout]                                at /rustc/53fd98ca776cb875bc9e5514f56b52eb74f9e7a9/library/std/src/panic.rs:347:9
[INFO] [stdout]   56:     0x55a949468d98 - std::panicking::try::do_call::h90d07750cb47c562
[INFO] [stdout]                                at /rustc/53fd98ca776cb875bc9e5514f56b52eb74f9e7a9/library/std/src/panicking.rs:401:40
[INFO] [stdout]   57:     0x55a949468d98 - std::panicking::try::h063c84733ad2a629
[INFO] [stdout]                                at /rustc/53fd98ca776cb875bc9e5514f56b52eb74f9e7a9/library/std/src/panicking.rs:365:19
[INFO] [stdout]   58:     0x55a949468d98 - std::panic::catch_unwind::h0c464836a84e7c08
[INFO] [stdout]                                at /rustc/53fd98ca776cb875bc9e5514f56b52eb74f9e7a9/library/std/src/panic.rs:434:14
[INFO] [stdout]   59:     0x55a949468d98 - test::run_test_in_process::h5cb06ef620b157fc
[INFO] [stdout]                                at /rustc/53fd98ca776cb875bc9e5514f56b52eb74f9e7a9/library/test/src/lib.rs:601:18
[INFO] [stdout]   60:     0x55a949468d98 - test::run_test::run_test_inner::{{closure}}::h76f677f4b93f9828
[INFO] [stdout]                                at /rustc/53fd98ca776cb875bc9e5514f56b52eb74f9e7a9/library/test/src/lib.rs:493:39
[INFO] [stdout]   61:     0x55a94943752d - test::run_test::run_test_inner::{{closure}}::h366d01fe04f4d67a
[INFO] [stdout]                                at /rustc/53fd98ca776cb875bc9e5514f56b52eb74f9e7a9/library/test/src/lib.rs:520:37
[INFO] [stdout]   62:     0x55a94943752d - std::sys_common::backtrace::__rust_begin_short_backtrace::h7dfa0de4eb395af2
[INFO] [stdout]                                at /rustc/53fd98ca776cb875bc9e5514f56b52eb74f9e7a9/library/std/src/sys_common/backtrace.rs:125:18
[INFO] [stdout]   63:     0x55a94943bcf8 - std::thread::Builder::spawn_unchecked::{{closure}}::{{closure}}::hf0a74bb58798037f
[INFO] [stdout]                                at /rustc/53fd98ca776cb875bc9e5514f56b52eb74f9e7a9/library/std/src/thread/mod.rs:476:17
[INFO] [stdout]   64:     0x55a94943bcf8 - <std::panic::AssertUnwindSafe<F> as core::ops::function::FnOnce<()>>::call_once::hb024e854818586ac
[INFO] [stdout]                                at /rustc/53fd98ca776cb875bc9e5514f56b52eb74f9e7a9/library/std/src/panic.rs:347:9
[INFO] [stdout]   65:     0x55a94943bcf8 - std::panicking::try::do_call::hb2dd9f1d0d48e41d
[INFO] [stdout]                                at /rustc/53fd98ca776cb875bc9e5514f56b52eb74f9e7a9/library/std/src/panicking.rs:401:40
[INFO] [stdout]   66:     0x55a94943bcf8 - std::panicking::try::h4717ae7bac8b2bf3
[INFO] [stdout]                                at /rustc/53fd98ca776cb875bc9e5514f56b52eb74f9e7a9/library/std/src/panicking.rs:365:19
[INFO] [stdout]   67:     0x55a94943bcf8 - std::panic::catch_unwind::h0dc8a061326ce8d8
[INFO] [stdout]                                at /rustc/53fd98ca776cb875bc9e5514f56b52eb74f9e7a9/library/std/src/panic.rs:434:14
[INFO] [stdout]   68:     0x55a94943bcf8 - std::thread::Builder::spawn_unchecked::{{closure}}::haa369e2d6fd00aa1
[INFO] [stdout]                                at /rustc/53fd98ca776cb875bc9e5514f56b52eb74f9e7a9/library/std/src/thread/mod.rs:475:30
[INFO] [stdout]   69:     0x55a94943bcf8 - core::ops::function::FnOnce::call_once{{vtable.shim}}::h36dcf3de8b056f17
[INFO] [stdout]                                at /rustc/53fd98ca776cb875bc9e5514f56b52eb74f9e7a9/library/core/src/ops/function.rs:227:5
[INFO] [stdout]   70:     0x55a949ad92b7 - <alloc::boxed::Box<F,A> as core::ops::function::FnOnce<Args>>::call_once::h65c29e4642be2358
[INFO] [stdout]                                at /rustc/53fd98ca776cb875bc9e5514f56b52eb74f9e7a9/library/alloc/src/boxed.rs:1572:9
[INFO] [stdout]   71:     0x55a949ad92b7 - <alloc::boxed::Box<F,A> as core::ops::function::FnOnce<Args>>::call_once::hd0f8f7fbbd9fffbf
[INFO] [stdout]                                at /rustc/53fd98ca776cb875bc9e5514f56b52eb74f9e7a9/library/alloc/src/boxed.rs:1572:9
[INFO] [stdout]   72:     0x55a949ad92b7 - std::sys::unix::thread::Thread::new::thread_start::h2fd22fee3ca77b65
[INFO] [stdout]                                at /rustc/53fd98ca776cb875bc9e5514f56b52eb74f9e7a9/library/std/src/sys/unix/thread.rs:74:17
[INFO] [stdout]   73:     0x7f3bfad48609 - start_thread
[INFO] [stdout]   74:     0x7f3bfab18293 - clone
[INFO] [stdout]   75:                0x0 - <unknown>
[INFO] [stdout] Panic in Arbiter thread.
[INFO] [stdout] 
[INFO] [stdout] ---- subscribe_returns_a_400_when_data_is_missing stdout ----
[INFO] [stdout] thread 'subscribe_returns_a_400_when_data_is_missing' panicked at 'assertion failed: `(left == right)`
[INFO] [stdout]   left: `400`,
[INFO] [stdout]  right: `404`: The API did not fail with 400 Bad Request when the payload was missing the email.', tests/health_check.rs:72:9
[INFO] [stdout] stack backtrace:
[INFO] [stdout]    0:     0x55a949ad1210 - std::backtrace_rs::backtrace::libunwind::trace::hff4d1766e93f64f1
[INFO] [stdout]                                at /rustc/53fd98ca776cb875bc9e5514f56b52eb74f9e7a9/library/std/src/../../backtrace/src/backtrace/libunwind.rs:90:5
[INFO] [stdout]    1:     0x55a949ad1210 - std::backtrace_rs::backtrace::trace_unsynchronized::h56bbc8eb78770bcb
[INFO] [stdout]                                at /rustc/53fd98ca776cb875bc9e5514f56b52eb74f9e7a9/library/std/src/../../backtrace/src/backtrace/mod.rs:66:5
[INFO] [stdout]    2:     0x55a949ad1210 - std::sys_common::backtrace::_print_fmt::h5c8e75464faca780
[INFO] [stdout]                                at /rustc/53fd98ca776cb875bc9e5514f56b52eb74f9e7a9/library/std/src/sys_common/backtrace.rs:67:5
[INFO] [stdout]    3:     0x55a949ad1210 - <std::sys_common::backtrace::_print::DisplayBacktrace as core::fmt::Display>::fmt::h48b88277def8b362
[INFO] [stdout]                                at /rustc/53fd98ca776cb875bc9e5514f56b52eb74f9e7a9/library/std/src/sys_common/backtrace.rs:46:22
[INFO] [stdout]    4:     0x55a949af4b7c - core::fmt::write::h3381b3176fe2b3d3
[INFO] [stdout]                                at /rustc/53fd98ca776cb875bc9e5514f56b52eb74f9e7a9/library/core/src/fmt/mod.rs:1115:17
[INFO] [stdout]    5:     0x55a949ac9b85 - std::io::Write::write_fmt::h5f34a676f60246b5
[INFO] [stdout]                                at /rustc/53fd98ca776cb875bc9e5514f56b52eb74f9e7a9/library/std/src/io/mod.rs:1665:15
[INFO] [stdout]    6:     0x55a949ad33fb - std::sys_common::backtrace::_print::ha537687d6c17dd0d
[INFO] [stdout]                                at /rustc/53fd98ca776cb875bc9e5514f56b52eb74f9e7a9/library/std/src/sys_common/backtrace.rs:49:5
[INFO] [stdout]    7:     0x55a949ad33fb - std::sys_common::backtrace::print::h61376ae57d131d72
[INFO] [stdout]                                at /rustc/53fd98ca776cb875bc9e5514f56b52eb74f9e7a9/library/std/src/sys_common/backtrace.rs:36:9
[INFO] [stdout]    8:     0x55a949ad33fb - std::panicking::default_hook::{{closure}}::h0f7208c0b9644a54
[INFO] [stdout]                                at /rustc/53fd98ca776cb875bc9e5514f56b52eb74f9e7a9/library/std/src/panicking.rs:208:50
[INFO] [stdout]    9:     0x55a949ad2f0c - std::panicking::default_hook::hdac7fc06578c14ce
[INFO] [stdout]                                at /rustc/53fd98ca776cb875bc9e5514f56b52eb74f9e7a9/library/std/src/panicking.rs:222:9
[INFO] [stdout]   10:     0x55a949ad3ac4 - std::panicking::rust_panic_with_hook::h72b21c283da3d1ef
[INFO] [stderr] error: test failed, to rerun pass '--test health_check'
[INFO] [stdout]                                at /rustc/53fd98ca776cb875bc9e5514f56b52eb74f9e7a9/library/std/src/panicking.rs:622:17
[INFO] [stdout]   11:     0x55a949ad35a7 - std::panicking::begin_panic_handler::{{closure}}::he5778f1729cff84a
[INFO] [stdout]                                at /rustc/53fd98ca776cb875bc9e5514f56b52eb74f9e7a9/library/std/src/panicking.rs:519:13
[INFO] [stdout]   12:     0x55a949ad16ec - std::sys_common::backtrace::__rust_end_short_backtrace::h2d11ca8b453b4b1d
[INFO] [stdout]                                at /rustc/53fd98ca776cb875bc9e5514f56b52eb74f9e7a9/library/std/src/sys_common/backtrace.rs:141:18
[INFO] [stdout]   13:     0x55a949ad3509 - rust_begin_unwind
[INFO] [stdout]                                at /rustc/53fd98ca776cb875bc9e5514f56b52eb74f9e7a9/library/std/src/panicking.rs:515:5
[INFO] [stdout]   14:     0x55a9491f9a91 - core::panicking::panic_fmt::hf9de31d4acbce4db
[INFO] [stdout]                                at /rustc/53fd98ca776cb875bc9e5514f56b52eb74f9e7a9/library/core/src/panicking.rs:92:14
[INFO] [stdout]   15:     0x55a949af353e - core::panicking::assert_failed_inner::h62e8cb2847a6e7ec
[INFO] [stdout]   16:     0x55a94981feba - core::panicking::assert_failed::h0547ea53313ed1a5
[INFO] [stdout]                                at /rustc/53fd98ca776cb875bc9e5514f56b52eb74f9e7a9/library/core/src/panicking.rs:117:5
[INFO] [stdout]   17:     0x55a94920f14e - health_check::subscribe_returns_a_400_when_data_is_missing::{{closure}}::h7ad34639ed389ece
[INFO] [stdout]                                at /opt/rustwide/workdir/tests/health_check.rs:72:9
[INFO] [stdout]   18:     0x55a9491fd64b - <core::future::from_generator::GenFuture<T> as core::future::future::Future>::poll::h96c4216a1d8d710d
[INFO] [stdout]                                at /rustc/53fd98ca776cb875bc9e5514f56b52eb74f9e7a9/library/core/src/future/mod.rs:80:19
[INFO] [stdout]   19:     0x55a949203886 - <tokio::task::local::RunUntil<T> as core::future::future::Future>::poll::{{closure}}::{{closure}}::hddd24f3d97fd0e64
[INFO] [stdout]                                at /opt/rustwide/cargo-home/registry/src/github.com-1ecc6299db9ec823/tokio-0.2.24/src/task/local.rs:528:65
[INFO] [stdout]   20:     0x55a94920b06c - tokio::coop::with_budget::{{closure}}::hd37464546503f024
[INFO] [stdout]                                at /opt/rustwide/cargo-home/registry/src/github.com-1ecc6299db9ec823/tokio-0.2.24/src/coop.rs:127:9
[INFO] [stdout]   21:     0x55a9491fc2d1 - std::thread::local::LocalKey<T>::try_with::hdbf94af6bfe5431d
[INFO] [stdout]                                at /rustc/53fd98ca776cb875bc9e5514f56b52eb74f9e7a9/library/std/src/thread/local.rs:399:16
[INFO] [stdout]   22:     0x55a9491fab5d - std::thread::local::LocalKey<T>::with::he8c4344ed59a57ff
[INFO] [stdout]                                at /rustc/53fd98ca776cb875bc9e5514f56b52eb74f9e7a9/library/std/src/thread/local.rs:375:9
[INFO] [stdout]   23:     0x55a9492036db - tokio::coop::with_budget::h529610740cdde3e8
[INFO] [stdout]                                at /opt/rustwide/cargo-home/registry/src/github.com-1ecc6299db9ec823/tokio-0.2.24/src/coop.rs:120:5
[INFO] [stdout]   24:     0x55a9492036db - tokio::coop::budget::hde3f01277af3d682
[INFO] [stdout]                                at /opt/rustwide/cargo-home/registry/src/github.com-1ecc6299db9ec823/tokio-0.2.24/src/coop.rs:96:5
[INFO] [stdout]   25:     0x55a9492036db - <tokio::task::local::RunUntil<T> as core::future::future::Future>::poll::{{closure}}::h50904da4fe228889
[INFO] [stdout]                                at /opt/rustwide/cargo-home/registry/src/github.com-1ecc6299db9ec823/tokio-0.2.24/src/task/local.rs:528:42
[INFO] [stdout]   26:     0x55a9491fcd8d - tokio::macros::scoped_tls::ScopedKey<T>::set::h20c114b269affe2f
[INFO] [stdout]                                at /opt/rustwide/cargo-home/registry/src/github.com-1ecc6299db9ec823/tokio-0.2.24/src/macros/scoped_tls.rs:63:9
[INFO] [stdout]   27:     0x55a94920211a - tokio::task::local::LocalSet::with::h2b9d617a5012d9d1
[INFO] [stdout]                                at /opt/rustwide/cargo-home/registry/src/github.com-1ecc6299db9ec823/tokio-0.2.24/src/task/local.rs:442:9
[INFO] [stdout]   28:     0x55a9492030a2 - <tokio::task::local::RunUntil<T> as core::future::future::Future>::poll::h3012756d8b3c88e3
[INFO] [stdout]                                at /opt/rustwide/cargo-home/registry/src/github.com-1ecc6299db9ec823/tokio-0.2.24/src/task/local.rs:518:9
[INFO] [stdout]   29:     0x55a9492025ed - tokio::task::local::LocalSet::run_until::{{closure}}::he292460eb0611fea
[INFO] [stdout]                                at /opt/rustwide/cargo-home/registry/src/github.com-1ecc6299db9ec823/tokio-0.2.24/src/task/local.rs:392:9
[INFO] [stdout]   30:     0x55a9491fd5bb - <core::future::from_generator::GenFuture<T> as core::future::future::Future>::poll::h06f15832dd7e72ab
[INFO] [stdout]                                at /rustc/53fd98ca776cb875bc9e5514f56b52eb74f9e7a9/library/core/src/future/mod.rs:80:19
[INFO] [stdout]   31:     0x55a949207dd0 - tokio::runtime::basic_scheduler::BasicScheduler<P>::block_on::{{closure}}::{{closure}}::h162a3c5a6dcbadef
[INFO] [stdout]                                at /opt/rustwide/cargo-home/registry/src/github.com-1ecc6299db9ec823/tokio-0.2.24/src/runtime/basic_scheduler.rs:131:58
[INFO] [stdout]   32:     0x55a94920b52c - tokio::coop::with_budget::{{closure}}::hf9588105d035488d
[INFO] [stdout]                                at /opt/rustwide/cargo-home/registry/src/github.com-1ecc6299db9ec823/tokio-0.2.24/src/coop.rs:127:9
[INFO] [stdout]   33:     0x55a9491fc401 - std::thread::local::LocalKey<T>::try_with::hea95a4ce0c042017
[INFO] [stdout]                                at /rustc/53fd98ca776cb875bc9e5514f56b52eb74f9e7a9/library/std/src/thread/local.rs:399:16
[INFO] [stdout]   34:     0x55a9491fa76d - std::thread::local::LocalKey<T>::with::h47a85c554e967bec
[INFO] [stdout]                                at /rustc/53fd98ca776cb875bc9e5514f56b52eb74f9e7a9/library/std/src/thread/local.rs:375:9
[INFO] [stdout]   35:     0x55a9492077fb - tokio::coop::with_budget::ha1544ee501dc6b30
[INFO] [stdout]                                at /opt/rustwide/cargo-home/registry/src/github.com-1ecc6299db9ec823/tokio-0.2.24/src/coop.rs:120:5
[INFO] [stdout]   36:     0x55a9492077fb - tokio::coop::budget::h20bdada510fce83b
[INFO] [stdout]                                at /opt/rustwide/cargo-home/registry/src/github.com-1ecc6299db9ec823/tokio-0.2.24/src/coop.rs:96:5
[INFO] [stdout]   37:     0x55a9492077fb - tokio::runtime::basic_scheduler::BasicScheduler<P>::block_on::{{closure}}::hb8fe41a0d70d472a
[INFO] [stdout]                                at /opt/rustwide/cargo-home/registry/src/github.com-1ecc6299db9ec823/tokio-0.2.24/src/runtime/basic_scheduler.rs:131:35
[INFO] [stdout]   38:     0x55a949208c31 - tokio::runtime::basic_scheduler::enter::{{closure}}::h47c3d80887ca46b3
[INFO] [stdout]                                at /opt/rustwide/cargo-home/registry/src/github.com-1ecc6299db9ec823/tokio-0.2.24/src/runtime/basic_scheduler.rs:213:29
[INFO] [stdout]   39:     0x55a9491fd0e0 - tokio::macros::scoped_tls::ScopedKey<T>::set::hf9956eedf3ff2d62
[INFO] [stdout]                                at /opt/rustwide/cargo-home/registry/src/github.com-1ecc6299db9ec823/tokio-0.2.24/src/macros/scoped_tls.rs:63:9
[INFO] [stdout]   40:     0x55a949208b7e - tokio::runtime::basic_scheduler::enter::hf7798342d18f9b4f
[INFO] [stdout]                                at /opt/rustwide/cargo-home/registry/src/github.com-1ecc6299db9ec823/tokio-0.2.24/src/runtime/basic_scheduler.rs:213:5
[INFO] [stdout]   41:     0x55a949206420 - tokio::runtime::basic_scheduler::BasicScheduler<P>::block_on::h538a1f21d30c8c20
[INFO] [stdout]                                at /opt/rustwide/cargo-home/registry/src/github.com-1ecc6299db9ec823/tokio-0.2.24/src/runtime/basic_scheduler.rs:123:9
[INFO] [stdout]   42:     0x55a94920d5c2 - tokio::runtime::Runtime::block_on::{{closure}}::h49dee58126e7cfe9
[INFO] [stdout]                                at /opt/rustwide/cargo-home/registry/src/github.com-1ecc6299db9ec823/tokio-0.2.24/src/runtime/mod.rs:444:34
[INFO] [stdout]   43:     0x55a9491fe4c2 - tokio::runtime::context::enter::haf1c940e9d15cfbc
[INFO] [stdout]                                at /opt/rustwide/cargo-home/registry/src/github.com-1ecc6299db9ec823/tokio-0.2.24/src/runtime/context.rs:72:5
[INFO] [stdout]   44:     0x55a94920499a - tokio::runtime::handle::Handle::enter::hb66009369ac9f9e0
[INFO] [stdout]                                at /opt/rustwide/cargo-home/registry/src/github.com-1ecc6299db9ec823/tokio-0.2.24/src/runtime/handle.rs:76:9
[INFO] [stdout]   45:     0x55a94920d4ad - tokio::runtime::Runtime::block_on::h5f7d2760e9fe566c
[INFO] [stdout]                                at /opt/rustwide/cargo-home/registry/src/github.com-1ecc6299db9ec823/tokio-0.2.24/src/runtime/mod.rs:441:9
[INFO] [stdout]   46:     0x55a949202234 - tokio::task::local::LocalSet::block_on::h2fb4bc1c56c69eb9
[INFO] [stdout]                                at /opt/rustwide/cargo-home/registry/src/github.com-1ecc6299db9ec823/tokio-0.2.24/src/task/local.rs:353:9
[INFO] [stdout]   47:     0x55a9491fd553 - actix_rt::runtime::Runtime::block_on::hff7dae70f9baedad
[INFO] [stdout]                                at /opt/rustwide/cargo-home/registry/src/github.com-1ecc6299db9ec823/actix-rt-1.1.1/src/runtime.rs:89:9
[INFO] [stdout]   48:     0x55a94920a042 - actix_rt::builder::SystemRunner::block_on::h0b24d9ab46d02b5b
[INFO] [stdout]                                at /opt/rustwide/cargo-home/registry/src/github.com-1ecc6299db9ec823/actix-rt-1.1.1/src/builder.rs:187:19
[INFO] [stdout]   49:     0x55a94920e7de - health_check::subscribe_returns_a_400_when_data_is_missing::hc0b714a89151838e
[INFO] [stdout]                                at /opt/rustwide/workdir/tests/health_check.rs:50:1
[INFO] [stdout]   50:     0x55a94920e77a - health_check::subscribe_returns_a_400_when_data_is_missing::{{closure}}::hf649a35275396177
[INFO] [stdout]                                at /opt/rustwide/workdir/tests/health_check.rs:50:1
[INFO] [stdout]   51:     0x55a9491fed7e - core::ops::function::FnOnce::call_once::hb11731671efad5f8
[INFO] [stdout]                                at /rustc/53fd98ca776cb875bc9e5514f56b52eb74f9e7a9/library/core/src/ops/function.rs:227:5
[INFO] [stdout]   52:     0x55a94946a2e3 - core::ops::function::FnOnce::call_once::hbb52c4519d3137b0
[INFO] [stdout]                                at /rustc/53fd98ca776cb875bc9e5514f56b52eb74f9e7a9/library/core/src/ops/function.rs:227:5
[INFO] [stdout]   53:     0x55a94946a2e3 - test::__rust_begin_short_backtrace::h86fe3a2a5a5121af
[INFO] [stdout]                                at /rustc/53fd98ca776cb875bc9e5514f56b52eb74f9e7a9/library/test/src/lib.rs:578:5
[INFO] [stdout]   54:     0x55a949468d98 - <alloc::boxed::Box<F,A> as core::ops::function::FnOnce<Args>>::call_once::hfd956bc3d57399be
[INFO] [stdout]                                at /rustc/53fd98ca776cb875bc9e5514f56b52eb74f9e7a9/library/alloc/src/boxed.rs:1572:9
[INFO] [stdout]   55:     0x55a949468d98 - <std::panic::AssertUnwindSafe<F> as core::ops::function::FnOnce<()>>::call_once::h40dc93e0ddb5938a
[INFO] [stdout]                                at /rustc/53fd98ca776cb875bc9e5514f56b52eb74f9e7a9/library/std/src/panic.rs:347:9
[INFO] [stdout]   56:     0x55a949468d98 - std::panicking::try::do_call::h90d07750cb47c562
[INFO] [stdout]                                at /rustc/53fd98ca776cb875bc9e5514f56b52eb74f9e7a9/library/std/src/panicking.rs:401:40
[INFO] [stdout]   57:     0x55a949468d98 - std::panicking::try::h063c84733ad2a629
[INFO] [stdout]                                at /rustc/53fd98ca776cb875bc9e5514f56b52eb74f9e7a9/library/std/src/panicking.rs:365:19
[INFO] [stdout]   58:     0x55a949468d98 - std::panic::catch_unwind::h0c464836a84e7c08
[INFO] [stdout]                                at /rustc/53fd98ca776cb875bc9e5514f56b52eb74f9e7a9/library/std/src/panic.rs:434:14
[INFO] [stdout]   59:     0x55a949468d98 - test::run_test_in_process::h5cb06ef620b157fc
[INFO] [stdout]                                at /rustc/53fd98ca776cb875bc9e5514f56b52eb74f9e7a9/library/test/src/lib.rs:601:18
[INFO] [stdout]   60:     0x55a949468d98 - test::run_test::run_test_inner::{{closure}}::h76f677f4b93f9828
[INFO] [stdout]                                at /rustc/53fd98ca776cb875bc9e5514f56b52eb74f9e7a9/library/test/src/lib.rs:493:39
[INFO] [stdout]   61:     0x55a94943752d - test::run_test::run_test_inner::{{closure}}::h366d01fe04f4d67a
[INFO] [stdout]                                at /rustc/53fd98ca776cb875bc9e5514f56b52eb74f9e7a9/library/test/src/lib.rs:520:37
[INFO] [stdout]   62:     0x55a94943752d - std::sys_common::backtrace::__rust_begin_short_backtrace::h7dfa0de4eb395af2
[INFO] [stdout]                                at /rustc/53fd98ca776cb875bc9e5514f56b52eb74f9e7a9/library/std/src/sys_common/backtrace.rs:125:18
[INFO] [stdout]   63:     0x55a94943bcf8 - std::thread::Builder::spawn_unchecked::{{closure}}::{{closure}}::hf0a74bb58798037f
[INFO] [stdout]                                at /rustc/53fd98ca776cb875bc9e5514f56b52eb74f9e7a9/library/std/src/thread/mod.rs:476:17
[INFO] [stdout]   64:     0x55a94943bcf8 - <std::panic::AssertUnwindSafe<F> as core::ops::function::FnOnce<()>>::call_once::hb024e854818586ac
[INFO] [stdout]                                at /rustc/53fd98ca776cb875bc9e5514f56b52eb74f9e7a9/library/std/src/panic.rs:347:9
[INFO] [stdout]   65:     0x55a94943bcf8 - std::panicking::try::do_call::hb2dd9f1d0d48e41d
[INFO] [stdout]                                at /rustc/53fd98ca776cb875bc9e5514f56b52eb74f9e7a9/library/std/src/panicking.rs:401:40
[INFO] [stdout]   66:     0x55a94943bcf8 - std::panicking::try::h4717ae7bac8b2bf3
[INFO] [stdout]                                at /rustc/53fd98ca776cb875bc9e5514f56b52eb74f9e7a9/library/std/src/panicking.rs:365:19
[INFO] [stdout]   67:     0x55a94943bcf8 - std::panic::catch_unwind::h0dc8a061326ce8d8
[INFO] [stdout]                                at /rustc/53fd98ca776cb875bc9e5514f56b52eb74f9e7a9/library/std/src/panic.rs:434:14
[INFO] [stdout]   68:     0x55a94943bcf8 - std::thread::Builder::spawn_unchecked::{{closure}}::haa369e2d6fd00aa1
[INFO] [stdout]                                at /rustc/53fd98ca776cb875bc9e5514f56b52eb74f9e7a9/library/std/src/thread/mod.rs:475:30
[INFO] [stdout]   69:     0x55a94943bcf8 - core::ops::function::FnOnce::call_once{{vtable.shim}}::h36dcf3de8b056f17
[INFO] [stdout]                                at /rustc/53fd98ca776cb875bc9e5514f56b52eb74f9e7a9/library/core/src/ops/function.rs:227:5
[INFO] [stdout]   70:     0x55a949ad92b7 - <alloc::boxed::Box<F,A> as core::ops::function::FnOnce<Args>>::call_once::h65c29e4642be2358
[INFO] [stdout]                                at /rustc/53fd98ca776cb875bc9e5514f56b52eb74f9e7a9/library/alloc/src/boxed.rs:1572:9
[INFO] [stdout]   71:     0x55a949ad92b7 - <alloc::boxed::Box<F,A> as core::ops::function::FnOnce<Args>>::call_once::hd0f8f7fbbd9fffbf
[INFO] [stdout]                                at /rustc/53fd98ca776cb875bc9e5514f56b52eb74f9e7a9/library/alloc/src/boxed.rs:1572:9
[INFO] [stdout]   72:     0x55a949ad92b7 - std::sys::unix::thread::Thread::new::thread_start::h2fd22fee3ca77b65
[INFO] [stdout]                                at /rustc/53fd98ca776cb875bc9e5514f56b52eb74f9e7a9/library/std/src/sys/unix/thread.rs:74:17
[INFO] [stdout]   73:     0x7f3bfad48609 - start_thread
[INFO] [stdout]   74:     0x7f3bfab18293 - clone
[INFO] [stdout]   75:                0x0 - <unknown>
[INFO] [stdout] Panic in Arbiter thread.
[INFO] [stdout] 
[INFO] [stdout] 
[INFO] [stdout] failures:
[INFO] [stdout]     subscribe_returns_a_200_for_valid_form_data
[INFO] [stdout]     subscribe_returns_a_400_when_data_is_missing
[INFO] [stdout] 
[INFO] [stdout] test result: FAILED. 1 passed; 2 failed; 0 ignored; 0 measured; 0 filtered out; finished in 0.31s
[INFO] [stdout] 
[INFO] running `Command { std: "docker" "inspect" "7e3950cb6b7264e93081fc3d9fdedf6086c56bdb1616bcc3c0d0b239b0e22074", kill_on_drop: false }`
[INFO] running `Command { std: "docker" "rm" "-f" "7e3950cb6b7264e93081fc3d9fdedf6086c56bdb1616bcc3c0d0b239b0e22074", kill_on_drop: false }`
[INFO] [stdout] 7e3950cb6b7264e93081fc3d9fdedf6086c56bdb1616bcc3c0d0b239b0e22074
