[INFO] cloning repository https://github.com/saghm/monger
[INFO] running `Command { std: "git" "-c" "credential.helper=" "-c" "credential.helper=/workspace/cargo-home/bin/git-credential-null" "clone" "--bare" "https://github.com/saghm/monger" "/workspace/cache/git-repos/https%3A%2F%2Fgithub.com%2Fsaghm%2Fmonger", kill_on_drop: false }`
[INFO] [stderr] Cloning into bare repository '/workspace/cache/git-repos/https%3A%2F%2Fgithub.com%2Fsaghm%2Fmonger'...
[INFO] running `Command { std: "git" "rev-parse" "HEAD", kill_on_drop: false }`
[INFO] [stdout] 9bb3363d430f7ceaf7003044f519d7c6411f9dce
[INFO] testing saghm/monger against 1.54.0 for beta-1.55-1
[INFO] running `Command { std: "git" "clone" "/workspace/cache/git-repos/https%3A%2F%2Fgithub.com%2Fsaghm%2Fmonger" "/workspace/builds/worker-1/source", kill_on_drop: false }`
[INFO] [stderr] Cloning into '/workspace/builds/worker-1/source'...
[INFO] [stderr] done.
[INFO] validating manifest of git repo https://github.com/saghm/monger on toolchain 1.54.0
[INFO] running `Command { std: "/workspace/cargo-home/bin/cargo" "+1.54.0" "metadata" "--manifest-path" "Cargo.toml" "--no-deps", kill_on_drop: false }`
[INFO] started tweaking git repo https://github.com/saghm/monger
[INFO] finished tweaking git repo https://github.com/saghm/monger
[INFO] tweaked toml for git repo https://github.com/saghm/monger written to /workspace/builds/worker-1/source/Cargo.toml
[INFO] crate git repo https://github.com/saghm/monger already has a lockfile, it will not be regenerated
[INFO] running `Command { std: "/workspace/cargo-home/bin/cargo" "+1.54.0" "fetch" "--manifest-path" "Cargo.toml", kill_on_drop: false }`
[INFO] [stderr]     Blocking waiting for file lock on package cache
[INFO] [stderr]  Downloading crates ...
[INFO] [stderr]   Downloaded monger-core v0.13.1
[INFO] [stderr]   Downloaded self_update v0.20.0
[INFO] running `Command { std: "docker" "create" "-v" "/var/lib/crater-agent-workspace/builds/worker-1/target:/opt/rustwide/target:rw,Z" "-v" "/var/lib/crater-agent-workspace/builds/worker-1/source:/opt/rustwide/workdir:ro,Z" "-v" "/var/lib/crater-agent-workspace/cargo-home:/opt/rustwide/cargo-home:ro,Z" "-v" "/var/lib/crater-agent-workspace/rustup-home:/opt/rustwide/rustup-home:ro,Z" "-e" "SOURCE_DIR=/opt/rustwide/workdir" "-e" "CARGO_TARGET_DIR=/opt/rustwide/target" "-e" "CARGO_HOME=/opt/rustwide/cargo-home" "-e" "RUSTUP_HOME=/opt/rustwide/rustup-home" "-w" "/opt/rustwide/workdir" "-m" "1610612736" "--user" "0:0" "--network" "none" "ghcr.io/rust-lang/crates-build-env/linux@sha256:34b6a614d2c27851fe6cbf88fbd1137609cefab8b10d0615aaeb6fd47975d74e" "/opt/rustwide/cargo-home/bin/cargo" "+1.54.0" "metadata" "--no-deps" "--format-version=1", kill_on_drop: false }`
[INFO] [stdout] 62cc29a4692d0e88a0878f91c9757e27302005121c9393a0336961c733a1e848
[INFO] running `Command { std: "docker" "start" "-a" "62cc29a4692d0e88a0878f91c9757e27302005121c9393a0336961c733a1e848", kill_on_drop: false }`
[INFO] running `Command { std: "docker" "inspect" "62cc29a4692d0e88a0878f91c9757e27302005121c9393a0336961c733a1e848", kill_on_drop: false }`
[INFO] running `Command { std: "docker" "rm" "-f" "62cc29a4692d0e88a0878f91c9757e27302005121c9393a0336961c733a1e848", kill_on_drop: false }`
[INFO] [stdout] 62cc29a4692d0e88a0878f91c9757e27302005121c9393a0336961c733a1e848
[INFO] running `Command { std: "docker" "create" "-v" "/var/lib/crater-agent-workspace/builds/worker-1/target:/opt/rustwide/target:rw,Z" "-v" "/var/lib/crater-agent-workspace/builds/worker-1/source:/opt/rustwide/workdir:ro,Z" "-v" "/var/lib/crater-agent-workspace/cargo-home:/opt/rustwide/cargo-home:ro,Z" "-v" "/var/lib/crater-agent-workspace/rustup-home:/opt/rustwide/rustup-home:ro,Z" "-e" "SOURCE_DIR=/opt/rustwide/workdir" "-e" "CARGO_TARGET_DIR=/opt/rustwide/target" "-e" "CARGO_INCREMENTAL=0" "-e" "RUST_BACKTRACE=full" "-e" "RUSTFLAGS=--cap-lints=warn" "-e" "CARGO_HOME=/opt/rustwide/cargo-home" "-e" "RUSTUP_HOME=/opt/rustwide/rustup-home" "-w" "/opt/rustwide/workdir" "-m" "1610612736" "--user" "0:0" "--network" "none" "ghcr.io/rust-lang/crates-build-env/linux@sha256:34b6a614d2c27851fe6cbf88fbd1137609cefab8b10d0615aaeb6fd47975d74e" "/opt/rustwide/cargo-home/bin/cargo" "+1.54.0" "build" "--frozen" "--message-format=json", kill_on_drop: false }`
[INFO] [stdout] f2a2642f6e0312892b378ed13b6eeacaf15493d746f732a9f8ba2ebc2c248cf4
[INFO] running `Command { std: "docker" "start" "-a" "f2a2642f6e0312892b378ed13b6eeacaf15493d746f732a9f8ba2ebc2c248cf4", kill_on_drop: false }`
[INFO] [stderr]    Compiling libc v0.2.76
[INFO] [stderr]    Compiling syn v1.0.39
[INFO] [stderr]    Compiling log v0.4.11
[INFO] [stderr]    Compiling once_cell v1.4.1
[INFO] [stderr]    Compiling serde v1.0.115
[INFO] [stderr]    Compiling cc v1.0.59
[INFO] [stderr]    Compiling serde_derive v1.0.115
[INFO] [stderr]    Compiling futures-io v0.3.5
[INFO] [stderr]    Compiling syn v0.15.44
[INFO] [stderr]    Compiling tinyvec v0.3.4
[INFO] [stderr]    Compiling new_debug_unreachable v1.0.4
[INFO] [stderr]    Compiling regex-syntax v0.6.20
[INFO] [stderr]    Compiling mac v0.1.1
[INFO] [stderr]    Compiling utf-8 v0.7.5
[INFO] [stderr]    Compiling byteorder v1.3.4
[INFO] [stderr]    Compiling dtoa v0.4.6
[INFO] [stderr]    Compiling language-tags v0.2.2
[INFO] [stderr]    Compiling hyperx v1.2.0
[INFO] [stderr]    Compiling safemem v0.3.3
[INFO] [stderr]    Compiling httpdate v0.3.2
[INFO] [stderr]    Compiling rs-release v0.1.7
[INFO] [stderr]    Compiling anyhow v1.0.33
[INFO] [stderr]    Compiling self_update v0.20.0
[INFO] [stderr]    Compiling number_prefix v0.3.0
[INFO] [stderr]    Compiling either v1.6.0
[INFO] [stderr]    Compiling rand v0.6.5
[INFO] [stderr]    Compiling hashbrown v0.8.2
[INFO] [stderr]    Compiling indexmap v1.5.1
[INFO] [stderr]    Compiling tracing-core v0.1.14
[INFO] [stderr]    Compiling proc-macro-error-attr v1.0.4
[INFO] [stderr]    Compiling proc-macro-error v1.0.4
[INFO] [stderr]    Compiling phf v0.7.24
[INFO] [stderr]    Compiling http-body v0.3.1
[INFO] [stderr]    Compiling semver-parser v0.10.1
[INFO] [stderr]    Compiling quote v1.0.7
[INFO] [stderr]    Compiling quick-xml v0.17.2
[INFO] [stderr]    Compiling unicase v2.6.0
[INFO] [stderr]    Compiling futf v0.1.4
[INFO] [stderr]    Compiling futures-task v0.3.5
[INFO] [stderr]    Compiling unicode-normalization v0.1.13
[INFO] [stderr]    Compiling tendril v0.4.1
[INFO] [stderr]    Compiling tracing v0.1.19
[INFO] [stderr]    Compiling want v0.3.0
[INFO] [stderr]    Compiling mime_guess v2.0.3
[INFO] [stderr]    Compiling semver v0.11.0
[INFO] [stderr]    Compiling ring v0.16.15
[INFO] [stderr]    Compiling base64 v0.9.3
[INFO] [stderr]    Compiling idna v0.2.0
[INFO] [stderr]    Compiling rand_os v0.1.3
[INFO] [stderr]    Compiling iovec v0.1.4
[INFO] [stderr]    Compiling net2 v0.2.34
[INFO] [stderr]    Compiling num_cpus v1.13.0
[INFO] [stderr]    Compiling time v0.1.43
[INFO] [stderr]    Compiling socket2 v0.3.12
[INFO] [stderr]    Compiling getrandom v0.1.14
[INFO] [stderr]    Compiling flate2 v1.0.17
[INFO] [stderr]    Compiling dirs-sys v0.3.5
[INFO] [stderr]    Compiling terminal_size v0.1.13
[INFO] [stderr]    Compiling termios v0.3.2
[INFO] [stderr]    Compiling atty v0.2.14
[INFO] [stderr]    Compiling xattr v0.2.2
[INFO] [stderr]    Compiling filetime v0.2.12
[INFO] [stderr]    Compiling rand_core v0.5.1
[INFO] [stderr]    Compiling clap v2.33.3
[INFO] [stderr]    Compiling bytes v0.4.12
[INFO] [stderr]    Compiling dirs v3.0.1
[INFO] [stderr]    Compiling tar v0.4.29
[INFO] [stderr]    Compiling rand_chacha v0.2.2
[INFO] [stderr]    Compiling async-compression v0.3.5
[INFO] [stderr]    Compiling url v2.1.1
[INFO] [stderr]    Compiling mio v0.6.22
[INFO] [stderr]    Compiling regex v1.4.1
[INFO] [stderr]    Compiling rand v0.7.3
[INFO] [stderr]    Compiling hyper-old-types v0.11.0
[INFO] [stderr]    Compiling tokio v0.2.22
[INFO] [stderr]    Compiling tempfile v3.1.0
[INFO] [stderr]    Compiling phf_generator v0.7.24
[INFO] [stderr]    Compiling string_cache_codegen v0.4.4
[INFO] [stderr]    Compiling phf_codegen v0.7.24
[INFO] [stderr]    Compiling console v0.12.0
[INFO] [stderr]    Compiling string_cache v0.7.5
[INFO] [stderr]    Compiling indicatif v0.13.0
[INFO] [stderr]    Compiling serde_json v1.0.57
[INFO] [stderr]    Compiling serde_urlencoded v0.6.1
[INFO] [stderr]    Compiling webpki v0.21.3
[INFO] [stderr]    Compiling sct v0.6.0
[INFO] [stderr]    Compiling rustls v0.18.1
[INFO] [stderr]    Compiling webpki-roots v0.19.0
[INFO] [stderr]    Compiling pin-project-internal v0.4.23
[INFO] [stderr]    Compiling futures-macro v0.3.5
[INFO] [stderr]    Compiling thiserror-impl v1.0.21
[INFO] [stderr]    Compiling structopt-derive v0.4.13
[INFO] [stderr]    Compiling tokio-util v0.3.1
[INFO] [stderr]    Compiling html5ever v0.22.5
[INFO] [stderr]    Compiling tokio-rustls v0.14.0
[INFO] [stderr]    Compiling thiserror v1.0.21
[INFO] [stderr]    Compiling structopt v0.3.20
[INFO] [stderr]    Compiling pin-project v0.4.23
[INFO] [stderr]    Compiling futures-util v0.3.5
[INFO] [stderr]    Compiling markup5ever v0.7.5
[INFO] [stderr]    Compiling h2 v0.2.6
[INFO] [stderr]    Compiling soup v0.5.0
[INFO] [stderr]    Compiling hyper v0.13.7
[INFO] [stderr]    Compiling hyper-rustls v0.21.0
[INFO] [stderr]    Compiling reqwest v0.10.8
[INFO] [stderr]    Compiling monger-core v0.13.1
[INFO] [stderr]    Compiling monger-core v0.13.1 (/opt/rustwide/workdir/monger-core)
[INFO] [stderr]    Compiling monger v0.13.1 (/opt/rustwide/workdir/monger)
[INFO] [stderr]     Finished dev [unoptimized + debuginfo] target(s) in 1m 36s
[INFO] running `Command { std: "docker" "inspect" "f2a2642f6e0312892b378ed13b6eeacaf15493d746f732a9f8ba2ebc2c248cf4", kill_on_drop: false }`
[INFO] running `Command { std: "docker" "rm" "-f" "f2a2642f6e0312892b378ed13b6eeacaf15493d746f732a9f8ba2ebc2c248cf4", kill_on_drop: false }`
[INFO] [stdout] f2a2642f6e0312892b378ed13b6eeacaf15493d746f732a9f8ba2ebc2c248cf4
[INFO] running `Command { std: "docker" "create" "-v" "/var/lib/crater-agent-workspace/builds/worker-1/target:/opt/rustwide/target:rw,Z" "-v" "/var/lib/crater-agent-workspace/builds/worker-1/source:/opt/rustwide/workdir:ro,Z" "-v" "/var/lib/crater-agent-workspace/cargo-home:/opt/rustwide/cargo-home:ro,Z" "-v" "/var/lib/crater-agent-workspace/rustup-home:/opt/rustwide/rustup-home:ro,Z" "-e" "SOURCE_DIR=/opt/rustwide/workdir" "-e" "CARGO_TARGET_DIR=/opt/rustwide/target" "-e" "CARGO_INCREMENTAL=0" "-e" "RUST_BACKTRACE=full" "-e" "RUSTFLAGS=--cap-lints=warn" "-e" "CARGO_HOME=/opt/rustwide/cargo-home" "-e" "RUSTUP_HOME=/opt/rustwide/rustup-home" "-w" "/opt/rustwide/workdir" "-m" "1610612736" "--user" "0:0" "--network" "none" "ghcr.io/rust-lang/crates-build-env/linux@sha256:34b6a614d2c27851fe6cbf88fbd1137609cefab8b10d0615aaeb6fd47975d74e" "/opt/rustwide/cargo-home/bin/cargo" "+1.54.0" "test" "--frozen" "--no-run" "--message-format=json", kill_on_drop: false }`
[INFO] [stdout] 8a53ae69ad6e0a1fe8ec3ebdffb2ec3b99395d66d2cb8a493ef504c44ad99c7b
[INFO] running `Command { std: "docker" "start" "-a" "8a53ae69ad6e0a1fe8ec3ebdffb2ec3b99395d66d2cb8a493ef504c44ad99c7b", kill_on_drop: false }`
[INFO] [stderr]    Compiling monger-core v0.13.1 (/opt/rustwide/workdir/monger-core)
[INFO] [stderr]    Compiling monger v0.13.1 (/opt/rustwide/workdir/monger)
[INFO] [stderr]     Finished test [unoptimized + debuginfo] target(s) in 4.27s
[INFO] running `Command { std: "docker" "inspect" "8a53ae69ad6e0a1fe8ec3ebdffb2ec3b99395d66d2cb8a493ef504c44ad99c7b", kill_on_drop: false }`
[INFO] running `Command { std: "docker" "rm" "-f" "8a53ae69ad6e0a1fe8ec3ebdffb2ec3b99395d66d2cb8a493ef504c44ad99c7b", kill_on_drop: false }`
[INFO] [stdout] 8a53ae69ad6e0a1fe8ec3ebdffb2ec3b99395d66d2cb8a493ef504c44ad99c7b
[INFO] running `Command { std: "docker" "create" "-v" "/var/lib/crater-agent-workspace/builds/worker-1/target:/opt/rustwide/target:rw,Z" "-v" "/var/lib/crater-agent-workspace/builds/worker-1/source:/opt/rustwide/workdir:ro,Z" "-v" "/var/lib/crater-agent-workspace/cargo-home:/opt/rustwide/cargo-home:ro,Z" "-v" "/var/lib/crater-agent-workspace/rustup-home:/opt/rustwide/rustup-home:ro,Z" "-e" "SOURCE_DIR=/opt/rustwide/workdir" "-e" "CARGO_TARGET_DIR=/opt/rustwide/target" "-e" "CARGO_INCREMENTAL=0" "-e" "RUST_BACKTRACE=full" "-e" "RUSTFLAGS=--cap-lints=warn" "-e" "CARGO_HOME=/opt/rustwide/cargo-home" "-e" "RUSTUP_HOME=/opt/rustwide/rustup-home" "-w" "/opt/rustwide/workdir" "-m" "1610612736" "--user" "0:0" "--network" "none" "ghcr.io/rust-lang/crates-build-env/linux@sha256:34b6a614d2c27851fe6cbf88fbd1137609cefab8b10d0615aaeb6fd47975d74e" "/opt/rustwide/cargo-home/bin/cargo" "+1.54.0" "test" "--frozen", kill_on_drop: false }`
[INFO] [stdout] c9ae3e98ef8fb356253dabc53992204b1e62caca0075c9c384387436c1c84c1f
[INFO] running `Command { std: "docker" "start" "-a" "c9ae3e98ef8fb356253dabc53992204b1e62caca0075c9c384387436c1c84c1f", kill_on_drop: false }`
[INFO] [stderr]    Compiling monger v0.13.1 (/opt/rustwide/workdir/monger)
[INFO] [stderr]     Finished test [unoptimized + debuginfo] target(s) in 0.86s
[INFO] [stdout] 
[INFO] [stderr]      Running unittests (/opt/rustwide/target/debug/deps/monger-9817517d6a033749)
[INFO] [stdout] running 0 tests
[INFO] [stdout] 
[INFO] [stdout] test result: ok. 0 passed; 0 failed; 0 ignored; 0 measured; 0 filtered out; finished in 0.00s
[INFO] [stdout] 
[INFO] [stderr]      Running unittests (/opt/rustwide/target/debug/deps/monger_core-cfa767c785228696)
[INFO] [stdout] 
[INFO] [stdout] running 37 tests
[INFO] [stdout] test os::linux::tests::legacy_path ... ok
[INFO] [stdout] test os::linux::tests::rhel6_path ... ok
[INFO] [stdout] test os::linux::tests::rhel7_path ... ok
[INFO] [stdout] test os::linux::tests::debian7_path ... ok
[INFO] [stdout] test os::linux::tests::debian8_path ... ok
[INFO] [stdout] test os::linux::tests::amazon_path ... ok
[INFO] [stdout] test os::macos::tests::ssl_path ... ok
[INFO] [stdout] test os::tests::debian7_linux_url ... ok
[INFO] [stdout] test os::tests::rhel7_linux_url ... ok
[INFO] [stdout] test os::tests::debian8_linux_url ... ok
[INFO] [stdout] test os::tests::server2008_r2_ssl_windows_url ... ok
[INFO] [stdout] test os::tests::amazon_linux_url ... ok
[INFO] [stdout] test os::tests::server2008_windows_url ... ok
[INFO] [stdout] test os::tests::suse12_linux_url ... ok
[INFO] [stdout] test os::tests::server2008_r2_windows_url ... ok
[INFO] [stdout] test os::tests::ubuntu1204_linux_url ... ok
[INFO] [stdout] test os::tests::ssl_osx_url ... ok
[INFO] [stdout] test os::tests::ubunutu1604_arm_linux_url ... ok
[INFO] [stdout] test os::tests::ssl_macos_url ... ok
[INFO] [stdout] test os::linux::tests::ubuntu1604_arm_path ... ok
[INFO] [stdout] test os::tests::suse11_linux_url ... ok
[INFO] [stdout] test os::tests::legacy_linux_url ... ok
[INFO] [stdout] test os::tests::ubuntu1604_x86_64_linux_url ... ok
[INFO] [stdout] test os::tests::nonssl_osx_url ... ok
[INFO] [stdout] test os::tests::rhel6_linux_url ... ok
[INFO] [stdout] test os::tests::ubunutu1404_linux_url ... ok
[INFO] [stdout] test os::linux::tests::ubuntu1404_path ... ok
[INFO] [stdout] test os::macos::tests::nonssl_path ... ok
[INFO] [stdout] test os::windows::tests::server2008_r2_path ... ok
[INFO] [stdout] test os::linux::tests::suse11_path ... ok
[INFO] [stdout] test os::linux::tests::ubuntu1604_x86_64_path ... ok
[INFO] [stdout] test os::windows::tests::server2008_path ... ok
[INFO] [stdout] test os::linux::tests::ubuntu1204_path ... ok
[INFO] [stdout] test os::linux::tests::suse12_path ... ok
[INFO] [stdout] test os::windows::tests::server2008_r2_ssl_path ... ok
[INFO] [stdout] test os::linux::tests::ubuntu16804_path ... ok
[INFO] [stderr] error: test failed, to rerun pass '-p monger-core --lib'
[INFO] [stdout] test client::tests::download_test ... FAILED
[INFO] [stdout] 
[INFO] [stdout] failures:
[INFO] [stdout] 
[INFO] [stdout] ---- client::tests::download_test stdout ----
[INFO] [stdout] downloading https://httpbin.org/robots.txt...
[INFO] [stdout] thread 'client::tests::download_test' panicked at 'called `Result::unwrap()` on an `Err` value: Http { inner: reqwest::Error { kind: Request, url: "https://httpbin.org/robots.txt", source: hyper::Error(Connect, ConnectError("dns error", Custom { kind: Other, error: "failed to lookup address information: Temporary failure in name resolution" })) } }', monger-core/src/client.rs:64:14
[INFO] [stdout] stack backtrace:
[INFO] [stdout]    0:     0x55fe43ad8ca0 - std::backtrace_rs::backtrace::libunwind::trace::h34055254b57d8e79
[INFO] [stdout]                                at /rustc/a178d0322ce20e33eac124758e837cbd80a6f633/library/std/src/../../backtrace/src/backtrace/libunwind.rs:90:5
[INFO] [stdout]    1:     0x55fe43ad8ca0 - std::backtrace_rs::backtrace::trace_unsynchronized::h8f1e3fbd9afff6ec
[INFO] [stdout]                                at /rustc/a178d0322ce20e33eac124758e837cbd80a6f633/library/std/src/../../backtrace/src/backtrace/mod.rs:66:5
[INFO] [stdout]    2:     0x55fe43ad8ca0 - std::sys_common::backtrace::_print_fmt::h3a99a796b770c360
[INFO] [stdout]                                at /rustc/a178d0322ce20e33eac124758e837cbd80a6f633/library/std/src/sys_common/backtrace.rs:67:5
[INFO] [stdout]    3:     0x55fe43ad8ca0 - <std::sys_common::backtrace::_print::DisplayBacktrace as core::fmt::Display>::fmt::h32d1f94a80615d18
[INFO] [stdout]                                at /rustc/a178d0322ce20e33eac124758e837cbd80a6f633/library/std/src/sys_common/backtrace.rs:46:22
[INFO] [stdout]    4:     0x55fe43afc35c - core::fmt::write::h306731c068f7162c
[INFO] [stdout]                                at /rustc/a178d0322ce20e33eac124758e837cbd80a6f633/library/core/src/fmt/mod.rs:1110:17
[INFO] [stdout]    5:     0x55fe43ad2715 - std::io::Write::write_fmt::h87f19b0a2cd190bc
[INFO] [stdout]                                at /rustc/a178d0322ce20e33eac124758e837cbd80a6f633/library/std/src/io/mod.rs:1588:15
[INFO] [stdout]    6:     0x55fe43adae7b - std::sys_common::backtrace::_print::h5abaa2601a852287
[INFO] [stdout]                                at /rustc/a178d0322ce20e33eac124758e837cbd80a6f633/library/std/src/sys_common/backtrace.rs:49:5
[INFO] [stdout]    7:     0x55fe43adae7b - std::sys_common::backtrace::print::h8d81445442bb638f
[INFO] [stdout]                                at /rustc/a178d0322ce20e33eac124758e837cbd80a6f633/library/std/src/sys_common/backtrace.rs:36:9
[INFO] [stdout]    8:     0x55fe43adae7b - std::panicking::default_hook::{{closure}}::hcfe804496a9fa747
[INFO] [stdout]                                at /rustc/a178d0322ce20e33eac124758e837cbd80a6f633/library/std/src/panicking.rs:208:50
[INFO] [stdout]    9:     0x55fe43ada98c - std::panicking::default_hook::hbea8e3ccf2ba8901
[INFO] [stdout]                                at /rustc/a178d0322ce20e33eac124758e837cbd80a6f633/library/std/src/panicking.rs:222:9
[INFO] [stdout]   10:     0x55fe43adb544 - std::panicking::rust_panic_with_hook::h7ee9e1a2d0f8975a
[INFO] [stdout]                                at /rustc/a178d0322ce20e33eac124758e837cbd80a6f633/library/std/src/panicking.rs:622:17
[INFO] [stdout]   11:     0x55fe43adb027 - std::panicking::begin_panic_handler::{{closure}}::h8ab3b4491718b2c7
[INFO] [stdout]                                at /rustc/a178d0322ce20e33eac124758e837cbd80a6f633/library/std/src/panicking.rs:519:13
[INFO] [stdout]   12:     0x55fe43ad919c - std::sys_common::backtrace::__rust_end_short_backtrace::hd489062ffa586a9f
[INFO] [stdout]                                at /rustc/a178d0322ce20e33eac124758e837cbd80a6f633/library/std/src/sys_common/backtrace.rs:141:18
[INFO] [stdout]   13:     0x55fe43adaf89 - rust_begin_unwind
[INFO] [stdout]                                at /rustc/a178d0322ce20e33eac124758e837cbd80a6f633/library/std/src/panicking.rs:515:5
[INFO] [stdout]   14:     0x55fe4344ed31 - core::panicking::panic_fmt::hca6330e3e14086b4
[INFO] [stdout]                                at /rustc/a178d0322ce20e33eac124758e837cbd80a6f633/library/core/src/panicking.rs:92:14
[INFO] [stdout]   15:     0x55fe4344ee23 - core::result::unwrap_failed::h6160d2b4bfbb0e87
[INFO] [stdout]                                at /rustc/a178d0322ce20e33eac124758e837cbd80a6f633/library/core/src/result.rs:1355:5
[INFO] [stdout]   16:     0x55fe4345753f - core::result::Result<T,E>::unwrap::h33f03d67f05ab091
[INFO] [stdout]                                at /rustc/a178d0322ce20e33eac124758e837cbd80a6f633/library/core/src/result.rs:1037:23
[INFO] [stdout]   17:     0x55fe4345e8cd - monger_core::client::tests::download_test::hf70fc40890456206
[INFO] [stdout]                                at /opt/rustwide/workdir/monger-core/src/client.rs:62:20
[INFO] [stdout]   18:     0x55fe4345e84a - monger_core::client::tests::download_test::{{closure}}::hebe7302a560e97c2
[INFO] [stdout]                                at /opt/rustwide/workdir/monger-core/src/client.rs:60:5
[INFO] [stdout]   19:     0x55fe43451c0e - core::ops::function::FnOnce::call_once::h0d17753d4823174d
[INFO] [stdout]                                at /rustc/a178d0322ce20e33eac124758e837cbd80a6f633/library/core/src/ops/function.rs:227:5
[INFO] [stdout]   20:     0x55fe43487fd3 - core::ops::function::FnOnce::call_once::h152e7e439ff59e19
[INFO] [stdout]                                at /rustc/a178d0322ce20e33eac124758e837cbd80a6f633/library/core/src/ops/function.rs:227:5
[INFO] [stdout]   21:     0x55fe43487fd3 - test::__rust_begin_short_backtrace::h0908f3b1fdbb72ab
[INFO] [stdout]                                at /rustc/a178d0322ce20e33eac124758e837cbd80a6f633/library/test/src/lib.rs:577:5
[INFO] [stdout]   22:     0x55fe43486a90 - <alloc::boxed::Box<F,A> as core::ops::function::FnOnce<Args>>::call_once::hf6d2a51e5587546c
[INFO] [stdout]                                at /rustc/a178d0322ce20e33eac124758e837cbd80a6f633/library/alloc/src/boxed.rs:1575:9
[INFO] [stdout]   23:     0x55fe43486a90 - <std::panic::AssertUnwindSafe<F> as core::ops::function::FnOnce<()>>::call_once::h8af660f3a89ef593
[INFO] [stdout]                                at /rustc/a178d0322ce20e33eac124758e837cbd80a6f633/library/std/src/panic.rs:347:9
[INFO] [stdout]   24:     0x55fe43486a90 - std::panicking::try::do_call::hd36aef60f84b6d36
[INFO] [stdout]                                at /rustc/a178d0322ce20e33eac124758e837cbd80a6f633/library/std/src/panicking.rs:401:40
[INFO] [stdout]   25:     0x55fe43486a90 - std::panicking::try::h9932b4480e69817c
[INFO] [stdout]                                at /rustc/a178d0322ce20e33eac124758e837cbd80a6f633/library/std/src/panicking.rs:365:19
[INFO] [stdout]   26:     0x55fe43486a90 - std::panic::catch_unwind::h6aa177099cfff5f8
[INFO] [stdout]                                at /rustc/a178d0322ce20e33eac124758e837cbd80a6f633/library/std/src/panic.rs:434:14
[INFO] [stdout]   27:     0x55fe43486a90 - test::run_test_in_process::h5884d6f2d99e20c3
[INFO] [stdout]                                at /rustc/a178d0322ce20e33eac124758e837cbd80a6f633/library/test/src/lib.rs:600:18
[INFO] [stdout]   28:     0x55fe43486a90 - test::run_test::run_test_inner::{{closure}}::h6fdc58c6d5f5b6e3
[INFO] [stdout]                                at /rustc/a178d0322ce20e33eac124758e837cbd80a6f633/library/test/src/lib.rs:492:39
[INFO] [stdout]   29:     0x55fe43460142 - test::run_test::run_test_inner::{{closure}}::h408365d67a78ade8
[INFO] [stdout]                                at /rustc/a178d0322ce20e33eac124758e837cbd80a6f633/library/test/src/lib.rs:519:37
[INFO] [stdout]   30:     0x55fe43460142 - std::sys_common::backtrace::__rust_begin_short_backtrace::hb560b77c4f701523
[INFO] [stdout]                                at /rustc/a178d0322ce20e33eac124758e837cbd80a6f633/library/std/src/sys_common/backtrace.rs:125:18
[INFO] [stdout]   31:     0x55fe43463cf8 - std::thread::Builder::spawn_unchecked::{{closure}}::{{closure}}::hf2e7831dad93c597
[INFO] [stdout]                                at /rustc/a178d0322ce20e33eac124758e837cbd80a6f633/library/std/src/thread/mod.rs:481:17
[INFO] [stdout]   32:     0x55fe43463cf8 - <std::panic::AssertUnwindSafe<F> as core::ops::function::FnOnce<()>>::call_once::hd2e08783d8be4d02
[INFO] [stdout]                                at /rustc/a178d0322ce20e33eac124758e837cbd80a6f633/library/std/src/panic.rs:347:9
[INFO] [stdout]   33:     0x55fe43463cf8 - std::panicking::try::do_call::h062597b7acfd6b82
[INFO] [stdout]                                at /rustc/a178d0322ce20e33eac124758e837cbd80a6f633/library/std/src/panicking.rs:401:40
[INFO] [stdout]   34:     0x55fe43463cf8 - std::panicking::try::h0d7b79db04c14552
[INFO] [stdout]                                at /rustc/a178d0322ce20e33eac124758e837cbd80a6f633/library/std/src/panicking.rs:365:19
[INFO] [stdout]   35:     0x55fe43463cf8 - std::panic::catch_unwind::hb01a0b5e7c8cd43b
[INFO] [stdout]                                at /rustc/a178d0322ce20e33eac124758e837cbd80a6f633/library/std/src/panic.rs:434:14
[INFO] [stdout]   36:     0x55fe43463cf8 - std::thread::Builder::spawn_unchecked::{{closure}}::h5bde48cc887e0d1e
[INFO] [stdout]                                at /rustc/a178d0322ce20e33eac124758e837cbd80a6f633/library/std/src/thread/mod.rs:480:30
[INFO] [stdout]   37:     0x55fe43463cf8 - core::ops::function::FnOnce::call_once{{vtable.shim}}::h745ea30807a29e55
[INFO] [stdout]                                at /rustc/a178d0322ce20e33eac124758e837cbd80a6f633/library/core/src/ops/function.rs:227:5
[INFO] [stdout]   38:     0x55fe43ae0857 - <alloc::boxed::Box<F,A> as core::ops::function::FnOnce<Args>>::call_once::h7ece6cfefaff1005
[INFO] [stdout]                                at /rustc/a178d0322ce20e33eac124758e837cbd80a6f633/library/alloc/src/boxed.rs:1575:9
[INFO] [stdout]   39:     0x55fe43ae0857 - <alloc::boxed::Box<F,A> as core::ops::function::FnOnce<Args>>::call_once::hb8b48e55c21f193e
[INFO] [stdout]                                at /rustc/a178d0322ce20e33eac124758e837cbd80a6f633/library/alloc/src/boxed.rs:1575:9
[INFO] [stdout]   40:     0x55fe43ae0857 - std::sys::unix::thread::Thread::new::thread_start::h8c7c4450dba62914
[INFO] [stdout]                                at /rustc/a178d0322ce20e33eac124758e837cbd80a6f633/library/std/src/sys/unix/thread.rs:71:17
[INFO] [stdout]   41:     0x7f4547510609 - start_thread
[INFO] [stdout]   42:     0x7f45472e8293 - clone
[INFO] [stdout]   43:                0x0 - <unknown>
[INFO] [stdout] 
[INFO] [stdout] 
[INFO] [stdout] failures:
[INFO] [stdout]     client::tests::download_test
[INFO] [stdout] 
[INFO] [stdout] test result: FAILED. 36 passed; 1 failed; 0 ignored; 0 measured; 0 filtered out; finished in 0.10s
[INFO] [stdout] 
[INFO] running `Command { std: "docker" "inspect" "c9ae3e98ef8fb356253dabc53992204b1e62caca0075c9c384387436c1c84c1f", kill_on_drop: false }`
[INFO] running `Command { std: "docker" "rm" "-f" "c9ae3e98ef8fb356253dabc53992204b1e62caca0075c9c384387436c1c84c1f", kill_on_drop: false }`
[INFO] [stdout] c9ae3e98ef8fb356253dabc53992204b1e62caca0075c9c384387436c1c84c1f
