[INFO] cloning repository https://github.com/sagan-software/rust-eos
[INFO] running `Command { std: "git" "-c" "credential.helper=" "-c" "credential.helper=/workspace/cargo-home/bin/git-credential-null" "clone" "--bare" "https://github.com/sagan-software/rust-eos" "/workspace/cache/git-repos/https%3A%2F%2Fgithub.com%2Fsagan-software%2Frust-eos", kill_on_drop: false }`
[INFO] [stderr] Cloning into bare repository '/workspace/cache/git-repos/https%3A%2F%2Fgithub.com%2Fsagan-software%2Frust-eos'...
[INFO] running `Command { std: "git" "rev-parse" "HEAD", kill_on_drop: false }`
[INFO] [stdout] 6009c92b2667b1204dfbcddfd565dfebe387ba81
[INFO] testing sagan-software/rust-eos against beta-2021-08-01 for beta-1.55-1
[INFO] running `Command { std: "git" "clone" "/workspace/cache/git-repos/https%3A%2F%2Fgithub.com%2Fsagan-software%2Frust-eos" "/workspace/builds/worker-2/source", kill_on_drop: false }`
[INFO] [stderr] Cloning into '/workspace/builds/worker-2/source'...
[INFO] [stderr] done.
[INFO] validating manifest of git repo https://github.com/sagan-software/rust-eos on toolchain beta-2021-08-01
[INFO] running `Command { std: "/workspace/cargo-home/bin/cargo" "+beta-2021-08-01" "metadata" "--manifest-path" "Cargo.toml" "--no-deps", kill_on_drop: false }`
[INFO] removed /workspace/builds/worker-2/source/.cargo/config
[INFO] removed /workspace/builds/worker-2/source/rust-toolchain
[INFO] started tweaking git repo https://github.com/sagan-software/rust-eos
[INFO] finished tweaking git repo https://github.com/sagan-software/rust-eos
[INFO] tweaked toml for git repo https://github.com/sagan-software/rust-eos written to /workspace/builds/worker-2/source/Cargo.toml
[INFO] running `Command { std: "/workspace/cargo-home/bin/cargo" "+beta-2021-08-01" "generate-lockfile" "--manifest-path" "Cargo.toml" "-Zno-index-update", kill_on_drop: false }`
[INFO] running `Command { std: "/workspace/cargo-home/bin/cargo" "+beta-2021-08-01" "fetch" "--manifest-path" "Cargo.toml", kill_on_drop: false }`
[INFO] [stderr]  Downloading crates ...
[INFO] [stderr]   Downloaded rand_regex v0.14.2
[INFO] [stderr]   Downloaded trybuild v1.0.44
[INFO] [stderr]   Downloaded path-slash v0.1.4
[INFO] running `Command { std: "docker" "create" "-v" "/var/lib/crater-agent-workspace/builds/worker-2/target:/opt/rustwide/target:rw,Z" "-v" "/var/lib/crater-agent-workspace/builds/worker-2/source:/opt/rustwide/workdir:ro,Z" "-v" "/var/lib/crater-agent-workspace/cargo-home:/opt/rustwide/cargo-home:ro,Z" "-v" "/var/lib/crater-agent-workspace/rustup-home:/opt/rustwide/rustup-home:ro,Z" "-e" "SOURCE_DIR=/opt/rustwide/workdir" "-e" "CARGO_TARGET_DIR=/opt/rustwide/target" "-e" "CARGO_HOME=/opt/rustwide/cargo-home" "-e" "RUSTUP_HOME=/opt/rustwide/rustup-home" "-w" "/opt/rustwide/workdir" "-m" "1610612736" "--user" "0:0" "--network" "none" "ghcr.io/rust-lang/crates-build-env/linux@sha256:34b6a614d2c27851fe6cbf88fbd1137609cefab8b10d0615aaeb6fd47975d74e" "/opt/rustwide/cargo-home/bin/cargo" "+beta-2021-08-01" "metadata" "--no-deps" "--format-version=1", kill_on_drop: false }`
[INFO] [stdout] ca141149334b0735b4df9effc52a63b9078b6b1497a40b22588be91a26b7886f
[INFO] running `Command { std: "docker" "start" "-a" "ca141149334b0735b4df9effc52a63b9078b6b1497a40b22588be91a26b7886f", kill_on_drop: false }`
[INFO] running `Command { std: "docker" "inspect" "ca141149334b0735b4df9effc52a63b9078b6b1497a40b22588be91a26b7886f", kill_on_drop: false }`
[INFO] running `Command { std: "docker" "rm" "-f" "ca141149334b0735b4df9effc52a63b9078b6b1497a40b22588be91a26b7886f", kill_on_drop: false }`
[INFO] [stdout] ca141149334b0735b4df9effc52a63b9078b6b1497a40b22588be91a26b7886f
[INFO] running `Command { std: "docker" "create" "-v" "/var/lib/crater-agent-workspace/builds/worker-2/target:/opt/rustwide/target:rw,Z" "-v" "/var/lib/crater-agent-workspace/builds/worker-2/source:/opt/rustwide/workdir:ro,Z" "-v" "/var/lib/crater-agent-workspace/cargo-home:/opt/rustwide/cargo-home:ro,Z" "-v" "/var/lib/crater-agent-workspace/rustup-home:/opt/rustwide/rustup-home:ro,Z" "-e" "SOURCE_DIR=/opt/rustwide/workdir" "-e" "CARGO_TARGET_DIR=/opt/rustwide/target" "-e" "CARGO_INCREMENTAL=0" "-e" "RUST_BACKTRACE=full" "-e" "RUSTFLAGS=--cap-lints=warn" "-e" "CARGO_HOME=/opt/rustwide/cargo-home" "-e" "RUSTUP_HOME=/opt/rustwide/rustup-home" "-w" "/opt/rustwide/workdir" "-m" "1610612736" "--user" "0:0" "--network" "none" "ghcr.io/rust-lang/crates-build-env/linux@sha256:34b6a614d2c27851fe6cbf88fbd1137609cefab8b10d0615aaeb6fd47975d74e" "/opt/rustwide/cargo-home/bin/cargo" "+beta-2021-08-01" "build" "--frozen" "--message-format=json", kill_on_drop: false }`
[INFO] [stdout] 7f658cebb69d3d6a0cb13913907a3b08c59dc001e33daad5cf57face040b4f27
[INFO] running `Command { std: "docker" "start" "-a" "7f658cebb69d3d6a0cb13913907a3b08c59dc001e33daad5cf57face040b4f27", kill_on_drop: false }`
[INFO] [stderr]    Compiling syn v1.0.74
[INFO] [stderr]    Compiling eosio_numstr v0.3.1 (/opt/rustwide/workdir/crates/eosio_numstr)
[INFO] [stderr]    Compiling eosio_cdt_sys v0.3.0 (/opt/rustwide/workdir/crates/eosio_cdt_sys)
[INFO] [stderr]    Compiling palette v0.5.0
[INFO] [stderr]    Compiling jpeg-decoder v0.1.22
[INFO] [stderr]    Compiling bytemuck v1.7.2
[INFO] [stderr]    Compiling float-ord v0.2.0
[INFO] [stderr]    Compiling path-slash v0.1.4
[INFO] [stderr]    Compiling hello_bare v0.1.0 (/opt/rustwide/workdir/examples/hello_bare)
[INFO] [stderr]    Compiling cmake v0.1.45
[INFO] [stderr]    Compiling num-integer v0.1.44
[INFO] [stderr]    Compiling servo-fontconfig-sys v4.0.9
[INFO] [stderr]    Compiling num-rational v0.3.2
[INFO] [stderr]    Compiling deflate v0.8.6
[INFO] [stderr]    Compiling stb_truetype v0.3.1
[INFO] [stderr]    Compiling rand v0.6.5
[INFO] [stderr]    Compiling rand_os v0.1.3
[INFO] [stderr]    Compiling semver v0.11.0
[INFO] [stderr]    Compiling approx v0.3.2
[INFO] [stderr]    Compiling ordered-float v1.1.1
[INFO] [stderr]    Compiling regex v1.5.4
[INFO] [stderr]    Compiling rand_xorshift v0.2.0
[INFO] [stderr]    Compiling rand v0.7.3
[INFO] [stderr]    Compiling rustc_version v0.3.3
[INFO] [stderr]    Compiling rusttype v0.8.3
[INFO] [stderr]    Compiling servo-freetype-sys v4.0.5
[INFO] [stderr]    Compiling expat-sys v2.1.6
[INFO] [stderr]    Compiling png v0.16.8
[INFO] [stderr]    Compiling chrono v0.4.19
[INFO] [stderr]    Compiling num-iter v0.1.42
[INFO] [stderr]    Compiling pathfinder_simd v0.5.1
[INFO] [stderr]    Compiling rand_regex v0.14.2
[INFO] [stderr]    Compiling image v0.23.14
[INFO] [stderr]    Compiling util v0.1.0 (/opt/rustwide/workdir/internal/util)
[INFO] [stderr]    Compiling env_logger v0.6.2
[INFO] [stderr]    Compiling freetype v0.4.1
[INFO] [stderr]    Compiling servo-fontconfig v0.4.0
[INFO] [stderr]    Compiling pretty_env_logger v0.3.1
[INFO] [stderr]    Compiling pathfinder_geometry v0.5.1
[INFO] [stderr]    Compiling bench_cpp v0.1.0 (/opt/rustwide/workdir/internal/bench_cpp)
[INFO] [stderr]    Compiling font-kit v0.7.1
[INFO] [stderr]    Compiling proc-macro-error v1.0.4
[INFO] [stderr]    Compiling eosio_macros_internal v0.3.1 (/opt/rustwide/workdir/crates/eosio_macros_internal)
[INFO] [stderr]    Compiling serde_derive v1.0.127
[INFO] [stderr]    Compiling palette_derive v0.5.0
[INFO] [stderr]    Compiling structopt-derive v0.4.15
[INFO] [stderr]    Compiling eosio_macros v0.3.1 (/opt/rustwide/workdir/crates/eosio_macros)
[INFO] [stderr]    Compiling eosio v0.3.1 (/opt/rustwide/workdir/crates/eosio)
[INFO] [stderr]    Compiling structopt v0.3.22
[INFO] [stderr]    Compiling plotters v0.2.15
[INFO] [stderr]    Compiling eosio_cdt v0.3.1 (/opt/rustwide/workdir/crates/eosio_cdt)
[INFO] [stderr]    Compiling bench_contract_rs v0.1.0 (/opt/rustwide/workdir/internal/bench_rs)
[INFO] [stderr]    Compiling eosio_wrap v0.1.0 (/opt/rustwide/workdir/contracts/eosio_wrap)
[INFO] [stderr]    Compiling hello v0.1.0 (/opt/rustwide/workdir/examples/hello)
[INFO] [stderr]    Compiling addressbook v0.1.0 (/opt/rustwide/workdir/examples/addressbook)
[INFO] [stderr]    Compiling eosio_token v0.1.0 (/opt/rustwide/workdir/contracts/eosio_token)
[INFO] [stderr]    Compiling eosio_bios v0.1.0 (/opt/rustwide/workdir/contracts/eosio_bios)
[INFO] [stderr]    Compiling eosio_forum v0.1.0 (/opt/rustwide/workdir/contracts/eosio_forum)
[INFO] [stderr]    Compiling tictactoe v0.1.0 (/opt/rustwide/workdir/examples/tictactoe)
[INFO] [stderr]    Compiling eosio_msig v0.1.0 (/opt/rustwide/workdir/contracts/eosio_msig)
[INFO] [stdout] warning: unused variable: `proposal_name`
[INFO] [stdout]   --> contracts/eosio_forum/src/lib.rs:58:25
[INFO] [stdout]    |
[INFO] [stdout] 58 | fn compute_by_voter_key(proposal_name: Name, voter: AccountName) -> u128 {
[INFO] [stdout]    |                         ^^^^^^^^^^^^^ help: if this is intentional, prefix it with an underscore: `_proposal_name`
[INFO] [stdout]    |
[INFO] [stdout]    = note: `#[warn(unused_variables)]` on by default
[INFO] [stdout] 
[INFO] [stdout] 
[INFO] [stdout] warning: constant is never used: `FREEZE_PERIOD_IN_SECONDS`
[INFO] [stdout]   --> contracts/eosio_forum/src/lib.rs:50:1
[INFO] [stdout]    |
[INFO] [stdout] 50 | const FREEZE_PERIOD_IN_SECONDS: u32 = 3 * 24 * 60 * 60;
[INFO] [stdout]    | ^^^^^^^^^^^^^^^^^^^^^^^^^^^^^^^^^^^^^^^^^^^^^^^^^^^^^^^
[INFO] [stdout]    |
[INFO] [stdout]    = note: `#[warn(dead_code)]` on by default
[INFO] [stdout] 
[INFO] [stdout] 
[INFO] [stdout] warning: constant is never used: `SIX_MONTHS_IN_SECONDS`
[INFO] [stdout]   --> contracts/eosio_forum/src/lib.rs:51:1
[INFO] [stdout]    |
[INFO] [stdout] 51 | / const SIX_MONTHS_IN_SECONDS: u32 =
[INFO] [stdout] 52 | |     (6.0 * (365.25 / 12.0) * 24.0 * 60.0 * 60.0) as u32;
[INFO] [stdout]    | |________________________________________________________^
[INFO] [stdout] 
[INFO] [stdout] 
[INFO] [stdout] warning: associated function is never used: `is_expired`
[INFO] [stdout]   --> contracts/eosio_forum/src/lib.rs:75:8
[INFO] [stdout]    |
[INFO] [stdout] 75 |     fn is_expired(&self) -> bool {
[INFO] [stdout]    |        ^^^^^^^^^^
[INFO] [stdout] 
[INFO] [stdout] 
[INFO] [stdout] warning: associated function is never used: `can_be_cleaned_up`
[INFO] [stdout]   --> contracts/eosio_forum/src/lib.rs:79:8
[INFO] [stdout]    |
[INFO] [stdout] 79 |     fn can_be_cleaned_up(&self) -> bool {
[INFO] [stdout]    |        ^^^^^^^^^^^^^^^^^
[INFO] [stdout] 
[INFO] [stdout] 
[INFO] [stdout] warning: 5 warnings emitted
[INFO] [stdout] 
[INFO] [stdout] 
[INFO] [stderr]    Compiling scripts v0.1.0 (/opt/rustwide/workdir/internal/scripts)
[INFO] [stderr]    Compiling serde v1.0.127
[INFO] [stderr]    Compiling serde_json v1.0.66
[INFO] [stderr]    Compiling eosio_system v0.1.0 (/opt/rustwide/workdir/contracts/eosio_system)
[INFO] [stdout] warning: unused import: `eosio_cdt::*`
[INFO] [stdout]  --> contracts/eosio_system/src/name_bidding.rs:2:5
[INFO] [stdout]   |
[INFO] [stdout] 2 | use eosio_cdt::*;
[INFO] [stdout]   |     ^^^^^^^^^^^^
[INFO] [stdout]   |
[INFO] [stdout]   = note: `#[warn(unused_imports)]` on by default
[INFO] [stdout] 
[INFO] [stdout] 
[INFO] [stdout] warning: unused imports: `collections::VecDeque`, `marker::PhantomData`
[INFO] [stdout]  --> contracts/eosio_system/src/name_bidding.rs:3:11
[INFO] [stdout]   |
[INFO] [stdout] 3 | use std::{collections::VecDeque, marker::PhantomData};
[INFO] [stdout]   |           ^^^^^^^^^^^^^^^^^^^^^  ^^^^^^^^^^^^^^^^^^^
[INFO] [stdout] 
[INFO] [stdout] 
[INFO] [stdout] warning: variable does not need to be mutable
[INFO] [stdout]    --> contracts/eosio_system/src/core.rs:130:9
[INFO] [stdout]     |
[INFO] [stdout] 130 |     let mut gstate = GLOBAL.get_or_default().expect("read");
[INFO] [stdout]     |         ----^^^^^^
[INFO] [stdout]     |         |
[INFO] [stdout]     |         help: remove this `mut`
[INFO] [stdout]     |
[INFO] [stdout]     = note: `#[warn(unused_mut)]` on by default
[INFO] [stdout] 
[INFO] [stdout] 
[INFO] [stdout] warning: variable does not need to be mutable
[INFO] [stdout]    --> contracts/eosio_system/src/core.rs:131:9
[INFO] [stdout]     |
[INFO] [stdout] 131 |     let mut gstate2 = GLOBAL2.get_or_default().expect("read");
[INFO] [stdout]     |         ----^^^^^^^
[INFO] [stdout]     |         |
[INFO] [stdout]     |         help: remove this `mut`
[INFO] [stdout] 
[INFO] [stdout] 
[INFO] [stdout] warning: variable does not need to be mutable
[INFO] [stdout]    --> contracts/eosio_system/src/core.rs:141:9
[INFO] [stdout]     |
[INFO] [stdout] 141 |     let mut market = cursor.get().expect("read");
[INFO] [stdout]     |         ----^^^^^^
[INFO] [stdout]     |         |
[INFO] [stdout]     |         help: remove this `mut`
[INFO] [stdout] 
[INFO] [stdout] 
[INFO] [stdout] warning: 5 warnings emitted
[INFO] [stdout] 
[INFO] [stdout] 
[INFO] [stderr]    Compiling bench v0.1.0 (/opt/rustwide/workdir/internal/bench)
[INFO] [stderr]     Finished dev [unoptimized + debuginfo] target(s) in 31.51s
[INFO] running `Command { std: "docker" "inspect" "7f658cebb69d3d6a0cb13913907a3b08c59dc001e33daad5cf57face040b4f27", kill_on_drop: false }`
[INFO] running `Command { std: "docker" "rm" "-f" "7f658cebb69d3d6a0cb13913907a3b08c59dc001e33daad5cf57face040b4f27", kill_on_drop: false }`
[INFO] [stdout] 7f658cebb69d3d6a0cb13913907a3b08c59dc001e33daad5cf57face040b4f27
[INFO] running `Command { std: "docker" "create" "-v" "/var/lib/crater-agent-workspace/builds/worker-2/target:/opt/rustwide/target:rw,Z" "-v" "/var/lib/crater-agent-workspace/builds/worker-2/source:/opt/rustwide/workdir:ro,Z" "-v" "/var/lib/crater-agent-workspace/cargo-home:/opt/rustwide/cargo-home:ro,Z" "-v" "/var/lib/crater-agent-workspace/rustup-home:/opt/rustwide/rustup-home:ro,Z" "-e" "SOURCE_DIR=/opt/rustwide/workdir" "-e" "CARGO_TARGET_DIR=/opt/rustwide/target" "-e" "CARGO_INCREMENTAL=0" "-e" "RUST_BACKTRACE=full" "-e" "RUSTFLAGS=--cap-lints=warn" "-e" "CARGO_HOME=/opt/rustwide/cargo-home" "-e" "RUSTUP_HOME=/opt/rustwide/rustup-home" "-w" "/opt/rustwide/workdir" "-m" "1610612736" "--user" "0:0" "--network" "none" "ghcr.io/rust-lang/crates-build-env/linux@sha256:34b6a614d2c27851fe6cbf88fbd1137609cefab8b10d0615aaeb6fd47975d74e" "/opt/rustwide/cargo-home/bin/cargo" "+beta-2021-08-01" "test" "--frozen" "--no-run" "--message-format=json", kill_on_drop: false }`
[INFO] [stdout] e6c75d8469bfb8e333e9154572f5ba12a97658d27018477221543cb42959c9a0
[INFO] running `Command { std: "docker" "start" "-a" "e6c75d8469bfb8e333e9154572f5ba12a97658d27018477221543cb42959c9a0", kill_on_drop: false }`
[INFO] [stderr]     Blocking waiting for file lock on package cache
[INFO] [stderr]    Compiling crossbeam-utils v0.8.5
[INFO] [stderr]    Compiling semver v1.0.4
[INFO] [stderr]    Compiling crossbeam-epoch v0.9.5
[INFO] [stderr]    Compiling regex-automata v0.1.10
[INFO] [stderr]    Compiling plotters-backend v0.3.2
[INFO] [stderr]    Compiling bit-vec v0.6.3
[INFO] [stderr]    Compiling half v1.7.1
[INFO] [stderr]    Compiling oorandom v11.1.3
[INFO] [stderr]    Compiling trybuild v1.0.44
[INFO] [stderr]    Compiling eosio_cdt_sys v0.3.0 (/opt/rustwide/workdir/crates/eosio_cdt_sys)
[INFO] [stderr]    Compiling hello_bare v0.1.0 (/opt/rustwide/workdir/examples/hello_bare)
[INFO] [stderr]    Compiling memoffset v0.6.4
[INFO] [stderr]    Compiling itertools v0.10.1
[INFO] [stderr]    Compiling wait-timeout v0.2.0
[INFO] [stderr]    Compiling csv-core v0.1.10
[INFO] [stderr]    Compiling rand_core v0.6.3
[INFO] [stderr]    Compiling util v0.1.0 (/opt/rustwide/workdir/internal/util)
[INFO] [stderr]    Compiling bench_cpp v0.1.0 (/opt/rustwide/workdir/internal/bench_cpp)
[INFO] [stderr]    Compiling toml v0.5.8
[INFO] [stderr]    Compiling tinytemplate v1.2.1
[INFO] [stderr]    Compiling eosio_macros_internal v0.3.1 (/opt/rustwide/workdir/crates/eosio_macros_internal)
[INFO] [stderr]    Compiling bench v0.1.0 (/opt/rustwide/workdir/internal/bench)
[INFO] [stderr]    Compiling eosio_cdt v0.3.1 (/opt/rustwide/workdir/crates/eosio_cdt)
[INFO] [stderr]    Compiling bench_contract_rs v0.1.0 (/opt/rustwide/workdir/internal/bench_rs)
[INFO] [stderr]    Compiling eosio_system v0.1.0 (/opt/rustwide/workdir/contracts/eosio_system)
[INFO] [stderr]    Compiling addressbook v0.1.0 (/opt/rustwide/workdir/examples/addressbook)
[INFO] [stderr]    Compiling eosio_msig v0.1.0 (/opt/rustwide/workdir/contracts/eosio_msig)
[INFO] [stderr]    Compiling hello v0.1.0 (/opt/rustwide/workdir/examples/hello)
[INFO] [stderr]    Compiling tictactoe v0.1.0 (/opt/rustwide/workdir/examples/tictactoe)
[INFO] [stderr]    Compiling eosio_token v0.1.0 (/opt/rustwide/workdir/contracts/eosio_token)
[INFO] [stderr]    Compiling eosio_wrap v0.1.0 (/opt/rustwide/workdir/contracts/eosio_wrap)
[INFO] [stderr]    Compiling eosio_bios v0.1.0 (/opt/rustwide/workdir/contracts/eosio_bios)
[INFO] [stderr]    Compiling eosio_forum v0.1.0 (/opt/rustwide/workdir/contracts/eosio_forum)
[INFO] [stderr]    Compiling plotters-svg v0.3.1
[INFO] [stderr]    Compiling rand_chacha v0.3.1
[INFO] [stderr]    Compiling bit-set v0.5.2
[INFO] [stderr]    Compiling scripts v0.1.0 (/opt/rustwide/workdir/internal/scripts)
[INFO] [stderr]    Compiling bstr v0.2.16
[INFO] [stderr]    Compiling serde_cbor v0.11.1
[INFO] [stderr]    Compiling plotters v0.3.1
[INFO] [stdout] warning: unused import: `eosio_cdt::*`
[INFO] [stdout]  --> contracts/eosio_system/src/name_bidding.rs:2:5
[INFO] [stdout]   |
[INFO] [stdout] 2 | use eosio_cdt::*;
[INFO] [stdout]   |     ^^^^^^^^^^^^
[INFO] [stdout]   |
[INFO] [stdout]   = note: `#[warn(unused_imports)]` on by default
[INFO] [stdout] 
[INFO] [stdout] 
[INFO] [stdout] warning: unused imports: `collections::VecDeque`, `marker::PhantomData`
[INFO] [stdout]  --> contracts/eosio_system/src/name_bidding.rs:3:11
[INFO] [stdout]   |
[INFO] [stdout] 3 | use std::{collections::VecDeque, marker::PhantomData};
[INFO] [stdout]   |           ^^^^^^^^^^^^^^^^^^^^^  ^^^^^^^^^^^^^^^^^^^
[INFO] [stdout] 
[INFO] [stdout] 
[INFO] [stdout] warning: variable does not need to be mutable
[INFO] [stdout]    --> contracts/eosio_system/src/core.rs:130:9
[INFO] [stdout]     |
[INFO] [stdout] 130 |     let mut gstate = GLOBAL.get_or_default().expect("read");
[INFO] [stdout]     |         ----^^^^^^
[INFO] [stdout]     |         |
[INFO] [stdout]     |         help: remove this `mut`
[INFO] [stdout]     |
[INFO] [stdout]     = note: `#[warn(unused_mut)]` on by default
[INFO] [stdout] 
[INFO] [stdout] 
[INFO] [stdout] warning: variable does not need to be mutable
[INFO] [stdout]    --> contracts/eosio_system/src/core.rs:131:9
[INFO] [stdout]     |
[INFO] [stdout] 131 |     let mut gstate2 = GLOBAL2.get_or_default().expect("read");
[INFO] [stdout]     |         ----^^^^^^^
[INFO] [stdout]     |         |
[INFO] [stdout]     |         help: remove this `mut`
[INFO] [stdout] 
[INFO] [stdout] 
[INFO] [stdout] warning: variable does not need to be mutable
[INFO] [stdout]    --> contracts/eosio_system/src/core.rs:141:9
[INFO] [stdout]     |
[INFO] [stdout] 141 |     let mut market = cursor.get().expect("read");
[INFO] [stdout]     |         ----^^^^^^
[INFO] [stdout]     |         |
[INFO] [stdout]     |         help: remove this `mut`
[INFO] [stdout] 
[INFO] [stdout] 
[INFO] [stderr]    Compiling rand v0.8.4
[INFO] [stdout] warning: unused variable: `proposal_name`
[INFO] [stdout]   --> contracts/eosio_forum/src/lib.rs:58:25
[INFO] [stdout]    |
[INFO] [stdout] 58 | fn compute_by_voter_key(proposal_name: Name, voter: AccountName) -> u128 {
[INFO] [stdout]    |                         ^^^^^^^^^^^^^ help: if this is intentional, prefix it with an underscore: `_proposal_name`
[INFO] [stdout]    |
[INFO] [stdout]    = note: `#[warn(unused_variables)]` on by default
[INFO] [stdout] 
[INFO] [stdout] 
[INFO] [stdout] warning: constant is never used: `FREEZE_PERIOD_IN_SECONDS`
[INFO] [stdout]   --> contracts/eosio_forum/src/lib.rs:50:1
[INFO] [stdout]    |
[INFO] [stdout] 50 | const FREEZE_PERIOD_IN_SECONDS: u32 = 3 * 24 * 60 * 60;
[INFO] [stdout]    | ^^^^^^^^^^^^^^^^^^^^^^^^^^^^^^^^^^^^^^^^^^^^^^^^^^^^^^^
[INFO] [stdout]    |
[INFO] [stdout]    = note: `#[warn(dead_code)]` on by default
[INFO] [stdout] 
[INFO] [stdout] 
[INFO] [stdout] warning: constant is never used: `SIX_MONTHS_IN_SECONDS`
[INFO] [stdout]   --> contracts/eosio_forum/src/lib.rs:51:1
[INFO] [stdout]    |
[INFO] [stdout] 51 | / const SIX_MONTHS_IN_SECONDS: u32 =
[INFO] [stdout] 52 | |     (6.0 * (365.25 / 12.0) * 24.0 * 60.0 * 60.0) as u32;
[INFO] [stdout]    | |________________________________________________________^
[INFO] [stdout] 
[INFO] [stdout] 
[INFO] [stdout] warning: associated function is never used: `is_expired`
[INFO] [stdout]   --> contracts/eosio_forum/src/lib.rs:75:8
[INFO] [stdout]    |
[INFO] [stdout] 75 |     fn is_expired(&self) -> bool {
[INFO] [stdout]    |        ^^^^^^^^^^
[INFO] [stdout] 
[INFO] [stdout] 
[INFO] [stdout] warning: associated function is never used: `can_be_cleaned_up`
[INFO] [stdout]   --> contracts/eosio_forum/src/lib.rs:79:8
[INFO] [stdout]    |
[INFO] [stdout] 79 |     fn can_be_cleaned_up(&self) -> bool {
[INFO] [stdout]    |        ^^^^^^^^^^^^^^^^^
[INFO] [stdout] 
[INFO] [stdout] 
[INFO] [stdout] warning: 5 warnings emitted
[INFO] [stdout] 
[INFO] [stdout] 
[INFO] [stdout] warning: 5 warnings emitted
[INFO] [stdout] 
[INFO] [stdout] 
[INFO] [stderr]    Compiling csv v1.1.6
[INFO] [stderr]    Compiling rustc_version v0.4.0
[INFO] [stderr]    Compiling crossbeam-channel v0.5.1
[INFO] [stderr]    Compiling crossbeam-deque v0.8.1
[INFO] [stderr]    Compiling cast v0.2.7
[INFO] [stderr]    Compiling rayon-core v1.9.1
[INFO] [stderr]    Compiling tempfile v3.2.0
[INFO] [stderr]    Compiling rusty-fork v0.2.2
[INFO] [stderr]    Compiling criterion-plot v0.4.4
[INFO] [stderr]    Compiling rayon v1.5.1
[INFO] [stderr]    Compiling proptest v0.9.6
[INFO] [stderr]    Compiling criterion v0.3.5
[INFO] [stderr]    Compiling eosio_macros v0.3.1 (/opt/rustwide/workdir/crates/eosio_macros)
[INFO] [stderr]    Compiling eosio v0.3.1 (/opt/rustwide/workdir/crates/eosio)
[INFO] [stderr]    Compiling eosio_numstr v0.3.1 (/opt/rustwide/workdir/crates/eosio_numstr)
[INFO] [stderr]     Finished test [unoptimized + debuginfo] target(s) in 40.47s
[INFO] running `Command { std: "docker" "inspect" "e6c75d8469bfb8e333e9154572f5ba12a97658d27018477221543cb42959c9a0", kill_on_drop: false }`
[INFO] running `Command { std: "docker" "rm" "-f" "e6c75d8469bfb8e333e9154572f5ba12a97658d27018477221543cb42959c9a0", kill_on_drop: false }`
[INFO] [stdout] e6c75d8469bfb8e333e9154572f5ba12a97658d27018477221543cb42959c9a0
[INFO] running `Command { std: "docker" "create" "-v" "/var/lib/crater-agent-workspace/builds/worker-2/target:/opt/rustwide/target:rw,Z" "-v" "/var/lib/crater-agent-workspace/builds/worker-2/source:/opt/rustwide/workdir:ro,Z" "-v" "/var/lib/crater-agent-workspace/cargo-home:/opt/rustwide/cargo-home:ro,Z" "-v" "/var/lib/crater-agent-workspace/rustup-home:/opt/rustwide/rustup-home:ro,Z" "-e" "SOURCE_DIR=/opt/rustwide/workdir" "-e" "CARGO_TARGET_DIR=/opt/rustwide/target" "-e" "CARGO_INCREMENTAL=0" "-e" "RUST_BACKTRACE=full" "-e" "RUSTFLAGS=--cap-lints=warn" "-e" "CARGO_HOME=/opt/rustwide/cargo-home" "-e" "RUSTUP_HOME=/opt/rustwide/rustup-home" "-w" "/opt/rustwide/workdir" "-m" "1610612736" "--user" "0:0" "--network" "none" "ghcr.io/rust-lang/crates-build-env/linux@sha256:34b6a614d2c27851fe6cbf88fbd1137609cefab8b10d0615aaeb6fd47975d74e" "/opt/rustwide/cargo-home/bin/cargo" "+beta-2021-08-01" "test" "--frozen", kill_on_drop: false }`
[INFO] [stdout] f2231a462bf72749f0bfb52073c78a6b6bcf74330afe4044278f1f08b860d2e5
[INFO] running `Command { std: "docker" "start" "-a" "f2231a462bf72749f0bfb52073c78a6b6bcf74330afe4044278f1f08b860d2e5", kill_on_drop: false }`
[INFO] [stderr] warning: unused variable: `proposal_name`
[INFO] [stderr]   --> contracts/eosio_forum/src/lib.rs:58:25
[INFO] [stderr]    |
[INFO] [stderr] 58 | fn compute_by_voter_key(proposal_name: Name, voter: AccountName) -> u128 {
[INFO] [stderr]    |                         ^^^^^^^^^^^^^ help: if this is intentional, prefix it with an underscore: `_proposal_name`
[INFO] [stderr]    |
[INFO] [stderr]    = note: `#[warn(unused_variables)]` on by default
[INFO] [stderr] 
[INFO] [stderr] warning: constant is never used: `FREEZE_PERIOD_IN_SECONDS`
[INFO] [stderr]   --> contracts/eosio_forum/src/lib.rs:50:1
[INFO] [stderr]    |
[INFO] [stderr] 50 | const FREEZE_PERIOD_IN_SECONDS: u32 = 3 * 24 * 60 * 60;
[INFO] [stderr]    | ^^^^^^^^^^^^^^^^^^^^^^^^^^^^^^^^^^^^^^^^^^^^^^^^^^^^^^^
[INFO] [stderr]    |
[INFO] [stderr]    = note: `#[warn(dead_code)]` on by default
[INFO] [stderr] 
[INFO] [stderr] warning: constant is never used: `SIX_MONTHS_IN_SECONDS`
[INFO] [stderr]   --> contracts/eosio_forum/src/lib.rs:51:1
[INFO] [stderr]    |
[INFO] [stderr] 51 | / const SIX_MONTHS_IN_SECONDS: u32 =
[INFO] [stderr] 52 | |     (6.0 * (365.25 / 12.0) * 24.0 * 60.0 * 60.0) as u32;
[INFO] [stderr]    | |________________________________________________________^
[INFO] [stderr] 
[INFO] [stderr] warning: associated function is never used: `is_expired`
[INFO] [stderr]   --> contracts/eosio_forum/src/lib.rs:75:8
[INFO] [stderr]    |
[INFO] [stderr] 75 |     fn is_expired(&self) -> bool {
[INFO] [stderr]    |        ^^^^^^^^^^
[INFO] [stderr] 
[INFO] [stderr] warning: associated function is never used: `can_be_cleaned_up`
[INFO] [stderr]   --> contracts/eosio_forum/src/lib.rs:79:8
[INFO] [stderr]    |
[INFO] [stderr] 79 |     fn can_be_cleaned_up(&self) -> bool {
[INFO] [stderr]    |        ^^^^^^^^^^^^^^^^^
[INFO] [stderr] 
[INFO] [stderr] warning: unused import: `eosio_cdt::*`
[INFO] [stderr]  --> contracts/eosio_system/src/name_bidding.rs:2:5
[INFO] [stderr]   |
[INFO] [stderr] 2 | use eosio_cdt::*;
[INFO] [stderr]   |     ^^^^^^^^^^^^
[INFO] [stderr]   |
[INFO] [stderr]   = note: `#[warn(unused_imports)]` on by default
[INFO] [stderr] 
[INFO] [stderr] warning: unused imports: `collections::VecDeque`, `marker::PhantomData`
[INFO] [stderr]  --> contracts/eosio_system/src/name_bidding.rs:3:11
[INFO] [stderr]   |
[INFO] [stderr] 3 | use std::{collections::VecDeque, marker::PhantomData};
[INFO] [stderr]   |           ^^^^^^^^^^^^^^^^^^^^^  ^^^^^^^^^^^^^^^^^^^
[INFO] [stderr] 
[INFO] [stderr] warning: variable does not need to be mutable
[INFO] [stderr]    --> contracts/eosio_system/src/core.rs:130:9
[INFO] [stderr]     |
[INFO] [stderr] 130 |     let mut gstate = GLOBAL.get_or_default().expect("read");
[INFO] [stderr]     |         ----^^^^^^
[INFO] [stderr]     |         |
[INFO] [stderr]     |         help: remove this `mut`
[INFO] [stderr]     |
[INFO] [stderr]     = note: `#[warn(unused_mut)]` on by default
[INFO] [stderr] 
[INFO] [stderr] warning: variable does not need to be mutable
[INFO] [stderr]    --> contracts/eosio_system/src/core.rs:131:9
[INFO] [stderr]     |
[INFO] [stderr] 131 |     let mut gstate2 = GLOBAL2.get_or_default().expect("read");
[INFO] [stderr]     |         ----^^^^^^^
[INFO] [stderr]     |         |
[INFO] [stderr]     |         help: remove this `mut`
[INFO] [stderr] 
[INFO] [stderr] warning: variable does not need to be mutable
[INFO] [stderr]    --> contracts/eosio_system/src/core.rs:141:9
[INFO] [stderr]     |
[INFO] [stderr] 141 |     let mut market = cursor.get().expect("read");
[INFO] [stderr]     |         ----^^^^^^
[INFO] [stderr]     |         |
[INFO] [stderr]     |         help: remove this `mut`
[INFO] [stderr] 
[INFO] [stderr] warning: `eosio_forum` (lib test) generated 5 warnings
[INFO] [stderr] warning: `eosio_system` (lib test) generated 5 warnings
[INFO] [stderr]     Finished test [unoptimized + debuginfo] target(s) in 0.15s
[INFO] [stdout] 
[INFO] [stderr]      Running unittests (/opt/rustwide/target/debug/deps/addressbook-790fae1c58c900d4)
[INFO] [stdout] running 0 tests
[INFO] [stderr]      Running unittests (/opt/rustwide/target/debug/deps/bench-5d787d6aab3a98c3)
[INFO] [stdout] 
[INFO] [stdout] test result: ok. 0 passed; 0 failed; 0 ignored; 0 measured; 0 filtered out; finished in 0.00s
[INFO] [stdout] 
[INFO] [stderr]      Running unittests (/opt/rustwide/target/debug/deps/bench_contract_rs-38a95cc70f436aa0)
[INFO] [stdout] 
[INFO] [stderr]      Running unittests (/opt/rustwide/target/debug/deps/bench_cpp-97865ec7c3e2128b)
[INFO] [stdout] running 0 tests
[INFO] [stdout] 
[INFO] [stdout] test result: ok. 0 passed; 0 failed; 0 ignored; 0 measured; 0 filtered out; finished in 0.00s
[INFO] [stdout] 
[INFO] [stdout] 
[INFO] [stdout] running 0 tests
[INFO] [stdout] 
[INFO] [stdout] test result: ok. 0 passed; 0 failed; 0 ignored; 0 measured; 0 filtered out; finished in 0.00s
[INFO] [stdout] 
[INFO] [stderr]      Running unittests (/opt/rustwide/target/debug/deps/eosio-e9ddec63249e7039)
[INFO] [stdout] 
[INFO] [stdout] running 0 tests
[INFO] [stdout] 
[INFO] [stdout] test result: ok. 0 passed; 0 failed; 0 ignored; 0 measured; 0 filtered out; finished in 0.00s
[INFO] [stdout] 
[INFO] [stdout] 
[INFO] [stdout] running 111 tests
[INFO] [stdout] test action::permission_level_tests::test_display ... ok
[INFO] [stdout] test action::permission_level_tests::test_from_str_invalid_format ... ok
[INFO] [stdout] test asset::asset_tests::from_str_bad_char2 ... ok
[INFO] [stdout] test action::permission_level_tests::test_from_str_invalid_actor ... ok
[INFO] [stdout] test asset::asset_tests::from_str_no_space ... ok
[INFO] [stdout] test action::permission_level_tests::test_from_str_invalid_permission ... ok
[INFO] [stdout] test asset::asset_tests::from_str_lowercase_symbol ... ok
[INFO] [stdout] test asset::asset_tests::from_str_multi_spaces ... ok
[INFO] [stdout] test asset::asset_tests::from_str_ok_basic ... ok
[INFO] [stdout] test asset::asset_tests::from_str_ok_pos_sign ... ok
[INFO] [stdout] test asset::asset_tests::from_str_ok_signed_neg ... ok
[INFO] [stdout] test asset::asset_tests::from_str_ok_zero_precision ... ok
[INFO] [stdout] test asset::asset_tests::from_str_very_small_num_neg ... ok
[INFO] [stdout] test asset::asset_tests::from_str_whitespace_around ... ok
[INFO] [stdout] test asset::asset_tests::from_str_ok_long ... ok
[INFO] [stdout] test asset::asset_tests::test_ops ... ok
[INFO] [stdout] test asset::asset_tests::from_str_ok_signed_zero_precision ... ok
[INFO] [stdout] test asset::asset_tests::from_str_ok_fraction ... ok
[INFO] [stdout] test asset::asset_tests::from_str_ok_signed_long ... ok
[INFO] [stdout] test asset::asset_tests::to_string_max_number ... ok
[INFO] [stdout] test asset::asset_tests::from_str_zero_padded ... ok
[INFO] [stdout] test asset::asset_tests::to_string_fraction ... ok
[INFO] [stdout] test asset::asset_tests::to_string_min_number ... ok
[INFO] [stdout] test asset::asset_tests::to_string_very_small_number ... ok
[INFO] [stdout] test asset::asset_tests::to_string_signed ... ok
[INFO] [stdout] test asset::asset_tests::to_string_very_small_number_neg ... ok
[INFO] [stdout] test asset::asset_tests::to_string_zero_precision ... ok
[INFO] [stdout] test asset::extended_asset::extended_asset_tests::to_string ... ok
[INFO] [stdout] test asset::asset_tests::to_string_zero_precision_unsigned ... ok
[INFO] [stdout] test asset::extended_asset::extended_asset_tests::to_string_decimal ... ok
[INFO] [stdout] test asset::extended_asset::extended_asset_tests::to_string_zero_precision_signed ... ok
[INFO] [stdout] test asset::extended_asset::extended_asset_tests::to_string_signed ... ok
[INFO] [stdout] test asset::extended_asset::extended_asset_tests::to_string_zero_precision ... ok
[INFO] [stdout] test bytes::tests::test_array10 ... ok
[INFO] [stdout] test bytes::data_stream::tests::read_write ... ok
[INFO] [stdout] test bytes::tests::test_array1 ... ok
[INFO] [stdout] test bytes::tests::test_array11 ... ok
[INFO] [stdout] test bytes::tests::test_array15 ... ok
[INFO] [stdout] test bytes::tests::test_array13 ... ok
[INFO] [stdout] test bytes::tests::test_array12 ... ok
[INFO] [stdout] test bytes::tests::test_array19 ... ok
[INFO] [stdout] test bytes::tests::test_array14 ... ok
[INFO] [stdout] test bytes::tests::test_array3 ... ok
[INFO] [stdout] test bytes::tests::test_array16 ... ok
[INFO] [stdout] test bytes::tests::test_array5 ... ok
[INFO] [stdout] test bytes::tests::test_array18 ... ok
[INFO] [stdout] test bytes::tests::test_array2 ... ok
[INFO] [stdout] test bytes::tests::test_array9 ... ok
[INFO] [stdout] test bytes::tests::test_array17 ... ok
[INFO] [stdout] test bytes::tests::test_array20 ... ok
[INFO] [stdout] test bytes::tests::test_f32 ... ok
[INFO] [stdout] test action::permission_level_tests::test_from_bytes_ok ... ok
[INFO] [stdout] test bytes::tests::test_array4 ... ok
[INFO] [stdout] test asset::asset_tests::from_str_bad_precision ... ok
[INFO] [stdout] test asset::asset_tests::from_str_bad_char1 ... ok
[INFO] [stdout] test bytes::tests::test_i16 ... ok
[INFO] [stdout] test bytes::tests::test_array7 ... ok
[INFO] [stdout] test asset::asset_tests::from_str_no_symbol2 ... ok
[INFO] [stdout] test bytes::tests::test_array8 ... ok
[INFO] [stdout] test bytes::tests::test_read_pos ... ok
[INFO] [stdout] test bytes::tests::test_array6 ... ok
[INFO] [stdout] test bytes::tests::test_tuple2 ... ok
[INFO] [stdout] test bytes::tests::test_bool_false ... ok
[INFO] [stdout] test bytes::tests::test_bool_true ... ok
[INFO] [stdout] test bytes::tests::test_tuple4 ... ok
[INFO] [stdout] test bytes::tests::test_i64 ... ok
[INFO] [stdout] test bytes::tests::test_u32 ... ok
[INFO] [stdout] test bytes::tests::test_u16 ... ok
[INFO] [stdout] test bytes::tests::test_tuple3 ... ok
[INFO] [stdout] test bytes::tests::test_u8 ... ok
[INFO] [stdout] test bytes::tests::test_write_pos ... ok
[INFO] [stdout] test bytes::tests::test_vec ... ok
[INFO] [stdout] test bytes::tests::test_u64 ... ok
[INFO] [stdout] test crypto::checksums::tests::checksum160_from_to_bytes ... ok
[INFO] [stdout] test bytes::tests::test_i32 ... ok
[INFO] [stdout] test time::block_timestamp::tests::from_time_point ... ok
[INFO] [stdout] test time::block_timestamp::tests::to_time_point ... ok
[INFO] [stdout] test time::block_timestamp::tests::to_time_point_sec ... ok
[INFO] [stdout] test asset::asset_tests::to_string ... ok
[INFO] [stdout] test varint::signed::signed_int_tests::read_write_i16_max ... ok
[INFO] [stdout] test asset::asset_tests::from_str_ok_zero ... ok
[INFO] [stdout] test varint::signed::signed_int_tests::read_write_1_neg ... ok
[INFO] [stdout] test asset::asset_tests::from_str_no_symbol1 ... ok
[INFO] [stdout] test bytes::tests::test_string ... ok
[INFO] [stdout] test varint::signed::signed_int_tests::read_write_1 ... ok
[INFO] [stdout] test varint::signed::signed_int_tests::read_write_50 ... ok
[INFO] [stdout] test asset::asset_tests::from_str_very_small_num ... ok
[INFO] [stdout] test varint::signed::signed_int_tests::read_write_50_neg ... ok
[INFO] [stdout] test bytes::tests::test_f64 ... ok
[INFO] [stdout] test varint::signed::signed_int_tests::read_write_i16_min ... ok
[INFO] [stdout] test varint::signed::signed_int_tests::read_write_i8_max ... ok
[INFO] [stdout] test varint::signed::signed_int_tests::read_write_i8_zero ... ok
[INFO] [stdout] test varint::unsigned::unsigned_int_tests::read_write_50 ... ok
[INFO] [stdout] test varint::signed::signed_int_tests::read_write_i32_zero ... ok
[INFO] [stdout] test varint::unsigned::unsigned_int_tests::read_write_u16_max ... ok
[INFO] [stdout] test varint::unsigned::unsigned_int_tests::read_write_1 ... ok
[INFO] [stdout] test varint::signed::signed_int_tests::read_write_i16_zero ... ok
[INFO] [stdout] test varint::unsigned::unsigned_int_tests::read_write_u16_min ... ok
[INFO] [stdout] test varint::unsigned::unsigned_int_tests::read_write_u32_max ... ok
[INFO] [stdout] test varint::unsigned::unsigned_int_tests::read_write_u32_min ... ok
[INFO] [stdout] test varint::unsigned::unsigned_int_tests::read_write_u8_max ... ok
[INFO] [stdout] test varint::unsigned::unsigned_int_tests::read_write_u8_min ... ok
[INFO] [stdout] test varint::signed::signed_int_tests::read_write_i32_max ... ok
[INFO] [stdout] test varint::signed::signed_int_tests::read_write_i8_min ... ok
[INFO] [stdout] test varint::signed::signed_int_tests::read_write_i32_min ... ok
[INFO] [stdout] test symbol::symbol::tests::from_str_to_string ... ok
[INFO] [stdout] test symbol::symbol::tests::from_str_to_code ... ok
[INFO] [stdout] test symbol::extended_symbol::tests::from_str_to_string ... ok
[INFO] [stdout] test symbol::symbol_code::symbol_code_tests::from_str_err ... ok
[INFO] [stdout] test symbol::symbol_code::symbol_code_tests::from_to_string ... ok
[INFO] [stderr]      Running unittests (/opt/rustwide/target/debug/deps/eosio_bios-c0517fa3913e0044)
[INFO] [stdout] test name::tests::from_str_to_string ... ok
[INFO] [stderr]      Running unittests (/opt/rustwide/target/debug/deps/eosio_cdt-2b7678acbc25dbf1)
[INFO] [stdout] 
[INFO] [stderr]      Running unittests (/opt/rustwide/target/debug/deps/eosio_cdt_sys-9837fc6278177789)
[INFO] [stdout] test result: ok. 111 passed; 0 failed; 0 ignored; 0 measured; 0 filtered out; finished in 0.18s
[INFO] [stderr]      Running unittests (/opt/rustwide/target/debug/deps/eosio_forum-f3e82c3091614d29)
[INFO] [stdout] 
[INFO] [stdout] 
[INFO] [stdout] running 0 tests
[INFO] [stdout] 
[INFO] [stdout] test result: ok. 0 passed; 0 failed; 0 ignored; 0 measured; 0 filtered out; finished in 0.00s
[INFO] [stdout] 
[INFO] [stdout] 
[INFO] [stdout] running 0 tests
[INFO] [stdout] 
[INFO] [stderr]      Running unittests (/opt/rustwide/target/debug/deps/eosio_macros-ea30c8587f4ac184)
[INFO] [stdout] test result: ok. 0 passed; 0 failed; 0 ignored; 0 measured; 0 filtered out; finished in 0.00s
[INFO] [stderr]      Running tests/test.rs (/opt/rustwide/target/debug/deps/test-e0855942a392dd1c)
[INFO] [stdout] 
[INFO] [stdout] 
[INFO] [stdout] running 0 tests
[INFO] [stdout] 
[INFO] [stdout] test result: ok. 0 passed; 0 failed; 0 ignored; 0 measured; 0 filtered out; finished in 0.00s
[INFO] [stdout] 
[INFO] [stdout] 
[INFO] [stdout] running 0 tests
[INFO] [stdout] 
[INFO] [stdout] test result: ok. 0 passed; 0 failed; 0 ignored; 0 measured; 0 filtered out; finished in 0.00s
[INFO] [stdout] 
[INFO] [stdout] 
[INFO] [stdout] running 0 tests
[INFO] [stdout] 
[INFO] [stdout] test result: ok. 0 passed; 0 failed; 0 ignored; 0 measured; 0 filtered out; finished in 0.00s
[INFO] [stdout] 
[INFO] [stdout] 
[INFO] [stdout] running 1 test
[INFO] [stderr]    Compiling proc-macro2 v1.0.28
[INFO] [stderr]    Compiling unicode-xid v0.2.2
[INFO] [stderr]    Compiling proc-macro-hack v0.5.19
[INFO] [stderr]    Compiling syn v1.0.74
[INFO] [stderr]    Compiling unicode-segmentation v1.8.0
[INFO] [stderr]    Compiling eosio_numstr v0.3.1 (/opt/rustwide/workdir/crates/eosio_numstr)
[INFO] [stderr]    Compiling heck v0.3.3
[INFO] [stderr]    Compiling quote v1.0.9
[INFO] [stderr]    Compiling eosio_macros_internal v0.3.1 (/opt/rustwide/workdir/crates/eosio_macros_internal)
[INFO] [stderr]     Checking eosio_macros v0.3.1 (/opt/rustwide/workdir/crates/eosio_macros)
[INFO] [stderr]     Checking eosio_macros-tests v0.0.0 (/opt/rustwide/target/tests/eosio_macros)
[INFO] [stderr]     Finished dev [unoptimized + debuginfo] target(s) in 12.50s
[INFO] [stderr] 
[INFO] [stderr] 
[INFO] [stderr] test tests/ui/name-bad-char.rs ... mismatch
[INFO] [stderr] 
[INFO] [stderr] EXPECTED:
[INFO] [stderr] ┈┈┈┈┈┈┈┈┈┈┈┈┈┈┈┈┈┈┈┈┈┈┈┈┈┈┈┈┈┈┈┈┈┈┈┈┈┈┈┈┈┈┈┈┈┈┈┈┈┈┈┈┈┈┈┈┈┈┈┈
[INFO] [stderr] error: unexpected end of input, name contains invalid character '0'
[INFO] [stderr]  --> $DIR/name-bad-char.rs:6:13
[INFO] [stderr]   |
[INFO] [stderr] 6 |     let _ = n!("test1230");
[INFO] [stderr]   |             ^^^^^^^^^^^^^^
[INFO] [stderr]   |
[INFO] [stderr]   = note: this error originates in a macro outside of the current crate (in Nightly builds, run with -Z external-macro-backtrace for more info)
[INFO] [stderr] ┈┈┈┈┈┈┈┈┈┈┈┈┈┈┈┈┈┈┈┈┈┈┈┈┈┈┈┈┈┈┈┈┈┈┈┈┈┈┈┈┈┈┈┈┈┈┈┈┈┈┈┈┈┈┈┈┈┈┈┈
[INFO] [stderr] 
[INFO] [stderr] ACTUAL OUTPUT:
[INFO] [stderr] ┈┈┈┈┈┈┈┈┈┈┈┈┈┈┈┈┈┈┈┈┈┈┈┈┈┈┈┈┈┈┈┈┈┈┈┈┈┈┈┈┈┈┈┈┈┈┈┈┈┈┈┈┈┈┈┈┈┈┈┈
[INFO] [stderr] error: unexpected end of input, name contains invalid character '0'
[INFO] [stderr]  --> $DIR/name-bad-char.rs:6:13
[INFO] [stderr]   |
[INFO] [stderr] 6 |     let _ = n!("test1230");
[INFO] [stderr]   |             ^^^^^^^^^^^^^^
[INFO] [stderr]   |
[INFO] [stderr]   = note: this error originates in the macro `proc_macro_call` (in Nightly builds, run with -Z macro-backtrace for more info)
[INFO] [stderr] ┈┈┈┈┈┈┈┈┈┈┈┈┈┈┈┈┈┈┈┈┈┈┈┈┈┈┈┈┈┈┈┈┈┈┈┈┈┈┈┈┈┈┈┈┈┈┈┈┈┈┈┈┈┈┈┈┈┈┈┈
[INFO] [stderr] note: If the actual output is the correct output you can bless it by rerunning
[INFO] [stderr]       your test with the environment variable TRYBUILD=overwrite
[INFO] [stderr] 
[INFO] [stderr] test tests/ui/name-too-long.rs ... mismatch
[INFO] [stderr] 
[INFO] [stderr] EXPECTED:
[INFO] [stderr] ┈┈┈┈┈┈┈┈┈┈┈┈┈┈┈┈┈┈┈┈┈┈┈┈┈┈┈┈┈┈┈┈┈┈┈┈┈┈┈┈┈┈┈┈┈┈┈┈┈┈┈┈┈┈┈┈┈┈┈┈
[INFO] [stderr] error: unexpected end of input, name is too long, must be 13 chars or less
[INFO] [stderr]  --> $DIR/name-too-long.rs:6:13
[INFO] [stderr]   |
[INFO] [stderr] 6 |     let _ = n!("12345123451234");
[INFO] [stderr]   |             ^^^^^^^^^^^^^^^^^^^^
[INFO] [stderr]   |
[INFO] [stderr]   = note: this error originates in a macro outside of the current crate (in Nightly builds, run with -Z external-macro-backtrace for more info)
[INFO] [stderr] ┈┈┈┈┈┈┈┈┈┈┈┈┈┈┈┈┈┈┈┈┈┈┈┈┈┈┈┈┈┈┈┈┈┈┈┈┈┈┈┈┈┈┈┈┈┈┈┈┈┈┈┈┈┈┈┈┈┈┈┈
[INFO] [stderr] 
[INFO] [stderr] ACTUAL OUTPUT:
[INFO] [stderr] ┈┈┈┈┈┈┈┈┈┈┈┈┈┈┈┈┈┈┈┈┈┈┈┈┈┈┈┈┈┈┈┈┈┈┈┈┈┈┈┈┈┈┈┈┈┈┈┈┈┈┈┈┈┈┈┈┈┈┈┈
[INFO] [stderr] error: unexpected end of input, name is too long, must be 13 chars or less
[INFO] [stderr]  --> $DIR/name-too-long.rs:6:13
[INFO] [stderr]   |
[INFO] [stderr] 6 |     let _ = n!("12345123451234");
[INFO] [stderr]   |             ^^^^^^^^^^^^^^^^^^^^
[INFO] [stderr]   |
[INFO] [stderr]   = note: this error originates in the macro `proc_macro_call` (in Nightly builds, run with -Z macro-backtrace for more info)
[INFO] [stderr] ┈┈┈┈┈┈┈┈┈┈┈┈┈┈┈┈┈┈┈┈┈┈┈┈┈┈┈┈┈┈┈┈┈┈┈┈┈┈┈┈┈┈┈┈┈┈┈┈┈┈┈┈┈┈┈┈┈┈┈┈
[INFO] [stderr] note: If the actual output is the correct output you can bless it by rerunning
[INFO] [stderr]       your test with the environment variable TRYBUILD=overwrite
[INFO] [stderr] 
[INFO] [stderr] test tests/ui/symbol-bad-char.rs ... mismatch
[INFO] [stderr] 
[INFO] [stderr] EXPECTED:
[INFO] [stderr] ┈┈┈┈┈┈┈┈┈┈┈┈┈┈┈┈┈┈┈┈┈┈┈┈┈┈┈┈┈┈┈┈┈┈┈┈┈┈┈┈┈┈┈┈┈┈┈┈┈┈┈┈┈┈┈┈┈┈┈┈
[INFO] [stderr] error: unexpected end of input, symbol contains invalid character 't'
[INFO] [stderr]  --> $DIR/symbol-bad-char.rs:6:13
[INFO] [stderr]   |
[INFO] [stderr] 6 |     let _ = s!(4, "Test");
[INFO] [stderr]   |             ^^^^^^^^^^^^^
[INFO] [stderr]   |
[INFO] [stderr]   = note: this error originates in a macro outside of the current crate (in Nightly builds, run with -Z external-macro-backtrace for more info)
[INFO] [stderr] ┈┈┈┈┈┈┈┈┈┈┈┈┈┈┈┈┈┈┈┈┈┈┈┈┈┈┈┈┈┈┈┈┈┈┈┈┈┈┈┈┈┈┈┈┈┈┈┈┈┈┈┈┈┈┈┈┈┈┈┈
[INFO] [stderr] 
[INFO] [stderr] ACTUAL OUTPUT:
[INFO] [stderr] ┈┈┈┈┈┈┈┈┈┈┈┈┈┈┈┈┈┈┈┈┈┈┈┈┈┈┈┈┈┈┈┈┈┈┈┈┈┈┈┈┈┈┈┈┈┈┈┈┈┈┈┈┈┈┈┈┈┈┈┈
[INFO] [stderr] error: unexpected end of input, symbol contains invalid character 't'
[INFO] [stderr]  --> $DIR/symbol-bad-char.rs:6:13
[INFO] [stderr]   |
[INFO] [stderr] 6 |     let _ = s!(4, "Test");
[INFO] [stderr]   |             ^^^^^^^^^^^^^
[INFO] [stderr]   |
[INFO] [stderr]   = note: this error originates in the macro `proc_macro_call` (in Nightly builds, run with -Z macro-backtrace for more info)
[INFO] [stderr] ┈┈┈┈┈┈┈┈┈┈┈┈┈┈┈┈┈┈┈┈┈┈┈┈┈┈┈┈┈┈┈┈┈┈┈┈┈┈┈┈┈┈┈┈┈┈┈┈┈┈┈┈┈┈┈┈┈┈┈┈
[INFO] [stderr] note: If the actual output is the correct output you can bless it by rerunning
[INFO] [stderr]       your test with the environment variable TRYBUILD=overwrite
[INFO] [stderr] 
[INFO] [stderr] test tests/ui/symbol-bad-format.rs ... mismatch
[INFO] [stderr] 
[INFO] [stderr] EXPECTED:
[INFO] [stderr] ┈┈┈┈┈┈┈┈┈┈┈┈┈┈┈┈┈┈┈┈┈┈┈┈┈┈┈┈┈┈┈┈┈┈┈┈┈┈┈┈┈┈┈┈┈┈┈┈┈┈┈┈┈┈┈┈┈┈┈┈
[INFO] [stderr] error: expected integer literal
[INFO] [stderr]  --> $DIR/symbol-bad-format.rs:6:16
[INFO] [stderr]   |
[INFO] [stderr] 6 |     let _ = s!("EOS");
[INFO] [stderr]   |                ^^^^^
[INFO] [stderr] ┈┈┈┈┈┈┈┈┈┈┈┈┈┈┈┈┈┈┈┈┈┈┈┈┈┈┈┈┈┈┈┈┈┈┈┈┈┈┈┈┈┈┈┈┈┈┈┈┈┈┈┈┈┈┈┈┈┈┈┈
[INFO] [stderr] 
[INFO] [stderr] ACTUAL OUTPUT:
[INFO] [stderr] ┈┈┈┈┈┈┈┈┈┈┈┈┈┈┈┈┈┈┈┈┈┈┈┈┈┈┈┈┈┈┈┈┈┈┈┈┈┈┈┈┈┈┈┈┈┈┈┈┈┈┈┈┈┈┈┈┈┈┈┈
[INFO] [stderr] error: expected integer literal
[INFO] [stderr]  --> $DIR/symbol-bad-format.rs:6:16
[INFO] [stderr]   |
[INFO] [stderr] 6 |     let _ = s!("EOS");
[INFO] [stderr]   |                ^^^^^
[INFO] [stderr]   |
[INFO] [stderr]   = note: this error originates in the macro `proc_macro_call` (in Nightly builds, run with -Z macro-backtrace for more info)
[INFO] [stderr] ┈┈┈┈┈┈┈┈┈┈┈┈┈┈┈┈┈┈┈┈┈┈┈┈┈┈┈┈┈┈┈┈┈┈┈┈┈┈┈┈┈┈┈┈┈┈┈┈┈┈┈┈┈┈┈┈┈┈┈┈
[INFO] [stderr] note: If the actual output is the correct output you can bless it by rerunning
[INFO] [stderr]       your test with the environment variable TRYBUILD=overwrite
[INFO] [stderr] 
[INFO] [stderr] test tests/ui/symbol-bad-precision.rs ... mismatch
[INFO] [stderr] 
[INFO] [stderr] EXPECTED:
[INFO] [stderr] ┈┈┈┈┈┈┈┈┈┈┈┈┈┈┈┈┈┈┈┈┈┈┈┈┈┈┈┈┈┈┈┈┈┈┈┈┈┈┈┈┈┈┈┈┈┈┈┈┈┈┈┈┈┈┈┈┈┈┈┈
[INFO] [stderr] error: number too large to fit in target type
[INFO] [stderr]  --> $DIR/symbol-bad-precision.rs:6:16
[INFO] [stderr]   |
[INFO] [stderr] 6 |     let _ = s!(256, "EOS");
[INFO] [stderr]   |                ^^^
[INFO] [stderr] ┈┈┈┈┈┈┈┈┈┈┈┈┈┈┈┈┈┈┈┈┈┈┈┈┈┈┈┈┈┈┈┈┈┈┈┈┈┈┈┈┈┈┈┈┈┈┈┈┈┈┈┈┈┈┈┈┈┈┈┈
[INFO] [stderr] 
[INFO] [stderr] ACTUAL OUTPUT:
[INFO] [stderr] ┈┈┈┈┈┈┈┈┈┈┈┈┈┈┈┈┈┈┈┈┈┈┈┈┈┈┈┈┈┈┈┈┈┈┈┈┈┈┈┈┈┈┈┈┈┈┈┈┈┈┈┈┈┈┈┈┈┈┈┈
[INFO] [stderr] error: number too large to fit in target type
[INFO] [stderr]  --> $DIR/symbol-bad-precision.rs:6:16
[INFO] [stderr]   |
[INFO] [stderr] 6 |     let _ = s!(256, "EOS");
[INFO] [stderr]   |                ^^^
[INFO] [stderr]   |
[INFO] [stderr]   = note: this error originates in the macro `proc_macro_call` (in Nightly builds, run with -Z macro-backtrace for more info)
[INFO] [stderr] ┈┈┈┈┈┈┈┈┈┈┈┈┈┈┈┈┈┈┈┈┈┈┈┈┈┈┈┈┈┈┈┈┈┈┈┈┈┈┈┈┈┈┈┈┈┈┈┈┈┈┈┈┈┈┈┈┈┈┈┈
[INFO] [stderr] note: If the actual output is the correct output you can bless it by rerunning
[INFO] [stderr]       your test with the environment variable TRYBUILD=overwrite
[INFO] [stderr] 
[INFO] [stderr] test tests/ui/symbol-too-long.rs ... mismatch
[INFO] [stderr] 
[INFO] [stderr] EXPECTED:
[INFO] [stderr] ┈┈┈┈┈┈┈┈┈┈┈┈┈┈┈┈┈┈┈┈┈┈┈┈┈┈┈┈┈┈┈┈┈┈┈┈┈┈┈┈┈┈┈┈┈┈┈┈┈┈┈┈┈┈┈┈┈┈┈┈
[INFO] [stderr] error: unexpected end of input, symbol code is too long, must be 7 chars or less
[INFO] [stderr]  --> $DIR/symbol-too-long.rs:6:13
[INFO] [stderr]   |
[INFO] [stderr] 6 |     let _ = s!(4, "ABCDEFGH");
[INFO] [stderr]   |             ^^^^^^^^^^^^^^^^^
[INFO] [stderr]   |
[INFO] [stderr]   = note: this error originates in a macro outside of the current crate (in Nightly builds, run with -Z external-macro-backtrace for more info)
[INFO] [stderr] ┈┈┈┈┈┈┈┈┈┈┈┈┈┈┈┈┈┈┈┈┈┈┈┈┈┈┈┈┈┈┈┈┈┈┈┈┈┈┈┈┈┈┈┈┈┈┈┈┈┈┈┈┈┈┈┈┈┈┈┈
[INFO] [stderr] 
[INFO] [stderr] ACTUAL OUTPUT:
[INFO] [stderr] ┈┈┈┈┈┈┈┈┈┈┈┈┈┈┈┈┈┈┈┈┈┈┈┈┈┈┈┈┈┈┈┈┈┈┈┈┈┈┈┈┈┈┈┈┈┈┈┈┈┈┈┈┈┈┈┈┈┈┈┈
[INFO] [stderr] error: unexpected end of input, symbol code is too long, must be 7 chars or less
[INFO] [stderr]  --> $DIR/symbol-too-long.rs:6:13
[INFO] [stderr]   |
[INFO] [stderr] 6 |     let _ = s!(4, "ABCDEFGH");
[INFO] [stderr]   |             ^^^^^^^^^^^^^^^^^
[INFO] [stderr]   |
[INFO] [stderr]   = note: this error originates in the macro `proc_macro_call` (in Nightly builds, run with -Z macro-backtrace for more info)
[INFO] [stderr] ┈┈┈┈┈┈┈┈┈┈┈┈┈┈┈┈┈┈┈┈┈┈┈┈┈┈┈┈┈┈┈┈┈┈┈┈┈┈┈┈┈┈┈┈┈┈┈┈┈┈┈┈┈┈┈┈┈┈┈┈
[INFO] [stderr] note: If the actual output is the correct output you can bless it by rerunning
[INFO] [stderr]       your test with the environment variable TRYBUILD=overwrite
[INFO] [stderr] 
[INFO] [stderr] 
[INFO] [stderr] 
[INFO] [stdout] test ui ... FAILED
[INFO] [stderr] error: test failed, to rerun pass '-p eosio_macros --test test'
[INFO] [stdout] 
[INFO] [stdout] failures:
[INFO] [stdout] 
[INFO] [stdout] ---- ui stdout ----
[INFO] [stdout] thread 'ui' panicked at '6 of 6 tests failed', /opt/rustwide/cargo-home/registry/src/github.com-1ecc6299db9ec823/trybuild-1.0.44/src/run.rs:73:13
[INFO] [stdout] stack backtrace:
[INFO] [stdout]    0:     0x56486f71a180 - std::backtrace_rs::backtrace::libunwind::trace::hff4d1766e93f64f1
[INFO] [stdout]                                at /rustc/53fd98ca776cb875bc9e5514f56b52eb74f9e7a9/library/std/src/../../backtrace/src/backtrace/libunwind.rs:90:5
[INFO] [stdout]    1:     0x56486f71a180 - std::backtrace_rs::backtrace::trace_unsynchronized::h56bbc8eb78770bcb
[INFO] [stdout]                                at /rustc/53fd98ca776cb875bc9e5514f56b52eb74f9e7a9/library/std/src/../../backtrace/src/backtrace/mod.rs:66:5
[INFO] [stdout]    2:     0x56486f71a180 - std::sys_common::backtrace::_print_fmt::h5c8e75464faca780
[INFO] [stdout]                                at /rustc/53fd98ca776cb875bc9e5514f56b52eb74f9e7a9/library/std/src/sys_common/backtrace.rs:67:5
[INFO] [stdout]    3:     0x56486f71a180 - <std::sys_common::backtrace::_print::DisplayBacktrace as core::fmt::Display>::fmt::h48b88277def8b362
[INFO] [stdout]                                at /rustc/53fd98ca776cb875bc9e5514f56b52eb74f9e7a9/library/std/src/sys_common/backtrace.rs:46:22
[INFO] [stdout]    4:     0x56486f73f30c - core::fmt::write::h3381b3176fe2b3d3
[INFO] [stdout]                                at /rustc/53fd98ca776cb875bc9e5514f56b52eb74f9e7a9/library/core/src/fmt/mod.rs:1115:17
[INFO] [stdout]    5:     0x56486f7165e5 - std::io::Write::write_fmt::h5f34a676f60246b5
[INFO] [stdout]                                at /rustc/53fd98ca776cb875bc9e5514f56b52eb74f9e7a9/library/std/src/io/mod.rs:1665:15
[INFO] [stdout]    6:     0x56486f71c4ab - std::sys_common::backtrace::_print::ha537687d6c17dd0d
[INFO] [stdout]                                at /rustc/53fd98ca776cb875bc9e5514f56b52eb74f9e7a9/library/std/src/sys_common/backtrace.rs:49:5
[INFO] [stdout]    7:     0x56486f71c4ab - std::sys_common::backtrace::print::h61376ae57d131d72
[INFO] [stdout]                                at /rustc/53fd98ca776cb875bc9e5514f56b52eb74f9e7a9/library/std/src/sys_common/backtrace.rs:36:9
[INFO] [stdout]    8:     0x56486f71c4ab - std::panicking::default_hook::{{closure}}::h0f7208c0b9644a54
[INFO] [stdout]                                at /rustc/53fd98ca776cb875bc9e5514f56b52eb74f9e7a9/library/std/src/panicking.rs:208:50
[INFO] [stdout]    9:     0x56486f71bfbc - std::panicking::default_hook::hdac7fc06578c14ce
[INFO] [stdout]                                at /rustc/53fd98ca776cb875bc9e5514f56b52eb74f9e7a9/library/std/src/panicking.rs:222:9
[INFO] [stdout]   10:     0x56486f71cb74 - std::panicking::rust_panic_with_hook::h72b21c283da3d1ef
[INFO] [stdout]                                at /rustc/53fd98ca776cb875bc9e5514f56b52eb74f9e7a9/library/std/src/panicking.rs:622:17
[INFO] [stdout]   11:     0x56486f71c657 - std::panicking::begin_panic_handler::{{closure}}::he5778f1729cff84a
[INFO] [stdout]                                at /rustc/53fd98ca776cb875bc9e5514f56b52eb74f9e7a9/library/std/src/panicking.rs:519:13
[INFO] [stdout]   12:     0x56486f71a65c - std::sys_common::backtrace::__rust_end_short_backtrace::h2d11ca8b453b4b1d
[INFO] [stdout]                                at /rustc/53fd98ca776cb875bc9e5514f56b52eb74f9e7a9/library/std/src/sys_common/backtrace.rs:141:18
[INFO] [stdout]   13:     0x56486f71c5b9 - rust_begin_unwind
[INFO] [stdout]                                at /rustc/53fd98ca776cb875bc9e5514f56b52eb74f9e7a9/library/std/src/panicking.rs:515:5
[INFO] [stdout]   14:     0x56486f4c6cfb - std::panicking::begin_panic_fmt::h746518bde832d259
[INFO] [stdout]                                at /rustc/53fd98ca776cb875bc9e5514f56b52eb74f9e7a9/library/std/src/panicking.rs:457:5
[INFO] [stdout]   15:     0x56486f4fcf92 - trybuild::run::<impl trybuild::Runner>::run::ha61d16e78537fab1
[INFO] [stdout]                                at /opt/rustwide/cargo-home/registry/src/github.com-1ecc6299db9ec823/trybuild-1.0.44/src/run.rs:73:13
[INFO] [stdout]   16:     0x56486f501c04 - <trybuild::TestCases as core::ops::drop::Drop>::drop::hd79d13e9edb6705d
[INFO] [stdout]                                at /opt/rustwide/cargo-home/registry/src/github.com-1ecc6299db9ec823/trybuild-1.0.44/src/lib.rs:306:13
[INFO] [stdout]   17:     0x56486f4c8ba7 - core::ptr::drop_in_place<trybuild::TestCases>::h01a32c61768ade01
[INFO] [stdout]                                at /rustc/53fd98ca776cb875bc9e5514f56b52eb74f9e7a9/library/core/src/ptr/mod.rs:192:1
[INFO] [stdout]   18:     0x56486f4c9411 - test::ui::ha43d8c84de2269f4
[INFO] [stdout]                                at /opt/rustwide/workdir/crates/eosio_macros/tests/test.rs:5:1
[INFO] [stdout]   19:     0x56486f4c93ca - test::ui::{{closure}}::h6a572a71b79814cf
[INFO] [stdout]                                at /opt/rustwide/workdir/crates/eosio_macros/tests/test.rs:2:1
[INFO] [stdout]   20:     0x56486f4c8aee - core::ops::function::FnOnce::call_once::h2395c8eb4e9f549e
[INFO] [stdout]                                at /rustc/53fd98ca776cb875bc9e5514f56b52eb74f9e7a9/library/core/src/ops/function.rs:227:5
[INFO] [stdout]   21:     0x56486f6fcac3 - core::ops::function::FnOnce::call_once::hbb52c4519d3137b0
[INFO] [stdout]                                at /rustc/53fd98ca776cb875bc9e5514f56b52eb74f9e7a9/library/core/src/ops/function.rs:227:5
[INFO] [stdout]   22:     0x56486f6fcac3 - test::__rust_begin_short_backtrace::h86fe3a2a5a5121af
[INFO] [stdout]                                at /rustc/53fd98ca776cb875bc9e5514f56b52eb74f9e7a9/library/test/src/lib.rs:578:5
[INFO] [stdout]   23:     0x56486f6fb578 - <alloc::boxed::Box<F,A> as core::ops::function::FnOnce<Args>>::call_once::hfd956bc3d57399be
[INFO] [stdout]                                at /rustc/53fd98ca776cb875bc9e5514f56b52eb74f9e7a9/library/alloc/src/boxed.rs:1572:9
[INFO] [stdout]   24:     0x56486f6fb578 - <std::panic::AssertUnwindSafe<F> as core::ops::function::FnOnce<()>>::call_once::h40dc93e0ddb5938a
[INFO] [stdout]                                at /rustc/53fd98ca776cb875bc9e5514f56b52eb74f9e7a9/library/std/src/panic.rs:347:9
[INFO] [stdout]   25:     0x56486f6fb578 - std::panicking::try::do_call::h90d07750cb47c562
[INFO] [stdout]                                at /rustc/53fd98ca776cb875bc9e5514f56b52eb74f9e7a9/library/std/src/panicking.rs:401:40
[INFO] [stdout]   26:     0x56486f6fb578 - std::panicking::try::h063c84733ad2a629
[INFO] [stdout]                                at /rustc/53fd98ca776cb875bc9e5514f56b52eb74f9e7a9/library/std/src/panicking.rs:365:19
[INFO] [stdout]   27:     0x56486f6fb578 - std::panic::catch_unwind::h0c464836a84e7c08
[INFO] [stdout]                                at /rustc/53fd98ca776cb875bc9e5514f56b52eb74f9e7a9/library/std/src/panic.rs:434:14
[INFO] [stdout]   28:     0x56486f6fb578 - test::run_test_in_process::h5cb06ef620b157fc
[INFO] [stdout]                                at /rustc/53fd98ca776cb875bc9e5514f56b52eb74f9e7a9/library/test/src/lib.rs:601:18
[INFO] [stdout]   29:     0x56486f6fb578 - test::run_test::run_test_inner::{{closure}}::h76f677f4b93f9828
[INFO] [stdout]                                at /rustc/53fd98ca776cb875bc9e5514f56b52eb74f9e7a9/library/test/src/lib.rs:493:39
[INFO] [stdout]   30:     0x56486f6c9d0d - test::run_test::run_test_inner::{{closure}}::h366d01fe04f4d67a
[INFO] [stdout]                                at /rustc/53fd98ca776cb875bc9e5514f56b52eb74f9e7a9/library/test/src/lib.rs:520:37
[INFO] [stdout]   31:     0x56486f6c9d0d - std::sys_common::backtrace::__rust_begin_short_backtrace::h7dfa0de4eb395af2
[INFO] [stdout]                                at /rustc/53fd98ca776cb875bc9e5514f56b52eb74f9e7a9/library/std/src/sys_common/backtrace.rs:125:18
[INFO] [stdout]   32:     0x56486f6ce4d8 - std::thread::Builder::spawn_unchecked::{{closure}}::{{closure}}::hf0a74bb58798037f
[INFO] [stdout]                                at /rustc/53fd98ca776cb875bc9e5514f56b52eb74f9e7a9/library/std/src/thread/mod.rs:476:17
[INFO] [stdout]   33:     0x56486f6ce4d8 - <std::panic::AssertUnwindSafe<F> as core::ops::function::FnOnce<()>>::call_once::hb024e854818586ac
[INFO] [stdout]                                at /rustc/53fd98ca776cb875bc9e5514f56b52eb74f9e7a9/library/std/src/panic.rs:347:9
[INFO] [stdout]   34:     0x56486f6ce4d8 - std::panicking::try::do_call::hb2dd9f1d0d48e41d
[INFO] [stdout]                                at /rustc/53fd98ca776cb875bc9e5514f56b52eb74f9e7a9/library/std/src/panicking.rs:401:40
[INFO] [stdout]   35:     0x56486f6ce4d8 - std::panicking::try::h4717ae7bac8b2bf3
[INFO] [stdout]                                at /rustc/53fd98ca776cb875bc9e5514f56b52eb74f9e7a9/library/std/src/panicking.rs:365:19
[INFO] [stdout]   36:     0x56486f6ce4d8 - std::panic::catch_unwind::h0dc8a061326ce8d8
[INFO] [stdout]                                at /rustc/53fd98ca776cb875bc9e5514f56b52eb74f9e7a9/library/std/src/panic.rs:434:14
[INFO] [stdout]   37:     0x56486f6ce4d8 - std::thread::Builder::spawn_unchecked::{{closure}}::haa369e2d6fd00aa1
[INFO] [stdout]                                at /rustc/53fd98ca776cb875bc9e5514f56b52eb74f9e7a9/library/std/src/thread/mod.rs:475:30
[INFO] [stdout]   38:     0x56486f6ce4d8 - core::ops::function::FnOnce::call_once{{vtable.shim}}::h36dcf3de8b056f17
[INFO] [stdout]                                at /rustc/53fd98ca776cb875bc9e5514f56b52eb74f9e7a9/library/core/src/ops/function.rs:227:5
[INFO] [stdout]   39:     0x56486f722be7 - <alloc::boxed::Box<F,A> as core::ops::function::FnOnce<Args>>::call_once::h65c29e4642be2358
[INFO] [stdout]                                at /rustc/53fd98ca776cb875bc9e5514f56b52eb74f9e7a9/library/alloc/src/boxed.rs:1572:9
[INFO] [stdout]   40:     0x56486f722be7 - <alloc::boxed::Box<F,A> as core::ops::function::FnOnce<Args>>::call_once::hd0f8f7fbbd9fffbf
[INFO] [stdout]                                at /rustc/53fd98ca776cb875bc9e5514f56b52eb74f9e7a9/library/alloc/src/boxed.rs:1572:9
[INFO] [stdout]   41:     0x56486f722be7 - std::sys::unix::thread::Thread::new::thread_start::h2fd22fee3ca77b65
[INFO] [stdout]                                at /rustc/53fd98ca776cb875bc9e5514f56b52eb74f9e7a9/library/std/src/sys/unix/thread.rs:74:17
[INFO] [stdout]   42:     0x7faab3b79609 - start_thread
[INFO] [stdout]   43:     0x7faab394b293 - clone
[INFO] [stdout]   44:                0x0 - <unknown>
[INFO] [stdout] 
[INFO] [stdout] 
[INFO] [stdout] failures:
[INFO] [stdout]     ui
[INFO] [stdout] 
[INFO] [stdout] test result: FAILED. 0 passed; 1 failed; 0 ignored; 0 measured; 0 filtered out; finished in 14.45s
[INFO] [stdout] 
[INFO] running `Command { std: "docker" "inspect" "f2231a462bf72749f0bfb52073c78a6b6bcf74330afe4044278f1f08b860d2e5", kill_on_drop: false }`
[INFO] running `Command { std: "docker" "rm" "-f" "f2231a462bf72749f0bfb52073c78a6b6bcf74330afe4044278f1f08b860d2e5", kill_on_drop: false }`
[INFO] [stdout] f2231a462bf72749f0bfb52073c78a6b6bcf74330afe4044278f1f08b860d2e5
