[INFO] cloning repository https://github.com/rusty-octopus/rfid_media_player
[INFO] running `Command { std: "git" "-c" "credential.helper=" "-c" "credential.helper=/workspace/cargo-home/bin/git-credential-null" "clone" "--bare" "https://github.com/rusty-octopus/rfid_media_player" "/workspace/cache/git-repos/https%3A%2F%2Fgithub.com%2Frusty-octopus%2Frfid_media_player", kill_on_drop: false }`
[INFO] [stderr] Cloning into bare repository '/workspace/cache/git-repos/https%3A%2F%2Fgithub.com%2Frusty-octopus%2Frfid_media_player'...
[INFO] running `Command { std: "git" "rev-parse" "HEAD", kill_on_drop: false }`
[INFO] [stdout] af9b899186e96496dd44afdcfcb981a8e021ee5f
[INFO] testing rusty-octopus/rfid_media_player against beta-2021-08-01 for beta-1.55-1
[INFO] running `Command { std: "git" "clone" "/workspace/cache/git-repos/https%3A%2F%2Fgithub.com%2Frusty-octopus%2Frfid_media_player" "/workspace/builds/worker-35/source", kill_on_drop: false }`
[INFO] [stderr] Cloning into '/workspace/builds/worker-35/source'...
[INFO] [stderr] done.
[INFO] validating manifest of git repo https://github.com/rusty-octopus/rfid_media_player on toolchain beta-2021-08-01
[INFO] running `Command { std: "/workspace/cargo-home/bin/cargo" "+beta-2021-08-01" "metadata" "--manifest-path" "Cargo.toml" "--no-deps", kill_on_drop: false }`
[INFO] started tweaking git repo https://github.com/rusty-octopus/rfid_media_player
[INFO] finished tweaking git repo https://github.com/rusty-octopus/rfid_media_player
[INFO] tweaked toml for git repo https://github.com/rusty-octopus/rfid_media_player written to /workspace/builds/worker-35/source/Cargo.toml
[INFO] crate git repo https://github.com/rusty-octopus/rfid_media_player already has a lockfile, it will not be regenerated
[INFO] running `Command { std: "/workspace/cargo-home/bin/cargo" "+beta-2021-08-01" "fetch" "--manifest-path" "Cargo.toml", kill_on_drop: false }`
[INFO] [stderr]     Blocking waiting for file lock on package cache
[INFO] [stderr]     Blocking waiting for file lock on package cache
[INFO] running `Command { std: "docker" "create" "-v" "/var/lib/crater-agent-workspace/builds/worker-35/target:/opt/rustwide/target:rw,Z" "-v" "/var/lib/crater-agent-workspace/builds/worker-35/source:/opt/rustwide/workdir:ro,Z" "-v" "/var/lib/crater-agent-workspace/cargo-home:/opt/rustwide/cargo-home:ro,Z" "-v" "/var/lib/crater-agent-workspace/rustup-home:/opt/rustwide/rustup-home:ro,Z" "-e" "SOURCE_DIR=/opt/rustwide/workdir" "-e" "CARGO_TARGET_DIR=/opt/rustwide/target" "-e" "CARGO_HOME=/opt/rustwide/cargo-home" "-e" "RUSTUP_HOME=/opt/rustwide/rustup-home" "-w" "/opt/rustwide/workdir" "-m" "1610612736" "--user" "0:0" "--network" "none" "ghcr.io/rust-lang/crates-build-env/linux@sha256:34b6a614d2c27851fe6cbf88fbd1137609cefab8b10d0615aaeb6fd47975d74e" "/opt/rustwide/cargo-home/bin/cargo" "+beta-2021-08-01" "metadata" "--no-deps" "--format-version=1", kill_on_drop: false }`
[INFO] [stdout] ec231b96f3d554ed184fbf61fd365e19c8a012a803ad02a7332b5136a104eeae
[INFO] running `Command { std: "docker" "start" "-a" "ec231b96f3d554ed184fbf61fd365e19c8a012a803ad02a7332b5136a104eeae", kill_on_drop: false }`
[INFO] running `Command { std: "docker" "inspect" "ec231b96f3d554ed184fbf61fd365e19c8a012a803ad02a7332b5136a104eeae", kill_on_drop: false }`
[INFO] running `Command { std: "docker" "rm" "-f" "ec231b96f3d554ed184fbf61fd365e19c8a012a803ad02a7332b5136a104eeae", kill_on_drop: false }`
[INFO] [stdout] ec231b96f3d554ed184fbf61fd365e19c8a012a803ad02a7332b5136a104eeae
[INFO] running `Command { std: "docker" "create" "-v" "/var/lib/crater-agent-workspace/builds/worker-35/target:/opt/rustwide/target:rw,Z" "-v" "/var/lib/crater-agent-workspace/builds/worker-35/source:/opt/rustwide/workdir:ro,Z" "-v" "/var/lib/crater-agent-workspace/cargo-home:/opt/rustwide/cargo-home:ro,Z" "-v" "/var/lib/crater-agent-workspace/rustup-home:/opt/rustwide/rustup-home:ro,Z" "-e" "SOURCE_DIR=/opt/rustwide/workdir" "-e" "CARGO_TARGET_DIR=/opt/rustwide/target" "-e" "CARGO_INCREMENTAL=0" "-e" "RUST_BACKTRACE=full" "-e" "RUSTFLAGS=--cap-lints=warn" "-e" "CARGO_HOME=/opt/rustwide/cargo-home" "-e" "RUSTUP_HOME=/opt/rustwide/rustup-home" "-w" "/opt/rustwide/workdir" "-m" "1610612736" "--user" "0:0" "--network" "none" "ghcr.io/rust-lang/crates-build-env/linux@sha256:34b6a614d2c27851fe6cbf88fbd1137609cefab8b10d0615aaeb6fd47975d74e" "/opt/rustwide/cargo-home/bin/cargo" "+beta-2021-08-01" "build" "--frozen" "--message-format=json", kill_on_drop: false }`
[INFO] [stdout] 1b6f8743dc1b1e16ec13e73f87263df77a04cc9da143391fa256d50276354e63
[INFO] running `Command { std: "docker" "start" "-a" "1b6f8743dc1b1e16ec13e73f87263df77a04cc9da143391fa256d50276354e63", kill_on_drop: false }`
[INFO] [stderr]     Blocking waiting for file lock on package cache
[INFO] [stderr]     Blocking waiting for file lock on package cache
[INFO] [stderr]     Blocking waiting for file lock on package cache
[INFO] [stderr]    Compiling libc v0.2.79
[INFO] [stderr]    Compiling syn v1.0.53
[INFO] [stderr]    Compiling cc v1.0.64
[INFO] [stderr]    Compiling nix v0.15.0
[INFO] [stderr]    Compiling libflate_lz77 v1.0.0
[INFO] [stderr]    Compiling rle-decode-fast v1.0.1
[INFO] [stderr]    Compiling cpal v0.13.1
[INFO] [stderr]    Compiling serde_derive v1.0.117
[INFO] [stderr]    Compiling serde v1.0.117
[INFO] [stderr]    Compiling tinyvec v0.3.4
[INFO] [stderr]    Compiling claxon v0.4.3
[INFO] [stderr]    Compiling linked-hash-map v0.5.3
[INFO] [stderr]    Compiling log v0.4.11
[INFO] [stderr]    Compiling hound v3.4.0
[INFO] [stderr]    Compiling dtoa v0.4.6
[INFO] [stderr]    Compiling yansi v0.5.0
[INFO] [stderr]    Compiling strsim v0.8.0
[INFO] [stderr]    Compiling ansi_term v0.11.0
[INFO] [stderr]    Compiling alsa-sys v0.3.0
[INFO] [stderr]    Compiling num-traits v0.2.14
[INFO] [stderr]    Compiling textwrap v0.11.0
[INFO] [stderr]    Compiling ogg v0.7.1
[INFO] [stderr]    Compiling libflate v1.0.3
[INFO] [stderr]    Compiling lewton v0.10.1
[INFO] [stderr]    Compiling yaml-rust v0.4.4
[INFO] [stderr]    Compiling minimp3-sys v0.3.2
[INFO] [stderr]    Compiling num-integer v0.1.44
[INFO] [stderr]    Compiling xattr v0.2.2
[INFO] [stderr]    Compiling filetime v0.2.13
[INFO] [stderr]    Compiling slice-deque v0.3.0
[INFO] [stderr]    Compiling time v0.1.44
[INFO] [stderr]    Compiling atty v0.2.14
[INFO] [stderr]    Compiling signal-hook-registry v1.3.0
[INFO] [stderr]    Compiling clap v2.33.3
[INFO] [stderr]    Compiling signal-hook v0.3.1
[INFO] [stderr]    Compiling tar v0.4.30
[INFO] [stderr]    Compiling chrono v0.4.19
[INFO] [stderr]    Compiling minimp3 v0.5.0
[INFO] [stderr]    Compiling libusb1-sys v0.4.2
[INFO] [stderr]    Compiling alsa v0.4.3
[INFO] [stderr]    Compiling rusb v0.6.5
[INFO] [stderr]    Compiling rfid_reader v1.0.0 (/opt/rustwide/workdir/rfid_reader)
[INFO] [stderr]    Compiling usb_reader_test v0.1.0 (/opt/rustwide/workdir/rfid_reader_test)
[INFO] [stderr]    Compiling thiserror-impl v1.0.22
[INFO] [stderr]    Compiling thiserror v1.0.22
[INFO] [stderr]    Compiling flexi_logger v0.16.2
[INFO] [stderr]    Compiling rodio v0.13.0
[INFO] [stderr]    Compiling media_player v1.0.0 (/opt/rustwide/workdir/media_player)
[INFO] [stderr]    Compiling media_player_test v0.1.0 (/opt/rustwide/workdir/media_player_test)
[INFO] [stderr]    Compiling serde_yaml v0.8.14
[INFO] [stderr]    Compiling track_store v1.0.0 (/opt/rustwide/workdir/track_store)
[INFO] [stderr]    Compiling rfid_media_player v1.0.0 (/opt/rustwide/workdir/rfid_media_player)
[INFO] [stderr]     Finished dev [unoptimized + debuginfo] target(s) in 1m 17s
[INFO] running `Command { std: "docker" "inspect" "1b6f8743dc1b1e16ec13e73f87263df77a04cc9da143391fa256d50276354e63", kill_on_drop: false }`
[INFO] running `Command { std: "docker" "rm" "-f" "1b6f8743dc1b1e16ec13e73f87263df77a04cc9da143391fa256d50276354e63", kill_on_drop: false }`
[INFO] [stdout] 1b6f8743dc1b1e16ec13e73f87263df77a04cc9da143391fa256d50276354e63
[INFO] running `Command { std: "docker" "create" "-v" "/var/lib/crater-agent-workspace/builds/worker-35/target:/opt/rustwide/target:rw,Z" "-v" "/var/lib/crater-agent-workspace/builds/worker-35/source:/opt/rustwide/workdir:ro,Z" "-v" "/var/lib/crater-agent-workspace/cargo-home:/opt/rustwide/cargo-home:ro,Z" "-v" "/var/lib/crater-agent-workspace/rustup-home:/opt/rustwide/rustup-home:ro,Z" "-e" "SOURCE_DIR=/opt/rustwide/workdir" "-e" "CARGO_TARGET_DIR=/opt/rustwide/target" "-e" "CARGO_INCREMENTAL=0" "-e" "RUST_BACKTRACE=full" "-e" "RUSTFLAGS=--cap-lints=warn" "-e" "CARGO_HOME=/opt/rustwide/cargo-home" "-e" "RUSTUP_HOME=/opt/rustwide/rustup-home" "-w" "/opt/rustwide/workdir" "-m" "1610612736" "--user" "0:0" "--network" "none" "ghcr.io/rust-lang/crates-build-env/linux@sha256:34b6a614d2c27851fe6cbf88fbd1137609cefab8b10d0615aaeb6fd47975d74e" "/opt/rustwide/cargo-home/bin/cargo" "+beta-2021-08-01" "test" "--frozen" "--no-run" "--message-format=json", kill_on_drop: false }`
[INFO] [stdout] 24a1f3868b7dc483f475934b004f3c676a690b6b57daf1d4115f02538cda14ea
[INFO] running `Command { std: "docker" "start" "-a" "24a1f3868b7dc483f475934b004f3c676a690b6b57daf1d4115f02538cda14ea", kill_on_drop: false }`
[INFO] [stderr]     Blocking waiting for file lock on package cache
[INFO] [stderr]    Compiling track_store v1.0.0 (/opt/rustwide/workdir/track_store)
[INFO] [stderr]    Compiling media_player v1.0.0 (/opt/rustwide/workdir/media_player)
[INFO] [stderr]    Compiling usb_reader_test v0.1.0 (/opt/rustwide/workdir/rfid_reader_test)
[INFO] [stderr]    Compiling rfid_reader v1.0.0 (/opt/rustwide/workdir/rfid_reader)
[INFO] [stderr]    Compiling media_player_test v0.1.0 (/opt/rustwide/workdir/media_player_test)
[INFO] [stderr]    Compiling rfid_media_player v1.0.0 (/opt/rustwide/workdir/rfid_media_player)
[INFO] [stdout] warning: unused import: `Error`
[INFO] [stdout]  --> rfid_reader/examples/print_value.rs:1:25
[INFO] [stdout]   |
[INFO] [stdout] 1 | use rfid_reader::{open, Error, ProductId, RfidReader, VendorId};
[INFO] [stdout]   |                         ^^^^^
[INFO] [stdout]   |
[INFO] [stdout]   = note: `#[warn(unused_imports)]` on by default
[INFO] [stdout] 
[INFO] [stdout] 
[INFO] [stdout] warning: unused `Result` that must be used
[INFO] [stdout]   --> rfid_reader/examples/print_value.rs:20:9
[INFO] [stdout]    |
[INFO] [stdout] 20 |         reader.deinitialize();
[INFO] [stdout]    |         ^^^^^^^^^^^^^^^^^^^^^^
[INFO] [stdout]    |
[INFO] [stdout]    = note: `#[warn(unused_must_use)]` on by default
[INFO] [stdout]    = note: this `Result` may be an `Err` variant, which should be handled
[INFO] [stdout] 
[INFO] [stdout] 
[INFO] [stdout] warning: unused variable: `value`
[INFO] [stdout]   --> track_store/src/trackstore.rs:97:16
[INFO] [stdout]    |
[INFO] [stdout] 97 |             Ok(value) => assert!(false, "Expected error found value"),
[INFO] [stdout]    |                ^^^^^ help: if this is intentional, prefix it with an underscore: `_value`
[INFO] [stdout]    |
[INFO] [stdout]    = note: `#[warn(unused_variables)]` on by default
[INFO] [stdout] 
[INFO] [stdout] 
[INFO] [stdout] warning: variable does not need to be mutable
[INFO] [stdout]    --> media_player/src/rodiolib/mod.rs:117:13
[INFO] [stdout]     |
[INFO] [stdout] 117 |         let mut rodio_lib = open().unwrap();
[INFO] [stdout]     |             ----^^^^^^^^^
[INFO] [stdout]     |             |
[INFO] [stdout]     |             help: remove this `mut`
[INFO] [stdout]     |
[INFO] [stdout]     = note: `#[warn(unused_mut)]` on by default
[INFO] [stdout] 
[INFO] [stdout] 
[INFO] [stdout] warning: unused variable: `buffer`
[INFO] [stdout]    --> rfid_reader/src/neuftech/usbreader.rs:140:24
[INFO] [stdout]     |
[INFO] [stdout] 140 |         fn read(&self, buffer: &mut [u8]) -> Result<(), Error> {
[INFO] [stdout]     |                        ^^^^^^ help: if this is intentional, prefix it with an underscore: `_buffer`
[INFO] [stdout]     |
[INFO] [stdout]     = note: `#[warn(unused_variables)]` on by default
[INFO] [stdout] 
[INFO] [stdout] 
[INFO] [stdout] warning: variable does not need to be mutable
[INFO] [stdout]    --> rfid_reader/src/neuftech/usbreader.rs:203:13
[INFO] [stdout]     |
[INFO] [stdout] 203 |         let mut dummy_device = ReadErrorHumbleUsbDevice {
[INFO] [stdout]     |             ----^^^^^^^^^^^^
[INFO] [stdout]     |             |
[INFO] [stdout]     |             help: remove this `mut`
[INFO] [stdout]     |
[INFO] [stdout]     = note: `#[warn(unused_mut)]` on by default
[INFO] [stdout] 
[INFO] [stdout] 
[INFO] [stdout] warning: 2 warnings emitted
[INFO] [stdout] 
[INFO] [stdout] 
[INFO] [stdout] warning: 1 warning emitted
[INFO] [stdout] 
[INFO] [stdout] 
[INFO] [stdout] warning: 2 warnings emitted
[INFO] [stdout] 
[INFO] [stdout] 
[INFO] [stdout] warning: 1 warning emitted
[INFO] [stdout] 
[INFO] [stdout] 
[INFO] [stderr]     Finished test [unoptimized + debuginfo] target(s) in 2.80s
[INFO] running `Command { std: "docker" "inspect" "24a1f3868b7dc483f475934b004f3c676a690b6b57daf1d4115f02538cda14ea", kill_on_drop: false }`
[INFO] running `Command { std: "docker" "rm" "-f" "24a1f3868b7dc483f475934b004f3c676a690b6b57daf1d4115f02538cda14ea", kill_on_drop: false }`
[INFO] [stdout] 24a1f3868b7dc483f475934b004f3c676a690b6b57daf1d4115f02538cda14ea
[INFO] running `Command { std: "docker" "create" "-v" "/var/lib/crater-agent-workspace/builds/worker-35/target:/opt/rustwide/target:rw,Z" "-v" "/var/lib/crater-agent-workspace/builds/worker-35/source:/opt/rustwide/workdir:ro,Z" "-v" "/var/lib/crater-agent-workspace/cargo-home:/opt/rustwide/cargo-home:ro,Z" "-v" "/var/lib/crater-agent-workspace/rustup-home:/opt/rustwide/rustup-home:ro,Z" "-e" "SOURCE_DIR=/opt/rustwide/workdir" "-e" "CARGO_TARGET_DIR=/opt/rustwide/target" "-e" "CARGO_INCREMENTAL=0" "-e" "RUST_BACKTRACE=full" "-e" "RUSTFLAGS=--cap-lints=warn" "-e" "CARGO_HOME=/opt/rustwide/cargo-home" "-e" "RUSTUP_HOME=/opt/rustwide/rustup-home" "-w" "/opt/rustwide/workdir" "-m" "1610612736" "--user" "0:0" "--network" "none" "ghcr.io/rust-lang/crates-build-env/linux@sha256:34b6a614d2c27851fe6cbf88fbd1137609cefab8b10d0615aaeb6fd47975d74e" "/opt/rustwide/cargo-home/bin/cargo" "+beta-2021-08-01" "test" "--frozen", kill_on_drop: false }`
[INFO] [stdout] d84adcff163cb9efae5b56257cb9344ea05b2fcca1b5efc663cd769e99a8bc99
[INFO] running `Command { std: "docker" "start" "-a" "d84adcff163cb9efae5b56257cb9344ea05b2fcca1b5efc663cd769e99a8bc99", kill_on_drop: false }`
[INFO] [stderr]     Blocking waiting for file lock on package cache
[INFO] [stderr] warning: unused variable: `value`
[INFO] [stderr]   --> track_store/src/trackstore.rs:97:16
[INFO] [stderr]    |
[INFO] [stderr] 97 |             Ok(value) => assert!(false, "Expected error found value"),
[INFO] [stderr]    |                ^^^^^ help: if this is intentional, prefix it with an underscore: `_value`
[INFO] [stderr]    |
[INFO] [stderr]    = note: `#[warn(unused_variables)]` on by default
[INFO] [stderr] 
[INFO] [stderr] warning: `track_store` (lib test) generated 1 warning
[INFO] [stderr] warning: unused variable: `buffer`
[INFO] [stderr]    --> rfid_reader/src/neuftech/usbreader.rs:140:24
[INFO] [stderr]     |
[INFO] [stderr] 140 |         fn read(&self, buffer: &mut [u8]) -> Result<(), Error> {
[INFO] [stderr]     |                        ^^^^^^ help: if this is intentional, prefix it with an underscore: `_buffer`
[INFO] [stderr]     |
[INFO] [stderr]     = note: `#[warn(unused_variables)]` on by default
[INFO] [stderr] 
[INFO] [stderr] warning: variable does not need to be mutable
[INFO] [stderr]    --> rfid_reader/src/neuftech/usbreader.rs:203:13
[INFO] [stderr]     |
[INFO] [stderr] 203 |         let mut dummy_device = ReadErrorHumbleUsbDevice {
[INFO] [stderr]     |             ----^^^^^^^^^^^^
[INFO] [stderr]     |             |
[INFO] [stderr]     |             help: remove this `mut`
[INFO] [stderr]     |
[INFO] [stderr]     = note: `#[warn(unused_mut)]` on by default
[INFO] [stderr] 
[INFO] [stderr] warning: `rfid_reader` (lib test) generated 2 warnings
[INFO] [stderr] warning: variable does not need to be mutable
[INFO] [stderr]    --> media_player/src/rodiolib/mod.rs:117:13
[INFO] [stderr]     |
[INFO] [stderr] 117 |         let mut rodio_lib = open().unwrap();
[INFO] [stderr]     |             ----^^^^^^^^^
[INFO] [stderr]     |             |
[INFO] [stderr]     |             help: remove this `mut`
[INFO] [stderr]     |
[INFO] [stderr]     = note: `#[warn(unused_mut)]` on by default
[INFO] [stderr] 
[INFO] [stderr] warning: `media_player` (lib test) generated 1 warning
[INFO] [stderr] warning: unused import: `Error`
[INFO] [stderr]  --> rfid_reader/examples/print_value.rs:1:25
[INFO] [stderr]   |
[INFO] [stderr] 1 | use rfid_reader::{open, Error, ProductId, RfidReader, VendorId};
[INFO] [stderr]   |                         ^^^^^
[INFO] [stderr]   |
[INFO] [stderr]   = note: `#[warn(unused_imports)]` on by default
[INFO] [stderr] 
[INFO] [stderr] warning: unused `Result` that must be used
[INFO] [stderr]   --> rfid_reader/examples/print_value.rs:20:9
[INFO] [stderr]    |
[INFO] [stderr] 20 |         reader.deinitialize();
[INFO] [stderr]    |         ^^^^^^^^^^^^^^^^^^^^^^
[INFO] [stderr]    |
[INFO] [stderr]    = note: `#[warn(unused_must_use)]` on by default
[INFO] [stderr]    = note: this `Result` may be an `Err` variant, which should be handled
[INFO] [stderr] 
[INFO] [stderr] warning: `rfid_reader` (example "print_value") generated 2 warnings
[INFO] [stderr]     Finished test [unoptimized + debuginfo] target(s) in 2.77s
[INFO] [stderr]      Running unittests (/opt/rustwide/target/debug/deps/media_player-876230e92665ab66)
[INFO] [stdout] 
[INFO] [stdout] running 14 tests
[INFO] [stdout] test error::tests::test_display ... ok
[INFO] [stdout] test error::tests::test_from_io_error ... ok
[INFO] [stdout] test mediaplayer::tests::test_new_song_interrupts_old ... ok
[INFO] [stdout] test rodiolib::tests::test_from_decoder_error ... ok
[INFO] [stdout] test rodiolib::tests::test_from_devices_error ... ok
[INFO] [stdout] test rodiolib::tests::test_is_playing_to_the_end ... ignored
[INFO] [stdout] test track::tests::test_display ... ok
[INFO] [stdout] test track::tests::test_as_ref ... ok
[INFO] [stdout] test mediaplayer::tests::test_play ... ok
[INFO] [stdout] test rodiolib::tests::test_from_stream_error ... ok
[INFO] [stdout] test rodiolib::tests::test_from_play_error ... ok
[INFO] [stdout] test mediaplayer::tests::test_old_song_is_played_again ... ok
[INFO] [stderr] ALSA lib confmisc.c:767:(parse_card) cannot find card '0'
[INFO] [stderr] ALSA lib conf.c:4732:(_snd_config_evaluate) function snd_func_card_driver returned error: No such file or directory
[INFO] [stderr] ALSA lib confmisc.c:392:(snd_func_concat) error evaluating strings
[INFO] [stderr] ALSA lib conf.c:4732:(_snd_config_evaluate) function snd_func_concat returned error: No such file or directory
[INFO] [stderr] ALSA lib confmisc.c:1246:(snd_func_refer) error evaluating name
[INFO] [stderr] ALSA lib conf.c:4732:(_snd_config_evaluate) function snd_func_refer returned error: No such file or directory
[INFO] [stderr] ALSA lib conf.c:5220:(snd_config_expand) Evaluate error: No such file or directory
[INFO] [stderr] ALSA lib pcm.c:2642:(snd_pcm_open_noupdate) Unknown PCM default
[INFO] [stderr] ALSA lib confmisc.c:767:(parse_card) cannot find card '0'
[INFO] [stderr] ALSA lib conf.c:4732:(_snd_config_evaluate) function snd_func_card_driver returned error: No such file or directory
[INFO] [stderr] ALSA lib confmisc.c:392:(snd_func_concat) error evaluating strings
[INFO] [stderr] ALSA lib conf.c:4732:(_snd_config_evaluate) function snd_func_concat returned error: No such file or directory
[INFO] [stderr] ALSA lib confmisc.c:1246:(snd_func_refer) error evaluating name
[INFO] [stderr] ALSA lib conf.c:4732:(_snd_config_evaluate) function snd_func_refer returned error: No such file or directory
[INFO] [stderr] ALSA lib conf.c:5220:(snd_config_expand) Evaluate error: No such file or directory
[INFO] [stderr] ALSA lib pcm.c:2642:(snd_pcm_open_noupdate) Unknown PCM default
[INFO] [stdout] test rodiolib::tests::test_create_triple ... FAILED
[INFO] [stdout] test rodiolib::tests::test_is_playing ... FAILED
[INFO] [stdout] 
[INFO] [stdout] failures:
[INFO] [stdout] 
[INFO] [stdout] ---- rodiolib::tests::test_create_triple stdout ----
[INFO] [stdout] thread 'rodiolib::tests::test_create_triple' panicked at 'The device doesn't support any format!?: DeviceNotAvailable', /opt/rustwide/cargo-home/registry/src/github.com-1ecc6299db9ec823/rodio-0.13.0/src/stream.rs:193:14
[INFO] [stdout] stack backtrace:
[INFO] [stdout]    0:     0x556b60c7e260 - std::backtrace_rs::backtrace::libunwind::trace::hff4d1766e93f64f1
[INFO] [stdout]                                at /rustc/53fd98ca776cb875bc9e5514f56b52eb74f9e7a9/library/std/src/../../backtrace/src/backtrace/libunwind.rs:90:5
[INFO] [stdout]    1:     0x556b60c7e260 - std::backtrace_rs::backtrace::trace_unsynchronized::h56bbc8eb78770bcb
[INFO] [stdout]                                at /rustc/53fd98ca776cb875bc9e5514f56b52eb74f9e7a9/library/std/src/../../backtrace/src/backtrace/mod.rs:66:5
[INFO] [stdout]    2:     0x556b60c7e260 - std::sys_common::backtrace::_print_fmt::h5c8e75464faca780
[INFO] [stdout]                                at /rustc/53fd98ca776cb875bc9e5514f56b52eb74f9e7a9/library/std/src/sys_common/backtrace.rs:67:5
[INFO] [stdout]    3:     0x556b60c7e260 - <std::sys_common::backtrace::_print::DisplayBacktrace as core::fmt::Display>::fmt::h48b88277def8b362
[INFO] [stdout]                                at /rustc/53fd98ca776cb875bc9e5514f56b52eb74f9e7a9/library/std/src/sys_common/backtrace.rs:46:22
[INFO] [stdout]    4:     0x556b60ca0dec - core::fmt::write::h3381b3176fe2b3d3
[INFO] [stdout]                                at /rustc/53fd98ca776cb875bc9e5514f56b52eb74f9e7a9/library/core/src/fmt/mod.rs:1115:17
[INFO] [stdout]    5:     0x556b60c7b175 - std::io::Write::write_fmt::h5f34a676f60246b5
[INFO] [stdout]                                at /rustc/53fd98ca776cb875bc9e5514f56b52eb74f9e7a9/library/std/src/io/mod.rs:1665:15
[INFO] [stdout]    6:     0x556b60c803db - std::sys_common::backtrace::_print::ha537687d6c17dd0d
[INFO] [stdout]                                at /rustc/53fd98ca776cb875bc9e5514f56b52eb74f9e7a9/library/std/src/sys_common/backtrace.rs:49:5
[INFO] [stdout]    7:     0x556b60c803db - std::sys_common::backtrace::print::h61376ae57d131d72
[INFO] [stdout]                                at /rustc/53fd98ca776cb875bc9e5514f56b52eb74f9e7a9/library/std/src/sys_common/backtrace.rs:36:9
[INFO] [stdout]    8:     0x556b60c803db - std::panicking::default_hook::{{closure}}::h0f7208c0b9644a54
[INFO] [stdout]                                at /rustc/53fd98ca776cb875bc9e5514f56b52eb74f9e7a9/library/std/src/panicking.rs:208:50
[INFO] [stdout]    9:     0x556b60c7feec - std::panicking::default_hook::hdac7fc06578c14ce
[INFO] [stdout]                                at /rustc/53fd98ca776cb875bc9e5514f56b52eb74f9e7a9/library/std/src/panicking.rs:222:9
[INFO] [stdout]   10:     0x556b60c80aa4 - std::panicking::rust_panic_with_hook::h72b21c283da3d1ef
[INFO] [stdout]                                at /rustc/53fd98ca776cb875bc9e5514f56b52eb74f9e7a9/library/std/src/panicking.rs:622:17
[INFO] [stdout]   11:     0x556b60c80587 - std::panicking::begin_panic_handler::{{closure}}::he5778f1729cff84a
[INFO] [stdout]                                at /rustc/53fd98ca776cb875bc9e5514f56b52eb74f9e7a9/library/std/src/panicking.rs:519:13
[INFO] [stdout]   12:     0x556b60c7e73c - std::sys_common::backtrace::__rust_end_short_backtrace::h2d11ca8b453b4b1d
[INFO] [stdout]                                at /rustc/53fd98ca776cb875bc9e5514f56b52eb74f9e7a9/library/std/src/sys_common/backtrace.rs:141:18
[INFO] [stdout]   13:     0x556b60c804e9 - rust_begin_unwind
[INFO] [stdout]                                at /rustc/53fd98ca776cb875bc9e5514f56b52eb74f9e7a9/library/std/src/panicking.rs:515:5
[INFO] [stdout]   14:     0x556b60ac4441 - core::panicking::panic_fmt::hf9de31d4acbce4db
[INFO] [stdout]                                at /rustc/53fd98ca776cb875bc9e5514f56b52eb74f9e7a9/library/core/src/panicking.rs:92:14
[INFO] [stdout]   15:     0x556b60ac4533 - core::result::unwrap_failed::ha0c84e81219e5878
[INFO] [stdout]                                at /rustc/53fd98ca776cb875bc9e5514f56b52eb74f9e7a9/library/core/src/result.rs:1599:5
[INFO] [stdout]   16:     0x556b60b7edec - core::result::Result<T,E>::expect::ha14e767205065dde
[INFO] [stdout]                                at /rustc/53fd98ca776cb875bc9e5514f56b52eb74f9e7a9/library/core/src/result.rs:1241:23
[INFO] [stdout]   17:     0x556b60b8edf8 - <cpal::platform::platform_impl::Device as rodio::stream::CpalDeviceExt>::new_output_stream::h355e0b1bb0dde004
[INFO] [stdout]                                at /opt/rustwide/cargo-home/registry/src/github.com-1ecc6299db9ec823/rodio-0.13.0/src/stream.rs:191:30
[INFO] [stdout]   18:     0x556b60b99d94 - rodio::stream::OutputStream::try_from_device::hb32ba11d98065bfd
[INFO] [stdout]                                at /opt/rustwide/cargo-home/registry/src/github.com-1ecc6299db9ec823/rodio-0.13.0/src/stream.rs:32:32
[INFO] [stdout]   19:     0x556b60b9a159 - rodio::stream::OutputStream::try_default::hdf7761eb9bc27a57
[INFO] [stdout]                                at /opt/rustwide/cargo-home/registry/src/github.com-1ecc6299db9ec823/rodio-0.13.0/src/stream.rs:46:9
[INFO] [stdout]   20:     0x556b60ada1af - media_player::rodiolib::create_new_triple::hfbca294027e9d454
[INFO] [stdout]                                at /opt/rustwide/workdir/media_player/src/rodiolib/mod.rs:21:35
[INFO] [stdout]   21:     0x556b60b3c791 - media_player::rodiolib::tests::test_create_triple::h58ccc22303b91d8e
[INFO] [stdout]                                at /opt/rustwide/workdir/media_player/src/rodiolib/mod.rs:96:22
[INFO] [stdout]   22:     0x556b60b3c76a - media_player::rodiolib::tests::test_create_triple::{{closure}}::hd2d27256f746237b
[INFO] [stdout]                                at /opt/rustwide/workdir/media_player/src/rodiolib/mod.rs:95:5
[INFO] [stdout]   23:     0x556b60ae8dfe - core::ops::function::FnOnce::call_once::h999418cd7e9059d1
[INFO] [stdout]                                at /rustc/53fd98ca776cb875bc9e5514f56b52eb74f9e7a9/library/core/src/ops/function.rs:227:5
[INFO] [stdout]   24:     0x556b60b72ea3 - core::ops::function::FnOnce::call_once::hbb52c4519d3137b0
[INFO] [stdout]                                at /rustc/53fd98ca776cb875bc9e5514f56b52eb74f9e7a9/library/core/src/ops/function.rs:227:5
[INFO] [stdout]   25:     0x556b60b72ea3 - test::__rust_begin_short_backtrace::h86fe3a2a5a5121af
[INFO] [stdout]                                at /rustc/53fd98ca776cb875bc9e5514f56b52eb74f9e7a9/library/test/src/lib.rs:578:5
[INFO] [stdout]   26:     0x556b60b71958 - <alloc::boxed::Box<F,A> as core::ops::function::FnOnce<Args>>::call_once::hfd956bc3d57399be
[INFO] [stdout]                                at /rustc/53fd98ca776cb875bc9e5514f56b52eb74f9e7a9/library/alloc/src/boxed.rs:1572:9
[INFO] [stdout]   27:     0x556b60b71958 - <std::panic::AssertUnwindSafe<F> as core::ops::function::FnOnce<()>>::call_once::h40dc93e0ddb5938a
[INFO] [stdout]                                at /rustc/53fd98ca776cb875bc9e5514f56b52eb74f9e7a9/library/std/src/panic.rs:347:9
[INFO] [stdout]   28:     0x556b60b71958 - std::panicking::try::do_call::h90d07750cb47c562
[INFO] [stdout]                                at /rustc/53fd98ca776cb875bc9e5514f56b52eb74f9e7a9/library/std/src/panicking.rs:401:40
[INFO] [stdout]   29:     0x556b60b71958 - std::panicking::try::h063c84733ad2a629
[INFO] [stdout]                                at /rustc/53fd98ca776cb875bc9e5514f56b52eb74f9e7a9/library/std/src/panicking.rs:365:19
[INFO] [stdout]   30:     0x556b60b71958 - std::panic::catch_unwind::h0c464836a84e7c08
[INFO] [stdout]                                at /rustc/53fd98ca776cb875bc9e5514f56b52eb74f9e7a9/library/std/src/panic.rs:434:14
[INFO] [stdout]   31:     0x556b60b71958 - test::run_test_in_process::h5cb06ef620b157fc
[INFO] [stdout]                                at /rustc/53fd98ca776cb875bc9e5514f56b52eb74f9e7a9/library/test/src/lib.rs:601:18
[INFO] [stdout]   32:     0x556b60b71958 - test::run_test::run_test_inner::{{closure}}::h76f677f4b93f9828
[INFO] [stdout]                                at /rustc/53fd98ca776cb875bc9e5514f56b52eb74f9e7a9/library/test/src/lib.rs:493:39
[INFO] [stdout]   33:     0x556b60b400ed - test::run_test::run_test_inner::{{closure}}::h366d01fe04f4d67a
[INFO] [stdout]                                at /rustc/53fd98ca776cb875bc9e5514f56b52eb74f9e7a9/library/test/src/lib.rs:520:37
[INFO] [stdout]   34:     0x556b60b400ed - std::sys_common::backtrace::__rust_begin_short_backtrace::h7dfa0de4eb395af2
[INFO] [stdout]                                at /rustc/53fd98ca776cb875bc9e5514f56b52eb74f9e7a9/library/std/src/sys_common/backtrace.rs:125:18
[INFO] [stdout]   35:     0x556b60b448b8 - std::thread::Builder::spawn_unchecked::{{closure}}::{{closure}}::hf0a74bb58798037f
[INFO] [stdout]                                at /rustc/53fd98ca776cb875bc9e5514f56b52eb74f9e7a9/library/std/src/thread/mod.rs:476:17
[INFO] [stdout]   36:     0x556b60b448b8 - <std::panic::AssertUnwindSafe<F> as core::ops::function::FnOnce<()>>::call_once::hb024e854818586ac
[INFO] [stdout]                                at /rustc/53fd98ca776cb875bc9e5514f56b52eb74f9e7a9/library/std/src/panic.rs:347:9
[INFO] [stdout]   37:     0x556b60b448b8 - std::panicking::try::do_call::hb2dd9f1d0d48e41d
[INFO] [stdout]                                at /rustc/53fd98ca776cb875bc9e5514f56b52eb74f9e7a9/library/std/src/panicking.rs:401:40
[INFO] [stdout]   38:     0x556b60b448b8 - std::panicking::try::h4717ae7bac8b2bf3
[INFO] [stdout]                                at /rustc/53fd98ca776cb875bc9e5514f56b52eb74f9e7a9/library/std/src/panicking.rs:365:19
[INFO] [stdout]   39:     0x556b60b448b8 - std::panic::catch_unwind::h0dc8a061326ce8d8
[INFO] [stdout]                                at /rustc/53fd98ca776cb875bc9e5514f56b52eb74f9e7a9/library/std/src/panic.rs:434:14
[INFO] [stdout]   40:     0x556b60b448b8 - std::thread::Builder::spawn_unchecked::{{closure}}::haa369e2d6fd00aa1
[INFO] [stdout]                                at /rustc/53fd98ca776cb875bc9e5514f56b52eb74f9e7a9/library/std/src/thread/mod.rs:475:30
[INFO] [stdout]   41:     0x556b60b448b8 - core::ops::function::FnOnce::call_once{{vtable.shim}}::h36dcf3de8b056f17
[INFO] [stdout]                                at /rustc/53fd98ca776cb875bc9e5514f56b52eb74f9e7a9/library/core/src/ops/function.rs:227:5
[INFO] [stdout]   42:     0x556b60c85987 - <alloc::boxed::Box<F,A> as core::ops::function::FnOnce<Args>>::call_once::h65c29e4642be2358
[INFO] [stdout]                                at /rustc/53fd98ca776cb875bc9e5514f56b52eb74f9e7a9/library/alloc/src/boxed.rs:1572:9
[INFO] [stdout]   43:     0x556b60c85987 - <alloc::boxed::Box<F,A> as core::ops::function::FnOnce<Args>>::call_once::hd0f8f7fbbd9fffbf
[INFO] [stdout]                                at /rustc/53fd98ca776cb875bc9e5514f56b52eb74f9e7a9/library/alloc/src/boxed.rs:1572:9
[INFO] [stdout]   44:     0x556b60c85987 - std::sys::unix::thread::Thread::new::thread_start::h2fd22fee3ca77b65
[INFO] [stdout]                                at /rustc/53fd98ca776cb875bc9e5514f56b52eb74f9e7a9/library/std/src/sys/unix/thread.rs:74:17
[INFO] [stdout]   45:     0x7fe194ae9609 - start_thread
[INFO] [stdout]   46:     0x7fe1948b9293 - clone
[INFO] [stdout]   47:                0x0 - <unknown>
[INFO] [stdout] 
[INFO] [stdout] ---- rodiolib::tests::test_is_playing stdout ----
[INFO] [stdout] thread 'rodiolib::tests::test_is_playing' panicked at 'The device doesn't support any format!?: DeviceNotAvailable', /opt/rustwide/cargo-home/registry/src/github.com-1ecc6299db9ec823/rodio-0.13.0/src/stream.rs:193:14
[INFO] [stdout] stack backtrace:
[INFO] [stdout]    0:     0x556b60c7e260 - std::backtrace_rs::backtrace::libunwind::trace::hff4d1766e93f64f1
[INFO] [stdout]                                at /rustc/53fd98ca776cb875bc9e5514f56b52eb74f9e7a9/library/std/src/../../backtrace/src/backtrace/libunwind.rs:90:5
[INFO] [stdout]    1:     0x556b60c7e260 - std::backtrace_rs::backtrace::trace_unsynchronized::h56bbc8eb78770bcb
[INFO] [stdout]                                at /rustc/53fd98ca776cb875bc9e5514f56b52eb74f9e7a9/library/std/src/../../backtrace/src/backtrace/mod.rs:66:5
[INFO] [stdout]    2:     0x556b60c7e260 - std::sys_common::backtrace::_print_fmt::h5c8e75464faca780
[INFO] [stdout]                                at /rustc/53fd98ca776cb875bc9e5514f56b52eb74f9e7a9/library/std/src/sys_common/backtrace.rs:67:5
[INFO] [stdout]    3:     0x556b60c7e260 - <std::sys_common::backtrace::_print::DisplayBacktrace as core::fmt::Display>::fmt::h48b88277def8b362
[INFO] [stdout]                                at /rustc/53fd98ca776cb875bc9e5514f56b52eb74f9e7a9/library/std/src/sys_common/backtrace.rs:46:22
[INFO] [stdout]    4:     0x556b60ca0dec - core::fmt::write::h3381b3176fe2b3d3
[INFO] [stdout]                                at /rustc/53fd98ca776cb875bc9e5514f56b52eb74f9e7a9/library/core/src/fmt/mod.rs:1115:17
[INFO] [stdout]    5:     0x556b60c7b175 - std::io::Write::write_fmt::h5f34a676f60246b5
[INFO] [stdout]                                at /rustc/53fd98ca776cb875bc9e5514f56b52eb74f9e7a9/library/std/src/io/mod.rs:1665:15
[INFO] [stdout]    6:     0x556b60c803db - std::sys_common::backtrace::_print::ha537687d6c17dd0d
[INFO] [stdout]                                at /rustc/53fd98ca776cb875bc9e5514f56b52eb74f9e7a9/library/std/src/sys_common/backtrace.rs:49:5
[INFO] [stdout]    7:     0x556b60c803db - std::sys_common::backtrace::print::h61376ae57d131d72
[INFO] [stdout]                                at /rustc/53fd98ca776cb875bc9e5514f56b52eb74f9e7a9/library/std/src/sys_common/backtrace.rs:36:9
[INFO] [stdout]    8:     0x556b60c803db - std::panicking::default_hook::{{closure}}::h0f7208c0b9644a54
[INFO] [stdout]                                at /rustc/53fd98ca776cb875bc9e5514f56b52eb74f9e7a9/library/std/src/panicking.rs:208:50
[INFO] [stdout]    9:     0x556b60c7feec - std::panicking::default_hook::hdac7fc06578c14ce
[INFO] [stdout]                                at /rustc/53fd98ca776cb875bc9e5514f56b52eb74f9e7a9/library/std/src/panicking.rs:222:9
[INFO] [stdout]   10:     0x556b60c80aa4 - std::panicking::rust_panic_with_hook::h72b21c283da3d1ef
[INFO] [stdout]                                at /rustc/53fd98ca776cb875bc9e5514f56b52eb74f9e7a9/library/std/src/panicking.rs:622:17
[INFO] [stdout]   11:     0x556b60c80587 - std::panicking::begin_panic_handler::{{closure}}::he5778f1729cff84a
[INFO] [stdout]                                at /rustc/53fd98ca776cb875bc9e5514f56b52eb74f9e7a9/library/std/src/panicking.rs:519:13
[INFO] [stdout]   12:     0x556b60c7e73c - std::sys_common::backtrace::__rust_end_short_backtrace::h2d11ca8b453b4b1d
[INFO] [stdout]                                at /rustc/53fd98ca776cb875bc9e5514f56b52eb74f9e7a9/library/std/src/sys_common/backtrace.rs:141:18
[INFO] [stdout]   13:     0x556b60c804e9 - rust_begin_unwind
[INFO] [stdout]                                at /rustc/53fd98ca776cb875bc9e5514f56b52eb74f9e7a9/library/std/src/panicking.rs:515:5
[INFO] [stdout]   14:     0x556b60ac4441 - core::panicking::panic_fmt::hf9de31d4acbce4db
[INFO] [stdout]                                at /rustc/53fd98ca776cb875bc9e5514f56b52eb74f9e7a9/library/core/src/panicking.rs:92:14
[INFO] [stdout]   15:     0x556b60ac4533 - core::result::unwrap_failed::ha0c84e81219e5878
[INFO] [stdout]                                at /rustc/53fd98ca776cb875bc9e5514f56b52eb74f9e7a9/library/core/src/result.rs:1599:5
[INFO] [stdout]   16:     0x556b60b7edec - core::result::Result<T,E>::expect::ha14e767205065dde
[INFO] [stdout]                                at /rustc/53fd98ca776cb875bc9e5514f56b52eb74f9e7a9/library/core/src/result.rs:1241:23
[INFO] [stdout]   17:     0x556b60b8edf8 - <cpal::platform::platform_impl::Device as rodio::stream::CpalDeviceExt>::new_output_stream::h355e0b1bb0dde004
[INFO] [stdout]                                at /opt/rustwide/cargo-home/registry/src/github.com-1ecc6299db9ec823/rodio-0.13.0/src/stream.rs:191:30
[INFO] [stdout]   18:     0x556b60b99d94 - rodio::stream::OutputStream::try_from_device::hb32ba11d98065bfd
[INFO] [stdout]                                at /opt/rustwide/cargo-home/registry/src/github.com-1ecc6299db9ec823/rodio-0.13.0/src/stream.rs:32:32
[INFO] [stdout]   19:     0x556b60b9a159 - rodio::stream::OutputStream::try_default::hdf7761eb9bc27a57
[INFO] [stdout]                                at /opt/rustwide/cargo-home/registry/src/github.com-1ecc6299db9ec823/rodio-0.13.0/src/stream.rs:46:9
[INFO] [stdout]   20:     0x556b60ada1af - media_player::rodiolib::create_new_triple::hfbca294027e9d454
[INFO] [stdout]                                at /opt/rustwide/workdir/media_player/src/rodiolib/mod.rs:21:35
[INFO] [stdout]   21:     0x556b60ada40e - media_player::rodiolib::RodioLib::new::hd5c7831943615d74
[INFO] [stdout]                                at /opt/rustwide/workdir/media_player/src/rodiolib/mod.rs:28:45
[INFO] [stdout]   22:     0x556b60adaddd - media_player::rodiolib::open::h41a81515eecf89f8
[INFO] [stdout]                                at /opt/rustwide/workdir/media_player/src/rodiolib/mod.rs:60:5
[INFO] [stdout]   23:     0x556b60b3c854 - media_player::rodiolib::tests::test_is_playing::hafe78683251a2221
[INFO] [stdout]                                at /opt/rustwide/workdir/media_player/src/rodiolib/mod.rs:102:29
[INFO] [stdout]   24:     0x556b60b3c82a - media_player::rodiolib::tests::test_is_playing::{{closure}}::h539c83c0175754e7
[INFO] [stdout]                                at /opt/rustwide/workdir/media_player/src/rodiolib/mod.rs:101:5
[INFO] [stdout]   25:     0x556b60ae8e3e - core::ops::function::FnOnce::call_once::ha1d7b00b4033d81e
[INFO] [stdout]                                at /rustc/53fd98ca776cb875bc9e5514f56b52eb74f9e7a9/library/core/src/ops/function.rs:227:5
[INFO] [stdout]   26:     0x556b60b72ea3 - core::ops::function::FnOnce::call_once::hbb52c4519d3137b0
[INFO] [stdout]                                at /rustc/53fd98ca776cb875bc9e5514f56b52eb74f9e7a9/library/core/src/ops/function.rs:227:5
[INFO] [stdout]   27:     0x556b60b72ea3 - test::__rust_begin_short_backtrace::h86fe3a2a5a5121af
[INFO] [stdout]                                at /rustc/53fd98ca776cb875bc9e5514f56b52eb74f9e7a9/library/test/src/lib.rs:578:5
[INFO] [stdout]   28:     0x556b60b71958 - <alloc::boxed::Box<F,A> as core::ops::function::FnOnce<Args>>::call_once::hfd956bc3d57399be
[INFO] [stdout]                                at /rustc/53fd98ca776cb875bc9e5514f56b52eb74f9e7a9/library/alloc/src/boxed.rs:1572:9
[INFO] [stdout]   29:     0x556b60b71958 - <std::panic::AssertUnwindSafe<F> as core::ops::function::FnOnce<()>>::call_once::h40dc93e0ddb5938a
[INFO] [stdout]                                at /rustc/53fd98ca776cb875bc9e5514f56b52eb74f9e7a9/library/std/src/panic.rs:347:9
[INFO] [stdout]   30:     0x556b60b71958 - std::panicking::try::do_call::h90d07750cb47c562
[INFO] [stdout]                                at /rustc/53fd98ca776cb875bc9e5514f56b52eb74f9e7a9/library/std/src/panicking.rs:401:40
[INFO] [stdout]   31:     0x556b60b71958 - std::panicking::try::h063c84733ad2a629
[INFO] [stdout]                                at /rustc/53fd98ca776cb875bc9e5514f56b52eb74f9e7a9/library/std/src/panicking.rs:365:19
[INFO] [stdout]   32:     0x556b60b71958 - std::panic::catch_unwind::h0c464836a84e7c08
[INFO] [stdout]                                at /rustc/53fd98ca776cb875bc9e5514f56b52eb74f9e7a9/library/std/src/panic.rs:434:14
[INFO] [stdout]   33:     0x556b60b71958 - test::run_test_in_process::h5cb06ef620b157fc
[INFO] [stdout]                                at /rustc/53fd98ca776cb875bc9e5514f56b52eb74f9e7a9/library/test/src/lib.rs:601:18
[INFO] [stdout]   34:     0x556b60b71958 - test::run_test::run_test_inner::{{closure}}::h76f677f4b93f9828
[INFO] [stdout]                                at /rustc/53fd98ca776cb875bc9e5514f56b52eb74f9e7a9/library/test/src/lib.rs:493:39
[INFO] [stdout]   35:     0x556b60b400ed - test::run_test::run_test_inner::{{closure}}::h366d01fe04f4d67a
[INFO] [stdout]                                at /rustc/53fd98ca776cb875bc9e5514f56b52eb74f9e7a9/library/test/src/lib.rs:520:37
[INFO] [stdout]   36:     0x556b60b400ed - std::sys_common::backtrace::__rust_begin_short_backtrace::h7dfa0de4eb395af2
[INFO] [stdout]                                at /rustc/53fd98ca776cb875bc9e5514f56b52eb74f9e7a9/library/std/src/sys_common/backtrace.rs:125:18
[INFO] [stdout]   37:     0x556b60b448b8 - std::thread::Builder::spawn_unchecked::{{closure}}::{{closure}}::hf0a74bb58798037f
[INFO] [stdout]                                at /rustc/53fd98ca776cb875bc9e5514f56b52eb74f9e7a9/library/std/src/thread/mod.rs:476:17
[INFO] [stdout]   38:     0x556b60b448b8 - <std::panic::AssertUnwindSafe<F> as core::ops::function::FnOnce<()>>::call_once::hb024e854818586ac
[INFO] [stdout]                                at /rustc/53fd98ca776cb875bc9e5514f56b52eb74f9e7a9/library/std/src/panic.rs:347:9
[INFO] [stdout]   39:     0x556b60b448b8 - std::panicking::try::do_call::hb2dd9f1d0d48e41d
[INFO] [stdout]                                at /rustc/53fd98ca776cb875bc9e5514f56b52eb74f9e7a9/library/std/src/panicking.rs:401:40
[INFO] [stdout]   40:     0x556b60b448b8 - std::panicking::try::h4717ae7bac8b2bf3
[INFO] [stdout]                                at /rustc/53fd98ca776cb875bc9e5514f56b52eb74f9e7a9/library/std/src/panicking.rs:365:19
[INFO] [stdout]   41:     0x556b60b448b8 - std::panic::catch_unwind::h0dc8a061326ce8d8
[INFO] [stdout]                                at /rustc/53fd98ca776cb875bc9e5514f56b52eb74f9e7a9/library/std/src/panic.rs:434:14
[INFO] [stdout]   42:     0x556b60b448b8 - std::thread::Builder::spawn_unchecked::{{closure}}::haa369e2d6fd00aa1
[INFO] [stdout]                                at /rustc/53fd98ca776cb875bc9e5514f56b52eb74f9e7a9/library/std/src/thread/mod.rs:475:30
[INFO] [stdout]   43:     0x556b60b448b8 - core::ops::function::FnOnce::call_once{{vtable.shim}}::h36dcf3de8b056f17
[INFO] [stdout]                                at /rustc/53fd98ca776cb875bc9e5514f56b52eb74f9e7a9/library/core/src/ops/function.rs:227:5
[INFO] [stdout]   44:     0x556b60c85987 - <alloc::boxed::Box<F,A> as core::ops::function::FnOnce<Args>>::call_once::h65c29e4642be2358
[INFO] [stdout]                                at /rustc/53fd98ca776cb875bc9e5514f56b52eb74f9e7a9/library/alloc/src/boxed.rs:1572:9
[INFO] [stdout]   45:     0x556b60c85987 - <alloc::boxed::Box<F,A> as core::ops::function::FnOnce<Args>>::call_once::hd0f8f7fbbd9fffbf
[INFO] [stdout]                                at /rustc/53fd98ca776cb875bc9e5514f56b52eb74f9e7a9/library/alloc/src/boxed.rs:1572:9
[INFO] [stdout]   46:     0x556b60c85987 - std::sys::unix::thread::Thread::new::thread_start::h2fd22fee3ca77b65
[INFO] [stdout]                                at /rustc/53fd98ca776cb875bc9e5514f56b52eb74f9e7a9/library/std/src/sys/unix/thread.rs:74:17
[INFO] [stdout]   47:     0x7fe194ae9609 - start_thread
[INFO] [stdout]   48:     0x7fe1948b9293 - clone
[INFO] [stdout]   49:                0x0 - <unknown>
[INFO] [stdout] 
[INFO] [stdout] 
[INFO] [stdout] failures:
[INFO] [stdout]     rodiolib::tests::test_create_triple
[INFO] [stdout]     rodiolib::tests::test_is_playing
[INFO] [stdout] 
[INFO] [stdout] test result: FAILED. 11 passed; 2 failed; 1 ignored; 0 measured; 0 filtered out; finished in 0.16s
[INFO] [stdout] 
[INFO] [stderr] error: test failed, to rerun pass '-p media_player --lib'
[INFO] running `Command { std: "docker" "inspect" "d84adcff163cb9efae5b56257cb9344ea05b2fcca1b5efc663cd769e99a8bc99", kill_on_drop: false }`
[INFO] running `Command { std: "docker" "rm" "-f" "d84adcff163cb9efae5b56257cb9344ea05b2fcca1b5efc663cd769e99a8bc99", kill_on_drop: false }`
[INFO] [stdout] d84adcff163cb9efae5b56257cb9344ea05b2fcca1b5efc663cd769e99a8bc99
