[INFO] cloning repository https://github.com/rowans329/hsh
[INFO] running `Command { std: "git" "-c" "credential.helper=" "-c" "credential.helper=/workspace/cargo-home/bin/git-credential-null" "clone" "--bare" "https://github.com/rowans329/hsh" "/workspace/cache/git-repos/https%3A%2F%2Fgithub.com%2Frowans329%2Fhsh", kill_on_drop: false }`
[INFO] [stderr] Cloning into bare repository '/workspace/cache/git-repos/https%3A%2F%2Fgithub.com%2Frowans329%2Fhsh'...
[INFO] running `Command { std: "git" "rev-parse" "HEAD", kill_on_drop: false }`
[INFO] [stdout] 0c345304f1c2a3d3da6c07a5e6ccd4198fe71230
[INFO] testing rowans329/hsh against beta-2021-08-01 for beta-1.55-1
[INFO] running `Command { std: "git" "clone" "/workspace/cache/git-repos/https%3A%2F%2Fgithub.com%2Frowans329%2Fhsh" "/workspace/builds/worker-30/source", kill_on_drop: false }`
[INFO] [stderr] Cloning into '/workspace/builds/worker-30/source'...
[INFO] [stderr] done.
[INFO] validating manifest of git repo https://github.com/rowans329/hsh on toolchain beta-2021-08-01
[INFO] running `Command { std: "/workspace/cargo-home/bin/cargo" "+beta-2021-08-01" "metadata" "--manifest-path" "Cargo.toml" "--no-deps", kill_on_drop: false }`
[INFO] started tweaking git repo https://github.com/rowans329/hsh
[INFO] finished tweaking git repo https://github.com/rowans329/hsh
[INFO] tweaked toml for git repo https://github.com/rowans329/hsh written to /workspace/builds/worker-30/source/Cargo.toml
[INFO] crate git repo https://github.com/rowans329/hsh already has a lockfile, it will not be regenerated
[INFO] running `Command { std: "/workspace/cargo-home/bin/cargo" "+beta-2021-08-01" "fetch" "--manifest-path" "Cargo.toml", kill_on_drop: false }`
[INFO] [stderr]     Blocking waiting for file lock on package cache
[INFO] [stderr]     Blocking waiting for file lock on package cache
[INFO] [stderr]  Downloading crates ...
[INFO] [stderr]   Downloaded bcrypt v0.9.0
[INFO] [stderr]   Downloaded whirlpool v0.9.0
[INFO] [stderr]   Downloaded blowfish v0.7.0
[INFO] [stderr]   Downloaded md4 v0.9.0
[INFO] [stderr]   Downloaded ripemd320 v0.9.0
[INFO] [stderr]   Downloaded shabal v0.3.0
[INFO] [stderr]   Downloaded proptest v1.0.0
[INFO] [stderr]   Downloaded groestl v0.9.0
[INFO] [stderr]   Downloaded md2 v0.9.0
[INFO] [stderr]   Downloaded gost94 v0.9.1
[INFO] [stderr]   Downloaded streebog v0.9.2
[INFO] [stderr]   Downloaded b64 v0.4.0
[INFO] running `Command { std: "docker" "create" "-v" "/var/lib/crater-agent-workspace/builds/worker-30/target:/opt/rustwide/target:rw,Z" "-v" "/var/lib/crater-agent-workspace/builds/worker-30/source:/opt/rustwide/workdir:ro,Z" "-v" "/var/lib/crater-agent-workspace/cargo-home:/opt/rustwide/cargo-home:ro,Z" "-v" "/var/lib/crater-agent-workspace/rustup-home:/opt/rustwide/rustup-home:ro,Z" "-e" "SOURCE_DIR=/opt/rustwide/workdir" "-e" "CARGO_TARGET_DIR=/opt/rustwide/target" "-e" "CARGO_HOME=/opt/rustwide/cargo-home" "-e" "RUSTUP_HOME=/opt/rustwide/rustup-home" "-w" "/opt/rustwide/workdir" "-m" "1610612736" "--user" "0:0" "--network" "none" "ghcr.io/rust-lang/crates-build-env/linux@sha256:34b6a614d2c27851fe6cbf88fbd1137609cefab8b10d0615aaeb6fd47975d74e" "/opt/rustwide/cargo-home/bin/cargo" "+beta-2021-08-01" "metadata" "--no-deps" "--format-version=1", kill_on_drop: false }`
[INFO] [stdout] d4b5cb1111f53a7bf42d64c46d5b55ef7bcbc7b5fa48686e89df605527d88b98
[INFO] running `Command { std: "docker" "start" "-a" "d4b5cb1111f53a7bf42d64c46d5b55ef7bcbc7b5fa48686e89df605527d88b98", kill_on_drop: false }`
[INFO] running `Command { std: "docker" "inspect" "d4b5cb1111f53a7bf42d64c46d5b55ef7bcbc7b5fa48686e89df605527d88b98", kill_on_drop: false }`
[INFO] running `Command { std: "docker" "rm" "-f" "d4b5cb1111f53a7bf42d64c46d5b55ef7bcbc7b5fa48686e89df605527d88b98", kill_on_drop: false }`
[INFO] [stdout] d4b5cb1111f53a7bf42d64c46d5b55ef7bcbc7b5fa48686e89df605527d88b98
[INFO] running `Command { std: "docker" "create" "-v" "/var/lib/crater-agent-workspace/builds/worker-30/target:/opt/rustwide/target:rw,Z" "-v" "/var/lib/crater-agent-workspace/builds/worker-30/source:/opt/rustwide/workdir:ro,Z" "-v" "/var/lib/crater-agent-workspace/cargo-home:/opt/rustwide/cargo-home:ro,Z" "-v" "/var/lib/crater-agent-workspace/rustup-home:/opt/rustwide/rustup-home:ro,Z" "-e" "SOURCE_DIR=/opt/rustwide/workdir" "-e" "CARGO_TARGET_DIR=/opt/rustwide/target" "-e" "CARGO_INCREMENTAL=0" "-e" "RUST_BACKTRACE=full" "-e" "RUSTFLAGS=--cap-lints=warn" "-e" "CARGO_HOME=/opt/rustwide/cargo-home" "-e" "RUSTUP_HOME=/opt/rustwide/rustup-home" "-w" "/opt/rustwide/workdir" "-m" "1610612736" "--user" "0:0" "--network" "none" "ghcr.io/rust-lang/crates-build-env/linux@sha256:34b6a614d2c27851fe6cbf88fbd1137609cefab8b10d0615aaeb6fd47975d74e" "/opt/rustwide/cargo-home/bin/cargo" "+beta-2021-08-01" "build" "--frozen" "--message-format=json", kill_on_drop: false }`
[INFO] [stdout] f6e7973329a7b8da349f9a909a35b15130bed46b57d4f42c89072444a98b40e1
[INFO] running `Command { std: "docker" "start" "-a" "f6e7973329a7b8da349f9a909a35b15130bed46b57d4f42c89072444a98b40e1", kill_on_drop: false }`
[INFO] [stderr]    Compiling typenum v1.12.0
[INFO] [stderr]    Compiling opaque-debug v0.3.0
[INFO] [stderr]    Compiling block-padding v0.2.1
[INFO] [stderr]    Compiling syn v1.0.53
[INFO] [stderr]    Compiling byteorder v1.3.4
[INFO] [stderr]    Compiling memchr v2.4.0
[INFO] [stderr]    Compiling cfg-if v1.0.0
[INFO] [stderr]    Compiling log v0.4.14
[INFO] [stderr]    Compiling unicode-segmentation v1.7.1
[INFO] [stderr]    Compiling getrandom v0.2.0
[INFO] [stderr]    Compiling cpuid-bool v0.1.2
[INFO] [stderr]    Compiling subtle v2.3.0
[INFO] [stderr]    Compiling base64 v0.13.0
[INFO] [stderr]    Compiling keccak v0.1.0
[INFO] [stderr]    Compiling regex-syntax v0.6.25
[INFO] [stderr]    Compiling b64 v0.4.0
[INFO] [stderr]    Compiling hex v0.4.3
[INFO] [stderr]    Compiling exitcode v1.1.2
[INFO] [stderr]    Compiling generic-array v0.14.4
[INFO] [stderr]    Compiling num-traits v0.2.14
[INFO] [stderr]    Compiling num-integer v0.1.44
[INFO] [stderr]    Compiling clicolors-control v1.0.1
[INFO] [stderr]    Compiling heck v0.3.1
[INFO] [stderr]    Compiling fern v0.6.0
[INFO] [stderr]    Compiling aho-corasick v0.7.18
[INFO] [stderr]    Compiling regex v1.5.4
[INFO] [stderr]    Compiling chrono v0.4.19
[INFO] [stderr]    Compiling digest v0.9.0
[INFO] [stderr]    Compiling block-buffer v0.9.0
[INFO] [stderr]    Compiling cipher v0.2.5
[INFO] [stderr]    Compiling crypto-mac v0.8.0
[INFO] [stderr]    Compiling sha-1 v0.9.4
[INFO] [stderr]    Compiling streebog v0.9.2
[INFO] [stderr]    Compiling sha2 v0.9.3
[INFO] [stderr]    Compiling md-5 v0.9.1
[INFO] [stderr]    Compiling ripemd160 v0.9.1
[INFO] [stderr]    Compiling whirlpool v0.9.0
[INFO] [stderr]    Compiling md4 v0.9.0
[INFO] [stderr]    Compiling gost94 v0.9.1
[INFO] [stderr]    Compiling md2 v0.9.0
[INFO] [stderr]    Compiling shabal v0.3.0
[INFO] [stderr]    Compiling groestl v0.9.0
[INFO] [stderr]    Compiling sha3 v0.9.1
[INFO] [stderr]    Compiling ripemd320 v0.9.0
[INFO] [stderr]    Compiling blake2 v0.9.1
[INFO] [stderr]    Compiling blowfish v0.7.0
[INFO] [stderr]    Compiling bcrypt v0.9.0
[INFO] [stderr]    Compiling proc-macro-error v1.0.4
[INFO] [stderr]    Compiling structopt-derive v0.4.14
[INFO] [stderr]    Compiling structopt v0.3.21
[INFO] [stderr]    Compiling hsh v0.1.0 (/opt/rustwide/workdir)
[INFO] [stderr]     Finished dev [unoptimized + debuginfo] target(s) in 22.95s
[INFO] running `Command { std: "docker" "inspect" "f6e7973329a7b8da349f9a909a35b15130bed46b57d4f42c89072444a98b40e1", kill_on_drop: false }`
[INFO] running `Command { std: "docker" "rm" "-f" "f6e7973329a7b8da349f9a909a35b15130bed46b57d4f42c89072444a98b40e1", kill_on_drop: false }`
[INFO] [stdout] f6e7973329a7b8da349f9a909a35b15130bed46b57d4f42c89072444a98b40e1
[INFO] running `Command { std: "docker" "create" "-v" "/var/lib/crater-agent-workspace/builds/worker-30/target:/opt/rustwide/target:rw,Z" "-v" "/var/lib/crater-agent-workspace/builds/worker-30/source:/opt/rustwide/workdir:ro,Z" "-v" "/var/lib/crater-agent-workspace/cargo-home:/opt/rustwide/cargo-home:ro,Z" "-v" "/var/lib/crater-agent-workspace/rustup-home:/opt/rustwide/rustup-home:ro,Z" "-e" "SOURCE_DIR=/opt/rustwide/workdir" "-e" "CARGO_TARGET_DIR=/opt/rustwide/target" "-e" "CARGO_INCREMENTAL=0" "-e" "RUST_BACKTRACE=full" "-e" "RUSTFLAGS=--cap-lints=warn" "-e" "CARGO_HOME=/opt/rustwide/cargo-home" "-e" "RUSTUP_HOME=/opt/rustwide/rustup-home" "-w" "/opt/rustwide/workdir" "-m" "1610612736" "--user" "0:0" "--network" "none" "ghcr.io/rust-lang/crates-build-env/linux@sha256:34b6a614d2c27851fe6cbf88fbd1137609cefab8b10d0615aaeb6fd47975d74e" "/opt/rustwide/cargo-home/bin/cargo" "+beta-2021-08-01" "test" "--frozen" "--no-run" "--message-format=json", kill_on_drop: false }`
[INFO] [stdout] 298d41b6891b2727c168f96505d52cd7548d63df6318f9e3db767062f703d6ba
[INFO] running `Command { std: "docker" "start" "-a" "298d41b6891b2727c168f96505d52cd7548d63df6318f9e3db767062f703d6ba", kill_on_drop: false }`
[INFO] [stderr]    Compiling getrandom v0.1.15
[INFO] [stderr]    Compiling ppv-lite86 v0.2.10
[INFO] [stderr]    Compiling remove_dir_all v0.5.3
[INFO] [stderr]    Compiling doc-comment v0.3.3
[INFO] [stderr]    Compiling predicates-core v1.0.0
[INFO] [stderr]    Compiling fnv v1.0.7
[INFO] [stderr]    Compiling difference v2.0.0
[INFO] [stderr]    Compiling treeline v0.1.0
[INFO] [stderr]    Compiling quick-error v1.2.3
[INFO] [stderr]    Compiling bit-vec v0.6.2
[INFO] [stderr]    Compiling normalize-line-endings v0.3.0
[INFO] [stderr]    Compiling quick-error v2.0.0
[INFO] [stderr]    Compiling wait-timeout v0.2.0
[INFO] [stderr]    Compiling regex-automata v0.1.9
[INFO] [stderr]    Compiling rand_core v0.6.2
[INFO] [stderr]    Compiling float-cmp v0.8.0
[INFO] [stderr]    Compiling predicates-tree v1.0.0
[INFO] [stderr]    Compiling predicates v1.0.8
[INFO] [stderr]    Compiling rand_xorshift v0.3.0
[INFO] [stderr]    Compiling bit-set v0.5.2
[INFO] [stderr]    Compiling bstr v0.2.15
[INFO] [stderr]    Compiling rand_chacha v0.3.0
[INFO] [stderr]    Compiling rand_core v0.5.1
[INFO] [stderr]    Compiling rand v0.8.3
[INFO] [stderr]    Compiling rand_chacha v0.2.2
[INFO] [stderr]    Compiling assert_cmd v1.0.3
[INFO] [stderr]    Compiling rand v0.7.3
[INFO] [stderr]    Compiling tempfile v3.1.0
[INFO] [stderr]    Compiling rusty-fork v0.3.0
[INFO] [stderr]    Compiling proptest v1.0.0
[INFO] [stderr]    Compiling hsh v0.1.0 (/opt/rustwide/workdir)
[INFO] [stderr]     Finished test [unoptimized + debuginfo] target(s) in 41.27s
[INFO] running `Command { std: "docker" "inspect" "298d41b6891b2727c168f96505d52cd7548d63df6318f9e3db767062f703d6ba", kill_on_drop: false }`
[INFO] running `Command { std: "docker" "rm" "-f" "298d41b6891b2727c168f96505d52cd7548d63df6318f9e3db767062f703d6ba", kill_on_drop: false }`
[INFO] [stdout] 298d41b6891b2727c168f96505d52cd7548d63df6318f9e3db767062f703d6ba
[INFO] running `Command { std: "docker" "create" "-v" "/var/lib/crater-agent-workspace/builds/worker-30/target:/opt/rustwide/target:rw,Z" "-v" "/var/lib/crater-agent-workspace/builds/worker-30/source:/opt/rustwide/workdir:ro,Z" "-v" "/var/lib/crater-agent-workspace/cargo-home:/opt/rustwide/cargo-home:ro,Z" "-v" "/var/lib/crater-agent-workspace/rustup-home:/opt/rustwide/rustup-home:ro,Z" "-e" "SOURCE_DIR=/opt/rustwide/workdir" "-e" "CARGO_TARGET_DIR=/opt/rustwide/target" "-e" "CARGO_INCREMENTAL=0" "-e" "RUST_BACKTRACE=full" "-e" "RUSTFLAGS=--cap-lints=warn" "-e" "CARGO_HOME=/opt/rustwide/cargo-home" "-e" "RUSTUP_HOME=/opt/rustwide/rustup-home" "-w" "/opt/rustwide/workdir" "-m" "1610612736" "--user" "0:0" "--network" "none" "ghcr.io/rust-lang/crates-build-env/linux@sha256:34b6a614d2c27851fe6cbf88fbd1137609cefab8b10d0615aaeb6fd47975d74e" "/opt/rustwide/cargo-home/bin/cargo" "+beta-2021-08-01" "test" "--frozen", kill_on_drop: false }`
[INFO] [stdout] d89f9dc1710051e12ec05346127b34f40f24d129187a4922f08063ba2743c310
[INFO] running `Command { std: "docker" "start" "-a" "d89f9dc1710051e12ec05346127b34f40f24d129187a4922f08063ba2743c310", kill_on_drop: false }`
[INFO] [stderr]     Blocking waiting for file lock on package cache
[INFO] [stderr]     Finished test [unoptimized + debuginfo] target(s) in 0.14s
[INFO] [stderr]      Running unittests (/opt/rustwide/target/debug/deps/hsh-05b4387f1c83f2c2)
[INFO] [stdout] 
[INFO] [stdout] running 329 tests
[INFO] [stdout] test bcrypt::test::fuzz_bcrypt_hash_bytes_does_not_panic ... ignored
[INFO] [stdout] test bcrypt::test::fuzz_bcrypt_hash_does_not_panic ... ignored
[INFO] [stdout] test bcrypt::test::fuzz_salt_from_base64_arbitrary_valid_base64 ... ok
[INFO] [stdout] test bcrypt::test::fuzz_salt_from_bytes_arbitrary_valid_bytes ... ok
[INFO] [stdout] test bcrypt::test::test_bcrypt_hash_long_bytes ... ok
[INFO] [stdout] test bcrypt::test::test_bcrypt_input_new ... ok
[INFO] [stdout] test bcrypt::test::test_bcrypt_hash_empty_bytes ... ok
[INFO] [stdout] test bcrypt::test::test_salt_from_base64_invalid_length ... ok
[INFO] [stdout] test bcrypt::test::test_salt_from_base64_invalid_characters ... ok
[INFO] [stdout] test bcrypt::test::test_bcrypt_hash_empty_string ... ok
[INFO] [stdout] test bcrypt::test::test_salt_from_base64_long ... ok
[INFO] [stdout] test bcrypt::test::fuzz_salt_from_hex_arbitrary_valid_hex ... ok
[INFO] [stdout] test bcrypt::test::test_salt_from_base64_valid ... ok
[INFO] [stdout] test bcrypt::test::test_salt_from_bytes_valid ... ok
[INFO] [stdout] test bcrypt::test::test_salt_from_empty_base64 ... ok
[INFO] [stdout] test bcrypt::test::test_salt_from_bytes_invalid_bytes ... ok
[INFO] [stdout] test bcrypt::test::test_salt_from_hex_odd_length ... ok
[INFO] [stdout] test bcrypt::test::test_salt_from_empty_vec ... ok
[INFO] [stdout] test bcrypt::test::test_salt_from_hex_invalid_characters ... ok
[INFO] [stdout] test bcrypt::test::test_salt_from_hex_long ... ok
[INFO] [stdout] test bcrypt::test::test_salt_from_empty_hex ... ok
[INFO] [stdout] test bcrypt::test::test_salt_from_empty_bytes ... ok
[INFO] [stdout] test bcrypt::test::test_salt_from_bytes_long ... ok
[INFO] [stdout] test bcrypt::test::test_salt_from_hex_valid ... ok
[INFO] [stdout] test bcrypt::test::test_salt_from_str_empty_base64 ... ok
[INFO] [stdout] test bcrypt::test::test_salt_from_str_invalid_length_base64 ... ok
[INFO] [stdout] test bcrypt::test::test_salt_from_str_invalid_base64_characters ... ok
[INFO] [stdout] test bcrypt::test::test_salt_from_str_empty_bytes ... ok
[INFO] [stdout] test bcrypt::test::test_salt_from_str_invalid_hex_characters ... ok
[INFO] [stdout] test bcrypt::test::test_salt_from_str_invalid_bytes ... ok
[INFO] [stdout] test bcrypt::test::test_salt_from_str_empty_hex ... ok
[INFO] [stdout] test bcrypt::test::test_salt_from_str_long_base64 ... ok
[INFO] [stdout] test bcrypt::test::test_salt_from_str_odd_length_hex ... ok
[INFO] [stdout] test bcrypt::test::test_salt_from_str_long_hex ... ok
[INFO] [stdout] test bcrypt::test::fuzz_salt_from_bytes_does_not_panic ... ok
[INFO] [stdout] test bcrypt::test::test_salt_from_str_valid_bytes ... ok
[INFO] [stdout] test bcrypt::test::test_salt_from_str_valid_base64 ... ok
[INFO] [stdout] test bcrypt::test::test_salt_from_str_valid_hex ... ok
[INFO] [stdout] test bcrypt::test::fuzz_salt_from_base64_does_not_panic ... ok
[INFO] [stdout] test bcrypt::test::test_salt_from_str_long_bytes ... ok
[INFO] [stdout] test bcrypt::test::test_salt_from_vec_long ... ok
[INFO] [stdout] test bcrypt::test::test_salt_from_vec_valid ... ok
[INFO] [stdout] test cli::test::test_cli_get_salt_base64_invalid ... ok
[INFO] [stdout] test cli::test::test_cli_get_salt_bytes_valid ... ok
[INFO] [stdout] test cli::test::test_cli_get_verbosity ... ok
[INFO] [stdout] test cli::test::test_cli_get_format ... ok
[INFO] [stdout] test cli::test::test_cli_get_salt_format_default ... ok
[INFO] [stdout] test cli::test::test_cli_get_function ... ok
[INFO] [stdout] test cli::test::test_cli_get_salt_hex_invalid ... ok
[INFO] [stdout] test bcrypt::test::test_salt_new ... ok
[INFO] [stdout] test error::test::hsh_error_display_salt_from_str_error ... ok
[INFO] [stdout] test cli::test::test_cli_get_cost ... ok
[INFO] [stdout] test cli::test::test_cli_get_salt_bytes_invalid ... ok
[INFO] [stdout] test cli::test::test_cli_get_string ... ok
[INFO] [stdout] test error::test::hsh_error_exit_code_salt_from_str_error ... ok
[INFO] [stdout] test error::test::hsh_error_display_unsuported_bcrypt_length ... ok
[INFO] [stdout] test error::test::hsh_error_exit_code_unsuported_str_length ... ok
[INFO] [stdout] test error::test::hsh_error_from_salt_from_str_error ... ok
[INFO] [stdout] test bcrypt::test::fuzz_salt_from_base64_invalid_characters ... ok
[INFO] [stdout] test blake2::test::test_blake2_hash_password ... ok
[INFO] [stdout] test format::test::test_format_mode_get_format ... ok
[INFO] [stdout] test format::test::test_format_mode_init ... ok
[INFO] [stdout] test format::test::test_format_mode_inner_get_format ... ok
[INFO] [stdout] test error::test::salt_from_str_error_display_invalid_base64_length ... ok
[INFO] [stdout] test blake2::test::test_blake2_hash_bytes ... ok
[INFO] [stdout] test cli::test::test_cli_get_salt_format ... ok
[INFO] [stdout] test error::test::salt_from_str_error_display_invalid_hex_length ... ok
[INFO] [stdout] test error::test::test_hsh_result_unwrap_or_exit_ok ... ok
[INFO] [stdout] test format::test::test_format_mode_get_salt_format ... ok
[INFO] [stdout] test error::test::salt_from_str_error_display_blank_str ... ok
[INFO] [stdout] test bcrypt::test::fuzz_salt_from_bytes_invalid_format ... ok
[INFO] [stdout] test error::test::salt_from_str_error_display_invalid_byte ... ok
[INFO] [stdout] test error::test::salt_from_str_error_display_incorrect_length ... ok
[INFO] [stdout] test error::test::salt_from_str_error_display_invalid_byte_format ... ok
[INFO] [stdout] test cli::test::test_cli_get_salt_base64_valid ... ok
[INFO] [stdout] test error::test::salt_from_str_error_display_invalid_base64_character ... ok
[INFO] [stdout] test format::test::test_format_mode_inner_get_salt_format ... ok
[INFO] [stdout] test error::test::salt_from_str_error_display_invalid_hex_character ... ok
[INFO] [stdout] test bcrypt::test::fuzz_salt_from_hex_does_not_panic ... ok
[INFO] [stdout] test format::test::test_format_mode_inner_init ... ok
[INFO] [stdout] test format::test::test_format_mode_inner_new ... ok
[INFO] [stdout] test format::test::test_format_mode_inner_is_initialised ... ok
[INFO] [stdout] test format::test::test_format_mode_lock ... ok
[INFO] [stdout] test format::test::test_format_mode_inner_set ... ok
[INFO] [stdout] test format::test::test_format_mode_set ... ok
[INFO] [stdout] test gost94::test::test_gost94_hash_password_crypto_pro ... ok
[INFO] [stdout] test gost94::test::test_gost94_hash_bytes_test_params ... ok
[INFO] [stdout] test gost94::test::test_gost94_hash_password_test_params ... ok
[INFO] [stdout] test format::test::test_get_format ... ok
[INFO] [stdout] test format::test::test_get_salt_format ... ok
[INFO] [stdout] test gost94::test::test_gost94_hash_bytes_crypto_pro ... ok
[INFO] [stdout] test bcrypt::test::fuzz_salt_from_hex_odd_length ... ok
[INFO] [stdout] test blake2::test::fuzz_blake2_hash_returns_ok ... ok
[INFO] [stdout] test groestl::groestl256::test::test_groestl256_hash_password ... ok
[INFO] [stdout] test groestl::groestl224::test::test_groestl224_hash_bytes ... ok
[INFO] [stdout] test groestl::groestl224::test::test_groestl224_hash_password ... ok
[INFO] [stdout] test groestl::groestl256::test::test_groestl256_hash_bytes ... ok
[INFO] [stdout] test md2::test::test_md2_hash_bytes ... ok
[INFO] [stdout] test groestl::groestl384::test::test_groestl384_hash_password ... ok
[INFO] [stdout] test sha1::test::test_sha1_hash_password ... ok
[INFO] [stdout] test ripemd::ripemd160::test::test_ripemd160_hash_bytes ... ok
[INFO] [stdout] test ripemd::ripemd160::test::test_ripemd160_hash_password ... ok
[INFO] [stdout] test md4::test::test_md4_hash_password ... ok
[INFO] [stdout] test bcrypt::test::fuzz_salt_from_hex_invalid_characters ... ok
[INFO] [stdout] test sha3::keccak224::test::test_keccak224_hash_bytes ... ok
[INFO] [stdout] test ripemd::ripemd320::test::test_ripemd320_hash_bytes ... ok
[INFO] [stdout] test sha2::sha224::test::test_sha224_hash_password ... ok
[INFO] [stdout] test sha2::sha256::test::test_sha256_hash_password ... ok
[INFO] [stdout] test sha2::sha512::test::test_sha512_hash_password ... ok
[INFO] [stdout] test sha3::keccak224::test::test_keccak224_hash_password ... ok
[INFO] [stdout] test sha3::keccak256full::test::test_keccak256_full_hash_bytes ... ok
[INFO] [stdout] test sha3::keccak256full::test::test_keccak256_full_hash_password ... ok
[INFO] [stdout] test sha3::keccak256::test::test_keccak256_hash_bytes ... ok
[INFO] [stdout] test sha3::keccak256::test::test_keccak256_hash_password ... ok
[INFO] [stdout] test groestl::groestl512::test::test_groestl512_hash_password ... ok
[INFO] [stdout] test md5::test::test_md5_hash_password ... ok
[INFO] [stdout] test blake2::test::fuzz_blake2_hash_does_not_panic ... ok
[INFO] [stdout] test md2::test::test_md2_hash_password ... ok
[INFO] [stdout] test md4::test::test_md4_hash_bytes ... ok
[INFO] [stdout] test md5::test::test_md5_hash_bytes ... ok
[INFO] [stdout] test sha3::keccak256full::test::fuzz_keccak256_full_hash_returns_ok ... ok
[INFO] [stdout] test groestl::groestl512::test::test_groestl512_hash_bytes ... ok
[INFO] [stdout] test sha1::test::test_sha1_hash_bytes ... ok
[INFO] [stdout] test sha2::sha224::test::test_sha224_hash_bytes ... ok
[INFO] [stdout] test sha2::sha256::test::test_sha256_hash_bytes ... ok
[INFO] [stdout] test bcrypt::test::fuzz_salt_from_vec ... ok
[INFO] [stdout] test blake2::test::fuzz_blake2_hash_bytes_returns_ok ... ok
[INFO] [stdout] test sha2::sha384::test::test_sha384_hash_bytes ... ok
[INFO] [stdout] test blake2::test::fuzz_blake2_hash_bytes_does_not_panic ... ok
[INFO] [stdout] test groestl::groestl384::test::test_groestl384_hash_bytes ... ok
[INFO] [stdout] test sha3::keccak512::test::test_keccak512_hash_password ... ok
[INFO] [stdout] test sha3::keccak384::test::test_keccak384_hash_bytes ... ok
[INFO] [stdout] test sha3::keccak384::test::test_keccak384_hash_password ... ok
[INFO] [stdout] test sha3::keccak256::test::fuzz_keccak256_hash_does_not_panic ... ok
[INFO] [stdout] test sha3::sha3_256::test::fuzz_sha3_256_hash_does_not_panic ... ok
[INFO] [stdout] test sha3::sha3_224::test::test_sha3_224_hash_password ... ok
[INFO] [stdout] test sha3::sha3_224::test::test_sha3_224_hash_bytes ... ok
[INFO] [stdout] test sha1::test::fuzz_sha1_hash_does_not_panic ... ok
[INFO] [stdout] test sha3::keccak512::test::test_keccak512_hash_bytes ... ok
[INFO] [stdout] test ripemd::ripemd320::test::test_ripemd320_hash_password ... ok
[INFO] [stdout] test md4::test::fuzz_md4_hash_does_returns_ok ... ok
[INFO] [stdout] test gost94::test::fuzz_gost94_hash_returns_ok ... ok
[INFO] [stdout] test md5::test::fuzz_md5_hash_does_not_panic ... ok
[INFO] [stdout] test md2::test::fuzz_md2_hash_does_not_panic ... ok
[INFO] [stdout] test md4::test::fuzz_md4_hash_does_not_panic ... ok
[INFO] [stdout] test sha2::sha256::test::fuzz_sha256_hash_returns_ok ... ok
[INFO] [stdout] test sha2::sha224::test::fuzz_sha224_hash_does_not_panic ... ok
[INFO] [stdout] test bcrypt::test::test_bcrypt_hash_password ... ok
[INFO] [stdout] test ripemd::ripemd320::test::fuzz_ripemd320_hash_does_not_panic ... ok
[INFO] [stdout] test sha2::sha384::test::fuzz_sha384_hash_returns_ok ... ok
[INFO] [stdout] test sha2::sha384::test::fuzz_sha384_hash_does_not_panic ... ok
[INFO] [stdout] test sha3::sha3_384::test::test_sha3_384_hash_password ... ok
[INFO] [stdout] test sha3::sha3_384::test::test_sha3_384_hash_bytes ... ok
[INFO] [stdout] test sha3::sha3_256::test::test_sha3_256_hash_bytes ... ok
[INFO] [stdout] test sha2::sha224::test::fuzz_sha224_hash_returns_ok ... ok
[INFO] [stdout] test gost94::test::fuzz_gost94_hash_does_not_panic ... ok
[INFO] [stdout] test sha3::keccak224::test::fuzz_keccak224_hash_does_not_panic ... ok
[INFO] [stdout] test sha3::keccak512::test::fuzz_keccak512_hash_does_not_panic ... ok
[INFO] [stdout] test sha3::sha3_256::test::test_sha3_256_hash_password ... ok
[INFO] [stdout] test ripemd::ripemd160::test::fuzz_ripemd160_hash_returns_ok ... ok
[INFO] [stdout] test sha3::sha3_224::test::fuzz_sha3_224_hash_returns_ok ... ok
[INFO] [stdout] test ripemd::ripemd320::test::fuzz_ripemd320_hash_returns_ok ... ok
[INFO] [stdout] test sha2::sha512::test::test_sha512_hash_bytes ... ok
[INFO] [stdout] test sha2::sha384::test::test_sha384_hash_password ... ok
[INFO] [stdout] test ripemd::ripemd160::test::fuzz_ripemd160_hash_bytes_does_not_panic ... ok
[INFO] [stdout] test sha1::test::fuzz_sha1_hash_returns_ok ... ok
[INFO] [stdout] test sha2::sha512::test::fuzz_sha512_hash_does_not_panic ... ok
[INFO] [stdout] test sha3::sha3_512::test::test_sha3_512_hash_bytes ... ok
[INFO] [stdout] test bcrypt::test::test_bcrypt_hash_bytes ... ok
[INFO] [stdout] test sha3::keccak256full::test::fuzz_keccak256_full_hash_does_not_panic ... ok
[INFO] [stdout] test shabal::shabal192::test::test_shabal192_hash_bytes ... ok
[INFO] [stdout] test sha3::keccak256::test::fuzz_keccak256_hash_returns_ok ... ok
[INFO] [stdout] test ripemd::ripemd160::test::fuzz_ripemd160_hash_bytes_returns_ok ... ok
[INFO] [stdout] test sha3::sha3_512::test::test_sha3_512_hash_password ... ok
[INFO] [stdout] test bcrypt::test::fuzz_salt_from_base64_invalid_length ... ok
[INFO] [stdout] test cli::test::test_cli_get_salt_hex_valid ... FAILED
[INFO] [stdout] test sha3::keccak384::test::fuzz_keccak384_hash_does_not_panic ... ok
[INFO] [stdout] test sha3::sha3_384::test::fuzz_sha3_384_hash_returns_ok ... ok
[INFO] [stdout] test sha3::keccak256full::test::fuzz_keccak256_full_hash_bytes_returns_ok ... ok
[INFO] [stdout] test sha3::keccak256::test::fuzz_keccak256_hash_bytes_does_not_panic ... ok
[INFO] [stdout] test sha3::keccak384::test::fuzz_keccak384_hash_returns_ok ... ok
[INFO] [stdout] test format::test::test_format_mode_get_salt_format_uninitialised_should_panic - should panic ... ok
[INFO] [stdout] test md5::test::fuzz_md5_hash_bytes_does_not_panic ... ok
[INFO] [stdout] test shabal::shabal192::test::fuzz_shabal192_hash_returns_ok ... ok
[INFO] [stdout] test sha2::sha384::test::fuzz_sha384_hash_bytes_returns_ok ... ok
[INFO] [stdout] test sha2::sha256::test::fuzz_sha256_hash_does_not_panic ... ok
[INFO] [stdout] test sha2::sha512::test::fuzz_sha512_hash_bytes_does_not_panic ... ok
[INFO] [stdout] test sha2::sha224::test::fuzz_sha224_hash_bytes_does_not_panic ... ok
[INFO] [stdout] test shabal::shabal192::test::test_shabal192_hash_password ... ok
[INFO] [stdout] test shabal::shabal224::test::test_shabal224_hash_password ... ok
[INFO] [stdout] test sha3::sha3_224::test::fuzz_sha3_224_hash_does_not_panic ... ok
[INFO] [stdout] test sha2::sha256::test::fuzz_sha256_hash_bytes_does_not_panic ... ok
[INFO] [stdout] test shabal::shabal256::test::test_shabal256_hash_password ... ok
[INFO] [stdout] test sha2::sha512::test::fuzz_sha512_hash_returns_ok ... ok
[INFO] [stdout] test shabal::shabal384::test::test_shabal384_hash_bytes ... ok
[INFO] [stdout] test shabal::shabal384::test::test_shabal384_hash_password ... ok
[INFO] [stdout] test md4::test::fuzz_md4_hash_bytes_returns_ok ... ok
[INFO] [stdout] test shabal::shabal512::test::test_shabal512_hash_bytes ... ok
[INFO] [stdout] test shabal::shabal512::test::test_shabal512_hash_password ... ok
[INFO] [stdout] test test::fuzz_hash_does_not_panic ... ignored
[INFO] [stdout] test types::test::test_format_from_str_valid ... ok
[INFO] [stdout] test streebog::streebog512::test::test_streebog512_hash_password ... ok
[INFO] [stdout] test shabal::shabal384::test::fuzz_shabal384_hash_does_not_panic ... ok
[INFO] [stdout] test types::test::test_hash_output_as_hex ... ok
[INFO] [stdout] test types::test::test_format_variants ... ok
[INFO] [stdout] test types::test::test_hash_output_as_bytes ... ok
[INFO] [stdout] test types::test::test_hash_output_as_base64 ... ok
[INFO] [stdout] test streebog::streebog256::test::test_streebog256_hash_bytes ... ok
[INFO] [stdout] test types::test::test_hash_function_from_str_valid ... ok
[INFO] [stdout] test shabal::shabal224::test::test_shabal224_hash_bytes ... ok
[INFO] [stdout] test types::test::test_hash_output_display_bytes ... ok
[INFO] [stdout] test types::test::test_hash_output_display_base64 ... ok
[INFO] [stdout] test shabal::shabal256::test::test_shabal256_hash_bytes ... ok
[INFO] [stdout] test sha3::keccak384::test::fuzz_keccak384_hash_bytes_returns_ok ... ok
[INFO] [stdout] test shabal::shabal192::test::fuzz_shabal192_hash_does_not_panic ... ok
[INFO] [stdout] test sha3::sha3_256::test::fuzz_sha3_256_hash_returns_ok ... ok
[INFO] [stdout] test sha3::sha3_512::test::fuzz_sha3_512_hash_bytes_returns_ok ... ok
[INFO] [stdout] test shabal::shabal512::test::fuzz_shabal512_hash_does_not_panic ... ok
[INFO] [stdout] test shabal::shabal512::test::fuzz_shabal512_hash_returns_ok ... ok
[INFO] [stdout] test types::test::test_hash_function_variants ... ok
[INFO] [stdout] test types::test::test_hash_output_display_hex ... ok
[INFO] [stdout] test types::test::test_hash_output_format_base64 ... ok
[INFO] [stdout] test types::test::test_hash_output_format_bytes ... ok
[INFO] [stdout] test md4::test::fuzz_md4_hash_bytes_does_not_panic ... ok
[INFO] [stdout] test format::test::test_format_mode_init_twice_should_panic - should panic ... ok
[INFO] [stdout] test shabal::shabal384::test::fuzz_shabal384_hash_returns_ok ... ok
[INFO] [stdout] test utils::test::test_color_level_debug ... ok
[INFO] [stdout] test types::test::test_hash_output_new_from_vec ... ok
[INFO] [stdout] test utils::test::test_color_level_info ... ok
[INFO] [stdout] test utils::test::test_color_level_warn ... ok
[INFO] [stdout] test utils::test::test_parse_verbosity ... ok
[INFO] [stdout] test utils::test::test_color_level_trace ... ok
[INFO] [stdout] test utils::test::test_color_level_error ... ok
[INFO] [stdout] test types::test::test_hash_output_format_hex ... ok
[INFO] [stdout] test types::test::test_hash_output_new_from_array ... ok
[INFO] [stdout] test sha3::sha3_256::test::fuzz_sha3_256_hash_bytes_returns_ok ... ok
[INFO] [stdout] test sha3::keccak384::test::fuzz_keccak384_hash_bytes_does_not_panic ... ok
[INFO] [stdout] test shabal::shabal256::test::fuzz_shabal256_hash_returns_ok ... ok
[INFO] [stdout] test whirlpool::test::test_whirlpool_hash_bytes ... ok
[INFO] [stdout] test sha3::keccak512::test::fuzz_keccak512_hash_bytes_returns_ok ... ok
[INFO] [stdout] test whirlpool::test::test_whirlpool_hash_password ... ok
[INFO] [stdout] test streebog::streebog512::test::test_streebog512_hash_bytes ... ok
[INFO] [stdout] test md5::test::fuzz_md5_hash_returns_ok ... ok
[INFO] [stdout] test sha3::sha3_512::test::fuzz_sha3_512_hash_returns_ok ... ok
[INFO] [stdout] test format::test::test_format_mode_get_format_uninitialised_should_panic - should panic ... ok
[INFO] [stdout] test streebog::streebog256::test::test_streebog256_hash_password ... ok
[INFO] [stdout] test format::test::test_format_mode_inner_get_format_uninitialised_should_panic - should panic ... ok
[INFO] [stdout] test shabal::shabal512::test::fuzz_shabal512_hash_bytes_returns_ok ... ok
[INFO] [stdout] test sha3::keccak224::test::fuzz_keccak224_hash_returns_ok ... ok
[INFO] [stdout] test sha3::sha3_512::test::fuzz_sha3_512_hash_does_not_panic ... ok
[INFO] [stdout] test format::test::test_format_mode_inner_init_twice_should_panic - should panic ... ok
[INFO] [stdout] test whirlpool::test::fuzz_whirlpool_hash_returns_ok ... ok
[INFO] [stdout] test groestl::groestl256::test::fuzz_groestl256_hash_does_not_panic ... ok
[INFO] [stdout] test sha2::sha224::test::fuzz_sha224_hash_bytes_returns_ok ... ok
[INFO] [stdout] test ripemd::ripemd320::test::fuzz_ripemd320_hash_bytes_returns_ok ... ok
[INFO] [stdout] test sha3::sha3_512::test::fuzz_sha3_512_hash_bytes_does_not_panic ... ok
[INFO] [stdout] test format::test::test_format_mode_inner_get_salt_format_uninitialised_should_panic - should panic ... ok
[INFO] [stdout] test whirlpool::test::fuzz_whirlpool_hash_does_not_panic ... ok
[INFO] [stdout] test types::test::test_format_from_empty_str - should panic ... ok
[INFO] [stdout] test types::test::test_hash_function_from_empty_str - should panic ... ok
[INFO] [stdout] test types::test::test_hash_function_from_str_invalid - should panic ... ok
[INFO] [stdout] test types::test::test_format_from_str_invalid - should panic ... ok
[INFO] [stdout] test sha3::sha3_384::test::fuzz_sha3_384_hash_does_not_panic ... ok
[INFO] [stdout] test shabal::shabal256::test::fuzz_shabal256_hash_does_not_panic ... ok
[INFO] [stdout] test ripemd::ripemd160::test::fuzz_ripemd160_hash_does_not_panic ... ok
[INFO] [stdout] test sha3::keccak224::test::fuzz_keccak224_hash_bytes_does_not_panic ... ok
[INFO] [stdout] test md2::test::fuzz_md2_hash_returns_ok ... ok
[INFO] [stdout] test sha3::keccak256::test::fuzz_keccak256_hash_bytes_returns_ok ... ok
[INFO] [stdout] test sha3::sha3_224::test::fuzz_sha3_224_hash_bytes_returns_ok ... ok
[INFO] [stdout] test shabal::shabal192::test::fuzz_shabal192_hash_bytes_does_not_panic ... ok
[INFO] [stdout] test shabal::shabal224::test::fuzz_shabal224_hash_returns_ok ... ok
[INFO] [stdout] test whirlpool::test::fuzz_whirlpool_hash_bytes_returns_ok ... ok
[INFO] [stdout] test shabal::shabal384::test::fuzz_shabal384_hash_bytes_does_not_panic ... ok
[INFO] [stdout] test ripemd::ripemd320::test::fuzz_ripemd320_hash_bytes_does_not_panic ... ok
[INFO] [stdout] test sha1::test::fuzz_sha1_hash_bytes_does_not_panic ... ok
[INFO] [stdout] test sha3::keccak224::test::fuzz_keccak224_hash_bytes_returns_ok ... ok
[INFO] [stdout] test types::test::fuzz_hash_output_new_does_not_panic ... ok
[INFO] [stdout] test shabal::shabal224::test::fuzz_shabal224_hash_does_not_panic ... ok
[INFO] [stdout] test md5::test::fuzz_md5_hash_bytes_returns_ok ... ok
[INFO] [stdout] test shabal::shabal192::test::fuzz_shabal192_hash_bytes_returns_ok ... ok
[INFO] [stdout] test sha3::sha3_224::test::fuzz_sha3_224_hash_bytes_does_not_panic ... ok
[INFO] [stdout] test sha3::keccak512::test::fuzz_keccak512_hash_returns_ok ... ok
[INFO] [stdout] test shabal::shabal512::test::fuzz_shabal512_hash_bytes_does_not_panic ... ok
[INFO] [stdout] test shabal::shabal224::test::fuzz_shabal224_hash_bytes_does_not_panic ... ok
[INFO] [stdout] test types::test::fuzz_hash_output_as_base64 ... ok
[INFO] [stdout] test shabal::shabal256::test::fuzz_shabal256_hash_bytes_returns_ok ... ok
[INFO] [stdout] test sha3::sha3_384::test::fuzz_sha3_384_hash_bytes_does_not_panic ... ok
[INFO] [stdout] test sha3::keccak256full::test::fuzz_keccak256_full_hash_bytes_does_not_panic ... ok
[INFO] [stdout] test sha2::sha384::test::fuzz_sha384_hash_bytes_does_not_panic ... ok
[INFO] [stdout] test types::test::fuzz_hash_output_as_hex ... ok
[INFO] [stdout] test whirlpool::test::fuzz_whirlpool_hash_bytes_does_not_panic ... ok
[INFO] [stdout] test sha3::sha3_384::test::fuzz_sha3_384_hash_bytes_returns_ok ... ok
[INFO] [stdout] test sha2::sha512::test::fuzz_sha512_hash_bytes_returns_ok ... ok
[INFO] [stdout] test shabal::shabal224::test::fuzz_shabal224_hash_bytes_returns_ok ... ok
[INFO] [stdout] test sha1::test::fuzz_sha1_hash_bytes_returns_ok ... ok
[INFO] [stdout] test sha3::sha3_256::test::fuzz_sha3_256_hash_bytes_does_not_panic ... ok
[INFO] [stdout] test md2::test::fuzz_md2_hash_bytes_does_not_panic ... ok
[INFO] [stdout] test types::test::fuzz_hash_output_as_bytes ... ok
[INFO] [stdout] test shabal::shabal256::test::fuzz_shabal256_hash_bytes_does_not_panic ... ok
[INFO] [stdout] test sha3::keccak512::test::fuzz_keccak512_hash_bytes_does_not_panic ... ok
[INFO] [stdout] test sha2::sha256::test::fuzz_sha256_hash_bytes_returns_ok ... ok
[INFO] [stdout] test streebog::streebog256::test::fuzz_streebog256_hash_does_not_panic ... ok
[INFO] [stdout] test streebog::streebog512::test::fuzz_streebog512_hash_returns_ok ... ok
[INFO] [stdout] test gost94::test::fuzz_gost94_hash_bytes_does_not_panic ... ok
[INFO] [stdout] test streebog::streebog512::test::fuzz_streebog512_hash_does_not_panic ... ok
[INFO] [stdout] test shabal::shabal384::test::fuzz_shabal384_hash_bytes_returns_ok ... ok
[INFO] [stdout] test bcrypt::test::fuzz_salt_from_bytes_invalid_digits ... ok
[INFO] [stdout] test md2::test::fuzz_md2_hash_bytes_returns_ok ... ok
[INFO] [stdout] test groestl::groestl256::test::fuzz_groestl256_hash_returns_ok ... ok
[INFO] [stdout] test streebog::streebog256::test::fuzz_streebog256_hash_returns_ok ... ok
[INFO] [stdout] test groestl::groestl224::test::fuzz_groestl224_hash_does_not_panic ... ok
[INFO] [stdout] test gost94::test::fuzz_gost94_hash_bytes_returns_ok ... ok
[INFO] [stdout] test groestl::groestl224::test::fuzz_groestl224_hash_returns_ok ... ok
[INFO] [stdout] test streebog::streebog512::test::fuzz_streebog512_hash_bytes_returns_ok ... ok
[INFO] [stdout] test groestl::groestl512::test::fuzz_groestl512_hash_does_not_panic ... ok
[INFO] [stdout] test streebog::streebog256::test::fuzz_streebog256_hash_bytes_returns_ok ... ok
[INFO] [stdout] test groestl::groestl384::test::fuzz_groestl384_hash_does_not_panic ... ok
[INFO] [stdout] test groestl::groestl512::test::fuzz_groestl512_hash_returns_ok ... ok
[INFO] [stdout] test streebog::streebog256::test::fuzz_streebog256_hash_bytes_does_not_panic ... ok
[INFO] [stdout] test groestl::groestl384::test::fuzz_groestl384_hash_returns_ok ... ok
[INFO] [stdout] test streebog::streebog512::test::fuzz_streebog512_hash_bytes_does_not_panic ... ok
[INFO] [stdout] test groestl::groestl224::test::fuzz_groestl224_hash_bytes_does_not_panic ... ok
[INFO] [stdout] test groestl::groestl256::test::fuzz_groestl256_hash_bytes_does_not_panic ... ok
[INFO] [stdout] test groestl::groestl224::test::fuzz_groestl224_hash_bytes_returns_ok ... ok
[INFO] [stdout] test groestl::groestl256::test::fuzz_groestl256_hash_bytes_returns_ok ... ok
[INFO] [stdout] test groestl::groestl384::test::fuzz_groestl384_hash_bytes_returns_ok ... ok
[INFO] [stdout] test groestl::groestl512::test::fuzz_groestl512_hash_bytes_returns_ok ... ok
[INFO] [stdout] test groestl::groestl384::test::fuzz_groestl384_hash_bytes_does_not_panic ... ok
[INFO] [stdout] test groestl::groestl512::test::fuzz_groestl512_hash_bytes_does_not_panic ... ok
[INFO] [stderr] error: test failed, to rerun pass '--lib'
[INFO] [stdout] 
[INFO] [stdout] failures:
[INFO] [stdout] 
[INFO] [stdout] ---- cli::test::test_cli_get_salt_hex_valid stdout ----
[INFO] [stdout] thread 'cli::test::test_cli_get_salt_hex_valid' panicked at 'called `Result::unwrap()` on an `Err` value: SaltFromStrError(IncorrectLength(16, 24))', src/cli.rs:228:28
[INFO] [stdout] stack backtrace:
[INFO] [stdout]    0:     0x55662af474e0 - std::backtrace_rs::backtrace::libunwind::trace::hff4d1766e93f64f1
[INFO] [stdout]                                at /rustc/53fd98ca776cb875bc9e5514f56b52eb74f9e7a9/library/std/src/../../backtrace/src/backtrace/libunwind.rs:90:5
[INFO] [stdout]    1:     0x55662af474e0 - std::backtrace_rs::backtrace::trace_unsynchronized::h56bbc8eb78770bcb
[INFO] [stdout]                                at /rustc/53fd98ca776cb875bc9e5514f56b52eb74f9e7a9/library/std/src/../../backtrace/src/backtrace/mod.rs:66:5
[INFO] [stdout]    2:     0x55662af474e0 - std::sys_common::backtrace::_print_fmt::h5c8e75464faca780
[INFO] [stdout]                                at /rustc/53fd98ca776cb875bc9e5514f56b52eb74f9e7a9/library/std/src/sys_common/backtrace.rs:67:5
[INFO] [stdout]    3:     0x55662af474e0 - <std::sys_common::backtrace::_print::DisplayBacktrace as core::fmt::Display>::fmt::h48b88277def8b362
[INFO] [stdout]                                at /rustc/53fd98ca776cb875bc9e5514f56b52eb74f9e7a9/library/std/src/sys_common/backtrace.rs:46:22
[INFO] [stdout]    4:     0x55662af6ab6c - core::fmt::write::h3381b3176fe2b3d3
[INFO] [stdout]                                at /rustc/53fd98ca776cb875bc9e5514f56b52eb74f9e7a9/library/core/src/fmt/mod.rs:1115:17
[INFO] [stdout]    5:     0x55662af43a75 - std::io::Write::write_fmt::h5f34a676f60246b5
[INFO] [stdout]                                at /rustc/53fd98ca776cb875bc9e5514f56b52eb74f9e7a9/library/std/src/io/mod.rs:1665:15
[INFO] [stdout]    6:     0x55662af4982b - std::sys_common::backtrace::_print::ha537687d6c17dd0d
[INFO] [stdout]                                at /rustc/53fd98ca776cb875bc9e5514f56b52eb74f9e7a9/library/std/src/sys_common/backtrace.rs:49:5
[INFO] [stdout]    7:     0x55662af4982b - std::sys_common::backtrace::print::h61376ae57d131d72
[INFO] [stdout]                                at /rustc/53fd98ca776cb875bc9e5514f56b52eb74f9e7a9/library/std/src/sys_common/backtrace.rs:36:9
[INFO] [stdout]    8:     0x55662af4982b - std::panicking::default_hook::{{closure}}::h0f7208c0b9644a54
[INFO] [stdout]                                at /rustc/53fd98ca776cb875bc9e5514f56b52eb74f9e7a9/library/std/src/panicking.rs:208:50
[INFO] [stdout]    9:     0x55662af4933c - std::panicking::default_hook::hdac7fc06578c14ce
[INFO] [stdout]                                at /rustc/53fd98ca776cb875bc9e5514f56b52eb74f9e7a9/library/std/src/panicking.rs:222:9
[INFO] [stdout]   10:     0x55662af49ef4 - std::panicking::rust_panic_with_hook::h72b21c283da3d1ef
[INFO] [stdout]                                at /rustc/53fd98ca776cb875bc9e5514f56b52eb74f9e7a9/library/std/src/panicking.rs:622:17
[INFO] [stdout]   11:     0x55662af499d7 - std::panicking::begin_panic_handler::{{closure}}::he5778f1729cff84a
[INFO] [stdout]                                at /rustc/53fd98ca776cb875bc9e5514f56b52eb74f9e7a9/library/std/src/panicking.rs:519:13
[INFO] [stdout]   12:     0x55662af479bc - std::sys_common::backtrace::__rust_end_short_backtrace::h2d11ca8b453b4b1d
[INFO] [stdout]                                at /rustc/53fd98ca776cb875bc9e5514f56b52eb74f9e7a9/library/std/src/sys_common/backtrace.rs:141:18
[INFO] [stdout]   13:     0x55662af49939 - rust_begin_unwind
[INFO] [stdout]                                at /rustc/53fd98ca776cb875bc9e5514f56b52eb74f9e7a9/library/std/src/panicking.rs:515:5
[INFO] [stdout]   14:     0x55662a4378d1 - core::panicking::panic_fmt::hf9de31d4acbce4db
[INFO] [stdout]                                at /rustc/53fd98ca776cb875bc9e5514f56b52eb74f9e7a9/library/core/src/panicking.rs:92:14
[INFO] [stdout]   15:     0x55662a4379c3 - core::result::unwrap_failed::ha0c84e81219e5878
[INFO] [stdout]                                at /rustc/53fd98ca776cb875bc9e5514f56b52eb74f9e7a9/library/core/src/result.rs:1599:5
[INFO] [stdout]   16:     0x55662a91bd53 - core::result::Result<T,E>::unwrap::h50b47edd6a170b27
[INFO] [stdout]                                at /rustc/53fd98ca776cb875bc9e5514f56b52eb74f9e7a9/library/core/src/result.rs:1281:23
[INFO] [stdout]   17:     0x55662a9abe22 - hsh::cli::test::test_cli_get_salt_hex_valid::{{closure}}::h9a1f785d80d33858
[INFO] [stdout]                                at /opt/rustwide/workdir/src/cli.rs:228:17
[INFO] [stdout]   18:     0x55662ab02057 - hsh::format::FormatMode::test_with_formats::h5b91e72eba20f395
[INFO] [stdout]                                at /opt/rustwide/workdir/src/format.rs:44:9
[INFO] [stdout]   19:     0x55662a9abd47 - hsh::cli::test::test_cli_get_salt_hex_valid::h3d3772b5131fcb70
[INFO] [stdout]                                at /opt/rustwide/workdir/src/cli.rs:223:9
[INFO] [stdout]   20:     0x55662a9abb8a - hsh::cli::test::test_cli_get_salt_hex_valid::{{closure}}::he51fc8824b08e6d9
[INFO] [stdout]                                at /opt/rustwide/workdir/src/cli.rs:212:5
[INFO] [stdout]   21:     0x55662a9d2f1e - core::ops::function::FnOnce::call_once::h7cba9a41098fac4b
[INFO] [stdout]                                at /rustc/53fd98ca776cb875bc9e5514f56b52eb74f9e7a9/library/core/src/ops/function.rs:227:5
[INFO] [stdout]   22:     0x55662ab9ecc3 - core::ops::function::FnOnce::call_once::hbb52c4519d3137b0
[INFO] [stdout]                                at /rustc/53fd98ca776cb875bc9e5514f56b52eb74f9e7a9/library/core/src/ops/function.rs:227:5
[INFO] [stdout]   23:     0x55662ab9ecc3 - test::__rust_begin_short_backtrace::h86fe3a2a5a5121af
[INFO] [stdout]                                at /rustc/53fd98ca776cb875bc9e5514f56b52eb74f9e7a9/library/test/src/lib.rs:578:5
[INFO] [stdout]   24:     0x55662ab9d778 - <alloc::boxed::Box<F,A> as core::ops::function::FnOnce<Args>>::call_once::hfd956bc3d57399be
[INFO] [stdout]                                at /rustc/53fd98ca776cb875bc9e5514f56b52eb74f9e7a9/library/alloc/src/boxed.rs:1572:9
[INFO] [stdout]   25:     0x55662ab9d778 - <std::panic::AssertUnwindSafe<F> as core::ops::function::FnOnce<()>>::call_once::h40dc93e0ddb5938a
[INFO] [stdout]                                at /rustc/53fd98ca776cb875bc9e5514f56b52eb74f9e7a9/library/std/src/panic.rs:347:9
[INFO] [stdout]   26:     0x55662ab9d778 - std::panicking::try::do_call::h90d07750cb47c562
[INFO] [stdout]                                at /rustc/53fd98ca776cb875bc9e5514f56b52eb74f9e7a9/library/std/src/panicking.rs:401:40
[INFO] [stdout]   27:     0x55662ab9d778 - std::panicking::try::h063c84733ad2a629
[INFO] [stdout]                                at /rustc/53fd98ca776cb875bc9e5514f56b52eb74f9e7a9/library/std/src/panicking.rs:365:19
[INFO] [stdout]   28:     0x55662ab9d778 - std::panic::catch_unwind::h0c464836a84e7c08
[INFO] [stdout]                                at /rustc/53fd98ca776cb875bc9e5514f56b52eb74f9e7a9/library/std/src/panic.rs:434:14
[INFO] [stdout]   29:     0x55662ab9d778 - test::run_test_in_process::h5cb06ef620b157fc
[INFO] [stdout]                                at /rustc/53fd98ca776cb875bc9e5514f56b52eb74f9e7a9/library/test/src/lib.rs:601:18
[INFO] [stdout]   30:     0x55662ab9d778 - test::run_test::run_test_inner::{{closure}}::h76f677f4b93f9828
[INFO] [stdout]                                at /rustc/53fd98ca776cb875bc9e5514f56b52eb74f9e7a9/library/test/src/lib.rs:493:39
[INFO] [stdout]   31:     0x55662ab6bf0d - test::run_test::run_test_inner::{{closure}}::h366d01fe04f4d67a
[INFO] [stdout]                                at /rustc/53fd98ca776cb875bc9e5514f56b52eb74f9e7a9/library/test/src/lib.rs:520:37
[INFO] [stdout]   32:     0x55662ab6bf0d - std::sys_common::backtrace::__rust_begin_short_backtrace::h7dfa0de4eb395af2
[INFO] [stdout]                                at /rustc/53fd98ca776cb875bc9e5514f56b52eb74f9e7a9/library/std/src/sys_common/backtrace.rs:125:18
[INFO] [stdout]   33:     0x55662ab706d8 - std::thread::Builder::spawn_unchecked::{{closure}}::{{closure}}::hf0a74bb58798037f
[INFO] [stdout]                                at /rustc/53fd98ca776cb875bc9e5514f56b52eb74f9e7a9/library/std/src/thread/mod.rs:476:17
[INFO] [stdout]   34:     0x55662ab706d8 - <std::panic::AssertUnwindSafe<F> as core::ops::function::FnOnce<()>>::call_once::hb024e854818586ac
[INFO] [stdout]                                at /rustc/53fd98ca776cb875bc9e5514f56b52eb74f9e7a9/library/std/src/panic.rs:347:9
[INFO] [stdout]   35:     0x55662ab706d8 - std::panicking::try::do_call::hb2dd9f1d0d48e41d
[INFO] [stdout]                                at /rustc/53fd98ca776cb875bc9e5514f56b52eb74f9e7a9/library/std/src/panicking.rs:401:40
[INFO] [stdout]   36:     0x55662ab706d8 - std::panicking::try::h4717ae7bac8b2bf3
[INFO] [stdout]                                at /rustc/53fd98ca776cb875bc9e5514f56b52eb74f9e7a9/library/std/src/panicking.rs:365:19
[INFO] [stdout]   37:     0x55662ab706d8 - std::panic::catch_unwind::h0dc8a061326ce8d8
[INFO] [stdout]                                at /rustc/53fd98ca776cb875bc9e5514f56b52eb74f9e7a9/library/std/src/panic.rs:434:14
[INFO] [stdout]   38:     0x55662ab706d8 - std::thread::Builder::spawn_unchecked::{{closure}}::haa369e2d6fd00aa1
[INFO] [stdout]                                at /rustc/53fd98ca776cb875bc9e5514f56b52eb74f9e7a9/library/std/src/thread/mod.rs:475:30
[INFO] [stdout]   39:     0x55662ab706d8 - core::ops::function::FnOnce::call_once{{vtable.shim}}::h36dcf3de8b056f17
[INFO] [stdout]                                at /rustc/53fd98ca776cb875bc9e5514f56b52eb74f9e7a9/library/core/src/ops/function.rs:227:5
[INFO] [stdout]   40:     0x55662af4f097 - <alloc::boxed::Box<F,A> as core::ops::function::FnOnce<Args>>::call_once::h65c29e4642be2358
[INFO] [stdout]                                at /rustc/53fd98ca776cb875bc9e5514f56b52eb74f9e7a9/library/alloc/src/boxed.rs:1572:9
[INFO] [stdout]   41:     0x55662af4f097 - <alloc::boxed::Box<F,A> as core::ops::function::FnOnce<Args>>::call_once::hd0f8f7fbbd9fffbf
[INFO] [stdout]                                at /rustc/53fd98ca776cb875bc9e5514f56b52eb74f9e7a9/library/alloc/src/boxed.rs:1572:9
[INFO] [stdout]   42:     0x55662af4f097 - std::sys::unix::thread::Thread::new::thread_start::h2fd22fee3ca77b65
[INFO] [stdout]                                at /rustc/53fd98ca776cb875bc9e5514f56b52eb74f9e7a9/library/std/src/sys/unix/thread.rs:74:17
[INFO] [stdout]   43:     0x7fbbe38b6609 - start_thread
[INFO] [stdout]   44:     0x7fbbe3688293 - clone
[INFO] [stdout]   45:                0x0 - <unknown>
[INFO] [stdout] 
[INFO] [stdout] 
[INFO] [stdout] failures:
[INFO] [stdout]     cli::test::test_cli_get_salt_hex_valid
[INFO] [stdout] 
[INFO] [stdout] test result: FAILED. 325 passed; 1 failed; 3 ignored; 0 measured; 0 filtered out; finished in 18.87s
[INFO] [stdout] 
[INFO] running `Command { std: "docker" "inspect" "d89f9dc1710051e12ec05346127b34f40f24d129187a4922f08063ba2743c310", kill_on_drop: false }`
[INFO] running `Command { std: "docker" "rm" "-f" "d89f9dc1710051e12ec05346127b34f40f24d129187a4922f08063ba2743c310", kill_on_drop: false }`
[INFO] [stdout] d89f9dc1710051e12ec05346127b34f40f24d129187a4922f08063ba2743c310
