[INFO] cloning repository https://github.com/rimutaka/ld-lambdas
[INFO] running `Command { std: "git" "-c" "credential.helper=" "-c" "credential.helper=/workspace/cargo-home/bin/git-credential-null" "clone" "--bare" "https://github.com/rimutaka/ld-lambdas" "/workspace/cache/git-repos/https%3A%2F%2Fgithub.com%2Frimutaka%2Fld-lambdas", kill_on_drop: false }`
[INFO] [stderr] Cloning into bare repository '/workspace/cache/git-repos/https%3A%2F%2Fgithub.com%2Frimutaka%2Fld-lambdas'...
[INFO] running `Command { std: "git" "rev-parse" "HEAD", kill_on_drop: false }`
[INFO] [stdout] f7b1ff95f07bce49d075ca3498631dd1b337cf75
[INFO] testing rimutaka/ld-lambdas against 1.54.0 for beta-1.55-1
[INFO] running `Command { std: "git" "clone" "/workspace/cache/git-repos/https%3A%2F%2Fgithub.com%2Frimutaka%2Fld-lambdas" "/workspace/builds/worker-10/source", kill_on_drop: false }`
[INFO] [stderr] Cloning into '/workspace/builds/worker-10/source'...
[INFO] [stderr] done.
[INFO] validating manifest of git repo https://github.com/rimutaka/ld-lambdas on toolchain 1.54.0
[INFO] running `Command { std: "/workspace/cargo-home/bin/cargo" "+1.54.0" "metadata" "--manifest-path" "Cargo.toml" "--no-deps", kill_on_drop: false }`
[INFO] started tweaking git repo https://github.com/rimutaka/ld-lambdas
[INFO] finished tweaking git repo https://github.com/rimutaka/ld-lambdas
[INFO] tweaked toml for git repo https://github.com/rimutaka/ld-lambdas written to /workspace/builds/worker-10/source/Cargo.toml
[INFO] crate git repo https://github.com/rimutaka/ld-lambdas already has a lockfile, it will not be regenerated
[INFO] running `Command { std: "/workspace/cargo-home/bin/cargo" "+1.54.0" "fetch" "--manifest-path" "Cargo.toml", kill_on_drop: false }`
[INFO] running `Command { std: "docker" "create" "-v" "/var/lib/crater-agent-workspace/builds/worker-10/target:/opt/rustwide/target:rw,Z" "-v" "/var/lib/crater-agent-workspace/builds/worker-10/source:/opt/rustwide/workdir:ro,Z" "-v" "/var/lib/crater-agent-workspace/cargo-home:/opt/rustwide/cargo-home:ro,Z" "-v" "/var/lib/crater-agent-workspace/rustup-home:/opt/rustwide/rustup-home:ro,Z" "-e" "SOURCE_DIR=/opt/rustwide/workdir" "-e" "CARGO_TARGET_DIR=/opt/rustwide/target" "-e" "CARGO_HOME=/opt/rustwide/cargo-home" "-e" "RUSTUP_HOME=/opt/rustwide/rustup-home" "-w" "/opt/rustwide/workdir" "-m" "1610612736" "--user" "0:0" "--network" "none" "ghcr.io/rust-lang/crates-build-env/linux@sha256:34b6a614d2c27851fe6cbf88fbd1137609cefab8b10d0615aaeb6fd47975d74e" "/opt/rustwide/cargo-home/bin/cargo" "+1.54.0" "metadata" "--no-deps" "--format-version=1", kill_on_drop: false }`
[INFO] [stderr] WARNING: Your kernel does not support swap limit capabilities or the cgroup is not mounted. Memory limited without swap.
[INFO] [stdout] 18cac5f70bc4ba85a5063ebe72e63f2dbb7417584d3eb6f6c1b0af3de4446f22
[INFO] running `Command { std: "docker" "start" "-a" "18cac5f70bc4ba85a5063ebe72e63f2dbb7417584d3eb6f6c1b0af3de4446f22", kill_on_drop: false }`
[INFO] running `Command { std: "docker" "inspect" "18cac5f70bc4ba85a5063ebe72e63f2dbb7417584d3eb6f6c1b0af3de4446f22", kill_on_drop: false }`
[INFO] running `Command { std: "docker" "rm" "-f" "18cac5f70bc4ba85a5063ebe72e63f2dbb7417584d3eb6f6c1b0af3de4446f22", kill_on_drop: false }`
[INFO] [stdout] 18cac5f70bc4ba85a5063ebe72e63f2dbb7417584d3eb6f6c1b0af3de4446f22
[INFO] running `Command { std: "docker" "create" "-v" "/var/lib/crater-agent-workspace/builds/worker-10/target:/opt/rustwide/target:rw,Z" "-v" "/var/lib/crater-agent-workspace/builds/worker-10/source:/opt/rustwide/workdir:ro,Z" "-v" "/var/lib/crater-agent-workspace/cargo-home:/opt/rustwide/cargo-home:ro,Z" "-v" "/var/lib/crater-agent-workspace/rustup-home:/opt/rustwide/rustup-home:ro,Z" "-e" "SOURCE_DIR=/opt/rustwide/workdir" "-e" "CARGO_TARGET_DIR=/opt/rustwide/target" "-e" "CARGO_INCREMENTAL=0" "-e" "RUST_BACKTRACE=full" "-e" "RUSTFLAGS=--cap-lints=warn" "-e" "CARGO_HOME=/opt/rustwide/cargo-home" "-e" "RUSTUP_HOME=/opt/rustwide/rustup-home" "-w" "/opt/rustwide/workdir" "-m" "1610612736" "--user" "0:0" "--network" "none" "ghcr.io/rust-lang/crates-build-env/linux@sha256:34b6a614d2c27851fe6cbf88fbd1137609cefab8b10d0615aaeb6fd47975d74e" "/opt/rustwide/cargo-home/bin/cargo" "+1.54.0" "build" "--frozen" "--message-format=json", kill_on_drop: false }`
[INFO] [stdout] c6c50cb3b13d22d2ed7eb770f3a4b96436b94337da54e6d28c777d03f320692d
[INFO] [stderr] WARNING: Your kernel does not support swap limit capabilities or the cgroup is not mounted. Memory limited without swap.
[INFO] running `Command { std: "docker" "start" "-a" "c6c50cb3b13d22d2ed7eb770f3a4b96436b94337da54e6d28c777d03f320692d", kill_on_drop: false }`
[INFO] [stderr]    Compiling libc v0.2.72
[INFO] [stderr]    Compiling syn v1.0.34
[INFO] [stderr]    Compiling zeroize v1.1.0
[INFO] [stderr]    Compiling subtle v2.2.3
[INFO] [stderr]    Compiling cpuid-bool v0.1.1
[INFO] [stderr]    Compiling simple-error v0.2.1
[INFO] [stderr]    Compiling num-traits v0.2.12
[INFO] [stderr]    Compiling num-integer v0.1.43
[INFO] [stderr]    Compiling generic-array v0.14.3
[INFO] [stderr]    Compiling standback v0.2.9
[INFO] [stderr]    Compiling tracing-core v0.1.11
[INFO] [stderr]    Compiling time v0.2.16
[INFO] [stderr]    Compiling proc-macro-error-attr v1.0.3
[INFO] [stderr]    Compiling proc-macro-error v1.0.3
[INFO] [stderr]    Compiling ring v0.16.15
[INFO] [stderr]    Compiling stringprep v0.1.2
[INFO] [stderr]    Compiling rusoto_core v0.44.0
[INFO] [stderr]    Compiling crypto-mac v0.7.0
[INFO] [stderr]    Compiling hmac v0.7.1
[INFO] [stderr]    Compiling tracing v0.1.16
[INFO] [stderr]    Compiling digest v0.9.0
[INFO] [stderr]    Compiling block-buffer v0.9.0
[INFO] [stderr]    Compiling crypto-mac v0.8.0
[INFO] [stderr]    Compiling hmac v0.8.1
[INFO] [stderr]    Compiling sha2 v0.9.1
[INFO] [stderr]    Compiling iovec v0.1.4
[INFO] [stderr]    Compiling net2 v0.2.34
[INFO] [stderr]    Compiling signal-hook-registry v1.2.0
[INFO] [stderr]    Compiling time v0.1.43
[INFO] [stderr]    Compiling getrandom v0.1.14
[INFO] [stderr]    Compiling socket2 v0.3.12
[INFO] [stderr]    Compiling dirs-sys v0.3.5
[INFO] [stderr]    Compiling parking_lot_core v0.6.2
[INFO] [stderr]    Compiling parking_lot_core v0.8.0
[INFO] [stderr]    Compiling atty v0.2.14
[INFO] [stderr]    Compiling colored v1.9.3
[INFO] [stderr]    Compiling parking_lot v0.11.0
[INFO] [stderr]    Compiling dirs v2.0.2
[INFO] [stderr]    Compiling rand_core v0.5.1
[INFO] [stderr]    Compiling mio v0.6.22
[INFO] [stderr]    Compiling parking_lot v0.9.0
[INFO] [stderr]    Compiling rand_chacha v0.2.2
[INFO] [stderr]    Compiling rand v0.7.3
[INFO] [stderr]    Compiling mio-uds v0.6.8
[INFO] [stderr]    Compiling postgres-protocol v0.5.2
[INFO] [stderr]    Compiling sct v0.6.0
[INFO] [stderr]    Compiling webpki v0.21.3
[INFO] [stderr]    Compiling ct-logs v0.6.0
[INFO] [stderr]    Compiling rustls v0.17.0
[INFO] [stderr]    Compiling syn-mid v0.5.0
[INFO] [stderr]    Compiling pin-project-internal v0.4.22
[INFO] [stderr]    Compiling futures-macro v0.3.5
[INFO] [stderr]    Compiling tokio-macros v0.2.5
[INFO] [stderr]    Compiling serde_derive v1.0.114
[INFO] [stderr]    Compiling async-trait v0.1.36
[INFO] [stderr]    Compiling time-macros-impl v0.1.1
[INFO] [stderr]    Compiling rustls-native-certs v0.3.0
[INFO] [stderr]    Compiling time-macros v0.1.0
[INFO] [stderr]    Compiling tokio v0.2.21
[INFO] [stderr]    Compiling dynomite-derive v0.9.0
[INFO] [stderr]    Compiling pin-project v0.4.22
[INFO] [stderr]    Compiling futures-util v0.3.5
[INFO] [stderr]    Compiling tokio-util v0.3.1
[INFO] [stderr]    Compiling tokio-rustls v0.13.1
[INFO] [stderr]    Compiling serde v1.0.114
[INFO] [stderr]    Compiling futures-executor v0.3.5
[INFO] [stderr]    Compiling h2 v0.2.6
[INFO] [stderr]    Compiling futures v0.3.5
[INFO] [stderr]    Compiling wasm-timer v0.2.4
[INFO] [stderr]    Compiling again v0.1.2
[INFO] [stderr]    Compiling chrono v0.4.13
[INFO] [stderr]    Compiling serde_json v1.0.56
[INFO] [stderr]    Compiling uuid v0.8.1
[INFO] [stderr]    Compiling postgres-types v0.1.2
[INFO] [stderr]    Compiling simple_logger v1.6.0
[INFO] [stderr]    Compiling hyper v0.13.7
[INFO] [stderr]    Compiling tokio-postgres v0.5.5
[INFO] [stderr]    Compiling rusoto_credential v0.44.0
[INFO] [stderr]    Compiling hyper-rustls v0.20.0
[INFO] [stderr]    Compiling rusoto_signature v0.44.0
[INFO] [stderr]    Compiling rusoto_dynamodb v0.44.0
[INFO] [stderr]    Compiling dynomite v0.9.0
[INFO] [stderr]    Compiling pgsql_zero v0.1.0 (/opt/rustwide/workdir)
[INFO] [stdout] warning: unused import: `simple_logger`
[INFO] [stdout]  --> src/main.rs:2:5
[INFO] [stdout]   |
[INFO] [stdout] 2 | use simple_logger;
[INFO] [stdout]   |     ^^^^^^^^^^^^^
[INFO] [stdout]   |
[INFO] [stdout]   = note: `#[warn(unused_imports)]` on by default
[INFO] [stdout] 
[INFO] [stdout] 
[INFO] [stdout] warning: associated function is never used: `get_all_user_lists_from_ddb`
[INFO] [stdout]    --> src/structures_ddb.rs:142:25
[INFO] [stdout]     |
[INFO] [stdout] 142 |     pub(crate) async fn get_all_user_lists_from_ddb(
[INFO] [stdout]     |                         ^^^^^^^^^^^^^^^^^^^^^^^^^^^
[INFO] [stdout]     |
[INFO] [stdout]     = note: `#[warn(dead_code)]` on by default
[INFO] [stdout] 
[INFO] [stdout] 
[INFO] [stdout] warning: associated function is never used: `delete_from_all_dbs`
[INFO] [stdout]    --> src/structures_ddb.rs:210:25
[INFO] [stdout]     |
[INFO] [stdout] 210 |     pub(crate) async fn delete_from_all_dbs(
[INFO] [stdout]     |                         ^^^^^^^^^^^^^^^^^^^
[INFO] [stdout] 
[INFO] [stdout] 
[INFO] [stdout] warning: variant is never constructed: `Logged`
[INFO] [stdout]   --> src/structures_pg.rs:15:5
[INFO] [stdout]    |
[INFO] [stdout] 15 |     Logged,
[INFO] [stdout]    |     ^^^^^^
[INFO] [stdout] 
[INFO] [stdout] 
[INFO] [stdout] warning: function is never used: `get_t_list_item`
[INFO] [stdout]    --> src/structures_pg.rs:140:21
[INFO] [stdout]     |
[INFO] [stdout] 140 | pub(crate) async fn get_t_list_item(liid: Uuid, client: &Client) -> Option<TListItem> {
[INFO] [stdout]     |                     ^^^^^^^^^^^^^^^
[INFO] [stdout] 
[INFO] [stdout] 
[INFO] [stdout] warning: function is never used: `get_t_list_items`
[INFO] [stdout]    --> src/structures_pg.rs:166:21
[INFO] [stdout]     |
[INFO] [stdout] 166 | pub(crate) async fn get_t_list_items(lid: Uuid, client: &Client) -> Option<Vec<TListItem>> {
[INFO] [stdout]     |                     ^^^^^^^^^^^^^^^^
[INFO] [stdout] 
[INFO] [stdout] 
[INFO] [stdout] warning: function is never used: `get_t_list`
[INFO] [stdout]    --> src/structures_pg.rs:192:21
[INFO] [stdout]     |
[INFO] [stdout] 192 | pub(crate) async fn get_t_list(lid: Uuid, client: &Client) -> Option<TList> {
[INFO] [stdout]     |                     ^^^^^^^^^^
[INFO] [stdout] 
[INFO] [stdout] 
[INFO] [stdout] warning: function is never used: `get_t_user`
[INFO] [stdout]    --> src/structures_pg.rs:219:21
[INFO] [stdout]     |
[INFO] [stdout] 219 | pub(crate) async fn get_t_user(user_id: Option<Uuid>, user_email: Option<String>, client: &Client) -> Option<TUser> {
[INFO] [stdout]     |                     ^^^^^^^^^^
[INFO] [stdout] 
[INFO] [stdout] 
[INFO] [stdout] warning: function is never used: `get_user_lists`
[INFO] [stdout]    --> src/structures_pg.rs:253:21
[INFO] [stdout]     |
[INFO] [stdout] 253 | pub(crate) async fn get_user_lists(user_id: Uuid, client: &Client) -> Option<Vec<TList>> {
[INFO] [stdout]     |                     ^^^^^^^^^^^^^^
[INFO] [stdout] 
[INFO] [stdout] 
[INFO] [stdout] warning: function is never used: `put_t_user`
[INFO] [stdout]    --> src/structures_pg.rs:338:21
[INFO] [stdout]     |
[INFO] [stdout] 338 | pub(crate) async fn put_t_user(user_email: &String, client: &Client) -> Option<TUser> {
[INFO] [stdout]     |                     ^^^^^^^^^^
[INFO] [stdout] 
[INFO] [stdout] 
[INFO] [stdout] warning: function is never used: `del_t_list`
[INFO] [stdout]    --> src/structures_pg.rs:375:21
[INFO] [stdout]     |
[INFO] [stdout] 375 | pub(crate) async fn del_t_list(lid: Uuid, client: &Client) -> Result<(), PgError> {
[INFO] [stdout]     |                     ^^^^^^^^^^
[INFO] [stdout] 
[INFO] [stdout] 
[INFO] [stdout] warning: function is never used: `del_t_user`
[INFO] [stdout]    --> src/structures_pg.rs:389:21
[INFO] [stdout]     |
[INFO] [stdout] 389 | pub(crate) async fn del_t_user(user_id: Uuid, client: &Client) -> Result<(), PgError> {
[INFO] [stdout]     |                     ^^^^^^^^^^
[INFO] [stdout] 
[INFO] [stdout] 
[INFO] [stdout] warning: function is never used: `build_ddb_get_batch_input`
[INFO] [stdout]   --> src/utils.rs:53:15
[INFO] [stdout]    |
[INFO] [stdout] 53 | pub(crate) fn build_ddb_get_batch_input(
[INFO] [stdout]    |               ^^^^^^^^^^^^^^^^^^^^^^^^^
[INFO] [stdout] 
[INFO] [stdout] 
[INFO] [stdout] warning: function is never used: `build_ddb_del_input`
[INFO] [stdout]    --> src/utils.rs:112:15
[INFO] [stdout]     |
[INFO] [stdout] 112 | pub(crate) fn build_ddb_del_input(table_key: &str, key_value: Uuid, table: &str) -> DeleteItemInput {
[INFO] [stdout]     |               ^^^^^^^^^^^^^^^^^^^
[INFO] [stdout] 
[INFO] [stdout] 
[INFO] [stdout] warning: 14 warnings emitted
[INFO] [stdout] 
[INFO] [stdout] 
[INFO] [stderr]     Finished dev [unoptimized + debuginfo] target(s) in 3m 30s
[INFO] running `Command { std: "docker" "inspect" "c6c50cb3b13d22d2ed7eb770f3a4b96436b94337da54e6d28c777d03f320692d", kill_on_drop: false }`
[INFO] running `Command { std: "docker" "rm" "-f" "c6c50cb3b13d22d2ed7eb770f3a4b96436b94337da54e6d28c777d03f320692d", kill_on_drop: false }`
[INFO] [stdout] c6c50cb3b13d22d2ed7eb770f3a4b96436b94337da54e6d28c777d03f320692d
[INFO] running `Command { std: "docker" "create" "-v" "/var/lib/crater-agent-workspace/builds/worker-10/target:/opt/rustwide/target:rw,Z" "-v" "/var/lib/crater-agent-workspace/builds/worker-10/source:/opt/rustwide/workdir:ro,Z" "-v" "/var/lib/crater-agent-workspace/cargo-home:/opt/rustwide/cargo-home:ro,Z" "-v" "/var/lib/crater-agent-workspace/rustup-home:/opt/rustwide/rustup-home:ro,Z" "-e" "SOURCE_DIR=/opt/rustwide/workdir" "-e" "CARGO_TARGET_DIR=/opt/rustwide/target" "-e" "CARGO_INCREMENTAL=0" "-e" "RUST_BACKTRACE=full" "-e" "RUSTFLAGS=--cap-lints=warn" "-e" "CARGO_HOME=/opt/rustwide/cargo-home" "-e" "RUSTUP_HOME=/opt/rustwide/rustup-home" "-w" "/opt/rustwide/workdir" "-m" "1610612736" "--user" "0:0" "--network" "none" "ghcr.io/rust-lang/crates-build-env/linux@sha256:34b6a614d2c27851fe6cbf88fbd1137609cefab8b10d0615aaeb6fd47975d74e" "/opt/rustwide/cargo-home/bin/cargo" "+1.54.0" "test" "--frozen" "--no-run" "--message-format=json", kill_on_drop: false }`
[INFO] [stdout] 06f5796feb5ec9418b90432fcc595f590cf4599dcecaafc5ad2a052c66a74c18
[INFO] [stderr] WARNING: Your kernel does not support swap limit capabilities or the cgroup is not mounted. Memory limited without swap.
[INFO] running `Command { std: "docker" "start" "-a" "06f5796feb5ec9418b90432fcc595f590cf4599dcecaafc5ad2a052c66a74c18", kill_on_drop: false }`
[INFO] [stderr]    Compiling pgsql_zero v0.1.0 (/opt/rustwide/workdir)
[INFO] [stdout] warning: unused import: `simple_logger`
[INFO] [stdout]  --> src/main.rs:2:5
[INFO] [stdout]   |
[INFO] [stdout] 2 | use simple_logger;
[INFO] [stdout]   |     ^^^^^^^^^^^^^
[INFO] [stdout]   |
[INFO] [stdout]   = note: `#[warn(unused_imports)]` on by default
[INFO] [stdout] 
[INFO] [stdout] 
[INFO] [stdout] warning: 1 warning emitted
[INFO] [stdout] 
[INFO] [stdout] 
[INFO] [stderr]     Finished test [unoptimized + debuginfo] target(s) in 12.29s
[INFO] running `Command { std: "docker" "inspect" "06f5796feb5ec9418b90432fcc595f590cf4599dcecaafc5ad2a052c66a74c18", kill_on_drop: false }`
[INFO] running `Command { std: "docker" "rm" "-f" "06f5796feb5ec9418b90432fcc595f590cf4599dcecaafc5ad2a052c66a74c18", kill_on_drop: false }`
[INFO] [stdout] 06f5796feb5ec9418b90432fcc595f590cf4599dcecaafc5ad2a052c66a74c18
[INFO] running `Command { std: "docker" "create" "-v" "/var/lib/crater-agent-workspace/builds/worker-10/target:/opt/rustwide/target:rw,Z" "-v" "/var/lib/crater-agent-workspace/builds/worker-10/source:/opt/rustwide/workdir:ro,Z" "-v" "/var/lib/crater-agent-workspace/cargo-home:/opt/rustwide/cargo-home:ro,Z" "-v" "/var/lib/crater-agent-workspace/rustup-home:/opt/rustwide/rustup-home:ro,Z" "-e" "SOURCE_DIR=/opt/rustwide/workdir" "-e" "CARGO_TARGET_DIR=/opt/rustwide/target" "-e" "CARGO_INCREMENTAL=0" "-e" "RUST_BACKTRACE=full" "-e" "RUSTFLAGS=--cap-lints=warn" "-e" "CARGO_HOME=/opt/rustwide/cargo-home" "-e" "RUSTUP_HOME=/opt/rustwide/rustup-home" "-w" "/opt/rustwide/workdir" "-m" "1610612736" "--user" "0:0" "--network" "none" "ghcr.io/rust-lang/crates-build-env/linux@sha256:34b6a614d2c27851fe6cbf88fbd1137609cefab8b10d0615aaeb6fd47975d74e" "/opt/rustwide/cargo-home/bin/cargo" "+1.54.0" "test" "--frozen", kill_on_drop: false }`
[INFO] [stdout] 657c997fffec4dcf5a8adc2f577ce8fe76c8b125683944a70e5b32c9b14cd70b
[INFO] [stderr] WARNING: Your kernel does not support swap limit capabilities or the cgroup is not mounted. Memory limited without swap.
[INFO] running `Command { std: "docker" "start" "-a" "657c997fffec4dcf5a8adc2f577ce8fe76c8b125683944a70e5b32c9b14cd70b", kill_on_drop: false }`
[INFO] [stderr] warning: unused import: `simple_logger`
[INFO] [stderr]  --> src/main.rs:2:5
[INFO] [stderr]   |
[INFO] [stderr] 2 | use simple_logger;
[INFO] [stderr]   |     ^^^^^^^^^^^^^
[INFO] [stderr]   |
[INFO] [stderr]   = note: `#[warn(unused_imports)]` on by default
[INFO] [stderr] 
[INFO] [stderr] warning: 1 warning emitted
[INFO] [stderr] 
[INFO] [stderr]     Finished test [unoptimized + debuginfo] target(s) in 0.22s
[INFO] [stderr]      Running unittests (/opt/rustwide/target/debug/deps/pgsql_zero-9024f14987450bda)
[INFO] [stdout] 
[INFO] [stdout] running 4 tests
[INFO] [stdout] test structures_ddb::tests_ddb::tests_ddb::test_dynamodb_del_user ... FAILED
[INFO] [stdout] test structures_ddb::tests_ddb::tests_ddb::test_dynamodb_list_listitems_new_update_delete ... FAILED
[INFO] [stdout] test structures_ddb::tests_ddb::tests_ddb::test_dynamodb_get_user_lists ... FAILED
[INFO] [stderr] error: test failed, to rerun pass '--bin pgsql_zero'
[INFO] [stdout] test structures_pg::tests_pg::tests_pg::test_postgres_functions ... FAILED
[INFO] [stdout] 
[INFO] [stdout] failures:
[INFO] [stdout] 
[INFO] [stdout] ---- structures_ddb::tests_ddb::tests_ddb::test_dynamodb_del_user stdout ----
[INFO] [stdout] 2021-08-08 16:41:48,898 DEBUG [pgsql_zero::utils] simple_logger::init succeeded
[INFO] [stdout] 2021-08-08 16:41:48,899 DEBUG [pgsql_zero::structures_ddb::tests_ddb::tests_ddb::test_helpers] init_db_clients started
[INFO] [stdout] 2021-08-08 16:41:48,967 DEBUG [rustls::anchors] add_pem_file processed 129 valid and 0 invalid certs
[INFO] [stdout] 2021-08-08 16:41:48,967 DEBUG [pgsql_zero::structures_ddb::tests_ddb::tests_ddb::test_helpers] ddb_client created
[INFO] [stdout] thread 'structures_ddb::tests_ddb::tests_ddb::test_dynamodb_del_user' panicked at 'Env var DB_NAME: NotPresent', src/utils.rs:19:35
[INFO] [stdout] stack backtrace:
[INFO] [stdout]    0:     0x557aa5160b30 - std::backtrace_rs::backtrace::libunwind::trace::h34055254b57d8e79
[INFO] [stdout]                                at /rustc/a178d0322ce20e33eac124758e837cbd80a6f633/library/std/src/../../backtrace/src/backtrace/libunwind.rs:90:5
[INFO] [stdout]    1:     0x557aa5160b30 - std::backtrace_rs::backtrace::trace_unsynchronized::h8f1e3fbd9afff6ec
[INFO] [stdout]                                at /rustc/a178d0322ce20e33eac124758e837cbd80a6f633/library/std/src/../../backtrace/src/backtrace/mod.rs:66:5
[INFO] [stdout]    2:     0x557aa5160b30 - std::sys_common::backtrace::_print_fmt::h3a99a796b770c360
[INFO] [stdout]                                at /rustc/a178d0322ce20e33eac124758e837cbd80a6f633/library/std/src/sys_common/backtrace.rs:67:5
[INFO] [stdout]    3:     0x557aa5160b30 - <std::sys_common::backtrace::_print::DisplayBacktrace as core::fmt::Display>::fmt::h32d1f94a80615d18
[INFO] [stdout]                                at /rustc/a178d0322ce20e33eac124758e837cbd80a6f633/library/std/src/sys_common/backtrace.rs:46:22
[INFO] [stdout]    4:     0x557aa51844dc - core::fmt::write::h306731c068f7162c
[INFO] [stdout]                                at /rustc/a178d0322ce20e33eac124758e837cbd80a6f633/library/core/src/fmt/mod.rs:1110:17
[INFO] [stdout]    5:     0x557aa515a355 - std::io::Write::write_fmt::h87f19b0a2cd190bc
[INFO] [stdout]                                at /rustc/a178d0322ce20e33eac124758e837cbd80a6f633/library/std/src/io/mod.rs:1588:15
[INFO] [stdout]    6:     0x557aa5162d2b - std::sys_common::backtrace::_print::h5abaa2601a852287
[INFO] [stdout]                                at /rustc/a178d0322ce20e33eac124758e837cbd80a6f633/library/std/src/sys_common/backtrace.rs:49:5
[INFO] [stdout]    7:     0x557aa5162d2b - std::sys_common::backtrace::print::h8d81445442bb638f
[INFO] [stdout]                                at /rustc/a178d0322ce20e33eac124758e837cbd80a6f633/library/std/src/sys_common/backtrace.rs:36:9
[INFO] [stdout]    8:     0x557aa5162d2b - std::panicking::default_hook::{{closure}}::hcfe804496a9fa747
[INFO] [stdout]                                at /rustc/a178d0322ce20e33eac124758e837cbd80a6f633/library/std/src/panicking.rs:208:50
[INFO] [stdout]    9:     0x557aa516283c - std::panicking::default_hook::hbea8e3ccf2ba8901
[INFO] [stdout]                                at /rustc/a178d0322ce20e33eac124758e837cbd80a6f633/library/std/src/panicking.rs:222:9
[INFO] [stdout]   10:     0x557aa51633f4 - std::panicking::rust_panic_with_hook::h7ee9e1a2d0f8975a
[INFO] [stdout]                                at /rustc/a178d0322ce20e33eac124758e837cbd80a6f633/library/std/src/panicking.rs:622:17
[INFO] [stdout]   11:     0x557aa5162ed7 - std::panicking::begin_panic_handler::{{closure}}::h8ab3b4491718b2c7
[INFO] [stdout]                                at /rustc/a178d0322ce20e33eac124758e837cbd80a6f633/library/std/src/panicking.rs:519:13
[INFO] [stdout]   12:     0x557aa516102c - std::sys_common::backtrace::__rust_end_short_backtrace::hd489062ffa586a9f
[INFO] [stdout]                                at /rustc/a178d0322ce20e33eac124758e837cbd80a6f633/library/std/src/sys_common/backtrace.rs:141:18
[INFO] [stdout]   13:     0x557aa5162e39 - rust_begin_unwind
[INFO] [stdout]                                at /rustc/a178d0322ce20e33eac124758e837cbd80a6f633/library/std/src/panicking.rs:515:5
[INFO] [stdout]   14:     0x557aa4621d31 - core::panicking::panic_fmt::hca6330e3e14086b4
[INFO] [stdout]                                at /rustc/a178d0322ce20e33eac124758e837cbd80a6f633/library/core/src/panicking.rs:92:14
[INFO] [stdout]   15:     0x557aa4621e23 - core::result::unwrap_failed::h6160d2b4bfbb0e87
[INFO] [stdout]                                at /rustc/a178d0322ce20e33eac124758e837cbd80a6f633/library/core/src/result.rs:1355:5
[INFO] [stdout]   16:     0x557aa466d62f - core::result::Result<T,E>::expect::h500176c817ec9088
[INFO] [stdout]                                at /rustc/a178d0322ce20e33eac124758e837cbd80a6f633/library/core/src/result.rs:997:23
[INFO] [stdout]   17:     0x557aa4637ea0 - pgsql_zero::utils::load_db_config::h713bcc80dd45546a
[INFO] [stdout]                                at /opt/rustwide/workdir/src/utils.rs:19:19
[INFO] [stdout]   18:     0x557aa463a40c - pgsql_zero::utils::get_pg_client::{{closure}}::h076f7b9b0bb4f4d5
[INFO] [stdout]                                at /opt/rustwide/workdir/src/utils.rs:133:57
[INFO] [stdout]   19:     0x557aa4672939 - <core::future::from_generator::GenFuture<T> as core::future::future::Future>::poll::h99646f0831a9b59c
[INFO] [stdout]                                at /rustc/a178d0322ce20e33eac124758e837cbd80a6f633/library/core/src/future/mod.rs:80:19
[INFO] [stdout]   20:     0x557aa466b0c7 - pgsql_zero::structures_ddb::tests_ddb::tests_ddb::test_helpers::init_db_clients::{{closure}}::h9e98c6f0471d779c
[INFO] [stdout]                                at /opt/rustwide/workdir/src/./structures_ddb_test.rs:256:29
[INFO] [stdout]   21:     0x557aa4672fe7 - <core::future::from_generator::GenFuture<T> as core::future::future::Future>::poll::hb227a9da29fb391d
[INFO] [stdout]                                at /rustc/a178d0322ce20e33eac124758e837cbd80a6f633/library/core/src/future/mod.rs:80:19
[INFO] [stdout]   22:     0x557aa462fbd9 - pgsql_zero::structures_ddb::tests_ddb::tests_ddb::test_dynamodb_del_user::{{closure}}::h480a7bf1229dd245
[INFO] [stdout]                                at /opt/rustwide/workdir/src/./structures_ddb_test.rs:174:30
[INFO] [stdout]   23:     0x557aa4671d6b - <core::future::from_generator::GenFuture<T> as core::future::future::Future>::poll::h384e8bd32b8a5ac8
[INFO] [stdout]                                at /rustc/a178d0322ce20e33eac124758e837cbd80a6f633/library/core/src/future/mod.rs:80:19
[INFO] [stdout]   24:     0x557aa4683330 - tokio::runtime::basic_scheduler::BasicScheduler<P>::block_on::{{closure}}::{{closure}}::h61b53dadfbd62e51
[INFO] [stdout]                                at /opt/rustwide/cargo-home/registry/src/github.com-1ecc6299db9ec823/tokio-0.2.21/src/runtime/basic_scheduler.rs:131:58
[INFO] [stdout]   25:     0x557aa465424c - tokio::coop::with_budget::{{closure}}::h3715ab2902f91d5f
[INFO] [stdout]                                at /opt/rustwide/cargo-home/registry/src/github.com-1ecc6299db9ec823/tokio-0.2.21/src/coop.rs:127:9
[INFO] [stdout]   26:     0x557aa463fc61 - std::thread::local::LocalKey<T>::try_with::hffdb7585e67f1c98
[INFO] [stdout]                                at /rustc/a178d0322ce20e33eac124758e837cbd80a6f633/library/std/src/thread/local.rs:400:16
[INFO] [stdout]   27:     0x557aa463df3d - std::thread::local::LocalKey<T>::with::h7713033872aa6c5b
[INFO] [stdout]                                at /rustc/a178d0322ce20e33eac124758e837cbd80a6f633/library/std/src/thread/local.rs:376:9
[INFO] [stdout]   28:     0x557aa46819fb - tokio::coop::with_budget::h8805fafb95de51df
[INFO] [stdout]                                at /opt/rustwide/cargo-home/registry/src/github.com-1ecc6299db9ec823/tokio-0.2.21/src/coop.rs:120:5
[INFO] [stdout]   29:     0x557aa46819fb - tokio::coop::budget::h22d201ea8bcb12a1
[INFO] [stdout]                                at /opt/rustwide/cargo-home/registry/src/github.com-1ecc6299db9ec823/tokio-0.2.21/src/coop.rs:96:5
[INFO] [stdout]   30:     0x557aa46819fb - tokio::runtime::basic_scheduler::BasicScheduler<P>::block_on::{{closure}}::h7f6881d2e83d91ef
[INFO] [stdout]                                at /opt/rustwide/cargo-home/registry/src/github.com-1ecc6299db9ec823/tokio-0.2.21/src/runtime/basic_scheduler.rs:131:35
[INFO] [stdout]   31:     0x557aa468440f - tokio::runtime::basic_scheduler::enter::{{closure}}::h3e23a4f51a73994c
[INFO] [stdout]                                at /opt/rustwide/cargo-home/registry/src/github.com-1ecc6299db9ec823/tokio-0.2.21/src/runtime/basic_scheduler.rs:213:29
[INFO] [stdout]   32:     0x557aa466670e - tokio::macros::scoped_tls::ScopedKey<T>::set::hd1a489e085c46d42
[INFO] [stdout]                                at /opt/rustwide/cargo-home/registry/src/github.com-1ecc6299db9ec823/tokio-0.2.21/src/macros/scoped_tls.rs:63:9
[INFO] [stdout]   33:     0x557aa468435e - tokio::runtime::basic_scheduler::enter::hc4dfdaa9409d6734
[INFO] [stdout]                                at /opt/rustwide/cargo-home/registry/src/github.com-1ecc6299db9ec823/tokio-0.2.21/src/runtime/basic_scheduler.rs:213:5
[INFO] [stdout]   34:     0x557aa4680e72 - tokio::runtime::basic_scheduler::BasicScheduler<P>::block_on::h7724b5845d756f76
[INFO] [stdout]                                at /opt/rustwide/cargo-home/registry/src/github.com-1ecc6299db9ec823/tokio-0.2.21/src/runtime/basic_scheduler.rs:123:9
[INFO] [stdout]   35:     0x557aa46849fa - tokio::runtime::Runtime::block_on::{{closure}}::h7cde2f78ec3a25c5
[INFO] [stdout]                                at /opt/rustwide/cargo-home/registry/src/github.com-1ecc6299db9ec823/tokio-0.2.21/src/runtime/mod.rs:444:34
[INFO] [stdout]   36:     0x557aa46678c2 - tokio::runtime::context::enter::hd3b33a15ea7f1282
[INFO] [stdout]                                at /opt/rustwide/cargo-home/registry/src/github.com-1ecc6299db9ec823/tokio-0.2.21/src/runtime/context.rs:72:5
[INFO] [stdout]   37:     0x557aa46a4778 - tokio::runtime::handle::Handle::enter::h1c8ef0289ed2e6a8
[INFO] [stdout]                                at /opt/rustwide/cargo-home/registry/src/github.com-1ecc6299db9ec823/tokio-0.2.21/src/runtime/handle.rs:76:9
[INFO] [stdout]   38:     0x557aa46847bf - tokio::runtime::Runtime::block_on::hf0af8cca876ae17e
[INFO] [stdout]                                at /opt/rustwide/cargo-home/registry/src/github.com-1ecc6299db9ec823/tokio-0.2.21/src/runtime/mod.rs:441:9
[INFO] [stdout]   39:     0x557aa462f77b - pgsql_zero::structures_ddb::tests_ddb::tests_ddb::test_dynamodb_del_user::h54fbb8e153c71c01
[INFO] [stdout]                                at /opt/rustwide/workdir/src/./structures_ddb_test.rs:169:5
[INFO] [stdout]   40:     0x557aa462f68a - pgsql_zero::structures_ddb::tests_ddb::tests_ddb::test_dynamodb_del_user::{{closure}}::h53bda4062c53cbb6
[INFO] [stdout]                                at /opt/rustwide/workdir/src/./structures_ddb_test.rs:169:5
[INFO] [stdout]   41:     0x557aa467462e - core::ops::function::FnOnce::call_once::h1b2958c1110d9d75
[INFO] [stdout]                                at /rustc/a178d0322ce20e33eac124758e837cbd80a6f633/library/core/src/ops/function.rs:227:5
[INFO] [stdout]   42:     0x557aa46dd843 - core::ops::function::FnOnce::call_once::h152e7e439ff59e19
[INFO] [stdout]                                at /rustc/a178d0322ce20e33eac124758e837cbd80a6f633/library/core/src/ops/function.rs:227:5
[INFO] [stdout]   43:     0x557aa46dd843 - test::__rust_begin_short_backtrace::h0908f3b1fdbb72ab
[INFO] [stdout]                                at /rustc/a178d0322ce20e33eac124758e837cbd80a6f633/library/test/src/lib.rs:577:5
[INFO] [stdout]   44:     0x557aa46dc300 - <alloc::boxed::Box<F,A> as core::ops::function::FnOnce<Args>>::call_once::hf6d2a51e5587546c
[INFO] [stdout]                                at /rustc/a178d0322ce20e33eac124758e837cbd80a6f633/library/alloc/src/boxed.rs:1575:9
[INFO] [stdout]   45:     0x557aa46dc300 - <std::panic::AssertUnwindSafe<F> as core::ops::function::FnOnce<()>>::call_once::h8af660f3a89ef593
[INFO] [stdout]                                at /rustc/a178d0322ce20e33eac124758e837cbd80a6f633/library/std/src/panic.rs:347:9
[INFO] [stdout]   46:     0x557aa46dc300 - std::panicking::try::do_call::hd36aef60f84b6d36
[INFO] [stdout]                                at /rustc/a178d0322ce20e33eac124758e837cbd80a6f633/library/std/src/panicking.rs:401:40
[INFO] [stdout]   47:     0x557aa46dc300 - std::panicking::try::h9932b4480e69817c
[INFO] [stdout]                                at /rustc/a178d0322ce20e33eac124758e837cbd80a6f633/library/std/src/panicking.rs:365:19
[INFO] [stdout]   48:     0x557aa46dc300 - std::panic::catch_unwind::h6aa177099cfff5f8
[INFO] [stdout]                                at /rustc/a178d0322ce20e33eac124758e837cbd80a6f633/library/std/src/panic.rs:434:14
[INFO] [stdout]   49:     0x557aa46dc300 - test::run_test_in_process::h5884d6f2d99e20c3
[INFO] [stdout]                                at /rustc/a178d0322ce20e33eac124758e837cbd80a6f633/library/test/src/lib.rs:600:18
[INFO] [stdout]   50:     0x557aa46dc300 - test::run_test::run_test_inner::{{closure}}::h6fdc58c6d5f5b6e3
[INFO] [stdout]                                at /rustc/a178d0322ce20e33eac124758e837cbd80a6f633/library/test/src/lib.rs:492:39
[INFO] [stdout]   51:     0x557aa46b59b2 - test::run_test::run_test_inner::{{closure}}::h408365d67a78ade8
[INFO] [stdout]                                at /rustc/a178d0322ce20e33eac124758e837cbd80a6f633/library/test/src/lib.rs:519:37
[INFO] [stdout]   52:     0x557aa46b59b2 - std::sys_common::backtrace::__rust_begin_short_backtrace::hb560b77c4f701523
[INFO] [stdout]                                at /rustc/a178d0322ce20e33eac124758e837cbd80a6f633/library/std/src/sys_common/backtrace.rs:125:18
[INFO] [stdout]   53:     0x557aa46b9568 - std::thread::Builder::spawn_unchecked::{{closure}}::{{closure}}::hf2e7831dad93c597
[INFO] [stdout]                                at /rustc/a178d0322ce20e33eac124758e837cbd80a6f633/library/std/src/thread/mod.rs:481:17
[INFO] [stdout]   54:     0x557aa46b9568 - <std::panic::AssertUnwindSafe<F> as core::ops::function::FnOnce<()>>::call_once::hd2e08783d8be4d02
[INFO] [stdout]                                at /rustc/a178d0322ce20e33eac124758e837cbd80a6f633/library/std/src/panic.rs:347:9
[INFO] [stdout]   55:     0x557aa46b9568 - std::panicking::try::do_call::h062597b7acfd6b82
[INFO] [stdout]                                at /rustc/a178d0322ce20e33eac124758e837cbd80a6f633/library/std/src/panicking.rs:401:40
[INFO] [stdout]   56:     0x557aa46b9568 - std::panicking::try::h0d7b79db04c14552
[INFO] [stdout]                                at /rustc/a178d0322ce20e33eac124758e837cbd80a6f633/library/std/src/panicking.rs:365:19
[INFO] [stdout]   57:     0x557aa46b9568 - std::panic::catch_unwind::hb01a0b5e7c8cd43b
[INFO] [stdout]                                at /rustc/a178d0322ce20e33eac124758e837cbd80a6f633/library/std/src/panic.rs:434:14
[INFO] [stdout]   58:     0x557aa46b9568 - std::thread::Builder::spawn_unchecked::{{closure}}::h5bde48cc887e0d1e
[INFO] [stdout]                                at /rustc/a178d0322ce20e33eac124758e837cbd80a6f633/library/std/src/thread/mod.rs:480:30
[INFO] [stdout]   59:     0x557aa46b9568 - core::ops::function::FnOnce::call_once{{vtable.shim}}::h745ea30807a29e55
[INFO] [stdout]                                at /rustc/a178d0322ce20e33eac124758e837cbd80a6f633/library/core/src/ops/function.rs:227:5
[INFO] [stdout]   60:     0x557aa5168827 - <alloc::boxed::Box<F,A> as core::ops::function::FnOnce<Args>>::call_once::h7ece6cfefaff1005
[INFO] [stdout]                                at /rustc/a178d0322ce20e33eac124758e837cbd80a6f633/library/alloc/src/boxed.rs:1575:9
[INFO] [stdout]   61:     0x557aa5168827 - <alloc::boxed::Box<F,A> as core::ops::function::FnOnce<Args>>::call_once::hb8b48e55c21f193e
[INFO] [stdout]                                at /rustc/a178d0322ce20e33eac124758e837cbd80a6f633/library/alloc/src/boxed.rs:1575:9
[INFO] [stdout]   62:     0x557aa5168827 - std::sys::unix::thread::Thread::new::thread_start::h8c7c4450dba62914
[INFO] [stdout]                                at /rustc/a178d0322ce20e33eac124758e837cbd80a6f633/library/std/src/sys/unix/thread.rs:71:17
[INFO] [stdout]   63:     0x7fcd63f80609 - start_thread
[INFO] [stdout]   64:     0x7fcd63d58293 - clone
[INFO] [stdout]   65:                0x0 - <unknown>
[INFO] [stdout] 
[INFO] [stdout] ---- structures_ddb::tests_ddb::tests_ddb::test_dynamodb_list_listitems_new_update_delete stdout ----
[INFO] [stdout] 2021-08-08 16:41:48,898 DEBUG [pgsql_zero::structures_ddb::tests_ddb::tests_ddb] test_dynamodb_functions started
[INFO] [stdout] 2021-08-08 16:41:48,913 DEBUG [pgsql_zero::utils] simple_logger::init failed attempted to set a logger after the logging system was already initialized
[INFO] [stdout] 2021-08-08 16:41:48,913 DEBUG [pgsql_zero::structures_ddb::tests_ddb::tests_ddb::test_helpers] init_db_clients started
[INFO] [stdout] 2021-08-08 16:41:48,967 DEBUG [pgsql_zero::structures_ddb::tests_ddb::tests_ddb::test_helpers] ddb_client created
[INFO] [stdout] thread 'structures_ddb::tests_ddb::tests_ddb::test_dynamodb_list_listitems_new_update_delete' panicked at 'Env var DB_NAME: NotPresent', src/utils.rs:19:35
[INFO] [stdout] stack backtrace:
[INFO] [stdout]    0:     0x557aa5160b30 - std::backtrace_rs::backtrace::libunwind::trace::h34055254b57d8e79
[INFO] [stdout]                                at /rustc/a178d0322ce20e33eac124758e837cbd80a6f633/library/std/src/../../backtrace/src/backtrace/libunwind.rs:90:5
[INFO] [stdout]    1:     0x557aa5160b30 - std::backtrace_rs::backtrace::trace_unsynchronized::h8f1e3fbd9afff6ec
[INFO] [stdout]                                at /rustc/a178d0322ce20e33eac124758e837cbd80a6f633/library/std/src/../../backtrace/src/backtrace/mod.rs:66:5
[INFO] [stdout]    2:     0x557aa5160b30 - std::sys_common::backtrace::_print_fmt::h3a99a796b770c360
[INFO] [stdout]                                at /rustc/a178d0322ce20e33eac124758e837cbd80a6f633/library/std/src/sys_common/backtrace.rs:67:5
[INFO] [stdout]    3:     0x557aa5160b30 - <std::sys_common::backtrace::_print::DisplayBacktrace as core::fmt::Display>::fmt::h32d1f94a80615d18
[INFO] [stdout]                                at /rustc/a178d0322ce20e33eac124758e837cbd80a6f633/library/std/src/sys_common/backtrace.rs:46:22
[INFO] [stdout]    4:     0x557aa51844dc - core::fmt::write::h306731c068f7162c
[INFO] [stdout]                                at /rustc/a178d0322ce20e33eac124758e837cbd80a6f633/library/core/src/fmt/mod.rs:1110:17
[INFO] [stdout]    5:     0x557aa515a355 - std::io::Write::write_fmt::h87f19b0a2cd190bc
[INFO] [stdout]                                at /rustc/a178d0322ce20e33eac124758e837cbd80a6f633/library/std/src/io/mod.rs:1588:15
[INFO] [stdout]    6:     0x557aa5162d2b - std::sys_common::backtrace::_print::h5abaa2601a852287
[INFO] [stdout]                                at /rustc/a178d0322ce20e33eac124758e837cbd80a6f633/library/std/src/sys_common/backtrace.rs:49:5
[INFO] [stdout]    7:     0x557aa5162d2b - std::sys_common::backtrace::print::h8d81445442bb638f
[INFO] [stdout]                                at /rustc/a178d0322ce20e33eac124758e837cbd80a6f633/library/std/src/sys_common/backtrace.rs:36:9
[INFO] [stdout]    8:     0x557aa5162d2b - std::panicking::default_hook::{{closure}}::hcfe804496a9fa747
[INFO] [stdout]                                at /rustc/a178d0322ce20e33eac124758e837cbd80a6f633/library/std/src/panicking.rs:208:50
[INFO] [stdout]    9:     0x557aa516283c - std::panicking::default_hook::hbea8e3ccf2ba8901
[INFO] [stdout]                                at /rustc/a178d0322ce20e33eac124758e837cbd80a6f633/library/std/src/panicking.rs:222:9
[INFO] [stdout]   10:     0x557aa51633f4 - std::panicking::rust_panic_with_hook::h7ee9e1a2d0f8975a
[INFO] [stdout]                                at /rustc/a178d0322ce20e33eac124758e837cbd80a6f633/library/std/src/panicking.rs:622:17
[INFO] [stdout]   11:     0x557aa5162ed7 - std::panicking::begin_panic_handler::{{closure}}::h8ab3b4491718b2c7
[INFO] [stdout]                                at /rustc/a178d0322ce20e33eac124758e837cbd80a6f633/library/std/src/panicking.rs:519:13
[INFO] [stdout]   12:     0x557aa516102c - std::sys_common::backtrace::__rust_end_short_backtrace::hd489062ffa586a9f
[INFO] [stdout]                                at /rustc/a178d0322ce20e33eac124758e837cbd80a6f633/library/std/src/sys_common/backtrace.rs:141:18
[INFO] [stdout]   13:     0x557aa5162e39 - rust_begin_unwind
[INFO] [stdout]                                at /rustc/a178d0322ce20e33eac124758e837cbd80a6f633/library/std/src/panicking.rs:515:5
[INFO] [stdout]   14:     0x557aa4621d31 - core::panicking::panic_fmt::hca6330e3e14086b4
[INFO] [stdout]                                at /rustc/a178d0322ce20e33eac124758e837cbd80a6f633/library/core/src/panicking.rs:92:14
[INFO] [stdout]   15:     0x557aa4621e23 - core::result::unwrap_failed::h6160d2b4bfbb0e87
[INFO] [stdout]                                at /rustc/a178d0322ce20e33eac124758e837cbd80a6f633/library/core/src/result.rs:1355:5
[INFO] [stdout]   16:     0x557aa466d62f - core::result::Result<T,E>::expect::h500176c817ec9088
[INFO] [stdout]                                at /rustc/a178d0322ce20e33eac124758e837cbd80a6f633/library/core/src/result.rs:997:23
[INFO] [stdout]   17:     0x557aa4637ea0 - pgsql_zero::utils::load_db_config::h713bcc80dd45546a
[INFO] [stdout]                                at /opt/rustwide/workdir/src/utils.rs:19:19
[INFO] [stdout]   18:     0x557aa463a40c - pgsql_zero::utils::get_pg_client::{{closure}}::h076f7b9b0bb4f4d5
[INFO] [stdout]                                at /opt/rustwide/workdir/src/utils.rs:133:57
[INFO] [stdout]   19:     0x557aa4672939 - <core::future::from_generator::GenFuture<T> as core::future::future::Future>::poll::h99646f0831a9b59c
[INFO] [stdout]                                at /rustc/a178d0322ce20e33eac124758e837cbd80a6f633/library/core/src/future/mod.rs:80:19
[INFO] [stdout]   20:     0x557aa466b0c7 - pgsql_zero::structures_ddb::tests_ddb::tests_ddb::test_helpers::init_db_clients::{{closure}}::h9e98c6f0471d779c
[INFO] [stdout]                                at /opt/rustwide/workdir/src/./structures_ddb_test.rs:256:29
[INFO] [stdout]   21:     0x557aa4672fe7 - <core::future::from_generator::GenFuture<T> as core::future::future::Future>::poll::hb227a9da29fb391d
[INFO] [stdout]                                at /rustc/a178d0322ce20e33eac124758e837cbd80a6f633/library/core/src/future/mod.rs:80:19
[INFO] [stdout]   22:     0x557aa4629e10 - pgsql_zero::structures_ddb::tests_ddb::tests_ddb::test_dynamodb_list_listitems_new_update_delete::{{closure}}::hafe3ed24c23c8bc6
[INFO] [stdout]                                at /opt/rustwide/workdir/src/./structures_ddb_test.rs:14:39
[INFO] [stdout]   23:     0x557aa4673b2b - <core::future::from_generator::GenFuture<T> as core::future::future::Future>::poll::hf3d359a275213f6b
[INFO] [stdout]                                at /rustc/a178d0322ce20e33eac124758e837cbd80a6f633/library/core/src/future/mod.rs:80:19
[INFO] [stdout]   24:     0x557aa4683120 - tokio::runtime::basic_scheduler::BasicScheduler<P>::block_on::{{closure}}::{{closure}}::h1352bd9d03b10f35
[INFO] [stdout]                                at /opt/rustwide/cargo-home/registry/src/github.com-1ecc6299db9ec823/tokio-0.2.21/src/runtime/basic_scheduler.rs:131:58
[INFO] [stdout]   25:     0x557aa46545dc - tokio::coop::with_budget::{{closure}}::h891fb7801b4ae8b2
[INFO] [stdout]                                at /opt/rustwide/cargo-home/registry/src/github.com-1ecc6299db9ec823/tokio-0.2.21/src/coop.rs:127:9
[INFO] [stdout]   26:     0x557aa463fb31 - std::thread::local::LocalKey<T>::try_with::hf4eddd553e0707be
[INFO] [stdout]                                at /rustc/a178d0322ce20e33eac124758e837cbd80a6f633/library/std/src/thread/local.rs:400:16
[INFO] [stdout]   27:     0x557aa463dd2d - std::thread::local::LocalKey<T>::with::h4b6adc0fed8e1980
[INFO] [stdout]                                at /rustc/a178d0322ce20e33eac124758e837cbd80a6f633/library/std/src/thread/local.rs:376:9
[INFO] [stdout]   28:     0x557aa4682271 - tokio::coop::with_budget::hd213d0045a572f47
[INFO] [stdout]                                at /opt/rustwide/cargo-home/registry/src/github.com-1ecc6299db9ec823/tokio-0.2.21/src/coop.rs:120:5
[INFO] [stdout]   29:     0x557aa4682271 - tokio::coop::budget::h096bae969b3442ef
[INFO] [stdout]                                at /opt/rustwide/cargo-home/registry/src/github.com-1ecc6299db9ec823/tokio-0.2.21/src/coop.rs:96:5
[INFO] [stdout]   30:     0x557aa4682271 - tokio::runtime::basic_scheduler::BasicScheduler<P>::block_on::{{closure}}::ha2078ed9cf595fe7
[INFO] [stdout]                                at /opt/rustwide/cargo-home/registry/src/github.com-1ecc6299db9ec823/tokio-0.2.21/src/runtime/basic_scheduler.rs:131:35
[INFO] [stdout]   31:     0x557aa46844f7 - tokio::runtime::basic_scheduler::enter::{{closure}}::hf2ffa748900ff09f
[INFO] [stdout]                                at /opt/rustwide/cargo-home/registry/src/github.com-1ecc6299db9ec823/tokio-0.2.21/src/runtime/basic_scheduler.rs:213:29
[INFO] [stdout]   32:     0x557aa46665f6 - tokio::macros::scoped_tls::ScopedKey<T>::set::ha955970d98b505d6
[INFO] [stdout]                                at /opt/rustwide/cargo-home/registry/src/github.com-1ecc6299db9ec823/tokio-0.2.21/src/macros/scoped_tls.rs:63:9
[INFO] [stdout]   33:     0x557aa46838b4 - tokio::runtime::basic_scheduler::enter::h3522ec9274f859ec
[INFO] [stdout]                                at /opt/rustwide/cargo-home/registry/src/github.com-1ecc6299db9ec823/tokio-0.2.21/src/runtime/basic_scheduler.rs:213:5
[INFO] [stdout]   34:     0x557aa4680e36 - tokio::runtime::basic_scheduler::BasicScheduler<P>::block_on::h4a69b0c76b2d3ebf
[INFO] [stdout]                                at /opt/rustwide/cargo-home/registry/src/github.com-1ecc6299db9ec823/tokio-0.2.21/src/runtime/basic_scheduler.rs:123:9
[INFO] [stdout]   35:     0x557aa468487a - tokio::runtime::Runtime::block_on::{{closure}}::h1d2be8bc46434ffb
[INFO] [stdout]                                at /opt/rustwide/cargo-home/registry/src/github.com-1ecc6299db9ec823/tokio-0.2.21/src/runtime/mod.rs:444:34
[INFO] [stdout]   36:     0x557aa46677c8 - tokio::runtime::context::enter::h845fd5828296c018
[INFO] [stdout]                                at /opt/rustwide/cargo-home/registry/src/github.com-1ecc6299db9ec823/tokio-0.2.21/src/runtime/context.rs:72:5
[INFO] [stdout]   37:     0x557aa46a48f0 - tokio::runtime::handle::Handle::enter::hd4d1966ca29a3ef5
[INFO] [stdout]                                at /opt/rustwide/cargo-home/registry/src/github.com-1ecc6299db9ec823/tokio-0.2.21/src/runtime/handle.rs:76:9
[INFO] [stdout]   38:     0x557aa46846a3 - tokio::runtime::Runtime::block_on::ha2f0fd5f60aabcc9
[INFO] [stdout]                                at /opt/rustwide/cargo-home/registry/src/github.com-1ecc6299db9ec823/tokio-0.2.21/src/runtime/mod.rs:441:9
[INFO] [stdout]   39:     0x557aa462981b - pgsql_zero::structures_ddb::tests_ddb::tests_ddb::test_dynamodb_list_listitems_new_update_delete::h7ee95eaea6875a7f
[INFO] [stdout]                                at /opt/rustwide/workdir/src/./structures_ddb_test.rs:9:5
[INFO] [stdout]   40:     0x557aa462972a - pgsql_zero::structures_ddb::tests_ddb::tests_ddb::test_dynamodb_list_listitems_new_update_delete::{{closure}}::h88445039d2ff08c1
[INFO] [stdout]                                at /opt/rustwide/workdir/src/./structures_ddb_test.rs:9:5
[INFO] [stdout]   41:     0x557aa46745ee - core::ops::function::FnOnce::call_once::h0fdff2a0e9f1d116
[INFO] [stdout]                                at /rustc/a178d0322ce20e33eac124758e837cbd80a6f633/library/core/src/ops/function.rs:227:5
[INFO] [stdout]   42:     0x557aa46dd843 - core::ops::function::FnOnce::call_once::h152e7e439ff59e19
[INFO] [stdout]                                at /rustc/a178d0322ce20e33eac124758e837cbd80a6f633/library/core/src/ops/function.rs:227:5
[INFO] [stdout]   43:     0x557aa46dd843 - test::__rust_begin_short_backtrace::h0908f3b1fdbb72ab
[INFO] [stdout]                                at /rustc/a178d0322ce20e33eac124758e837cbd80a6f633/library/test/src/lib.rs:577:5
[INFO] [stdout]   44:     0x557aa46dc300 - <alloc::boxed::Box<F,A> as core::ops::function::FnOnce<Args>>::call_once::hf6d2a51e5587546c
[INFO] [stdout]                                at /rustc/a178d0322ce20e33eac124758e837cbd80a6f633/library/alloc/src/boxed.rs:1575:9
[INFO] [stdout]   45:     0x557aa46dc300 - <std::panic::AssertUnwindSafe<F> as core::ops::function::FnOnce<()>>::call_once::h8af660f3a89ef593
[INFO] [stdout]                                at /rustc/a178d0322ce20e33eac124758e837cbd80a6f633/library/std/src/panic.rs:347:9
[INFO] [stdout]   46:     0x557aa46dc300 - std::panicking::try::do_call::hd36aef60f84b6d36
[INFO] [stdout]                                at /rustc/a178d0322ce20e33eac124758e837cbd80a6f633/library/std/src/panicking.rs:401:40
[INFO] [stdout]   47:     0x557aa46dc300 - std::panicking::try::h9932b4480e69817c
[INFO] [stdout]                                at /rustc/a178d0322ce20e33eac124758e837cbd80a6f633/library/std/src/panicking.rs:365:19
[INFO] [stdout]   48:     0x557aa46dc300 - std::panic::catch_unwind::h6aa177099cfff5f8
[INFO] [stdout]                                at /rustc/a178d0322ce20e33eac124758e837cbd80a6f633/library/std/src/panic.rs:434:14
[INFO] [stdout]   49:     0x557aa46dc300 - test::run_test_in_process::h5884d6f2d99e20c3
[INFO] [stdout]                                at /rustc/a178d0322ce20e33eac124758e837cbd80a6f633/library/test/src/lib.rs:600:18
[INFO] [stdout]   50:     0x557aa46dc300 - test::run_test::run_test_inner::{{closure}}::h6fdc58c6d5f5b6e3
[INFO] [stdout]                                at /rustc/a178d0322ce20e33eac124758e837cbd80a6f633/library/test/src/lib.rs:492:39
[INFO] [stdout]   51:     0x557aa46b59b2 - test::run_test::run_test_inner::{{closure}}::h408365d67a78ade8
[INFO] [stdout]                                at /rustc/a178d0322ce20e33eac124758e837cbd80a6f633/library/test/src/lib.rs:519:37
[INFO] [stdout]   52:     0x557aa46b59b2 - std::sys_common::backtrace::__rust_begin_short_backtrace::hb560b77c4f701523
[INFO] [stdout]                                at /rustc/a178d0322ce20e33eac124758e837cbd80a6f633/library/std/src/sys_common/backtrace.rs:125:18
[INFO] [stdout]   53:     0x557aa46b9568 - std::thread::Builder::spawn_unchecked::{{closure}}::{{closure}}::hf2e7831dad93c597
[INFO] [stdout]                                at /rustc/a178d0322ce20e33eac124758e837cbd80a6f633/library/std/src/thread/mod.rs:481:17
[INFO] [stdout]   54:     0x557aa46b9568 - <std::panic::AssertUnwindSafe<F> as core::ops::function::FnOnce<()>>::call_once::hd2e08783d8be4d02
[INFO] [stdout]                                at /rustc/a178d0322ce20e33eac124758e837cbd80a6f633/library/std/src/panic.rs:347:9
[INFO] [stdout]   55:     0x557aa46b9568 - std::panicking::try::do_call::h062597b7acfd6b82
[INFO] [stdout]                                at /rustc/a178d0322ce20e33eac124758e837cbd80a6f633/library/std/src/panicking.rs:401:40
[INFO] [stdout]   56:     0x557aa46b9568 - std::panicking::try::h0d7b79db04c14552
[INFO] [stdout]                                at /rustc/a178d0322ce20e33eac124758e837cbd80a6f633/library/std/src/panicking.rs:365:19
[INFO] [stdout]   57:     0x557aa46b9568 - std::panic::catch_unwind::hb01a0b5e7c8cd43b
[INFO] [stdout]                                at /rustc/a178d0322ce20e33eac124758e837cbd80a6f633/library/std/src/panic.rs:434:14
[INFO] [stdout]   58:     0x557aa46b9568 - std::thread::Builder::spawn_unchecked::{{closure}}::h5bde48cc887e0d1e
[INFO] [stdout]                                at /rustc/a178d0322ce20e33eac124758e837cbd80a6f633/library/std/src/thread/mod.rs:480:30
[INFO] [stdout]   59:     0x557aa46b9568 - core::ops::function::FnOnce::call_once{{vtable.shim}}::h745ea30807a29e55
[INFO] [stdout]                                at /rustc/a178d0322ce20e33eac124758e837cbd80a6f633/library/core/src/ops/function.rs:227:5
[INFO] [stdout]   60:     0x557aa5168827 - <alloc::boxed::Box<F,A> as core::ops::function::FnOnce<Args>>::call_once::h7ece6cfefaff1005
[INFO] [stdout]                                at /rustc/a178d0322ce20e33eac124758e837cbd80a6f633/library/alloc/src/boxed.rs:1575:9
[INFO] [stdout]   61:     0x557aa5168827 - <alloc::boxed::Box<F,A> as core::ops::function::FnOnce<Args>>::call_once::hb8b48e55c21f193e
[INFO] [stdout]                                at /rustc/a178d0322ce20e33eac124758e837cbd80a6f633/library/alloc/src/boxed.rs:1575:9
[INFO] [stdout]   62:     0x557aa5168827 - std::sys::unix::thread::Thread::new::thread_start::h8c7c4450dba62914
[INFO] [stdout]                                at /rustc/a178d0322ce20e33eac124758e837cbd80a6f633/library/std/src/sys/unix/thread.rs:71:17
[INFO] [stdout]   63:     0x7fcd63f80609 - start_thread
[INFO] [stdout]   64:     0x7fcd63d58293 - clone
[INFO] [stdout]   65:                0x0 - <unknown>
[INFO] [stdout] 
[INFO] [stdout] ---- structures_ddb::tests_ddb::tests_ddb::test_dynamodb_get_user_lists stdout ----
[INFO] [stdout] 2021-08-08 16:41:48,901 DEBUG [pgsql_zero::structures_ddb::tests_ddb::tests_ddb] test_dynamodb_get_user_lists started
[INFO] [stdout] 2021-08-08 16:41:48,902 DEBUG [pgsql_zero::utils] simple_logger::init failed attempted to set a logger after the logging system was already initialized
[INFO] [stdout] 2021-08-08 16:41:48,902 DEBUG [pgsql_zero::structures_ddb::tests_ddb::tests_ddb::test_helpers] init_db_clients started
[INFO] [stdout] 2021-08-08 16:41:48,967 DEBUG [pgsql_zero::structures_ddb::tests_ddb::tests_ddb::test_helpers] ddb_client created
[INFO] [stdout] thread 'structures_ddb::tests_ddb::tests_ddb::test_dynamodb_get_user_lists' panicked at 'Env var DB_NAME: NotPresent', src/utils.rs:19:35
[INFO] [stdout] stack backtrace:
[INFO] [stdout]    0:     0x557aa5160b30 - std::backtrace_rs::backtrace::libunwind::trace::h34055254b57d8e79
[INFO] [stdout]                                at /rustc/a178d0322ce20e33eac124758e837cbd80a6f633/library/std/src/../../backtrace/src/backtrace/libunwind.rs:90:5
[INFO] [stdout]    1:     0x557aa5160b30 - std::backtrace_rs::backtrace::trace_unsynchronized::h8f1e3fbd9afff6ec
[INFO] [stdout]                                at /rustc/a178d0322ce20e33eac124758e837cbd80a6f633/library/std/src/../../backtrace/src/backtrace/mod.rs:66:5
[INFO] [stdout]    2:     0x557aa5160b30 - std::sys_common::backtrace::_print_fmt::h3a99a796b770c360
[INFO] [stdout]                                at /rustc/a178d0322ce20e33eac124758e837cbd80a6f633/library/std/src/sys_common/backtrace.rs:67:5
[INFO] [stdout]    3:     0x557aa5160b30 - <std::sys_common::backtrace::_print::DisplayBacktrace as core::fmt::Display>::fmt::h32d1f94a80615d18
[INFO] [stdout]                                at /rustc/a178d0322ce20e33eac124758e837cbd80a6f633/library/std/src/sys_common/backtrace.rs:46:22
[INFO] [stdout]    4:     0x557aa51844dc - core::fmt::write::h306731c068f7162c
[INFO] [stdout]                                at /rustc/a178d0322ce20e33eac124758e837cbd80a6f633/library/core/src/fmt/mod.rs:1110:17
[INFO] [stdout]    5:     0x557aa515a355 - std::io::Write::write_fmt::h87f19b0a2cd190bc
[INFO] [stdout]                                at /rustc/a178d0322ce20e33eac124758e837cbd80a6f633/library/std/src/io/mod.rs:1588:15
[INFO] [stdout]    6:     0x557aa5162d2b - std::sys_common::backtrace::_print::h5abaa2601a852287
[INFO] [stdout]                                at /rustc/a178d0322ce20e33eac124758e837cbd80a6f633/library/std/src/sys_common/backtrace.rs:49:5
[INFO] [stdout]    7:     0x557aa5162d2b - std::sys_common::backtrace::print::h8d81445442bb638f
[INFO] [stdout]                                at /rustc/a178d0322ce20e33eac124758e837cbd80a6f633/library/std/src/sys_common/backtrace.rs:36:9
[INFO] [stdout]    8:     0x557aa5162d2b - std::panicking::default_hook::{{closure}}::hcfe804496a9fa747
[INFO] [stdout]                                at /rustc/a178d0322ce20e33eac124758e837cbd80a6f633/library/std/src/panicking.rs:208:50
[INFO] [stdout]    9:     0x557aa516283c - std::panicking::default_hook::hbea8e3ccf2ba8901
[INFO] [stdout]                                at /rustc/a178d0322ce20e33eac124758e837cbd80a6f633/library/std/src/panicking.rs:222:9
[INFO] [stdout]   10:     0x557aa51633f4 - std::panicking::rust_panic_with_hook::h7ee9e1a2d0f8975a
[INFO] [stdout]                                at /rustc/a178d0322ce20e33eac124758e837cbd80a6f633/library/std/src/panicking.rs:622:17
[INFO] [stdout]   11:     0x557aa5162ed7 - std::panicking::begin_panic_handler::{{closure}}::h8ab3b4491718b2c7
[INFO] [stdout]                                at /rustc/a178d0322ce20e33eac124758e837cbd80a6f633/library/std/src/panicking.rs:519:13
[INFO] [stdout]   12:     0x557aa516102c - std::sys_common::backtrace::__rust_end_short_backtrace::hd489062ffa586a9f
[INFO] [stdout]                                at /rustc/a178d0322ce20e33eac124758e837cbd80a6f633/library/std/src/sys_common/backtrace.rs:141:18
[INFO] [stdout]   13:     0x557aa5162e39 - rust_begin_unwind
[INFO] [stdout]                                at /rustc/a178d0322ce20e33eac124758e837cbd80a6f633/library/std/src/panicking.rs:515:5
[INFO] [stdout]   14:     0x557aa4621d31 - core::panicking::panic_fmt::hca6330e3e14086b4
[INFO] [stdout]                                at /rustc/a178d0322ce20e33eac124758e837cbd80a6f633/library/core/src/panicking.rs:92:14
[INFO] [stdout]   15:     0x557aa4621e23 - core::result::unwrap_failed::h6160d2b4bfbb0e87
[INFO] [stdout]                                at /rustc/a178d0322ce20e33eac124758e837cbd80a6f633/library/core/src/result.rs:1355:5
[INFO] [stdout]   16:     0x557aa466d62f - core::result::Result<T,E>::expect::h500176c817ec9088
[INFO] [stdout]                                at /rustc/a178d0322ce20e33eac124758e837cbd80a6f633/library/core/src/result.rs:997:23
[INFO] [stdout]   17:     0x557aa4637ea0 - pgsql_zero::utils::load_db_config::h713bcc80dd45546a
[INFO] [stdout]                                at /opt/rustwide/workdir/src/utils.rs:19:19
[INFO] [stdout]   18:     0x557aa463a40c - pgsql_zero::utils::get_pg_client::{{closure}}::h076f7b9b0bb4f4d5
[INFO] [stdout]                                at /opt/rustwide/workdir/src/utils.rs:133:57
[INFO] [stdout]   19:     0x557aa4672939 - <core::future::from_generator::GenFuture<T> as core::future::future::Future>::poll::h99646f0831a9b59c
[INFO] [stdout]                                at /rustc/a178d0322ce20e33eac124758e837cbd80a6f633/library/core/src/future/mod.rs:80:19
[INFO] [stdout]   20:     0x557aa466b0c7 - pgsql_zero::structures_ddb::tests_ddb::tests_ddb::test_helpers::init_db_clients::{{closure}}::h9e98c6f0471d779c
[INFO] [stdout]                                at /opt/rustwide/workdir/src/./structures_ddb_test.rs:256:29
[INFO] [stdout]   21:     0x557aa4672fe7 - <core::future::from_generator::GenFuture<T> as core::future::future::Future>::poll::hb227a9da29fb391d
[INFO] [stdout]                                at /rustc/a178d0322ce20e33eac124758e837cbd80a6f633/library/core/src/future/mod.rs:80:19
[INFO] [stdout]   22:     0x557aa462d709 - pgsql_zero::structures_ddb::tests_ddb::tests_ddb::test_dynamodb_get_user_lists::{{closure}}::hdcd6181caf862198
[INFO] [stdout]                                at /opt/rustwide/workdir/src/./structures_ddb_test.rs:120:39
[INFO] [stdout]   23:     0x557aa467239b - <core::future::from_generator::GenFuture<T> as core::future::future::Future>::poll::h8b9018062ea6b5b3
[INFO] [stdout]                                at /rustc/a178d0322ce20e33eac124758e837cbd80a6f633/library/core/src/future/mod.rs:80:19
[INFO] [stdout]   24:     0x557aa4683560 - tokio::runtime::basic_scheduler::BasicScheduler<P>::block_on::{{closure}}::{{closure}}::hdafe362692ff1c8d
[INFO] [stdout]                                at /opt/rustwide/cargo-home/registry/src/github.com-1ecc6299db9ec823/tokio-0.2.21/src/runtime/basic_scheduler.rs:131:58
[INFO] [stdout]   25:     0x557aa4653fec - tokio::coop::with_budget::{{closure}}::h213cbbe6c7727984
[INFO] [stdout]                                at /opt/rustwide/cargo-home/registry/src/github.com-1ecc6299db9ec823/tokio-0.2.21/src/coop.rs:127:9
[INFO] [stdout]   26:     0x557aa463f4a1 - std::thread::local::LocalKey<T>::try_with::hcd36a65a350a379f
[INFO] [stdout]                                at /rustc/a178d0322ce20e33eac124758e837cbd80a6f633/library/std/src/thread/local.rs:400:16
[INFO] [stdout]   27:     0x557aa463e22d - std::thread::local::LocalKey<T>::with::hff159b32d7865e46
[INFO] [stdout]                                at /rustc/a178d0322ce20e33eac124758e837cbd80a6f633/library/std/src/thread/local.rs:376:9
[INFO] [stdout]   28:     0x557aa4681191 - tokio::coop::with_budget::hbfd7cce9a2a6e3ea
[INFO] [stdout]                                at /opt/rustwide/cargo-home/registry/src/github.com-1ecc6299db9ec823/tokio-0.2.21/src/coop.rs:120:5
[INFO] [stdout]   29:     0x557aa4681191 - tokio::coop::budget::h36fc289ce29fa24d
[INFO] [stdout]                                at /opt/rustwide/cargo-home/registry/src/github.com-1ecc6299db9ec823/tokio-0.2.21/src/coop.rs:96:5
[INFO] [stdout]   30:     0x557aa4681191 - tokio::runtime::basic_scheduler::BasicScheduler<P>::block_on::{{closure}}::h4883b20ab628c719
[INFO] [stdout]                                at /opt/rustwide/cargo-home/registry/src/github.com-1ecc6299db9ec823/tokio-0.2.21/src/runtime/basic_scheduler.rs:131:35
[INFO] [stdout]   31:     0x557aa4684561 - tokio::runtime::basic_scheduler::enter::{{closure}}::hf691e2fd7b73ba84
[INFO] [stdout]                                at /opt/rustwide/cargo-home/registry/src/github.com-1ecc6299db9ec823/tokio-0.2.21/src/runtime/basic_scheduler.rs:213:29
[INFO] [stdout]   32:     0x557aa46664d0 - tokio::macros::scoped_tls::ScopedKey<T>::set::h1267a599445c8960
[INFO] [stdout]                                at /opt/rustwide/cargo-home/registry/src/github.com-1ecc6299db9ec823/tokio-0.2.21/src/macros/scoped_tls.rs:63:9
[INFO] [stdout]   33:     0x557aa4683fd4 - tokio::runtime::basic_scheduler::enter::hb2d138a09496d0be
[INFO] [stdout]                                at /opt/rustwide/cargo-home/registry/src/github.com-1ecc6299db9ec823/tokio-0.2.21/src/runtime/basic_scheduler.rs:213:5
[INFO] [stdout]   34:     0x557aa4680df0 - tokio::runtime::basic_scheduler::BasicScheduler<P>::block_on::h1a49dc356dc4b897
[INFO] [stdout]                                at /opt/rustwide/cargo-home/registry/src/github.com-1ecc6299db9ec823/tokio-0.2.21/src/runtime/basic_scheduler.rs:123:9
[INFO] [stdout]   35:     0x557aa4684aba - tokio::runtime::Runtime::block_on::{{closure}}::hbc37f181d8aae93e
[INFO] [stdout]                                at /opt/rustwide/cargo-home/registry/src/github.com-1ecc6299db9ec823/tokio-0.2.21/src/runtime/mod.rs:444:34
[INFO] [stdout]   36:     0x557aa46679b2 - tokio::runtime::context::enter::he83313a6a1554fad
[INFO] [stdout]                                at /opt/rustwide/cargo-home/registry/src/github.com-1ecc6299db9ec823/tokio-0.2.21/src/runtime/context.rs:72:5
[INFO] [stdout]   37:     0x557aa46a49aa - tokio::runtime::handle::Handle::enter::hf02a6ea63a934c88
[INFO] [stdout]                                at /opt/rustwide/cargo-home/registry/src/github.com-1ecc6299db9ec823/tokio-0.2.21/src/runtime/handle.rs:76:9
[INFO] [stdout]   38:     0x557aa46846fd - tokio::runtime::Runtime::block_on::hc17b23a61c558db4
[INFO] [stdout]                                at /opt/rustwide/cargo-home/registry/src/github.com-1ecc6299db9ec823/tokio-0.2.21/src/runtime/mod.rs:441:9
[INFO] [stdout]   39:     0x557aa462d07b - pgsql_zero::structures_ddb::tests_ddb::tests_ddb::test_dynamodb_get_user_lists::he70d87f992689102
[INFO] [stdout]                                at /opt/rustwide/workdir/src/./structures_ddb_test.rs:115:5
[INFO] [stdout]   40:     0x557aa462cf8a - pgsql_zero::structures_ddb::tests_ddb::tests_ddb::test_dynamodb_get_user_lists::{{closure}}::h195ba6cf089a0e89
[INFO] [stdout]                                at /opt/rustwide/workdir/src/./structures_ddb_test.rs:115:5
[INFO] [stdout]   41:     0x557aa467479e - core::ops::function::FnOnce::call_once::h6ad6dc819ad45f53
[INFO] [stdout]                                at /rustc/a178d0322ce20e33eac124758e837cbd80a6f633/library/core/src/ops/function.rs:227:5
[INFO] [stdout]   42:     0x557aa46dd843 - core::ops::function::FnOnce::call_once::h152e7e439ff59e19
[INFO] [stdout]                                at /rustc/a178d0322ce20e33eac124758e837cbd80a6f633/library/core/src/ops/function.rs:227:5
[INFO] [stdout]   43:     0x557aa46dd843 - test::__rust_begin_short_backtrace::h0908f3b1fdbb72ab
[INFO] [stdout]                                at /rustc/a178d0322ce20e33eac124758e837cbd80a6f633/library/test/src/lib.rs:577:5
[INFO] [stdout]   44:     0x557aa46dc300 - <alloc::boxed::Box<F,A> as core::ops::function::FnOnce<Args>>::call_once::hf6d2a51e5587546c
[INFO] [stdout]                                at /rustc/a178d0322ce20e33eac124758e837cbd80a6f633/library/alloc/src/boxed.rs:1575:9
[INFO] [stdout]   45:     0x557aa46dc300 - <std::panic::AssertUnwindSafe<F> as core::ops::function::FnOnce<()>>::call_once::h8af660f3a89ef593
[INFO] [stdout]                                at /rustc/a178d0322ce20e33eac124758e837cbd80a6f633/library/std/src/panic.rs:347:9
[INFO] [stdout]   46:     0x557aa46dc300 - std::panicking::try::do_call::hd36aef60f84b6d36
[INFO] [stdout]                                at /rustc/a178d0322ce20e33eac124758e837cbd80a6f633/library/std/src/panicking.rs:401:40
[INFO] [stdout]   47:     0x557aa46dc300 - std::panicking::try::h9932b4480e69817c
[INFO] [stdout]                                at /rustc/a178d0322ce20e33eac124758e837cbd80a6f633/library/std/src/panicking.rs:365:19
[INFO] [stdout]   48:     0x557aa46dc300 - std::panic::catch_unwind::h6aa177099cfff5f8
[INFO] [stdout]                                at /rustc/a178d0322ce20e33eac124758e837cbd80a6f633/library/std/src/panic.rs:434:14
[INFO] [stdout]   49:     0x557aa46dc300 - test::run_test_in_process::h5884d6f2d99e20c3
[INFO] [stdout]                                at /rustc/a178d0322ce20e33eac124758e837cbd80a6f633/library/test/src/lib.rs:600:18
[INFO] [stdout]   50:     0x557aa46dc300 - test::run_test::run_test_inner::{{closure}}::h6fdc58c6d5f5b6e3
[INFO] [stdout]                                at /rustc/a178d0322ce20e33eac124758e837cbd80a6f633/library/test/src/lib.rs:492:39
[INFO] [stdout]   51:     0x557aa46b59b2 - test::run_test::run_test_inner::{{closure}}::h408365d67a78ade8
[INFO] [stdout]                                at /rustc/a178d0322ce20e33eac124758e837cbd80a6f633/library/test/src/lib.rs:519:37
[INFO] [stdout]   52:     0x557aa46b59b2 - std::sys_common::backtrace::__rust_begin_short_backtrace::hb560b77c4f701523
[INFO] [stdout]                                at /rustc/a178d0322ce20e33eac124758e837cbd80a6f633/library/std/src/sys_common/backtrace.rs:125:18
[INFO] [stdout]   53:     0x557aa46b9568 - std::thread::Builder::spawn_unchecked::{{closure}}::{{closure}}::hf2e7831dad93c597
[INFO] [stdout]                                at /rustc/a178d0322ce20e33eac124758e837cbd80a6f633/library/std/src/thread/mod.rs:481:17
[INFO] [stdout]   54:     0x557aa46b9568 - <std::panic::AssertUnwindSafe<F> as core::ops::function::FnOnce<()>>::call_once::hd2e08783d8be4d02
[INFO] [stdout]                                at /rustc/a178d0322ce20e33eac124758e837cbd80a6f633/library/std/src/panic.rs:347:9
[INFO] [stdout]   55:     0x557aa46b9568 - std::panicking::try::do_call::h062597b7acfd6b82
[INFO] [stdout]                                at /rustc/a178d0322ce20e33eac124758e837cbd80a6f633/library/std/src/panicking.rs:401:40
[INFO] [stdout]   56:     0x557aa46b9568 - std::panicking::try::h0d7b79db04c14552
[INFO] [stdout]                                at /rustc/a178d0322ce20e33eac124758e837cbd80a6f633/library/std/src/panicking.rs:365:19
[INFO] [stdout]   57:     0x557aa46b9568 - std::panic::catch_unwind::hb01a0b5e7c8cd43b
[INFO] [stdout]                                at /rustc/a178d0322ce20e33eac124758e837cbd80a6f633/library/std/src/panic.rs:434:14
[INFO] [stdout]   58:     0x557aa46b9568 - std::thread::Builder::spawn_unchecked::{{closure}}::h5bde48cc887e0d1e
[INFO] [stdout]                                at /rustc/a178d0322ce20e33eac124758e837cbd80a6f633/library/std/src/thread/mod.rs:480:30
[INFO] [stdout]   59:     0x557aa46b9568 - core::ops::function::FnOnce::call_once{{vtable.shim}}::h745ea30807a29e55
[INFO] [stdout]                                at /rustc/a178d0322ce20e33eac124758e837cbd80a6f633/library/core/src/ops/function.rs:227:5
[INFO] [stdout]   60:     0x557aa5168827 - <alloc::boxed::Box<F,A> as core::ops::function::FnOnce<Args>>::call_once::h7ece6cfefaff1005
[INFO] [stdout]                                at /rustc/a178d0322ce20e33eac124758e837cbd80a6f633/library/alloc/src/boxed.rs:1575:9
[INFO] [stdout]   61:     0x557aa5168827 - <alloc::boxed::Box<F,A> as core::ops::function::FnOnce<Args>>::call_once::hb8b48e55c21f193e
[INFO] [stdout]                                at /rustc/a178d0322ce20e33eac124758e837cbd80a6f633/library/alloc/src/boxed.rs:1575:9
[INFO] [stdout]   62:     0x557aa5168827 - std::sys::unix::thread::Thread::new::thread_start::h8c7c4450dba62914
[INFO] [stdout]                                at /rustc/a178d0322ce20e33eac124758e837cbd80a6f633/library/std/src/sys/unix/thread.rs:71:17
[INFO] [stdout]   63:     0x7fcd63f80609 - start_thread
[INFO] [stdout]   64:     0x7fcd63d58293 - clone
[INFO] [stdout]   65:                0x0 - <unknown>
[INFO] [stdout] 
[INFO] [stdout] ---- structures_pg::tests_pg::tests_pg::test_postgres_functions stdout ----
[INFO] [stdout] 2021-08-08 16:41:48,899 DEBUG [pgsql_zero::utils] simple_logger::init failed attempted to set a logger after the logging system was already initialized
[INFO] [stdout] 2021-08-08 16:41:48,899 DEBUG [pgsql_zero::structures_pg::tests_pg::tests_pg] main started
[INFO] [stdout] thread 'structures_pg::tests_pg::tests_pg::test_postgres_functions' panicked at 'Env var DB_NAME: NotPresent', src/utils.rs:19:35
[INFO] [stdout] stack backtrace:
[INFO] [stdout]    0:     0x557aa5160b30 - std::backtrace_rs::backtrace::libunwind::trace::h34055254b57d8e79
[INFO] [stdout]                                at /rustc/a178d0322ce20e33eac124758e837cbd80a6f633/library/std/src/../../backtrace/src/backtrace/libunwind.rs:90:5
[INFO] [stdout]    1:     0x557aa5160b30 - std::backtrace_rs::backtrace::trace_unsynchronized::h8f1e3fbd9afff6ec
[INFO] [stdout]                                at /rustc/a178d0322ce20e33eac124758e837cbd80a6f633/library/std/src/../../backtrace/src/backtrace/mod.rs:66:5
[INFO] [stdout]    2:     0x557aa5160b30 - std::sys_common::backtrace::_print_fmt::h3a99a796b770c360
[INFO] [stdout]                                at /rustc/a178d0322ce20e33eac124758e837cbd80a6f633/library/std/src/sys_common/backtrace.rs:67:5
[INFO] [stdout]    3:     0x557aa5160b30 - <std::sys_common::backtrace::_print::DisplayBacktrace as core::fmt::Display>::fmt::h32d1f94a80615d18
[INFO] [stdout]                                at /rustc/a178d0322ce20e33eac124758e837cbd80a6f633/library/std/src/sys_common/backtrace.rs:46:22
[INFO] [stdout]    4:     0x557aa51844dc - core::fmt::write::h306731c068f7162c
[INFO] [stdout]                                at /rustc/a178d0322ce20e33eac124758e837cbd80a6f633/library/core/src/fmt/mod.rs:1110:17
[INFO] [stdout]    5:     0x557aa515a355 - std::io::Write::write_fmt::h87f19b0a2cd190bc
[INFO] [stdout]                                at /rustc/a178d0322ce20e33eac124758e837cbd80a6f633/library/std/src/io/mod.rs:1588:15
[INFO] [stdout]    6:     0x557aa5162d2b - std::sys_common::backtrace::_print::h5abaa2601a852287
[INFO] [stdout]                                at /rustc/a178d0322ce20e33eac124758e837cbd80a6f633/library/std/src/sys_common/backtrace.rs:49:5
[INFO] [stdout]    7:     0x557aa5162d2b - std::sys_common::backtrace::print::h8d81445442bb638f
[INFO] [stdout]                                at /rustc/a178d0322ce20e33eac124758e837cbd80a6f633/library/std/src/sys_common/backtrace.rs:36:9
[INFO] [stdout]    8:     0x557aa5162d2b - std::panicking::default_hook::{{closure}}::hcfe804496a9fa747
[INFO] [stdout]                                at /rustc/a178d0322ce20e33eac124758e837cbd80a6f633/library/std/src/panicking.rs:208:50
[INFO] [stdout]    9:     0x557aa516283c - std::panicking::default_hook::hbea8e3ccf2ba8901
[INFO] [stdout]                                at /rustc/a178d0322ce20e33eac124758e837cbd80a6f633/library/std/src/panicking.rs:222:9
[INFO] [stdout]   10:     0x557aa51633f4 - std::panicking::rust_panic_with_hook::h7ee9e1a2d0f8975a
[INFO] [stdout]                                at /rustc/a178d0322ce20e33eac124758e837cbd80a6f633/library/std/src/panicking.rs:622:17
[INFO] [stdout]   11:     0x557aa5162ed7 - std::panicking::begin_panic_handler::{{closure}}::h8ab3b4491718b2c7
[INFO] [stdout]                                at /rustc/a178d0322ce20e33eac124758e837cbd80a6f633/library/std/src/panicking.rs:519:13
[INFO] [stdout]   12:     0x557aa516102c - std::sys_common::backtrace::__rust_end_short_backtrace::hd489062ffa586a9f
[INFO] [stdout]                                at /rustc/a178d0322ce20e33eac124758e837cbd80a6f633/library/std/src/sys_common/backtrace.rs:141:18
[INFO] [stdout]   13:     0x557aa5162e39 - rust_begin_unwind
[INFO] [stdout]                                at /rustc/a178d0322ce20e33eac124758e837cbd80a6f633/library/std/src/panicking.rs:515:5
[INFO] [stdout]   14:     0x557aa4621d31 - core::panicking::panic_fmt::hca6330e3e14086b4
[INFO] [stdout]                                at /rustc/a178d0322ce20e33eac124758e837cbd80a6f633/library/core/src/panicking.rs:92:14
[INFO] [stdout]   15:     0x557aa4621e23 - core::result::unwrap_failed::h6160d2b4bfbb0e87
[INFO] [stdout]                                at /rustc/a178d0322ce20e33eac124758e837cbd80a6f633/library/core/src/result.rs:1355:5
[INFO] [stdout]   16:     0x557aa466d62f - core::result::Result<T,E>::expect::h500176c817ec9088
[INFO] [stdout]                                at /rustc/a178d0322ce20e33eac124758e837cbd80a6f633/library/core/src/result.rs:997:23
[INFO] [stdout]   17:     0x557aa4637ea0 - pgsql_zero::utils::load_db_config::h713bcc80dd45546a
[INFO] [stdout]                                at /opt/rustwide/workdir/src/utils.rs:19:19
[INFO] [stdout]   18:     0x557aa463a40c - pgsql_zero::utils::get_pg_client::{{closure}}::h076f7b9b0bb4f4d5
[INFO] [stdout]                                at /opt/rustwide/workdir/src/utils.rs:133:57
[INFO] [stdout]   19:     0x557aa4672939 - <core::future::from_generator::GenFuture<T> as core::future::future::Future>::poll::h99646f0831a9b59c
[INFO] [stdout]                                at /rustc/a178d0322ce20e33eac124758e837cbd80a6f633/library/core/src/future/mod.rs:80:19
[INFO] [stdout]   20:     0x557aa469766e - pgsql_zero::structures_pg::tests_pg::tests_pg::test_postgres_functions::{{closure}}::hc786bf2a8bf50d53
[INFO] [stdout]                                at /opt/rustwide/workdir/src/./structures_pg_test.rs:16:22
[INFO] [stdout]   21:     0x557aa46714fb - <core::future::from_generator::GenFuture<T> as core::future::future::Future>::poll::h0b7b2119440786b9
[INFO] [stdout]                                at /rustc/a178d0322ce20e33eac124758e837cbd80a6f633/library/core/src/future/mod.rs:80:19
[INFO] [stdout]   22:     0x557aa46830c0 - tokio::runtime::basic_scheduler::BasicScheduler<P>::block_on::{{closure}}::{{closure}}::h1048b7d5ff90567f
[INFO] [stdout]                                at /opt/rustwide/cargo-home/registry/src/github.com-1ecc6299db9ec823/tokio-0.2.21/src/runtime/basic_scheduler.rs:131:58
[INFO] [stdout]   23:     0x557aa46544ac - tokio::coop::with_budget::{{closure}}::h4f1ddefb7aa24980
[INFO] [stdout]                                at /opt/rustwide/cargo-home/registry/src/github.com-1ecc6299db9ec823/tokio-0.2.21/src/coop.rs:127:9
[INFO] [stdout]   24:     0x557aa463f0f1 - std::thread::local::LocalKey<T>::try_with::h920067d5bdf3ed5f
[INFO] [stdout]                                at /rustc/a178d0322ce20e33eac124758e837cbd80a6f633/library/std/src/thread/local.rs:400:16
[INFO] [stdout]   25:     0x557aa463dfad - std::thread::local::LocalKey<T>::with::hb4ae65876c872fbd
[INFO] [stdout]                                at /rustc/a178d0322ce20e33eac124758e837cbd80a6f633/library/std/src/thread/local.rs:376:9
[INFO] [stdout]   26:     0x557aa4682ae1 - tokio::coop::with_budget::hea0ee90eed90d37f
[INFO] [stdout]                                at /opt/rustwide/cargo-home/registry/src/github.com-1ecc6299db9ec823/tokio-0.2.21/src/coop.rs:120:5
[INFO] [stdout]   27:     0x557aa4682ae1 - tokio::coop::budget::h99a09bfdf3ab3762
[INFO] [stdout]                                at /opt/rustwide/cargo-home/registry/src/github.com-1ecc6299db9ec823/tokio-0.2.21/src/coop.rs:96:5
[INFO] [stdout]   28:     0x557aa4682ae1 - tokio::runtime::basic_scheduler::BasicScheduler<P>::block_on::{{closure}}::hf1e78dd8d0689442
[INFO] [stdout]                                at /opt/rustwide/cargo-home/registry/src/github.com-1ecc6299db9ec823/tokio-0.2.21/src/runtime/basic_scheduler.rs:131:35
[INFO] [stdout]   29:     0x557aa4684487 - tokio::runtime::basic_scheduler::enter::{{closure}}::hc81fbdbb2ac1f238
[INFO] [stdout]                                at /opt/rustwide/cargo-home/registry/src/github.com-1ecc6299db9ec823/tokio-0.2.21/src/runtime/basic_scheduler.rs:213:29
[INFO] [stdout]   30:     0x557aa4666836 - tokio::macros::scoped_tls::ScopedKey<T>::set::hf06584542bb6a94d
[INFO] [stdout]                                at /opt/rustwide/cargo-home/registry/src/github.com-1ecc6299db9ec823/tokio-0.2.21/src/macros/scoped_tls.rs:63:9
[INFO] [stdout]   31:     0x557aa4683c44 - tokio::runtime::basic_scheduler::enter::h9b9930704d171491
[INFO] [stdout]                                at /opt/rustwide/cargo-home/registry/src/github.com-1ecc6299db9ec823/tokio-0.2.21/src/runtime/basic_scheduler.rs:213:5
[INFO] [stdout]   32:     0x557aa4680eb6 - tokio::runtime::basic_scheduler::BasicScheduler<P>::block_on::h938fb73cb1955de6
[INFO] [stdout]                                at /opt/rustwide/cargo-home/registry/src/github.com-1ecc6299db9ec823/tokio-0.2.21/src/runtime/basic_scheduler.rs:123:9
[INFO] [stdout]   33:     0x557aa468493a - tokio::runtime::Runtime::block_on::{{closure}}::h3684780e8b6be275
[INFO] [stdout]                                at /opt/rustwide/cargo-home/registry/src/github.com-1ecc6299db9ec823/tokio-0.2.21/src/runtime/mod.rs:444:34
[INFO] [stdout]   34:     0x557aa46676c8 - tokio::runtime::context::enter::h1d6edfd6661b37f4
[INFO] [stdout]                                at /opt/rustwide/cargo-home/registry/src/github.com-1ecc6299db9ec823/tokio-0.2.21/src/runtime/context.rs:72:5
[INFO] [stdout]   35:     0x557aa46a4830 - tokio::runtime::handle::Handle::enter::hb22e0ceb39e72626
[INFO] [stdout]                                at /opt/rustwide/cargo-home/registry/src/github.com-1ecc6299db9ec823/tokio-0.2.21/src/runtime/handle.rs:76:9
[INFO] [stdout]   36:     0x557aa4684763 - tokio::runtime::Runtime::block_on::hd714edefbdf3a9fc
[INFO] [stdout]                                at /opt/rustwide/cargo-home/registry/src/github.com-1ecc6299db9ec823/tokio-0.2.21/src/runtime/mod.rs:441:9
[INFO] [stdout]   37:     0x557aa4696c8b - pgsql_zero::structures_pg::tests_pg::tests_pg::test_postgres_functions::hf46503b1a4c874ea
[INFO] [stdout]                                at /opt/rustwide/workdir/src/./structures_pg_test.rs:10:5
[INFO] [stdout]   38:     0x557aa4696b9a - pgsql_zero::structures_pg::tests_pg::tests_pg::test_postgres_functions::{{closure}}::hfb9013182b4a5e7b
[INFO] [stdout]                                at /opt/rustwide/workdir/src/./structures_pg_test.rs:10:5
[INFO] [stdout]   39:     0x557aa46749be - core::ops::function::FnOnce::call_once::hda26c63ed6f6dd75
[INFO] [stdout]                                at /rustc/a178d0322ce20e33eac124758e837cbd80a6f633/library/core/src/ops/function.rs:227:5
[INFO] [stdout]   40:     0x557aa46dd843 - core::ops::function::FnOnce::call_once::h152e7e439ff59e19
[INFO] [stdout]                                at /rustc/a178d0322ce20e33eac124758e837cbd80a6f633/library/core/src/ops/function.rs:227:5
[INFO] [stdout]   41:     0x557aa46dd843 - test::__rust_begin_short_backtrace::h0908f3b1fdbb72ab
[INFO] [stdout]                                at /rustc/a178d0322ce20e33eac124758e837cbd80a6f633/library/test/src/lib.rs:577:5
[INFO] [stdout]   42:     0x557aa46dc300 - <alloc::boxed::Box<F,A> as core::ops::function::FnOnce<Args>>::call_once::hf6d2a51e5587546c
[INFO] [stdout]                                at /rustc/a178d0322ce20e33eac124758e837cbd80a6f633/library/alloc/src/boxed.rs:1575:9
[INFO] [stdout]   43:     0x557aa46dc300 - <std::panic::AssertUnwindSafe<F> as core::ops::function::FnOnce<()>>::call_once::h8af660f3a89ef593
[INFO] [stdout]                                at /rustc/a178d0322ce20e33eac124758e837cbd80a6f633/library/std/src/panic.rs:347:9
[INFO] [stdout]   44:     0x557aa46dc300 - std::panicking::try::do_call::hd36aef60f84b6d36
[INFO] [stdout]                                at /rustc/a178d0322ce20e33eac124758e837cbd80a6f633/library/std/src/panicking.rs:401:40
[INFO] [stdout]   45:     0x557aa46dc300 - std::panicking::try::h9932b4480e69817c
[INFO] [stdout]                                at /rustc/a178d0322ce20e33eac124758e837cbd80a6f633/library/std/src/panicking.rs:365:19
[INFO] [stdout]   46:     0x557aa46dc300 - std::panic::catch_unwind::h6aa177099cfff5f8
[INFO] [stdout]                                at /rustc/a178d0322ce20e33eac124758e837cbd80a6f633/library/std/src/panic.rs:434:14
[INFO] [stdout]   47:     0x557aa46dc300 - test::run_test_in_process::h5884d6f2d99e20c3
[INFO] [stdout]                                at /rustc/a178d0322ce20e33eac124758e837cbd80a6f633/library/test/src/lib.rs:600:18
[INFO] [stdout]   48:     0x557aa46dc300 - test::run_test::run_test_inner::{{closure}}::h6fdc58c6d5f5b6e3
[INFO] [stdout]                                at /rustc/a178d0322ce20e33eac124758e837cbd80a6f633/library/test/src/lib.rs:492:39
[INFO] [stdout]   49:     0x557aa46b59b2 - test::run_test::run_test_inner::{{closure}}::h408365d67a78ade8
[INFO] [stdout]                                at /rustc/a178d0322ce20e33eac124758e837cbd80a6f633/library/test/src/lib.rs:519:37
[INFO] [stdout]   50:     0x557aa46b59b2 - std::sys_common::backtrace::__rust_begin_short_backtrace::hb560b77c4f701523
[INFO] [stdout]                                at /rustc/a178d0322ce20e33eac124758e837cbd80a6f633/library/std/src/sys_common/backtrace.rs:125:18
[INFO] [stdout]   51:     0x557aa46b9568 - std::thread::Builder::spawn_unchecked::{{closure}}::{{closure}}::hf2e7831dad93c597
[INFO] [stdout]                                at /rustc/a178d0322ce20e33eac124758e837cbd80a6f633/library/std/src/thread/mod.rs:481:17
[INFO] [stdout]   52:     0x557aa46b9568 - <std::panic::AssertUnwindSafe<F> as core::ops::function::FnOnce<()>>::call_once::hd2e08783d8be4d02
[INFO] [stdout]                                at /rustc/a178d0322ce20e33eac124758e837cbd80a6f633/library/std/src/panic.rs:347:9
[INFO] [stdout]   53:     0x557aa46b9568 - std::panicking::try::do_call::h062597b7acfd6b82
[INFO] [stdout]                                at /rustc/a178d0322ce20e33eac124758e837cbd80a6f633/library/std/src/panicking.rs:401:40
[INFO] [stdout]   54:     0x557aa46b9568 - std::panicking::try::h0d7b79db04c14552
[INFO] [stdout]                                at /rustc/a178d0322ce20e33eac124758e837cbd80a6f633/library/std/src/panicking.rs:365:19
[INFO] [stdout]   55:     0x557aa46b9568 - std::panic::catch_unwind::hb01a0b5e7c8cd43b
[INFO] [stdout]                                at /rustc/a178d0322ce20e33eac124758e837cbd80a6f633/library/std/src/panic.rs:434:14
[INFO] [stdout]   56:     0x557aa46b9568 - std::thread::Builder::spawn_unchecked::{{closure}}::h5bde48cc887e0d1e
[INFO] [stdout]                                at /rustc/a178d0322ce20e33eac124758e837cbd80a6f633/library/std/src/thread/mod.rs:480:30
[INFO] [stdout]   57:     0x557aa46b9568 - core::ops::function::FnOnce::call_once{{vtable.shim}}::h745ea30807a29e55
[INFO] [stdout]                                at /rustc/a178d0322ce20e33eac124758e837cbd80a6f633/library/core/src/ops/function.rs:227:5
[INFO] [stdout]   58:     0x557aa5168827 - <alloc::boxed::Box<F,A> as core::ops::function::FnOnce<Args>>::call_once::h7ece6cfefaff1005
[INFO] [stdout]                                at /rustc/a178d0322ce20e33eac124758e837cbd80a6f633/library/alloc/src/boxed.rs:1575:9
[INFO] [stdout]   59:     0x557aa5168827 - <alloc::boxed::Box<F,A> as core::ops::function::FnOnce<Args>>::call_once::hb8b48e55c21f193e
[INFO] [stdout]                                at /rustc/a178d0322ce20e33eac124758e837cbd80a6f633/library/alloc/src/boxed.rs:1575:9
[INFO] [stdout]   60:     0x557aa5168827 - std::sys::unix::thread::Thread::new::thread_start::h8c7c4450dba62914
[INFO] [stdout]                                at /rustc/a178d0322ce20e33eac124758e837cbd80a6f633/library/std/src/sys/unix/thread.rs:71:17
[INFO] [stdout]   61:     0x7fcd63f80609 - start_thread
[INFO] [stdout]   62:     0x7fcd63d58293 - clone
[INFO] [stdout]   63:                0x0 - <unknown>
[INFO] [stdout] 
[INFO] [stdout] 
[INFO] [stdout] failures:
[INFO] [stdout]     structures_ddb::tests_ddb::tests_ddb::test_dynamodb_del_user
[INFO] [stdout]     structures_ddb::tests_ddb::tests_ddb::test_dynamodb_get_user_lists
[INFO] [stdout]     structures_ddb::tests_ddb::tests_ddb::test_dynamodb_list_listitems_new_update_delete
[INFO] [stdout]     structures_pg::tests_pg::tests_pg::test_postgres_functions
[INFO] [stdout] 
[INFO] [stdout] test result: FAILED. 0 passed; 4 failed; 0 ignored; 0 measured; 0 filtered out; finished in 0.11s
[INFO] [stdout] 
[INFO] running `Command { std: "docker" "inspect" "657c997fffec4dcf5a8adc2f577ce8fe76c8b125683944a70e5b32c9b14cd70b", kill_on_drop: false }`
[INFO] running `Command { std: "docker" "rm" "-f" "657c997fffec4dcf5a8adc2f577ce8fe76c8b125683944a70e5b32c9b14cd70b", kill_on_drop: false }`
[INFO] [stdout] 657c997fffec4dcf5a8adc2f577ce8fe76c8b125683944a70e5b32c9b14cd70b
