[INFO] cloning repository https://github.com/richardbrodie/fitsdk-rs
[INFO] running `Command { std: "git" "-c" "credential.helper=" "-c" "credential.helper=/workspace/cargo-home/bin/git-credential-null" "clone" "--bare" "https://github.com/richardbrodie/fitsdk-rs" "/workspace/cache/git-repos/https%3A%2F%2Fgithub.com%2Frichardbrodie%2Ffitsdk-rs", kill_on_drop: false }`
[INFO] [stderr] Cloning into bare repository '/workspace/cache/git-repos/https%3A%2F%2Fgithub.com%2Frichardbrodie%2Ffitsdk-rs'...
[INFO] running `Command { std: "git" "rev-parse" "HEAD", kill_on_drop: false }`
[INFO] [stdout] 5c350a7656011320da113ccdf1ebf2acb1f5765d
[INFO] testing richardbrodie/fitsdk-rs against 1.54.0 for beta-1.55-1
[INFO] running `Command { std: "git" "clone" "/workspace/cache/git-repos/https%3A%2F%2Fgithub.com%2Frichardbrodie%2Ffitsdk-rs" "/workspace/builds/worker-11/source", kill_on_drop: false }`
[INFO] [stderr] Cloning into '/workspace/builds/worker-11/source'...
[INFO] [stderr] done.
[INFO] validating manifest of git repo https://github.com/richardbrodie/fitsdk-rs on toolchain 1.54.0
[INFO] running `Command { std: "/workspace/cargo-home/bin/cargo" "+1.54.0" "metadata" "--manifest-path" "Cargo.toml" "--no-deps", kill_on_drop: false }`
[INFO] started tweaking git repo https://github.com/richardbrodie/fitsdk-rs
[INFO] finished tweaking git repo https://github.com/richardbrodie/fitsdk-rs
[INFO] tweaked toml for git repo https://github.com/richardbrodie/fitsdk-rs written to /workspace/builds/worker-11/source/Cargo.toml
[INFO] crate git repo https://github.com/richardbrodie/fitsdk-rs already has a lockfile, it will not be regenerated
[INFO] running `Command { std: "/workspace/cargo-home/bin/cargo" "+1.54.0" "fetch" "--manifest-path" "Cargo.toml", kill_on_drop: false }`
[INFO] [stderr] warning: unused manifest key: package.sdk_version
[INFO] running `Command { std: "docker" "create" "-v" "/var/lib/crater-agent-workspace/builds/worker-11/target:/opt/rustwide/target:rw,Z" "-v" "/var/lib/crater-agent-workspace/builds/worker-11/source:/opt/rustwide/workdir:ro,Z" "-v" "/var/lib/crater-agent-workspace/cargo-home:/opt/rustwide/cargo-home:ro,Z" "-v" "/var/lib/crater-agent-workspace/rustup-home:/opt/rustwide/rustup-home:ro,Z" "-e" "SOURCE_DIR=/opt/rustwide/workdir" "-e" "CARGO_TARGET_DIR=/opt/rustwide/target" "-e" "CARGO_HOME=/opt/rustwide/cargo-home" "-e" "RUSTUP_HOME=/opt/rustwide/rustup-home" "-w" "/opt/rustwide/workdir" "-m" "1610612736" "--user" "0:0" "--network" "none" "ghcr.io/rust-lang/crates-build-env/linux@sha256:34b6a614d2c27851fe6cbf88fbd1137609cefab8b10d0615aaeb6fd47975d74e" "/opt/rustwide/cargo-home/bin/cargo" "+1.54.0" "metadata" "--no-deps" "--format-version=1", kill_on_drop: false }`
[INFO] [stdout] db143f652dd608d4caecdcdf50de23f722bb195b8bd5baaae241fd423a49526b
[INFO] [stderr] WARNING: Your kernel does not support swap limit capabilities or the cgroup is not mounted. Memory limited without swap.
[INFO] running `Command { std: "docker" "start" "-a" "db143f652dd608d4caecdcdf50de23f722bb195b8bd5baaae241fd423a49526b", kill_on_drop: false }`
[INFO] running `Command { std: "docker" "inspect" "db143f652dd608d4caecdcdf50de23f722bb195b8bd5baaae241fd423a49526b", kill_on_drop: false }`
[INFO] running `Command { std: "docker" "rm" "-f" "db143f652dd608d4caecdcdf50de23f722bb195b8bd5baaae241fd423a49526b", kill_on_drop: false }`
[INFO] [stdout] db143f652dd608d4caecdcdf50de23f722bb195b8bd5baaae241fd423a49526b
[INFO] running `Command { std: "docker" "create" "-v" "/var/lib/crater-agent-workspace/builds/worker-11/target:/opt/rustwide/target:rw,Z" "-v" "/var/lib/crater-agent-workspace/builds/worker-11/source:/opt/rustwide/workdir:ro,Z" "-v" "/var/lib/crater-agent-workspace/cargo-home:/opt/rustwide/cargo-home:ro,Z" "-v" "/var/lib/crater-agent-workspace/rustup-home:/opt/rustwide/rustup-home:ro,Z" "-e" "SOURCE_DIR=/opt/rustwide/workdir" "-e" "CARGO_TARGET_DIR=/opt/rustwide/target" "-e" "CARGO_INCREMENTAL=0" "-e" "RUST_BACKTRACE=full" "-e" "RUSTFLAGS=--cap-lints=warn" "-e" "CARGO_HOME=/opt/rustwide/cargo-home" "-e" "RUSTUP_HOME=/opt/rustwide/rustup-home" "-w" "/opt/rustwide/workdir" "-m" "1610612736" "--user" "0:0" "--network" "none" "ghcr.io/rust-lang/crates-build-env/linux@sha256:34b6a614d2c27851fe6cbf88fbd1137609cefab8b10d0615aaeb6fd47975d74e" "/opt/rustwide/cargo-home/bin/cargo" "+1.54.0" "build" "--frozen" "--message-format=json", kill_on_drop: false }`
[INFO] [stderr] WARNING: Your kernel does not support swap limit capabilities or the cgroup is not mounted. Memory limited without swap.
[INFO] [stdout] d660991261c331e2620dcea43740a4c3c1a7705a16bd1a5ee564db061cc87fb6
[INFO] running `Command { std: "docker" "start" "-a" "d660991261c331e2620dcea43740a4c3c1a7705a16bd1a5ee564db061cc87fb6", kill_on_drop: false }`
[INFO] [stderr] warning: unused manifest key: package.sdk_version
[INFO] [stderr]    Compiling fitsdk v0.1.5 (/opt/rustwide/workdir)
[INFO] [stderr]     Finished dev [unoptimized + debuginfo] target(s) in 2.10s
[INFO] running `Command { std: "docker" "inspect" "d660991261c331e2620dcea43740a4c3c1a7705a16bd1a5ee564db061cc87fb6", kill_on_drop: false }`
[INFO] running `Command { std: "docker" "rm" "-f" "d660991261c331e2620dcea43740a4c3c1a7705a16bd1a5ee564db061cc87fb6", kill_on_drop: false }`
[INFO] [stdout] d660991261c331e2620dcea43740a4c3c1a7705a16bd1a5ee564db061cc87fb6
[INFO] running `Command { std: "docker" "create" "-v" "/var/lib/crater-agent-workspace/builds/worker-11/target:/opt/rustwide/target:rw,Z" "-v" "/var/lib/crater-agent-workspace/builds/worker-11/source:/opt/rustwide/workdir:ro,Z" "-v" "/var/lib/crater-agent-workspace/cargo-home:/opt/rustwide/cargo-home:ro,Z" "-v" "/var/lib/crater-agent-workspace/rustup-home:/opt/rustwide/rustup-home:ro,Z" "-e" "SOURCE_DIR=/opt/rustwide/workdir" "-e" "CARGO_TARGET_DIR=/opt/rustwide/target" "-e" "CARGO_INCREMENTAL=0" "-e" "RUST_BACKTRACE=full" "-e" "RUSTFLAGS=--cap-lints=warn" "-e" "CARGO_HOME=/opt/rustwide/cargo-home" "-e" "RUSTUP_HOME=/opt/rustwide/rustup-home" "-w" "/opt/rustwide/workdir" "-m" "1610612736" "--user" "0:0" "--network" "none" "ghcr.io/rust-lang/crates-build-env/linux@sha256:34b6a614d2c27851fe6cbf88fbd1137609cefab8b10d0615aaeb6fd47975d74e" "/opt/rustwide/cargo-home/bin/cargo" "+1.54.0" "test" "--frozen" "--no-run" "--message-format=json", kill_on_drop: false }`
[INFO] [stderr] WARNING: Your kernel does not support swap limit capabilities or the cgroup is not mounted. Memory limited without swap.
[INFO] [stdout] 2c4ac14b5c4257e708e8d93d076c99adbcea97b75194fd2812e50502d9e2cebc
[INFO] running `Command { std: "docker" "start" "-a" "2c4ac14b5c4257e708e8d93d076c99adbcea97b75194fd2812e50502d9e2cebc", kill_on_drop: false }`
[INFO] [stderr] warning: unused manifest key: package.sdk_version
[INFO] [stderr]     Blocking waiting for file lock on package cache
[INFO] [stderr]    Compiling fitsdk v0.1.5 (/opt/rustwide/workdir)
[INFO] [stderr]     Finished test [unoptimized + debuginfo] target(s) in 1.55s
[INFO] running `Command { std: "docker" "inspect" "2c4ac14b5c4257e708e8d93d076c99adbcea97b75194fd2812e50502d9e2cebc", kill_on_drop: false }`
[INFO] running `Command { std: "docker" "rm" "-f" "2c4ac14b5c4257e708e8d93d076c99adbcea97b75194fd2812e50502d9e2cebc", kill_on_drop: false }`
[INFO] [stdout] 2c4ac14b5c4257e708e8d93d076c99adbcea97b75194fd2812e50502d9e2cebc
[INFO] running `Command { std: "docker" "create" "-v" "/var/lib/crater-agent-workspace/builds/worker-11/target:/opt/rustwide/target:rw,Z" "-v" "/var/lib/crater-agent-workspace/builds/worker-11/source:/opt/rustwide/workdir:ro,Z" "-v" "/var/lib/crater-agent-workspace/cargo-home:/opt/rustwide/cargo-home:ro,Z" "-v" "/var/lib/crater-agent-workspace/rustup-home:/opt/rustwide/rustup-home:ro,Z" "-e" "SOURCE_DIR=/opt/rustwide/workdir" "-e" "CARGO_TARGET_DIR=/opt/rustwide/target" "-e" "CARGO_INCREMENTAL=0" "-e" "RUST_BACKTRACE=full" "-e" "RUSTFLAGS=--cap-lints=warn" "-e" "CARGO_HOME=/opt/rustwide/cargo-home" "-e" "RUSTUP_HOME=/opt/rustwide/rustup-home" "-w" "/opt/rustwide/workdir" "-m" "1610612736" "--user" "0:0" "--network" "none" "ghcr.io/rust-lang/crates-build-env/linux@sha256:34b6a614d2c27851fe6cbf88fbd1137609cefab8b10d0615aaeb6fd47975d74e" "/opt/rustwide/cargo-home/bin/cargo" "+1.54.0" "test" "--frozen", kill_on_drop: false }`
[INFO] [stderr] WARNING: Your kernel does not support swap limit capabilities or the cgroup is not mounted. Memory limited without swap.
[INFO] [stdout] e282d77b4887ac7de25d7cfd6271e1641849ec6a3e73614885179df2b24e8154
[INFO] running `Command { std: "docker" "start" "-a" "e282d77b4887ac7de25d7cfd6271e1641849ec6a3e73614885179df2b24e8154", kill_on_drop: false }`
[INFO] [stderr] warning: unused manifest key: package.sdk_version
[INFO] [stderr]     Finished test [unoptimized + debuginfo] target(s) in 0.01s
[INFO] [stderr]      Running unittests (/opt/rustwide/target/debug/deps/fitsdk-7449a1de7e8b51f0)
[INFO] [stdout] 
[INFO] [stdout] running 0 tests
[INFO] [stdout] 
[INFO] [stdout] test result: ok. 0 passed; 0 failed; 0 ignored; 0 measured; 0 filtered out; finished in 0.00s
[INFO] [stdout] 
[INFO] [stderr]    Doc-tests fitsdk
[INFO] [stdout] 
[INFO] [stdout] running 4 tests
[INFO] [stdout] test src/field_matchers/get_field_type.rs - field_matchers::get_field_type::get_field_type_fn (line 1543) ... FAILED
[INFO] [stdout] test src/field_matchers/get_field_string_value.rs - field_matchers::get_field_string_value::get_field_string_value_fn (line 8) ... FAILED
[INFO] [stdout] test src/field_matchers/get_field_scale.rs - field_matchers::get_field_scale::get_field_scale_fn (line 650) ... FAILED
[INFO] [stdout] test src/field_matchers/get_field_offset.rs - field_matchers::get_field_offset::get_field_offset_fn (line 312) ... FAILED
[INFO] [stdout] 
[INFO] [stdout] failures:
[INFO] [stdout] 
[INFO] [stdout] ---- src/field_matchers/get_field_type.rs - field_matchers::get_field_type::get_field_type_fn (line 1543) stdout ----
[INFO] [stdout] error: expected identifier, found keyword `type`
[INFO] [stdout]  --> src/field_matchers/get_field_type.rs:1548:25
[INFO] [stdout]   |
[INFO] [stdout] 7 | assert_eq!(field, Field:type::Uint16);
[INFO] [stdout]   |                         ^^^^ expected identifier, found keyword
[INFO] [stdout]   |
[INFO] [stdout] help: you can escape reserved keywords to use them as identifiers
[INFO] [stdout]   |
[INFO] [stdout] 7 | assert_eq!(field, Field:r#type::Uint16);
[INFO] [stdout]   |                         ^^^^^^
[INFO] [stdout] 
[INFO] [stdout] error: expected type, found keyword `type`
[INFO] [stdout]   --> src/field_matchers/get_field_type.rs:1548:25
[INFO] [stdout]    |
[INFO] [stdout] 7  | assert_eq!(field, Field:type::Uint16);
[INFO] [stdout]    |                        -^^^^ expected type
[INFO] [stdout]    |                        |
[INFO] [stdout]    |                        help: maybe write a path separator here: `::`
[INFO] [stdout] 
[INFO] [stdout] error[E0433]: failed to resolve: use of undeclared type `MessageType`
[INFO] [stdout]  --> src/field_matchers/get_field_type.rs:1544:20
[INFO] [stdout]   |
[INFO] [stdout] 3 | let message_type = MessageType::WorkoutSession;
[INFO] [stdout]   |                    ^^^^^^^^^^^ use of undeclared type `MessageType`
[INFO] [stdout] 
[INFO] [stdout] error[E0425]: cannot find function `match_message_field` in this scope
[INFO] [stdout]  --> src/field_matchers/get_field_type.rs:1546:16
[INFO] [stdout]   |
[INFO] [stdout] 5 | let field_fn = match_message_field(message_type);
[INFO] [stdout]   |                ^^^^^^^^^^^^^^^^^^^ not found in this scope
[INFO] [stdout] 
[INFO] [stdout] error: aborting due to 4 previous errors
[INFO] [stdout] 
[INFO] [stdout] Some errors have detailed explanations: E0425, E0433.
[INFO] [stdout] For more information about an error, try `rustc --explain E0425`.
[INFO] [stdout] Couldn't compile the test.
[INFO] [stdout] ---- src/field_matchers/get_field_string_value.rs - field_matchers::get_field_string_value::get_field_string_value_fn (line 8) stdout ----
[INFO] [stdout] error[E0433]: failed to resolve: use of undeclared type `FieldType`
[INFO] [stdout]  --> src/field_matchers/get_field_string_value.rs:9:18
[INFO] [stdout]   |
[INFO] [stdout] 3 | let field_type = FieldType::BodyLocation;
[INFO] [stdout]   |                  ^^^^^^^^^ use of undeclared type `FieldType`
[INFO] [stdout] 
[INFO] [stdout] error[E0425]: cannot find function `match_predefined_field_value` in this scope
[INFO] [stdout]  --> src/field_matchers/get_field_string_value.rs:11:23
[INFO] [stdout]   |
[INFO] [stdout] 5 | let predefined_text = match_predefined_field_value(field_type, parsed_value);
[INFO] [stdout]   |                       ^^^^^^^^^^^^^^^^^^^^^^^^^^^^ not found in this scope
[INFO] [stdout] 
[INFO] [stdout] error: aborting due to 2 previous errors
[INFO] [stdout] 
[INFO] [stdout] Some errors have detailed explanations: E0425, E0433.
[INFO] [stdout] For more information about an error, try `rustc --explain E0425`.
[INFO] [stdout] Couldn't compile the test.
[INFO] [stdout] ---- src/field_matchers/get_field_scale.rs - field_matchers::get_field_scale::get_field_scale_fn (line 650) stdout ----
[INFO] [stdout] error[E0433]: failed to resolve: use of undeclared type `MessageType`
[INFO] [stdout]  --> src/field_matchers/get_field_scale.rs:651:20
[INFO] [stdout]   |
[INFO] [stdout] 3 | let message_type = MessageType::Workout;
[INFO] [stdout]   |                    ^^^^^^^^^^^ use of undeclared type `MessageType`
[INFO] [stdout] 
[INFO] [stdout] error[E0425]: cannot find function `match_message_scale` in this scope
[INFO] [stdout]  --> src/field_matchers/get_field_scale.rs:653:16
[INFO] [stdout]   |
[INFO] [stdout] 5 | let scale_fn = match_message_scale(message_type);
[INFO] [stdout]   |                ^^^^^^^^^^^^^^^^^^^ not found in this scope
[INFO] [stdout] 
[INFO] [stdout] error: aborting due to 2 previous errors
[INFO] [stdout] 
[INFO] [stdout] Some errors have detailed explanations: E0425, E0433.
[INFO] [stdout] For more information about an error, try `rustc --explain E0425`.
[INFO] [stdout] Couldn't compile the test.
[INFO] [stdout] ---- src/field_matchers/get_field_offset.rs - field_matchers::get_field_offset::get_field_offset_fn (line 312) stdout ----
[INFO] [stdout] error[E0433]: failed to resolve: use of undeclared type `MessageType`
[INFO] [stdout]  --> src/field_matchers/get_field_offset.rs:313:20
[INFO] [stdout]   |
[INFO] [stdout] 3 | let message_type = MessageType::Session;
[INFO] [stdout]   |                    ^^^^^^^^^^^ use of undeclared type `MessageType`
[INFO] [stdout] 
[INFO] [stdout] error[E0425]: cannot find function `match_message_offset` in this scope
[INFO] [stdout]  --> src/field_matchers/get_field_offset.rs:315:17
[INFO] [stdout]   |
[INFO] [stdout] 5 | let offset_fn = match_message_offset(message_type);
[INFO] [stdout]   |                 ^^^^^^^^^^^^^^^^^^^^ not found in this scope
[INFO] [stdout] 
[INFO] [stdout] error: aborting due to 2 previous errors
[INFO] [stdout] 
[INFO] [stdout] Some errors have detailed explanations: E0425, E0433.
[INFO] [stdout] For more information about an error, try `rustc --explain E0425`.
[INFO] [stdout] Couldn't compile the test.
[INFO] [stdout] 
[INFO] [stdout] failures:
[INFO] [stdout]     src/field_matchers/get_field_offset.rs - field_matchers::get_field_offset::get_field_offset_fn (line 312)
[INFO] [stdout]     src/field_matchers/get_field_scale.rs - field_matchers::get_field_scale::get_field_scale_fn (line 650)
[INFO] [stdout]     src/field_matchers/get_field_string_value.rs - field_matchers::get_field_string_value::get_field_string_value_fn (line 8)
[INFO] [stdout]     src/field_matchers/get_field_type.rs - field_matchers::get_field_type::get_field_type_fn (line 1543)
[INFO] [stdout] 
[INFO] [stdout] test result: FAILED. 0 passed; 4 failed; 0 ignored; 0 measured; 0 filtered out; finished in 0.79s
[INFO] [stdout] 
[INFO] [stderr] error: test failed, to rerun pass '--doc'
[INFO] running `Command { std: "docker" "inspect" "e282d77b4887ac7de25d7cfd6271e1641849ec6a3e73614885179df2b24e8154", kill_on_drop: false }`
[INFO] running `Command { std: "docker" "rm" "-f" "e282d77b4887ac7de25d7cfd6271e1641849ec6a3e73614885179df2b24e8154", kill_on_drop: false }`
[INFO] [stdout] e282d77b4887ac7de25d7cfd6271e1641849ec6a3e73614885179df2b24e8154
