[INFO] cloning repository https://github.com/rettgerst/exercism-rust
[INFO] running `Command { std: "git" "-c" "credential.helper=" "-c" "credential.helper=/workspace/cargo-home/bin/git-credential-null" "clone" "--bare" "https://github.com/rettgerst/exercism-rust" "/workspace/cache/git-repos/https%3A%2F%2Fgithub.com%2Frettgerst%2Fexercism-rust", kill_on_drop: false }`
[INFO] [stderr] Cloning into bare repository '/workspace/cache/git-repos/https%3A%2F%2Fgithub.com%2Frettgerst%2Fexercism-rust'...
[INFO] running `Command { std: "git" "rev-parse" "HEAD", kill_on_drop: false }`
[INFO] [stdout] cc56769adf16872479dcd437e9d43cf3396652d3
[INFO] testing rettgerst/exercism-rust against 1.54.0 for beta-1.55-1
[INFO] running `Command { std: "git" "clone" "/workspace/cache/git-repos/https%3A%2F%2Fgithub.com%2Frettgerst%2Fexercism-rust" "/workspace/builds/worker-13/source", kill_on_drop: false }`
[INFO] [stderr] Cloning into '/workspace/builds/worker-13/source'...
[INFO] [stderr] done.
[INFO] validating manifest of git repo https://github.com/rettgerst/exercism-rust on toolchain 1.54.0
[INFO] running `Command { std: "/workspace/cargo-home/bin/cargo" "+1.54.0" "metadata" "--manifest-path" "Cargo.toml" "--no-deps", kill_on_drop: false }`
[INFO] started tweaking git repo https://github.com/rettgerst/exercism-rust
[INFO] finished tweaking git repo https://github.com/rettgerst/exercism-rust
[INFO] tweaked toml for git repo https://github.com/rettgerst/exercism-rust written to /workspace/builds/worker-13/source/Cargo.toml
[INFO] crate git repo https://github.com/rettgerst/exercism-rust already has a lockfile, it will not be regenerated
[INFO] running `Command { std: "/workspace/cargo-home/bin/cargo" "+1.54.0" "fetch" "--manifest-path" "Cargo.toml", kill_on_drop: false }`
[INFO] running `Command { std: "docker" "create" "-v" "/var/lib/crater-agent-workspace/builds/worker-13/target:/opt/rustwide/target:rw,Z" "-v" "/var/lib/crater-agent-workspace/builds/worker-13/source:/opt/rustwide/workdir:ro,Z" "-v" "/var/lib/crater-agent-workspace/cargo-home:/opt/rustwide/cargo-home:ro,Z" "-v" "/var/lib/crater-agent-workspace/rustup-home:/opt/rustwide/rustup-home:ro,Z" "-e" "SOURCE_DIR=/opt/rustwide/workdir" "-e" "CARGO_TARGET_DIR=/opt/rustwide/target" "-e" "CARGO_HOME=/opt/rustwide/cargo-home" "-e" "RUSTUP_HOME=/opt/rustwide/rustup-home" "-w" "/opt/rustwide/workdir" "-m" "1610612736" "--user" "0:0" "--network" "none" "ghcr.io/rust-lang/crates-build-env/linux@sha256:34b6a614d2c27851fe6cbf88fbd1137609cefab8b10d0615aaeb6fd47975d74e" "/opt/rustwide/cargo-home/bin/cargo" "+1.54.0" "metadata" "--no-deps" "--format-version=1", kill_on_drop: false }`
[INFO] [stderr] WARNING: Your kernel does not support swap limit capabilities or the cgroup is not mounted. Memory limited without swap.
[INFO] [stdout] 43deac2a8016f07656310331d45a142526ea29a092733469d474d556fbaa89bb
[INFO] running `Command { std: "docker" "start" "-a" "43deac2a8016f07656310331d45a142526ea29a092733469d474d556fbaa89bb", kill_on_drop: false }`
[INFO] running `Command { std: "docker" "inspect" "43deac2a8016f07656310331d45a142526ea29a092733469d474d556fbaa89bb", kill_on_drop: false }`
[INFO] running `Command { std: "docker" "rm" "-f" "43deac2a8016f07656310331d45a142526ea29a092733469d474d556fbaa89bb", kill_on_drop: false }`
[INFO] [stdout] 43deac2a8016f07656310331d45a142526ea29a092733469d474d556fbaa89bb
[INFO] running `Command { std: "docker" "create" "-v" "/var/lib/crater-agent-workspace/builds/worker-13/target:/opt/rustwide/target:rw,Z" "-v" "/var/lib/crater-agent-workspace/builds/worker-13/source:/opt/rustwide/workdir:ro,Z" "-v" "/var/lib/crater-agent-workspace/cargo-home:/opt/rustwide/cargo-home:ro,Z" "-v" "/var/lib/crater-agent-workspace/rustup-home:/opt/rustwide/rustup-home:ro,Z" "-e" "SOURCE_DIR=/opt/rustwide/workdir" "-e" "CARGO_TARGET_DIR=/opt/rustwide/target" "-e" "CARGO_INCREMENTAL=0" "-e" "RUST_BACKTRACE=full" "-e" "RUSTFLAGS=--cap-lints=warn" "-e" "CARGO_HOME=/opt/rustwide/cargo-home" "-e" "RUSTUP_HOME=/opt/rustwide/rustup-home" "-w" "/opt/rustwide/workdir" "-m" "1610612736" "--user" "0:0" "--network" "none" "ghcr.io/rust-lang/crates-build-env/linux@sha256:34b6a614d2c27851fe6cbf88fbd1137609cefab8b10d0615aaeb6fd47975d74e" "/opt/rustwide/cargo-home/bin/cargo" "+1.54.0" "build" "--frozen" "--message-format=json", kill_on_drop: false }`
[INFO] [stdout] e4764f854ae394bfe1451d965b238b6c245b532e2cd674071d8562f168533d0c
[INFO] [stderr] WARNING: Your kernel does not support swap limit capabilities or the cgroup is not mounted. Memory limited without swap.
[INFO] running `Command { std: "docker" "start" "-a" "e4764f854ae394bfe1451d965b238b6c245b532e2cd674071d8562f168533d0c", kill_on_drop: false }`
[INFO] [stderr]    Compiling libc v0.2.93
[INFO] [stderr]    Compiling raindrops v1.1.0 (/opt/rustwide/workdir/raindrops)
[INFO] [stderr]    Compiling diffie-hellman v0.1.0 (/opt/rustwide/workdir/diffie-hellman)
[INFO] [stderr]    Compiling high-scores v4.0.0 (/opt/rustwide/workdir/high-scores)
[INFO] [stderr]    Compiling grains v1.2.0 (/opt/rustwide/workdir/grains)
[INFO] [stderr]    Compiling series v0.1.0 (/opt/rustwide/workdir/series)
[INFO] [stderr]    Compiling leap v1.6.0 (/opt/rustwide/workdir/leap)
[INFO] [stderr]    Compiling sum-of-multiples v1.5.0 (/opt/rustwide/workdir/sum-of-multiples)
[INFO] [stderr]    Compiling armstrong_numbers v1.1.0 (/opt/rustwide/workdir/armstrong-numbers)
[INFO] [stderr]    Compiling beer-song v0.0.0 (/opt/rustwide/workdir/beer-song)
[INFO] [stderr]    Compiling hello-world v1.1.0 (/opt/rustwide/workdir/hello-world)
[INFO] [stderr]    Compiling collatz_conjecture v1.2.1 (/opt/rustwide/workdir/collatz-conjecture)
[INFO] [stderr]    Compiling bob v1.6.0 (/opt/rustwide/workdir/bob)
[INFO] [stderr]    Compiling nth_prime v2.1.0 (/opt/rustwide/workdir/nth-prime)
[INFO] [stderr]    Compiling matching-brackets v2.0.0 (/opt/rustwide/workdir/matching-brackets)
[INFO] [stderr]    Compiling proverb v1.1.0 (/opt/rustwide/workdir/proverb)
[INFO] [stderr]    Compiling difference-of-squares v1.2.0 (/opt/rustwide/workdir/difference-of-squares)
[INFO] [stderr]    Compiling prime_factors v1.1.0 (/opt/rustwide/workdir/prime-factors)
[INFO] [stderr]    Compiling reverse_string v1.2.0 (/opt/rustwide/workdir/reverse-string)
[INFO] [stderr]    Compiling time v0.1.44
[INFO] [stderr]    Compiling chrono v0.4.19
[INFO] [stderr]    Compiling gigasecond v2.0.0 (/opt/rustwide/workdir/gigasecond)
[INFO] [stderr]     Finished dev [unoptimized + debuginfo] target(s) in 12.31s
[INFO] running `Command { std: "docker" "inspect" "e4764f854ae394bfe1451d965b238b6c245b532e2cd674071d8562f168533d0c", kill_on_drop: false }`
[INFO] running `Command { std: "docker" "rm" "-f" "e4764f854ae394bfe1451d965b238b6c245b532e2cd674071d8562f168533d0c", kill_on_drop: false }`
[INFO] [stdout] e4764f854ae394bfe1451d965b238b6c245b532e2cd674071d8562f168533d0c
[INFO] running `Command { std: "docker" "create" "-v" "/var/lib/crater-agent-workspace/builds/worker-13/target:/opt/rustwide/target:rw,Z" "-v" "/var/lib/crater-agent-workspace/builds/worker-13/source:/opt/rustwide/workdir:ro,Z" "-v" "/var/lib/crater-agent-workspace/cargo-home:/opt/rustwide/cargo-home:ro,Z" "-v" "/var/lib/crater-agent-workspace/rustup-home:/opt/rustwide/rustup-home:ro,Z" "-e" "SOURCE_DIR=/opt/rustwide/workdir" "-e" "CARGO_TARGET_DIR=/opt/rustwide/target" "-e" "CARGO_INCREMENTAL=0" "-e" "RUST_BACKTRACE=full" "-e" "RUSTFLAGS=--cap-lints=warn" "-e" "CARGO_HOME=/opt/rustwide/cargo-home" "-e" "RUSTUP_HOME=/opt/rustwide/rustup-home" "-w" "/opt/rustwide/workdir" "-m" "1610612736" "--user" "0:0" "--network" "none" "ghcr.io/rust-lang/crates-build-env/linux@sha256:34b6a614d2c27851fe6cbf88fbd1137609cefab8b10d0615aaeb6fd47975d74e" "/opt/rustwide/cargo-home/bin/cargo" "+1.54.0" "test" "--frozen" "--no-run" "--message-format=json", kill_on_drop: false }`
[INFO] [stdout] b5bfca5bd2124ef1ab75551e3b3d5da55b582ea45a1768d8245b013c6a660598
[INFO] [stderr] WARNING: Your kernel does not support swap limit capabilities or the cgroup is not mounted. Memory limited without swap.
[INFO] running `Command { std: "docker" "start" "-a" "b5bfca5bd2124ef1ab75551e3b3d5da55b582ea45a1768d8245b013c6a660598", kill_on_drop: false }`
[INFO] [stderr]    Compiling difference-of-squares v1.2.0 (/opt/rustwide/workdir/difference-of-squares)
[INFO] [stderr]    Compiling beer-song v0.0.0 (/opt/rustwide/workdir/beer-song)
[INFO] [stderr]    Compiling prime_factors v1.1.0 (/opt/rustwide/workdir/prime-factors)
[INFO] [stderr]    Compiling matching-brackets v2.0.0 (/opt/rustwide/workdir/matching-brackets)
[INFO] [stderr]    Compiling armstrong_numbers v1.1.0 (/opt/rustwide/workdir/armstrong-numbers)
[INFO] [stderr]    Compiling raindrops v1.1.0 (/opt/rustwide/workdir/raindrops)
[INFO] [stderr]    Compiling high-scores v4.0.0 (/opt/rustwide/workdir/high-scores)
[INFO] [stderr]    Compiling sum-of-multiples v1.5.0 (/opt/rustwide/workdir/sum-of-multiples)
[INFO] [stderr]    Compiling diffie-hellman v0.1.0 (/opt/rustwide/workdir/diffie-hellman)
[INFO] [stderr]    Compiling hello-world v1.1.0 (/opt/rustwide/workdir/hello-world)
[INFO] [stderr]    Compiling bob v1.6.0 (/opt/rustwide/workdir/bob)
[INFO] [stderr]    Compiling series v0.1.0 (/opt/rustwide/workdir/series)
[INFO] [stderr]    Compiling proverb v1.1.0 (/opt/rustwide/workdir/proverb)
[INFO] [stderr]    Compiling nth_prime v2.1.0 (/opt/rustwide/workdir/nth-prime)
[INFO] [stderr]    Compiling collatz_conjecture v1.2.1 (/opt/rustwide/workdir/collatz-conjecture)
[INFO] [stderr]    Compiling grains v1.2.0 (/opt/rustwide/workdir/grains)
[INFO] [stderr]    Compiling leap v1.6.0 (/opt/rustwide/workdir/leap)
[INFO] [stderr]    Compiling reverse_string v1.2.0 (/opt/rustwide/workdir/reverse-string)
[INFO] [stderr]    Compiling gigasecond v2.0.0 (/opt/rustwide/workdir/gigasecond)
[INFO] [stderr]     Finished test [unoptimized + debuginfo] target(s) in 18.11s
[INFO] running `Command { std: "docker" "inspect" "b5bfca5bd2124ef1ab75551e3b3d5da55b582ea45a1768d8245b013c6a660598", kill_on_drop: false }`
[INFO] running `Command { std: "docker" "rm" "-f" "b5bfca5bd2124ef1ab75551e3b3d5da55b582ea45a1768d8245b013c6a660598", kill_on_drop: false }`
[INFO] [stdout] b5bfca5bd2124ef1ab75551e3b3d5da55b582ea45a1768d8245b013c6a660598
[INFO] running `Command { std: "docker" "create" "-v" "/var/lib/crater-agent-workspace/builds/worker-13/target:/opt/rustwide/target:rw,Z" "-v" "/var/lib/crater-agent-workspace/builds/worker-13/source:/opt/rustwide/workdir:ro,Z" "-v" "/var/lib/crater-agent-workspace/cargo-home:/opt/rustwide/cargo-home:ro,Z" "-v" "/var/lib/crater-agent-workspace/rustup-home:/opt/rustwide/rustup-home:ro,Z" "-e" "SOURCE_DIR=/opt/rustwide/workdir" "-e" "CARGO_TARGET_DIR=/opt/rustwide/target" "-e" "CARGO_INCREMENTAL=0" "-e" "RUST_BACKTRACE=full" "-e" "RUSTFLAGS=--cap-lints=warn" "-e" "CARGO_HOME=/opt/rustwide/cargo-home" "-e" "RUSTUP_HOME=/opt/rustwide/rustup-home" "-w" "/opt/rustwide/workdir" "-m" "1610612736" "--user" "0:0" "--network" "none" "ghcr.io/rust-lang/crates-build-env/linux@sha256:34b6a614d2c27851fe6cbf88fbd1137609cefab8b10d0615aaeb6fd47975d74e" "/opt/rustwide/cargo-home/bin/cargo" "+1.54.0" "test" "--frozen", kill_on_drop: false }`
[INFO] [stdout] 1d360c194a4cacafb05f62a44860ea4c1d08f0baa88d4425d709ace877ba2211
[INFO] [stderr] WARNING: Your kernel does not support swap limit capabilities or the cgroup is not mounted. Memory limited without swap.
[INFO] running `Command { std: "docker" "start" "-a" "1d360c194a4cacafb05f62a44860ea4c1d08f0baa88d4425d709ace877ba2211", kill_on_drop: false }`
[INFO] [stderr]     Finished test [unoptimized + debuginfo] target(s) in 0.03s
[INFO] [stderr]      Running unittests (/opt/rustwide/target/debug/deps/armstrong_numbers-467a950360ae9e4d)
[INFO] [stdout] 
[INFO] [stdout] running 0 tests
[INFO] [stdout] 
[INFO] [stdout] test result: ok. 0 passed; 0 failed; 0 ignored; 0 measured; 0 filtered out; finished in 0.00s
[INFO] [stdout] 
[INFO] [stderr]      Running tests/armstrong-numbers.rs (/opt/rustwide/target/debug/deps/armstrong_numbers-fc246367cbb602ef)
[INFO] [stdout] 
[INFO] [stdout] running 9 tests
[INFO] [stdout] test test_four_digit_armstrong_number ... ignored
[INFO] [stdout] test test_four_digit_non_armstrong_number ... ignored
[INFO] [stdout] test test_seven_digit_armstrong_number ... ignored
[INFO] [stdout] test test_seven_digit_non_armstrong_number ... ignored
[INFO] [stdout] test test_single_digit_numbers_are_armstrong_numbers ... ignored
[INFO] [stdout] test test_there_are_no_2_digit_armstrong_numbers ... ignored
[INFO] [stdout] test test_three_digit_armstrong_number ... ignored
[INFO] [stdout] test test_three_digit_non_armstrong_number ... ignored
[INFO] [stdout] test test_zero_is_an_armstrong_number ... ok
[INFO] [stdout] 
[INFO] [stdout] test result: ok. 1 passed; 0 failed; 8 ignored; 0 measured; 0 filtered out; finished in 0.00s
[INFO] [stdout] 
[INFO] [stderr]      Running unittests (/opt/rustwide/target/debug/deps/beer_song-5fea02361d8cc3b8)
[INFO] [stdout] 
[INFO] [stderr]      Running tests/beer-song.rs (/opt/rustwide/target/debug/deps/beer_song-87c1bc683f035216)
[INFO] [stdout] running 0 tests
[INFO] [stdout] 
[INFO] [stdout] test result: ok. 0 passed; 0 failed; 0 ignored; 0 measured; 0 filtered out; finished in 0.00s
[INFO] [stdout] 
[INFO] [stdout] 
[INFO] [stdout] running 6 tests
[INFO] [stdout] test test_song_3_0 ... ignored
[INFO] [stdout] test test_song_8_6 ... ignored
[INFO] [stdout] test test_verse_1 ... ignored
[INFO] [stdout] test test_verse_2 ... ignored
[INFO] [stdout] test test_verse_8 ... ignored
[INFO] [stderr]      Running unittests (/opt/rustwide/target/debug/deps/bob-6a4f1c259b00b647)
[INFO] [stdout] test test_verse_0 ... ok
[INFO] [stdout] 
[INFO] [stdout] test result: ok. 1 passed; 0 failed; 5 ignored; 0 measured; 0 filtered out; finished in 0.01s
[INFO] [stdout] 
[INFO] [stderr]      Running tests/bob.rs (/opt/rustwide/target/debug/deps/bob-c86e441d01fcb82c)
[INFO] [stdout] 
[INFO] [stdout] running 0 tests
[INFO] [stdout] 
[INFO] [stdout] test result: ok. 0 passed; 0 failed; 0 ignored; 0 measured; 0 filtered out; finished in 0.00s
[INFO] [stdout] 
[INFO] [stdout] 
[INFO] [stdout] running 25 tests
[INFO] [stdout] test test_alternate_silence ... ignored
[INFO] [stdout] test test_asking_a_numeric_question ... ignored
[INFO] [stdout] test test_asking_a_question ... ignored
[INFO] [stdout] test test_asking_gibberish ... ignored
[INFO] [stdout] test test_ending_with_whitespace ... ignored
[INFO] [stdout] test test_forceful_question ... ignored
[INFO] [stdout] test test_multiple_line_question ... ignored
[INFO] [stdout] test test_no_letters ... ignored
[INFO] [stdout] test test_nonletters_with_question ... ignored
[INFO] [stdout] test test_nonquestion_ending_with_whitespace ... ignored
[INFO] [stdout] test test_other_whitespace ... ignored
[INFO] [stdout] test test_prattling_on ... ignored
[INFO] [stdout] test test_prolonged_silence ... ignored
[INFO] [stdout] test test_question_with_no_letters ... ignored
[INFO] [stdout] test test_shouting ... ignored
[INFO] [stdout] test test_shouting_gibberish ... ignored
[INFO] [stdout] test test_shouting_numbers ... ignored
[INFO] [stdout] test test_shouting_with_no_exclamation_mark ... ignored
[INFO] [stdout] test test_shouting_with_special_characters ... ignored
[INFO] [stdout] test test_silence ... ignored
[INFO] [stdout] test test_starting_with_whitespace ... ignored
[INFO] [stdout] test test_statement_containing_question_mark ... ignored
[INFO] [stdout] test test_talking_forcefully ... ignored
[INFO] [stdout] test test_using_acronyms_in_regular_speech ... ignored
[INFO] [stderr]      Running unittests (/opt/rustwide/target/debug/deps/collatz_conjecture-8e12e655e63107df)
[INFO] [stdout] test test_stating_something ... ok
[INFO] [stdout] 
[INFO] [stdout] test result: ok. 1 passed; 0 failed; 24 ignored; 0 measured; 0 filtered out; finished in 0.01s
[INFO] [stdout] 
[INFO] [stdout] 
[INFO] [stdout] running 0 tests
[INFO] [stdout] 
[INFO] [stdout] test result: ok. 0 passed; 0 failed; 0 ignored; 0 measured; 0 filtered out; finished in 0.00s
[INFO] [stdout] 
[INFO] [stderr]      Running tests/collatz-conjecture.rs (/opt/rustwide/target/debug/deps/collatz_conjecture-b65fedd119416bf3)
[INFO] [stdout] 
[INFO] [stdout] running 5 tests
[INFO] [stdout] test test_0 ... ignored
[INFO] [stdout] test test_1000000 ... ignored
[INFO] [stdout] test test_12 ... ignored
[INFO] [stdout] test test_16 ... ignored
[INFO] [stderr]      Running unittests (/opt/rustwide/target/debug/deps/difference_of_squares-e1ec4d1f0fdff2fe)
[INFO] [stdout] test test_1 ... ok
[INFO] [stderr]      Running tests/difference-of-squares.rs (/opt/rustwide/target/debug/deps/difference_of_squares-e8f2c125bd10c338)
[INFO] [stdout] 
[INFO] [stdout] test result: ok. 1 passed; 0 failed; 4 ignored; 0 measured; 0 filtered out; finished in 0.00s
[INFO] [stdout] 
[INFO] [stdout] 
[INFO] [stdout] running 0 tests
[INFO] [stdout] 
[INFO] [stdout] test result: ok. 0 passed; 0 failed; 0 ignored; 0 measured; 0 filtered out; finished in 0.00s
[INFO] [stdout] 
[INFO] [stdout] 
[INFO] [stdout] running 9 tests
[INFO] [stdout] test test_difference_1 ... ignored
[INFO] [stdout] test test_difference_100 ... ignored
[INFO] [stdout] test test_difference_5 ... ignored
[INFO] [stdout] test test_square_of_sum_100 ... ignored
[INFO] [stdout] test test_square_of_sum_5 ... ignored
[INFO] [stdout] test test_sum_of_squares_1 ... ignored
[INFO] [stdout] test test_sum_of_squares_100 ... ignored
[INFO] [stdout] test test_sum_of_squares_5 ... ignored
[INFO] [stderr]      Running unittests (/opt/rustwide/target/debug/deps/diffie_hellman-e8f8182e8552028f)
[INFO] [stdout] test test_square_of_sum_1 ... ok
[INFO] [stdout] 
[INFO] [stdout] test result: ok. 1 passed; 0 failed; 8 ignored; 0 measured; 0 filtered out; finished in 0.01s
[INFO] [stdout] 
[INFO] [stderr]      Running tests/diffie-hellman.rs (/opt/rustwide/target/debug/deps/diffie_hellman-f7b694328878a511)
[INFO] [stdout] 
[INFO] [stdout] running 0 tests
[INFO] [stdout] 
[INFO] [stdout] test result: ok. 0 passed; 0 failed; 0 ignored; 0 measured; 0 filtered out; finished in 0.00s
[INFO] [stdout] 
[INFO] [stdout] 
[INFO] [stdout] running 6 tests
[INFO] [stdout] test test_changed_secret_key ... ignored
[INFO] [stdout] test test_public_key_correct ... ignored
[INFO] [stdout] test test_public_key_correct_big_numbers ... ignored
[INFO] [stdout] test test_secret_key_correct ... ignored
[INFO] [stdout] test test_secret_key_correct_big_numbers ... ignored
[INFO] [stdout] test test_private_key_in_range_key ... FAILED
[INFO] [stdout] 
[INFO] [stdout] failures:
[INFO] [stdout] 
[INFO] [stdout] ---- test_private_key_in_range_key stdout ----
[INFO] [stdout] thread 'test_private_key_in_range_key' panicked at 'not implemented: Pick a private key greater than 1 and less than 5', diffie-hellman/src/lib.rs:2:5
[INFO] [stdout] stack backtrace:
[INFO] [stdout]    0:     0x56430b88cb50 - std::backtrace_rs::backtrace::libunwind::trace::h34055254b57d8e79
[INFO] [stdout]                                at /rustc/a178d0322ce20e33eac124758e837cbd80a6f633/library/std/src/../../backtrace/src/backtrace/libunwind.rs:90:5
[INFO] [stdout]    1:     0x56430b88cb50 - std::backtrace_rs::backtrace::trace_unsynchronized::h8f1e3fbd9afff6ec
[INFO] [stdout]                                at /rustc/a178d0322ce20e33eac124758e837cbd80a6f633/library/std/src/../../backtrace/src/backtrace/mod.rs:66:5
[INFO] [stdout]    2:     0x56430b88cb50 - std::sys_common::backtrace::_print_fmt::h3a99a796b770c360
[INFO] [stdout]                                at /rustc/a178d0322ce20e33eac124758e837cbd80a6f633/library/std/src/sys_common/backtrace.rs:67:5
[INFO] [stdout]    3:     0x56430b88cb50 - <std::sys_common::backtrace::_print::DisplayBacktrace as core::fmt::Display>::fmt::h32d1f94a80615d18
[INFO] [stdout]                                at /rustc/a178d0322ce20e33eac124758e837cbd80a6f633/library/std/src/sys_common/backtrace.rs:46:22
[INFO] [stdout]    4:     0x56430b8af34c - core::fmt::write::h306731c068f7162c
[INFO] [stdout]                                at /rustc/a178d0322ce20e33eac124758e837cbd80a6f633/library/core/src/fmt/mod.rs:1110:17
[INFO] [stdout]    5:     0x56430b889a75 - std::io::Write::write_fmt::h87f19b0a2cd190bc
[INFO] [stdout]                                at /rustc/a178d0322ce20e33eac124758e837cbd80a6f633/library/std/src/io/mod.rs:1588:15
[INFO] [stdout]    6:     0x56430b88ecbb - std::sys_common::backtrace::_print::h5abaa2601a852287
[INFO] [stdout]                                at /rustc/a178d0322ce20e33eac124758e837cbd80a6f633/library/std/src/sys_common/backtrace.rs:49:5
[INFO] [stdout]    7:     0x56430b88ecbb - std::sys_common::backtrace::print::h8d81445442bb638f
[INFO] [stdout]                                at /rustc/a178d0322ce20e33eac124758e837cbd80a6f633/library/std/src/sys_common/backtrace.rs:36:9
[INFO] [stdout]    8:     0x56430b88ecbb - std::panicking::default_hook::{{closure}}::hcfe804496a9fa747
[INFO] [stdout]                                at /rustc/a178d0322ce20e33eac124758e837cbd80a6f633/library/std/src/panicking.rs:208:50
[INFO] [stdout]    9:     0x56430b88e7cc - std::panicking::default_hook::hbea8e3ccf2ba8901
[INFO] [stdout]                                at /rustc/a178d0322ce20e33eac124758e837cbd80a6f633/library/std/src/panicking.rs:222:9
[INFO] [stdout]   10:     0x56430b88f384 - std::panicking::rust_panic_with_hook::h7ee9e1a2d0f8975a
[INFO] [stdout]                                at /rustc/a178d0322ce20e33eac124758e837cbd80a6f633/library/std/src/panicking.rs:622:17
[INFO] [stdout]   11:     0x56430b88ee67 - std::panicking::begin_panic_handler::{{closure}}::h8ab3b4491718b2c7
[INFO] [stdout]                                at /rustc/a178d0322ce20e33eac124758e837cbd80a6f633/library/std/src/panicking.rs:519:13
[INFO] [stdout]   12:     0x56430b88d04c - std::sys_common::backtrace::__rust_end_short_backtrace::hd489062ffa586a9f
[INFO] [stdout]                                at /rustc/a178d0322ce20e33eac124758e837cbd80a6f633/library/std/src/sys_common/backtrace.rs:141:18
[INFO] [stdout]   13:     0x56430b88edc9 - rust_begin_unwind
[INFO] [stdout]                                at /rustc/a178d0322ce20e33eac124758e837cbd80a6f633/library/std/src/panicking.rs:515:5
[INFO] [stdout]   14:     0x56430b835651 - core::panicking::panic_fmt::hca6330e3e14086b4
[INFO] [stdout]                                at /rustc/a178d0322ce20e33eac124758e837cbd80a6f633/library/core/src/panicking.rs:92:14
[INFO] [stdout]   15:     0x56430b875c50 - diffie_hellman::private_key::hd1fe75f96454d605
[INFO] [stdout]                                at /opt/rustwide/workdir/diffie-hellman/src/lib.rs:2:5
[INFO] [stdout]   16:     0x56430b83a817 - diffie_hellman::test_private_key_in_range_key::{{closure}}::hc81d1198659c0bb2
[INFO] [stdout]                                at /opt/rustwide/workdir/diffie-hellman/tests/diffie-hellman.rs:8:56
[INFO] [stdout]   17:     0x56430b83b13f - core::iter::adapters::map::map_fold::{{closure}}::h1f308c198127606a
[INFO] [stdout]                                at /rustc/a178d0322ce20e33eac124758e837cbd80a6f633/library/core/src/iter/adapters/map.rs:82:28
[INFO] [stdout]   18:     0x56430b839a64 - core::iter::traits::iterator::Iterator::fold::hca5ce8d43aff775c
[INFO] [stdout]                                at /rustc/a178d0322ce20e33eac124758e837cbd80a6f633/library/core/src/iter/traits/iterator.rs:2112:21
[INFO] [stdout]   19:     0x56430b83ae2f - <core::iter::adapters::map::Map<I,F> as core::iter::traits::iterator::Iterator>::fold::h98d3dba9325307f6
[INFO] [stdout]                                at /rustc/a178d0322ce20e33eac124758e837cbd80a6f633/library/core/src/iter/adapters/map.rs:122:9
[INFO] [stdout]   20:     0x56430b83b030 - core::iter::traits::iterator::Iterator::for_each::h6bac60ef01f697d9
[INFO] [stdout]                                at /rustc/a178d0322ce20e33eac124758e837cbd80a6f633/library/core/src/iter/traits/iterator.rs:736:9
[INFO] [stdout]   21:     0x56430b83a407 - <alloc::vec::Vec<T,A> as alloc::vec::spec_extend::SpecExtend<T,I>>::spec_extend::h956da0e0fbda86e8
[INFO] [stdout]                                at /rustc/a178d0322ce20e33eac124758e837cbd80a6f633/library/alloc/src/vec/spec_extend.rs:40:17
[INFO] [stdout]   22:     0x56430b839eec - <alloc::vec::Vec<T> as alloc::vec::spec_from_iter_nested::SpecFromIterNested<T,I>>::from_iter::h12d2fe97bc51d1b4
[INFO] [stdout]                                at /rustc/a178d0322ce20e33eac124758e837cbd80a6f633/library/alloc/src/vec/spec_from_iter_nested.rs:56:9
[INFO] [stdout]   23:     0x56430b83a44a - <alloc::vec::Vec<T> as alloc::vec::spec_from_iter::SpecFromIter<T,I>>::from_iter::hb11b02f35ec82cda
[INFO] [stdout]                                at /rustc/a178d0322ce20e33eac124758e837cbd80a6f633/library/alloc/src/vec/spec_from_iter.rs:33:9
[INFO] [stdout]   24:     0x56430b83a245 - <alloc::vec::Vec<T> as core::iter::traits::collect::FromIterator<T>>::from_iter::hb94e61255e759a66
[INFO] [stdout]                                at /rustc/a178d0322ce20e33eac124758e837cbd80a6f633/library/alloc/src/vec/mod.rs:2449:9
[INFO] [stdout]   25:     0x56430b83afba - core::iter::traits::iterator::Iterator::collect::h27dab4f59f54c4f8
[INFO] [stdout]                                at /rustc/a178d0322ce20e33eac124758e837cbd80a6f633/library/core/src/iter/traits/iterator.rs:1748:9
[INFO] [stdout]   26:     0x56430b83a5dd - diffie_hellman::test_private_key_in_range_key::ha659aa6bc81b1c41
[INFO] [stdout]                                at /opt/rustwide/workdir/diffie-hellman/tests/diffie-hellman.rs:8:34
[INFO] [stdout]   27:     0x56430b83a46a - diffie_hellman::test_private_key_in_range_key::{{closure}}::hcff4d054451b58b3
[INFO] [stdout]                                at /opt/rustwide/workdir/diffie-hellman/tests/diffie-hellman.rs:4:1
[INFO] [stdout]   28:     0x56430b8385be - core::ops::function::FnOnce::call_once::h75dfc7bff3548336
[INFO] [stdout]                                at /rustc/a178d0322ce20e33eac124758e837cbd80a6f633/library/core/src/ops/function.rs:227:5
[INFO] [stdout]   29:     0x56430b863aa3 - core::ops::function::FnOnce::call_once::h152e7e439ff59e19
[INFO] [stdout]                                at /rustc/a178d0322ce20e33eac124758e837cbd80a6f633/library/core/src/ops/function.rs:227:5
[INFO] [stdout]   30:     0x56430b863aa3 - test::__rust_begin_short_backtrace::h0908f3b1fdbb72ab
[INFO] [stdout]                                at /rustc/a178d0322ce20e33eac124758e837cbd80a6f633/library/test/src/lib.rs:577:5
[INFO] [stdout]   31:     0x56430b862560 - <alloc::boxed::Box<F,A> as core::ops::function::FnOnce<Args>>::call_once::hf6d2a51e5587546c
[INFO] [stdout]                                at /rustc/a178d0322ce20e33eac124758e837cbd80a6f633/library/alloc/src/boxed.rs:1575:9
[INFO] [stdout]   32:     0x56430b862560 - <std::panic::AssertUnwindSafe<F> as core::ops::function::FnOnce<()>>::call_once::h8af660f3a89ef593
[INFO] [stdout]                                at /rustc/a178d0322ce20e33eac124758e837cbd80a6f633/library/std/src/panic.rs:347:9
[INFO] [stdout]   33:     0x56430b862560 - std::panicking::try::do_call::hd36aef60f84b6d36
[INFO] [stdout]                                at /rustc/a178d0322ce20e33eac124758e837cbd80a6f633/library/std/src/panicking.rs:401:40
[INFO] [stdout]   34:     0x56430b862560 - std::panicking::try::h9932b4480e69817c
[INFO] [stdout]                                at /rustc/a178d0322ce20e33eac124758e837cbd80a6f633/library/std/src/panicking.rs:365:19
[INFO] [stdout]   35:     0x56430b862560 - std::panic::catch_unwind::h6aa177099cfff5f8
[INFO] [stdout]                                at /rustc/a178d0322ce20e33eac124758e837cbd80a6f633/library/std/src/panic.rs:434:14
[INFO] [stdout]   36:     0x56430b862560 - test::run_test_in_process::h5884d6f2d99e20c3
[INFO] [stdout]                                at /rustc/a178d0322ce20e33eac124758e837cbd80a6f633/library/test/src/lib.rs:600:18
[INFO] [stdout]   37:     0x56430b862560 - test::run_test::run_test_inner::{{closure}}::h6fdc58c6d5f5b6e3
[INFO] [stdout]                                at /rustc/a178d0322ce20e33eac124758e837cbd80a6f633/library/test/src/lib.rs:492:39
[INFO] [stdout]   38:     0x56430b83bc12 - test::run_test::run_test_inner::{{closure}}::h408365d67a78ade8
[INFO] [stdout]                                at /rustc/a178d0322ce20e33eac124758e837cbd80a6f633/library/test/src/lib.rs:519:37
[INFO] [stdout]   39:     0x56430b83bc12 - std::sys_common::backtrace::__rust_begin_short_backtrace::hb560b77c4f701523
[INFO] [stdout]                                at /rustc/a178d0322ce20e33eac124758e837cbd80a6f633/library/std/src/sys_common/backtrace.rs:125:18
[INFO] [stdout]   40:     0x56430b83f7c8 - std::thread::Builder::spawn_unchecked::{{closure}}::{{closure}}::hf2e7831dad93c597
[INFO] [stdout]                                at /rustc/a178d0322ce20e33eac124758e837cbd80a6f633/library/std/src/thread/mod.rs:481:17
[INFO] [stdout]   41:     0x56430b83f7c8 - <std::panic::AssertUnwindSafe<F> as core::ops::function::FnOnce<()>>::call_once::hd2e08783d8be4d02
[INFO] [stdout]                                at /rustc/a178d0322ce20e33eac124758e837cbd80a6f633/library/std/src/panic.rs:347:9
[INFO] [stdout]   42:     0x56430b83f7c8 - std::panicking::try::do_call::h062597b7acfd6b82
[INFO] [stdout]                                at /rustc/a178d0322ce20e33eac124758e837cbd80a6f633/library/std/src/panicking.rs:401:40
[INFO] [stdout]   43:     0x56430b83f7c8 - std::panicking::try::h0d7b79db04c14552
[INFO] [stdout]                                at /rustc/a178d0322ce20e33eac124758e837cbd80a6f633/library/std/src/panicking.rs:365:19
[INFO] [stdout]   44:     0x56430b83f7c8 - std::panic::catch_unwind::hb01a0b5e7c8cd43b
[INFO] [stdout]                                at /rustc/a178d0322ce20e33eac124758e837cbd80a6f633/library/std/src/panic.rs:434:14
[INFO] [stdout]   45:     0x56430b83f7c8 - std::thread::Builder::spawn_unchecked::{{closure}}::h5bde48cc887e0d1e
[INFO] [stdout]                                at /rustc/a178d0322ce20e33eac124758e837cbd80a6f633/library/std/src/thread/mod.rs:480:30
[INFO] [stdout]   46:     0x56430b83f7c8 - core::ops::function::FnOnce::call_once{{vtable.shim}}::h745ea30807a29e55
[INFO] [stdout]                                at /rustc/a178d0322ce20e33eac124758e837cbd80a6f633/library/core/src/ops/function.rs:227:5
[INFO] [stdout]   47:     0x56430b893e47 - <alloc::boxed::Box<F,A> as core::ops::function::FnOnce<Args>>::call_once::h7ece6cfefaff1005
[INFO] [stdout]                                at /rustc/a178d0322ce20e33eac124758e837cbd80a6f633/library/alloc/src/boxed.rs:1575:9
[INFO] [stdout]   48:     0x56430b893e47 - <alloc::boxed::Box<F,A> as core::ops::function::FnOnce<Args>>::call_once::hb8b48e55c21f193e
[INFO] [stdout]                                at /rustc/a178d0322ce20e33eac124758e837cbd80a6f633/library/alloc/src/boxed.rs:1575:9
[INFO] [stdout]   49:     0x56430b893e47 - std::sys::unix::thread::Thread::new::thread_start::h8c7c4450dba62914
[INFO] [stdout]                                at /rustc/a178d0322ce20e33eac124758e837cbd80a6f633/library/std/src/sys/unix/thread.rs:71:17
[INFO] [stdout]   50:     0x7ff9b9cd1609 - start_thread
[INFO] [stdout]   51:     0x7ff9b9aa3293 - clone
[INFO] [stdout]   52:                0x0 - <unknown>
[INFO] [stdout] 
[INFO] [stdout] 
[INFO] [stdout] failures:
[INFO] [stdout]     test_private_key_in_range_key
[INFO] [stdout] 
[INFO] [stdout] test result: FAILED. 0 passed; 1 failed; 5 ignored; 0 measured; 0 filtered out; finished in 0.04s
[INFO] [stdout] 
[INFO] [stderr] error: test failed, to rerun pass '-p diffie-hellman --test diffie-hellman'
[INFO] running `Command { std: "docker" "inspect" "1d360c194a4cacafb05f62a44860ea4c1d08f0baa88d4425d709ace877ba2211", kill_on_drop: false }`
[INFO] running `Command { std: "docker" "rm" "-f" "1d360c194a4cacafb05f62a44860ea4c1d08f0baa88d4425d709ace877ba2211", kill_on_drop: false }`
[INFO] [stdout] 1d360c194a4cacafb05f62a44860ea4c1d08f0baa88d4425d709ace877ba2211
