[INFO] cloning repository https://github.com/resin-os/os-config
[INFO] running `Command { std: "git" "-c" "credential.helper=" "-c" "credential.helper=/workspace/cargo-home/bin/git-credential-null" "clone" "--bare" "https://github.com/resin-os/os-config" "/workspace/cache/git-repos/https%3A%2F%2Fgithub.com%2Fresin-os%2Fos-config", kill_on_drop: false }`
[INFO] [stderr] Cloning into bare repository '/workspace/cache/git-repos/https%3A%2F%2Fgithub.com%2Fresin-os%2Fos-config'...
[INFO] running `Command { std: "git" "rev-parse" "HEAD", kill_on_drop: false }`
[INFO] [stdout] 72c4eddc15e7378b59cf283e360bf92466ba31c7
[INFO] testing resin-os/os-config against 1.54.0 for beta-1.55-1
[INFO] running `Command { std: "git" "clone" "/workspace/cache/git-repos/https%3A%2F%2Fgithub.com%2Fresin-os%2Fos-config" "/workspace/builds/worker-5/source", kill_on_drop: false }`
[INFO] [stderr] Cloning into '/workspace/builds/worker-5/source'...
[INFO] [stderr] done.
[INFO] validating manifest of git repo https://github.com/resin-os/os-config on toolchain 1.54.0
[INFO] running `Command { std: "/workspace/cargo-home/bin/cargo" "+1.54.0" "metadata" "--manifest-path" "Cargo.toml" "--no-deps", kill_on_drop: false }`
[INFO] removed /workspace/builds/worker-5/source/.cargo/config
[INFO] started tweaking git repo https://github.com/resin-os/os-config
[INFO] finished tweaking git repo https://github.com/resin-os/os-config
[INFO] tweaked toml for git repo https://github.com/resin-os/os-config written to /workspace/builds/worker-5/source/Cargo.toml
[INFO] crate git repo https://github.com/resin-os/os-config already has a lockfile, it will not be regenerated
[INFO] running `Command { std: "/workspace/cargo-home/bin/cargo" "+1.54.0" "fetch" "--manifest-path" "Cargo.toml", kill_on_drop: false }`
[INFO] running `Command { std: "docker" "create" "-v" "/var/lib/crater-agent-workspace/builds/worker-5/target:/opt/rustwide/target:rw,Z" "-v" "/var/lib/crater-agent-workspace/builds/worker-5/source:/opt/rustwide/workdir:ro,Z" "-v" "/var/lib/crater-agent-workspace/cargo-home:/opt/rustwide/cargo-home:ro,Z" "-v" "/var/lib/crater-agent-workspace/rustup-home:/opt/rustwide/rustup-home:ro,Z" "-e" "SOURCE_DIR=/opt/rustwide/workdir" "-e" "CARGO_TARGET_DIR=/opt/rustwide/target" "-e" "CARGO_HOME=/opt/rustwide/cargo-home" "-e" "RUSTUP_HOME=/opt/rustwide/rustup-home" "-w" "/opt/rustwide/workdir" "-m" "1610612736" "--user" "0:0" "--network" "none" "ghcr.io/rust-lang/crates-build-env/linux@sha256:34b6a614d2c27851fe6cbf88fbd1137609cefab8b10d0615aaeb6fd47975d74e" "/opt/rustwide/cargo-home/bin/cargo" "+1.54.0" "metadata" "--no-deps" "--format-version=1", kill_on_drop: false }`
[INFO] [stdout] b365187080bbe9cccaca405f1fbfd9fe1ff51e7e0fce733c42c651326c180d21
[INFO] [stderr] WARNING: Your kernel does not support swap limit capabilities or the cgroup is not mounted. Memory limited without swap.
[INFO] running `Command { std: "docker" "start" "-a" "b365187080bbe9cccaca405f1fbfd9fe1ff51e7e0fce733c42c651326c180d21", kill_on_drop: false }`
[INFO] running `Command { std: "docker" "inspect" "b365187080bbe9cccaca405f1fbfd9fe1ff51e7e0fce733c42c651326c180d21", kill_on_drop: false }`
[INFO] running `Command { std: "docker" "rm" "-f" "b365187080bbe9cccaca405f1fbfd9fe1ff51e7e0fce733c42c651326c180d21", kill_on_drop: false }`
[INFO] [stdout] b365187080bbe9cccaca405f1fbfd9fe1ff51e7e0fce733c42c651326c180d21
[INFO] running `Command { std: "docker" "create" "-v" "/var/lib/crater-agent-workspace/builds/worker-5/target:/opt/rustwide/target:rw,Z" "-v" "/var/lib/crater-agent-workspace/builds/worker-5/source:/opt/rustwide/workdir:ro,Z" "-v" "/var/lib/crater-agent-workspace/cargo-home:/opt/rustwide/cargo-home:ro,Z" "-v" "/var/lib/crater-agent-workspace/rustup-home:/opt/rustwide/rustup-home:ro,Z" "-e" "SOURCE_DIR=/opt/rustwide/workdir" "-e" "CARGO_TARGET_DIR=/opt/rustwide/target" "-e" "CARGO_INCREMENTAL=0" "-e" "RUST_BACKTRACE=full" "-e" "RUSTFLAGS=--cap-lints=warn" "-e" "CARGO_HOME=/opt/rustwide/cargo-home" "-e" "RUSTUP_HOME=/opt/rustwide/rustup-home" "-w" "/opt/rustwide/workdir" "-m" "1610612736" "--user" "0:0" "--network" "none" "ghcr.io/rust-lang/crates-build-env/linux@sha256:34b6a614d2c27851fe6cbf88fbd1137609cefab8b10d0615aaeb6fd47975d74e" "/opt/rustwide/cargo-home/bin/cargo" "+1.54.0" "build" "--frozen" "--message-format=json", kill_on_drop: false }`
[INFO] [stdout] 643f58e7bc35e85527cb41dbb89e921c54b4cf966f482d63374b534550409929
[INFO] [stderr] WARNING: Your kernel does not support swap limit capabilities or the cgroup is not mounted. Memory limited without swap.
[INFO] running `Command { std: "docker" "start" "-a" "643f58e7bc35e85527cb41dbb89e921c54b4cf966f482d63374b534550409929", kill_on_drop: false }`
[INFO] [stderr]    Compiling syn v1.0.13
[INFO] [stderr]    Compiling serde v1.0.94
[INFO] [stderr]    Compiling miniz-sys v0.1.12
[INFO] [stderr]    Compiling libdbus-sys v0.2.1
[INFO] [stderr]    Compiling rand_xorshift v0.1.1
[INFO] [stderr]    Compiling rand_isaac v0.1.1
[INFO] [stderr]    Compiling rand_hc v0.1.0
[INFO] [stderr]    Compiling idna v0.1.5
[INFO] [stderr]    Compiling rand_chacha v0.1.1
[INFO] [stderr]    Compiling clap v2.33.0
[INFO] [stderr]    Compiling futures-cpupool v0.1.8
[INFO] [stderr]    Compiling backtrace v0.3.41
[INFO] [stderr]    Compiling serde_derive v1.0.94
[INFO] [stderr]    Compiling tokio-codec v0.1.1
[INFO] [stderr]    Compiling publicsuffix v1.5.4
[INFO] [stderr]    Compiling env_logger v0.6.2
[INFO] [stderr]    Compiling h2 v0.1.26
[INFO] [stderr]    Compiling tokio-reactor v0.1.11
[INFO] [stderr]    Compiling tokio-threadpool v0.1.17
[INFO] [stderr]    Compiling rand v0.6.5
[INFO] [stderr]    Compiling tokio-udp v0.1.5
[INFO] [stderr]    Compiling tokio-tcp v0.1.3
[INFO] [stderr]    Compiling tokio-uds v0.2.5
[INFO] [stderr]    Compiling dbus v0.6.5
[INFO] [stderr]    Compiling url v1.7.2
[INFO] [stderr]    Compiling tokio-fs v0.1.6
[INFO] [stderr]    Compiling flate2 v1.0.13
[INFO] [stderr]    Compiling uuid v0.7.4
[INFO] [stderr]    Compiling tokio v0.1.22
[INFO] [stderr]    Compiling cookie v0.12.0
[INFO] [stderr]    Compiling hyper v0.12.35
[INFO] [stderr]    Compiling synstructure v0.12.3
[INFO] [stderr]    Compiling hyper-tls v0.3.2
[INFO] [stderr]    Compiling failure_derive v0.1.6
[INFO] [stderr]    Compiling failure v0.1.6
[INFO] [stderr]    Compiling serde_json v1.0.44
[INFO] [stderr]    Compiling serde_urlencoded v0.5.5
[INFO] [stderr]    Compiling cookie_store v0.7.0
[INFO] [stderr]    Compiling reqwest v0.9.24
[INFO] [stderr]    Compiling os-config v1.2.1 (/opt/rustwide/workdir)
[INFO] [stdout] warning: use of deprecated associated function `std::error::Error::description`: use the Display impl or to_string()
[INFO] [stdout]    --> src/errors.rs:4:1
[INFO] [stdout]     |
[INFO] [stdout] 4   | / error_chain! {
[INFO] [stdout] 5   | |     foreign_links {
[INFO] [stdout] 6   | |         Io(::std::io::Error);
[INFO] [stdout] 7   | |         Reqwest(::reqwest::Error);
[INFO] [stdout] ...   |
[INFO] [stdout] 150 | |     }
[INFO] [stdout] 151 | | }
[INFO] [stdout]     | |_^
[INFO] [stdout]     |
[INFO] [stdout]     = note: `#[warn(deprecated)]` on by default
[INFO] [stdout]     = note: this warning originates in the macro `impl_error_chain_processed` (in Nightly builds, run with -Z macro-backtrace for more info)
[INFO] [stdout] 
[INFO] [stdout] 
[INFO] [stdout] warning: use of deprecated associated function `std::error::Error::description`: use the Display impl or to_string()
[INFO] [stdout]    --> src/errors.rs:4:1
[INFO] [stdout]     |
[INFO] [stdout] 4   | / error_chain! {
[INFO] [stdout] 5   | |     foreign_links {
[INFO] [stdout] 6   | |         Io(::std::io::Error);
[INFO] [stdout] 7   | |         Reqwest(::reqwest::Error);
[INFO] [stdout] ...   |
[INFO] [stdout] 150 | |     }
[INFO] [stdout] 151 | | }
[INFO] [stdout]     | |_^
[INFO] [stdout]     |
[INFO] [stdout]     = note: this warning originates in the macro `impl_error_chain_processed` (in Nightly builds, run with -Z macro-backtrace for more info)
[INFO] [stdout] 
[INFO] [stdout] 
[INFO] [stdout] warning: 2 warnings emitted
[INFO] [stdout] 
[INFO] [stdout] 
[INFO] [stderr]     Finished dev [unoptimized + debuginfo] target(s) in 1m 08s
[INFO] running `Command { std: "docker" "inspect" "643f58e7bc35e85527cb41dbb89e921c54b4cf966f482d63374b534550409929", kill_on_drop: false }`
[INFO] running `Command { std: "docker" "rm" "-f" "643f58e7bc35e85527cb41dbb89e921c54b4cf966f482d63374b534550409929", kill_on_drop: false }`
[INFO] [stdout] 643f58e7bc35e85527cb41dbb89e921c54b4cf966f482d63374b534550409929
[INFO] running `Command { std: "docker" "create" "-v" "/var/lib/crater-agent-workspace/builds/worker-5/target:/opt/rustwide/target:rw,Z" "-v" "/var/lib/crater-agent-workspace/builds/worker-5/source:/opt/rustwide/workdir:ro,Z" "-v" "/var/lib/crater-agent-workspace/cargo-home:/opt/rustwide/cargo-home:ro,Z" "-v" "/var/lib/crater-agent-workspace/rustup-home:/opt/rustwide/rustup-home:ro,Z" "-e" "SOURCE_DIR=/opt/rustwide/workdir" "-e" "CARGO_TARGET_DIR=/opt/rustwide/target" "-e" "CARGO_INCREMENTAL=0" "-e" "RUST_BACKTRACE=full" "-e" "RUSTFLAGS=--cap-lints=warn" "-e" "CARGO_HOME=/opt/rustwide/cargo-home" "-e" "RUSTUP_HOME=/opt/rustwide/rustup-home" "-w" "/opt/rustwide/workdir" "-m" "1610612736" "--user" "0:0" "--network" "none" "ghcr.io/rust-lang/crates-build-env/linux@sha256:34b6a614d2c27851fe6cbf88fbd1137609cefab8b10d0615aaeb6fd47975d74e" "/opt/rustwide/cargo-home/bin/cargo" "+1.54.0" "test" "--frozen" "--no-run" "--message-format=json", kill_on_drop: false }`
[INFO] [stdout] 7d40d794d38c6bfc9691037acf201b413a5e58e63d16d570e3f156069f30b11d
[INFO] [stderr] WARNING: Your kernel does not support swap limit capabilities or the cgroup is not mounted. Memory limited without swap.
[INFO] running `Command { std: "docker" "start" "-a" "7d40d794d38c6bfc9691037acf201b413a5e58e63d16d570e3f156069f30b11d", kill_on_drop: false }`
[INFO] [stderr]    Compiling environment v0.1.1
[INFO] [stderr]    Compiling ring v0.13.5
[INFO] [stderr]    Compiling tower-service v0.1.0
[INFO] [stderr]    Compiling actix-web v0.7.19
[INFO] [stderr]    Compiling crossbeam-channel v0.3.9
[INFO] [stderr]    Compiling rand v0.5.6
[INFO] [stderr]    Compiling socket2 v0.3.11
[INFO] [stderr]    Compiling base64 v0.9.3
[INFO] [stderr]    Compiling nom v4.2.3
[INFO] [stderr]    Compiling signal-hook v0.1.12
[INFO] [stderr]    Compiling colored v1.9.2
[INFO] [stderr]    Compiling tempdir v0.3.7
[INFO] [stderr]    Compiling parking_lot_core v0.4.0
[INFO] [stderr]    Compiling actix_derive v0.3.2
[INFO] [stderr]    Compiling tokio-openssl v0.2.1
[INFO] [stdout] warning: use of deprecated associated function `std::error::Error::description`: use the Display impl or to_string()
[INFO] [stdout]    --> src/errors.rs:4:1
[INFO] [stdout]     |
[INFO] [stdout] 4   | / error_chain! {
[INFO] [stdout] 5   | |     foreign_links {
[INFO] [stdout] 6   | |         Io(::std::io::Error);
[INFO] [stdout] 7   | |         Reqwest(::reqwest::Error);
[INFO] [stdout] ...   |
[INFO] [stdout] 150 | |     }
[INFO] [stdout] 151 | | }
[INFO] [stdout]     | |_^
[INFO] [stdout]     |
[INFO] [stdout]     = note: `#[warn(deprecated)]` on by default
[INFO] [stdout]     = note: this warning originates in the macro `impl_error_chain_processed` (in Nightly builds, run with -Z macro-backtrace for more info)
[INFO] [stdout] 
[INFO] [stdout] 
[INFO] [stdout] warning: use of deprecated associated function `std::error::Error::description`: use the Display impl or to_string()
[INFO] [stdout]    --> src/errors.rs:4:1
[INFO] [stdout]     |
[INFO] [stdout] 4   | / error_chain! {
[INFO] [stdout] 5   | |     foreign_links {
[INFO] [stdout] 6   | |         Io(::std::io::Error);
[INFO] [stdout] 7   | |         Reqwest(::reqwest::Error);
[INFO] [stdout] ...   |
[INFO] [stdout] 150 | |     }
[INFO] [stdout] 151 | | }
[INFO] [stdout]     | |_^
[INFO] [stdout]     |
[INFO] [stdout]     = note: this warning originates in the macro `impl_error_chain_processed` (in Nightly builds, run with -Z macro-backtrace for more info)
[INFO] [stdout] 
[INFO] [stdout] 
[INFO] [stdout] warning: 2 warnings emitted
[INFO] [stdout] 
[INFO] [stdout] 
[INFO] [stderr]    Compiling tokio-signal v0.2.7
[INFO] [stderr]    Compiling assert_cli v0.6.3
[INFO] [stderr]    Compiling parking_lot v0.7.1
[INFO] [stderr]    Compiling v_escape_derive v0.5.6
[INFO] [stderr]    Compiling trust-dns-proto v0.6.3
[INFO] [stderr]    Compiling trust-dns-proto v0.5.0
[INFO] [stderr]    Compiling v_escape v0.7.4
[INFO] [stderr]    Compiling v_htmlescape v0.4.5
[INFO] [stderr]    Compiling trust-dns-resolver v0.10.3
[INFO] [stderr]    Compiling cookie v0.11.1
[INFO] [stderr]    Compiling actix v0.7.9
[INFO] [stderr]    Compiling actix-net v0.2.6
[INFO] [stderr]    Compiling os-config v1.2.1 (/opt/rustwide/workdir)
[INFO] [stdout] warning: use of deprecated associated function `std::error::Error::description`: use the Display impl or to_string()
[INFO] [stdout]    --> src/errors.rs:4:1
[INFO] [stdout]     |
[INFO] [stdout] 4   | / error_chain! {
[INFO] [stdout] 5   | |     foreign_links {
[INFO] [stdout] 6   | |         Io(::std::io::Error);
[INFO] [stdout] 7   | |         Reqwest(::reqwest::Error);
[INFO] [stdout] ...   |
[INFO] [stdout] 150 | |     }
[INFO] [stdout] 151 | | }
[INFO] [stdout]     | |_^
[INFO] [stdout]     |
[INFO] [stdout]     = note: `#[warn(deprecated)]` on by default
[INFO] [stdout]     = note: this warning originates in the macro `impl_error_chain_processed` (in Nightly builds, run with -Z macro-backtrace for more info)
[INFO] [stdout] 
[INFO] [stdout] 
[INFO] [stdout] warning: use of deprecated associated function `std::error::Error::description`: use the Display impl or to_string()
[INFO] [stdout]    --> src/errors.rs:4:1
[INFO] [stdout]     |
[INFO] [stdout] 4   | / error_chain! {
[INFO] [stdout] 5   | |     foreign_links {
[INFO] [stdout] 6   | |         Io(::std::io::Error);
[INFO] [stdout] 7   | |         Reqwest(::reqwest::Error);
[INFO] [stdout] ...   |
[INFO] [stdout] 150 | |     }
[INFO] [stdout] 151 | | }
[INFO] [stdout]     | |_^
[INFO] [stdout]     |
[INFO] [stdout]     = note: this warning originates in the macro `impl_error_chain_processed` (in Nightly builds, run with -Z macro-backtrace for more info)
[INFO] [stdout] 
[INFO] [stdout] 
[INFO] [stdout] warning: 2 warnings emitted
[INFO] [stdout] 
[INFO] [stdout] 
[INFO] [stderr]     Finished test [unoptimized + debuginfo] target(s) in 1m 26s
[INFO] running `Command { std: "docker" "inspect" "7d40d794d38c6bfc9691037acf201b413a5e58e63d16d570e3f156069f30b11d", kill_on_drop: false }`
[INFO] running `Command { std: "docker" "rm" "-f" "7d40d794d38c6bfc9691037acf201b413a5e58e63d16d570e3f156069f30b11d", kill_on_drop: false }`
[INFO] [stdout] 7d40d794d38c6bfc9691037acf201b413a5e58e63d16d570e3f156069f30b11d
[INFO] running `Command { std: "docker" "create" "-v" "/var/lib/crater-agent-workspace/builds/worker-5/target:/opt/rustwide/target:rw,Z" "-v" "/var/lib/crater-agent-workspace/builds/worker-5/source:/opt/rustwide/workdir:ro,Z" "-v" "/var/lib/crater-agent-workspace/cargo-home:/opt/rustwide/cargo-home:ro,Z" "-v" "/var/lib/crater-agent-workspace/rustup-home:/opt/rustwide/rustup-home:ro,Z" "-e" "SOURCE_DIR=/opt/rustwide/workdir" "-e" "CARGO_TARGET_DIR=/opt/rustwide/target" "-e" "CARGO_INCREMENTAL=0" "-e" "RUST_BACKTRACE=full" "-e" "RUSTFLAGS=--cap-lints=warn" "-e" "CARGO_HOME=/opt/rustwide/cargo-home" "-e" "RUSTUP_HOME=/opt/rustwide/rustup-home" "-w" "/opt/rustwide/workdir" "-m" "1610612736" "--user" "0:0" "--network" "none" "ghcr.io/rust-lang/crates-build-env/linux@sha256:34b6a614d2c27851fe6cbf88fbd1137609cefab8b10d0615aaeb6fd47975d74e" "/opt/rustwide/cargo-home/bin/cargo" "+1.54.0" "test" "--frozen", kill_on_drop: false }`
[INFO] [stdout] 117effb3feb81582a074ec31255b26ebae3c9e513c1eb5dce73b72c9e49638bf
[INFO] [stderr] WARNING: Your kernel does not support swap limit capabilities or the cgroup is not mounted. Memory limited without swap.
[INFO] running `Command { std: "docker" "start" "-a" "117effb3feb81582a074ec31255b26ebae3c9e513c1eb5dce73b72c9e49638bf", kill_on_drop: false }`
[INFO] [stderr] warning: use of deprecated associated function `std::error::Error::description`: use the Display impl or to_string()
[INFO] [stderr]    --> src/errors.rs:4:1
[INFO] [stderr]     |
[INFO] [stderr] 4   | / error_chain! {
[INFO] [stderr] 5   | |     foreign_links {
[INFO] [stderr] 6   | |         Io(::std::io::Error);
[INFO] [stderr] 7   | |         Reqwest(::reqwest::Error);
[INFO] [stderr] ...   |
[INFO] [stderr] 150 | |     }
[INFO] [stderr] 151 | | }
[INFO] [stderr]     | |_^
[INFO] [stderr]     |
[INFO] [stderr]     = note: `#[warn(deprecated)]` on by default
[INFO] [stderr]     = note: this warning originates in the macro `impl_error_chain_processed` (in Nightly builds, run with -Z macro-backtrace for more info)
[INFO] [stderr] 
[INFO] [stderr] warning: use of deprecated associated function `std::error::Error::description`: use the Display impl or to_string()
[INFO] [stderr]    --> src/errors.rs:4:1
[INFO] [stderr]     |
[INFO] [stderr] 4   | / error_chain! {
[INFO] [stderr] 5   | |     foreign_links {
[INFO] [stderr] 6   | |         Io(::std::io::Error);
[INFO] [stderr] 7   | |         Reqwest(::reqwest::Error);
[INFO] [stderr] ...   |
[INFO] [stderr] 150 | |     }
[INFO] [stderr] 151 | | }
[INFO] [stderr]     | |_^
[INFO] [stderr]     |
[INFO] [stderr]     = note: this warning originates in the macro `impl_error_chain_processed` (in Nightly builds, run with -Z macro-backtrace for more info)
[INFO] [stderr] 
[INFO] [stderr] warning: 2 warnings emitted
[INFO] [stderr] 
[INFO] [stderr] warning: use of deprecated associated function `std::error::Error::description`: use the Display impl or to_string()
[INFO] [stderr]    --> src/errors.rs:4:1
[INFO] [stderr]     |
[INFO] [stderr] 4   | / error_chain! {
[INFO] [stderr] 5   | |     foreign_links {
[INFO] [stderr] 6   | |         Io(::std::io::Error);
[INFO] [stderr] 7   | |         Reqwest(::reqwest::Error);
[INFO] [stderr] ...   |
[INFO] [stderr] 150 | |     }
[INFO] [stderr] 151 | | }
[INFO] [stderr]     | |_^
[INFO] [stderr]     |
[INFO] [stderr]     = note: `#[warn(deprecated)]` on by default
[INFO] [stderr]     = note: this warning originates in the macro `impl_error_chain_processed` (in Nightly builds, run with -Z macro-backtrace for more info)
[INFO] [stderr] 
[INFO] [stderr] warning: use of deprecated associated function `std::error::Error::description`: use the Display impl or to_string()
[INFO] [stderr]    --> src/errors.rs:4:1
[INFO] [stderr]     |
[INFO] [stderr] 4   | / error_chain! {
[INFO] [stderr] 5   | |     foreign_links {
[INFO] [stderr] 6   | |         Io(::std::io::Error);
[INFO] [stderr] 7   | |         Reqwest(::reqwest::Error);
[INFO] [stderr] ...   |
[INFO] [stderr] 150 | |     }
[INFO] [stderr] 151 | | }
[INFO] [stderr]     | |_^
[INFO] [stderr]     |
[INFO] [stderr]     = note: this warning originates in the macro `impl_error_chain_processed` (in Nightly builds, run with -Z macro-backtrace for more info)
[INFO] [stderr] 
[INFO] [stderr] warning: 2 warnings emitted
[INFO] [stderr] 
[INFO] [stderr]     Finished test [unoptimized + debuginfo] target(s) in 0.42s
[INFO] [stderr]      Running unittests (/opt/rustwide/target/debug/deps/os_config-4040d322a8cd7fc6)
[INFO] [stdout] 
[INFO] [stdout] running 5 tests
[INFO] [stdout] test random::tests::random_sequence ... ok
[INFO] [stdout] test remote::tests::parse_configuration_v1 ... ok
[INFO] [stdout] test schema::tests::parse_os_config_v1 ... ok
[INFO] [stdout] test schema::tests::validate_os_config_v1_schema_version ... ok
[INFO] [stdout] test remote::tests::validate_configuration_v1_schema_version ... ok
[INFO] [stdout] 
[INFO] [stdout] test result: ok. 5 passed; 0 failed; 0 ignored; 0 measured; 0 filtered out; finished in 0.00s
[INFO] [stdout] 
[INFO] [stderr]      Running tests/integration.rs (/opt/rustwide/target/debug/deps/integration-5645a649e84fbc00)
[INFO] [stdout] 
[INFO] [stdout] running 18 tests
[INFO] [stdout] test join_no_supervisor ... FAILED
[INFO] [stdout] test reconfigure ... FAILED
[INFO] [stdout] test leave ... FAILED
[INFO] [stdout] test join ... FAILED
[INFO] [stdout] test update_no_config_changes ... FAILED
[INFO] [stdout] test update ... FAILED
[INFO] [stdout] test join_with_root_certificate ... FAILED
[INFO] [stdout] test reconfigure_stored ... FAILED
[INFO] [stdout] test join_flasher ... FAILED
[INFO] [stdout] test update_with_root_certificate ... FAILED
[INFO] [stdout] test incompatible_device_types ... ok
[INFO] [stdout] test generate_api_key_unmanaged ... ok
[INFO] [stdout] test generate_api_key_reuse ... ok
[INFO] [stdout] test generate_api_key_new ... ok
[INFO] [stdout] test generate_api_key_already_generated ... ok
[INFO] [stderr] thread panicked while panicking. aborting.
[INFO] [stderr] error: test failed, to rerun pass '--test integration'
[INFO] [stderr] 
[INFO] [stderr] Caused by:
[INFO] [stderr]   process didn't exit successfully: `/opt/rustwide/target/debug/deps/integration-5645a649e84fbc00` (signal: 4, SIGILL: illegal instruction)
[INFO] running `Command { std: "docker" "inspect" "117effb3feb81582a074ec31255b26ebae3c9e513c1eb5dce73b72c9e49638bf", kill_on_drop: false }`
[INFO] running `Command { std: "docker" "rm" "-f" "117effb3feb81582a074ec31255b26ebae3c9e513c1eb5dce73b72c9e49638bf", kill_on_drop: false }`
[INFO] [stdout] 117effb3feb81582a074ec31255b26ebae3c9e513c1eb5dce73b72c9e49638bf
